I20260709 13:00:14.754607  1782 tablet_bootstrap.cc:654] T 5b8e576fb1634970b28a86f720e85f9a P 6d4de2ce0683442498244b9529127f91: Neither blocks nor log segments found. Creating new log.
I20260709 13:00:14.787215  1970 raft_consensus.cc:493] T c3d6305e583540c895021f5a180689f7 P 5ced62816f8545cd9b63a27e9055e42d [term 0 FOLLOWER]: Starting pre-election (no leader contacted us within the election timeout)
I20260709 13:00:14.787943  1970 raft_consensus.cc:515] T c3d6305e583540c895021f5a180689f7 P 5ced62816f8545cd9b63a27e9055e42d [term 0 FOLLOWER]: Starting pre-election with config: opid_index: -1 OBSOLETE_local: false peers { permanent_uuid: "6d4de2ce0683442498244b9529127f91" member_type: VOTER last_known_addr { host: "127.0.107.193" port: 33325 } } peers { permanent_uuid: "5bb87fe07da2414e84ee578c3b176ede" member_type: VOTER last_known_addr { host: "127.0.107.194" port: 41683 } } peers { permanent_uuid: "5ced62816f8545cd9b63a27e9055e42d" member_type: VOTER last_known_addr { host: "127.0.107.195" port: 32843 } }
I20260709 13:00:14.796044  1970 leader_election.cc:290] T c3d6305e583540c895021f5a180689f7 P 5ced62816f8545cd9b63a27e9055e42d [CANDIDATE]: Term 1 pre-election: Requested pre-vote from peers 6d4de2ce0683442498244b9529127f91 (127.0.107.193:33325), 5bb87fe07da2414e84ee578c3b176ede (127.0.107.194:41683)
I20260709 13:00:14.797592  1591 tablet_service.cc:1917] Received RequestConsensusVote() RPC: tablet_id: "c3d6305e583540c895021f5a180689f7" candidate_uuid: "5ced62816f8545cd9b63a27e9055e42d" candidate_term: 1 candidate_status { last_received { term: 0 index: 0 } } ignore_live_leader: false dest_uuid: "6d4de2ce0683442498244b9529127f91" is_pre_election: true
I20260709 13:00:14.797676  1666 tablet_service.cc:1917] Received RequestConsensusVote() RPC: tablet_id: "c3d6305e583540c895021f5a180689f7" candidate_uuid: "5ced62816f8545cd9b63a27e9055e42d" candidate_term: 1 candidate_status { last_received { term: 0 index: 0 } } ignore_live_leader: false dest_uuid: "5bb87fe07da2414e84ee578c3b176ede" is_pre_election: true
W20260709 13:00:14.799561  1707 leader_election.cc:343] T c3d6305e583540c895021f5a180689f7 P 5ced62816f8545cd9b63a27e9055e42d [CANDIDATE]: Term 1 pre-election: Tablet error from VoteRequest() call to peer 6d4de2ce0683442498244b9529127f91 (127.0.107.193:33325): Illegal state: must be running to vote when last-logged opid is not known
W20260709 13:00:14.802414  1705 leader_election.cc:343] T c3d6305e583540c895021f5a180689f7 P 5ced62816f8545cd9b63a27e9055e42d [CANDIDATE]: Term 1 pre-election: Tablet error from VoteRequest() call to peer 5bb87fe07da2414e84ee578c3b176ede (127.0.107.194:41683): Illegal state: must be running to vote when last-logged opid is not known
I20260709 13:00:14.805876  1956 consensus_queue.cc:1048] T 7e07e22e745346fa98096d8b909dc7f5 P 6d4de2ce0683442498244b9529127f91 [LEADER]: Connected to new peer: Peer: permanent_uuid: "5bb87fe07da2414e84ee578c3b176ede" member_type: VOTER last_known_addr { host: "127.0.107.194" port: 41683 }, Status: LMP_MISMATCH, Last received: 0.0, Next index: 1, Last known committed idx: 0, Time since last communication: 0.001s
I20260709 13:00:14.806097  1705 leader_election.cc:304] T c3d6305e583540c895021f5a180689f7 P 5ced62816f8545cd9b63a27e9055e42d [CANDIDATE]: Term 1 pre-election: Election decided. Result: candidate lost. Election summary: received 3 responses out of 3 voters: 1 yes votes; 2 no votes. yes voters: 5ced62816f8545cd9b63a27e9055e42d; no voters: 5bb87fe07da2414e84ee578c3b176ede, 6d4de2ce0683442498244b9529127f91
I20260709 13:00:14.808517  1970 raft_consensus.cc:2749] T c3d6305e583540c895021f5a180689f7 P 5ced62816f8545cd9b63a27e9055e42d [term 0 FOLLOWER]: Leader pre-election lost for term 1. Reason: could not achieve majority
I20260709 13:00:14.817755  1956 raft_consensus.cc:493] T 161aba2b69844461b9d8ed3cdf147919 P 6d4de2ce0683442498244b9529127f91 [term 0 FOLLOWER]: Starting pre-election (no leader contacted us within the election timeout)
I20260709 13:00:14.818708  1956 raft_consensus.cc:515] T 161aba2b69844461b9d8ed3cdf147919 P 6d4de2ce0683442498244b9529127f91 [term 0 FOLLOWER]: Starting pre-election with config: opid_index: -1 OBSOLETE_local: false peers { permanent_uuid: "6d4de2ce0683442498244b9529127f91" member_type: VOTER last_known_addr { host: "127.0.107.193" port: 33325 } } peers { permanent_uuid: "5bb87fe07da2414e84ee578c3b176ede" member_type: VOTER last_known_addr { host: "127.0.107.194" port: 41683 } } peers { permanent_uuid: "5ced62816f8545cd9b63a27e9055e42d" member_type: VOTER last_known_addr { host: "127.0.107.195" port: 32843 } }
I20260709 13:00:14.824901  1664 tablet_service.cc:1917] Received RequestConsensusVote() RPC: tablet_id: "161aba2b69844461b9d8ed3cdf147919" candidate_uuid: "6d4de2ce0683442498244b9529127f91" candidate_term: 1 candidate_status { last_received { term: 0 index: 0 } } ignore_live_leader: false dest_uuid: "5bb87fe07da2414e84ee578c3b176ede" is_pre_election: true
I20260709 13:00:14.831719  1956 leader_election.cc:290] T 161aba2b69844461b9d8ed3cdf147919 P 6d4de2ce0683442498244b9529127f91 [CANDIDATE]: Term 1 pre-election: Requested pre-vote from peers 5bb87fe07da2414e84ee578c3b176ede (127.0.107.194:41683), 5ced62816f8545cd9b63a27e9055e42d (127.0.107.195:32843)
I20260709 13:00:14.838434  1739 tablet_service.cc:1917] Received RequestConsensusVote() RPC: tablet_id: "161aba2b69844461b9d8ed3cdf147919" candidate_uuid: "6d4de2ce0683442498244b9529127f91" candidate_term: 1 candidate_status { last_received { term: 0 index: 0 } } ignore_live_leader: false dest_uuid: "5ced62816f8545cd9b63a27e9055e42d" is_pre_election: true
I20260709 13:00:14.839412  1739 raft_consensus.cc:2468] T 161aba2b69844461b9d8ed3cdf147919 P 5ced62816f8545cd9b63a27e9055e42d [term 0 FOLLOWER]: Leader pre-election vote request: Granting yes vote for candidate 6d4de2ce0683442498244b9529127f91 in term 0.
I20260709 13:00:14.848053  1558 leader_election.cc:304] T 161aba2b69844461b9d8ed3cdf147919 P 6d4de2ce0683442498244b9529127f91 [CANDIDATE]: Term 1 pre-election: Election decided. Result: candidate won. Election summary: received 2 responses out of 3 voters: 2 yes votes; 0 no votes. yes voters: 5ced62816f8545cd9b63a27e9055e42d, 6d4de2ce0683442498244b9529127f91; no voters: 
I20260709 13:00:14.848467  1956 consensus_queue.cc:1048] T 0d14bd0bd4204ece94fb1bfe29d407f8 P 6d4de2ce0683442498244b9529127f91 [LEADER]: Connected to new peer: Peer: permanent_uuid: "5ced62816f8545cd9b63a27e9055e42d" member_type: VOTER last_known_addr { host: "127.0.107.195" port: 32843 }, Status: LMP_MISMATCH, Last received: 0.0, Next index: 1, Last known committed idx: 0, Time since last communication: 0.001s
I20260709 13:00:14.849411  1955 raft_consensus.cc:2804] T 161aba2b69844461b9d8ed3cdf147919 P 6d4de2ce0683442498244b9529127f91 [term 0 FOLLOWER]: Leader pre-election won for term 1
I20260709 13:00:14.850726  1955 raft_consensus.cc:493] T 161aba2b69844461b9d8ed3cdf147919 P 6d4de2ce0683442498244b9529127f91 [term 0 FOLLOWER]: Starting leader election (no leader contacted us within the election timeout)
I20260709 13:00:14.851261  1955 raft_consensus.cc:3060] T 161aba2b69844461b9d8ed3cdf147919 P 6d4de2ce0683442498244b9529127f91 [term 0 FOLLOWER]: Advancing to term 1
W20260709 13:00:14.857554  1556 leader_election.cc:343] T 161aba2b69844461b9d8ed3cdf147919 P 6d4de2ce0683442498244b9529127f91 [CANDIDATE]: Term 1 pre-election: Tablet error from VoteRequest() call to peer 5bb87fe07da2414e84ee578c3b176ede (127.0.107.194:41683): Illegal state: must be running to vote when last-logged opid is not known
W20260709 13:00:14.862609  1556 consensus_peers.cc:597] T 0d14bd0bd4204ece94fb1bfe29d407f8 P 6d4de2ce0683442498244b9529127f91 -> Peer 5bb87fe07da2414e84ee578c3b176ede (127.0.107.194:41683): Couldn't send request to peer 5bb87fe07da2414e84ee578c3b176ede. Error code: TABLET_NOT_RUNNING (12). Status: Illegal state: Tablet not RUNNING: INITIALIZED. This is attempt 1: this message will repeat every 5th retry.
I20260709 13:00:14.878331  1783 tablet_bootstrap.cc:492] T 161aba2b69844461b9d8ed3cdf147919 P 5bb87fe07da2414e84ee578c3b176ede: No bootstrap required, opened a new log
I20260709 13:00:14.879076  1783 ts_tablet_manager.cc:1403] T 161aba2b69844461b9d8ed3cdf147919 P 5bb87fe07da2414e84ee578c3b176ede: Time spent bootstrapping tablet: real 0.183s	user 0.023s	sys 0.066s
I20260709 13:00:14.886999  1783 raft_consensus.cc:359] T 161aba2b69844461b9d8ed3cdf147919 P 5bb87fe07da2414e84ee578c3b176ede [term 0 FOLLOWER]: Replica starting. Triggering 0 pending ops. Active config: opid_index: -1 OBSOLETE_local: false peers { permanent_uuid: "6d4de2ce0683442498244b9529127f91" member_type: VOTER last_known_addr { host: "127.0.107.193" port: 33325 } } peers { permanent_uuid: "5bb87fe07da2414e84ee578c3b176ede" member_type: VOTER last_known_addr { host: "127.0.107.194" port: 41683 } } peers { permanent_uuid: "5ced62816f8545cd9b63a27e9055e42d" member_type: VOTER last_known_addr { host: "127.0.107.195" port: 32843 } }
I20260709 13:00:14.888518  1783 raft_consensus.cc:385] T 161aba2b69844461b9d8ed3cdf147919 P 5bb87fe07da2414e84ee578c3b176ede [term 0 FOLLOWER]: Consensus starting up: Expiring failure detector timer to make a prompt election more likely
I20260709 13:00:14.892099  1783 raft_consensus.cc:740] T 161aba2b69844461b9d8ed3cdf147919 P 5bb87fe07da2414e84ee578c3b176ede [term 0 FOLLOWER]: Becoming Follower/Learner. State: Replica: 5bb87fe07da2414e84ee578c3b176ede, State: Initialized, Role: FOLLOWER
I20260709 13:00:14.893462  1783 consensus_queue.cc:260] T 161aba2b69844461b9d8ed3cdf147919 P 5bb87fe07da2414e84ee578c3b176ede [NON_LEADER]: Queue going to NON_LEADER mode. State: All replicated index: 0, Majority replicated index: 0, Committed index: 0, Last appended: 0.0, Last appended by leader: 0, Current term: 0, Majority size: -1, State: 0, Mode: NON_LEADER, active raft config: opid_index: -1 OBSOLETE_local: false peers { permanent_uuid: "6d4de2ce0683442498244b9529127f91" member_type: VOTER last_known_addr { host: "127.0.107.193" port: 33325 } } peers { permanent_uuid: "5bb87fe07da2414e84ee578c3b176ede" member_type: VOTER last_known_addr { host: "127.0.107.194" port: 41683 } } peers { permanent_uuid: "5ced62816f8545cd9b63a27e9055e42d" member_type: VOTER last_known_addr { host: "127.0.107.195" port: 32843 } }
I20260709 13:00:14.897328  1783 ts_tablet_manager.cc:1434] T 161aba2b69844461b9d8ed3cdf147919 P 5bb87fe07da2414e84ee578c3b176ede: Time spent starting tablet: real 0.018s	user 0.014s	sys 0.000s
I20260709 13:00:14.936259  1783 tablet_bootstrap.cc:492] T c03a2285eaff45a6a236c5eae38fb06f P 5bb87fe07da2414e84ee578c3b176ede: Bootstrap starting.
I20260709 13:00:14.942181  1927 raft_consensus.cc:515] T c03a2285eaff45a6a236c5eae38fb06f P 6d4de2ce0683442498244b9529127f91 [term 1 FOLLOWER]: Starting leader election with config: opid_index: -1 OBSOLETE_local: false peers { permanent_uuid: "6d4de2ce0683442498244b9529127f91" member_type: VOTER last_known_addr { host: "127.0.107.193" port: 33325 } } peers { permanent_uuid: "5bb87fe07da2414e84ee578c3b176ede" member_type: VOTER last_known_addr { host: "127.0.107.194" port: 41683 } } peers { permanent_uuid: "5ced62816f8545cd9b63a27e9055e42d" member_type: VOTER last_known_addr { host: "127.0.107.195" port: 32843 } }
I20260709 13:00:14.943822  1955 raft_consensus.cc:515] T 161aba2b69844461b9d8ed3cdf147919 P 6d4de2ce0683442498244b9529127f91 [term 1 FOLLOWER]: Starting leader election with config: opid_index: -1 OBSOLETE_local: false peers { permanent_uuid: "6d4de2ce0683442498244b9529127f91" member_type: VOTER last_known_addr { host: "127.0.107.193" port: 33325 } } peers { permanent_uuid: "5bb87fe07da2414e84ee578c3b176ede" member_type: VOTER last_known_addr { host: "127.0.107.194" port: 41683 } } peers { permanent_uuid: "5ced62816f8545cd9b63a27e9055e42d" member_type: VOTER last_known_addr { host: "127.0.107.195" port: 32843 } }
I20260709 13:00:14.950944  1781 tablet_bootstrap.cc:654] T 2c8e0ac7d1de40fdb93dc3a4e799e876 P 5ced62816f8545cd9b63a27e9055e42d: Neither blocks nor log segments found. Creating new log.
W20260709 13:00:14.934391  1556 outbound_call.cc:321] RPC callback for RPC call kudu.consensus.ConsensusService.UpdateConsensus -> {remote=127.0.107.194:41683, user_credentials={real_user=slave}} blocked reactor thread for 52564.1us
I20260709 13:00:14.960191  1782 tablet_bootstrap.cc:492] T 5b8e576fb1634970b28a86f720e85f9a P 6d4de2ce0683442498244b9529127f91: No bootstrap required, opened a new log
I20260709 13:00:14.960807  1782 ts_tablet_manager.cc:1403] T 5b8e576fb1634970b28a86f720e85f9a P 6d4de2ce0683442498244b9529127f91: Time spent bootstrapping tablet: real 0.277s	user 0.034s	sys 0.071s
I20260709 13:00:14.971575  1955 leader_election.cc:290] T 161aba2b69844461b9d8ed3cdf147919 P 6d4de2ce0683442498244b9529127f91 [CANDIDATE]: Term 1 election: Requested vote from peers 5bb87fe07da2414e84ee578c3b176ede (127.0.107.194:41683), 5ced62816f8545cd9b63a27e9055e42d (127.0.107.195:32843)
I20260709 13:00:14.971089  1927 leader_election.cc:290] T c03a2285eaff45a6a236c5eae38fb06f P 6d4de2ce0683442498244b9529127f91 [CANDIDATE]: Term 1 election: Requested vote from peers 5bb87fe07da2414e84ee578c3b176ede (127.0.107.194:41683), 5ced62816f8545cd9b63a27e9055e42d (127.0.107.195:32843)
I20260709 13:00:14.976691  1666 tablet_service.cc:1917] Received RequestConsensusVote() RPC: tablet_id: "c03a2285eaff45a6a236c5eae38fb06f" candidate_uuid: "6d4de2ce0683442498244b9529127f91" candidate_term: 1 candidate_status { last_received { term: 0 index: 0 } } ignore_live_leader: false dest_uuid: "5bb87fe07da2414e84ee578c3b176ede"
I20260709 13:00:14.964237  1965 raft_consensus.cc:493] T b37805060ac444b6b6e9e7da8164233c P 5bb87fe07da2414e84ee578c3b176ede [term 0 FOLLOWER]: Starting pre-election (no leader contacted us within the election timeout)
I20260709 13:00:14.978924  1965 raft_consensus.cc:515] T b37805060ac444b6b6e9e7da8164233c P 5bb87fe07da2414e84ee578c3b176ede [term 0 FOLLOWER]: Starting pre-election with config: opid_index: -1 OBSOLETE_local: false peers { permanent_uuid: "6d4de2ce0683442498244b9529127f91" member_type: VOTER last_known_addr { host: "127.0.107.193" port: 33325 } } peers { permanent_uuid: "5bb87fe07da2414e84ee578c3b176ede" member_type: VOTER last_known_addr { host: "127.0.107.194" port: 41683 } } peers { permanent_uuid: "5ced62816f8545cd9b63a27e9055e42d" member_type: VOTER last_known_addr { host: "127.0.107.195" port: 32843 } }
I20260709 13:00:14.988090  1954 raft_consensus.cc:493] T c9831da869404fb79a22d3887701ca69 P 5ced62816f8545cd9b63a27e9055e42d [term 0 FOLLOWER]: Starting pre-election (no leader contacted us within the election timeout)
I20260709 13:00:14.988889  1954 raft_consensus.cc:515] T c9831da869404fb79a22d3887701ca69 P 5ced62816f8545cd9b63a27e9055e42d [term 0 FOLLOWER]: Starting pre-election with config: opid_index: -1 OBSOLETE_local: false peers { permanent_uuid: "6d4de2ce0683442498244b9529127f91" member_type: VOTER last_known_addr { host: "127.0.107.193" port: 33325 } } peers { permanent_uuid: "5bb87fe07da2414e84ee578c3b176ede" member_type: VOTER last_known_addr { host: "127.0.107.194" port: 41683 } } peers { permanent_uuid: "5ced62816f8545cd9b63a27e9055e42d" member_type: VOTER last_known_addr { host: "127.0.107.195" port: 32843 } }
I20260709 13:00:14.989286  1739 tablet_service.cc:1917] Received RequestConsensusVote() RPC: tablet_id: "c03a2285eaff45a6a236c5eae38fb06f" candidate_uuid: "6d4de2ce0683442498244b9529127f91" candidate_term: 1 candidate_status { last_received { term: 0 index: 0 } } ignore_live_leader: false dest_uuid: "5ced62816f8545cd9b63a27e9055e42d"
I20260709 13:00:14.973431  1782 raft_consensus.cc:359] T 5b8e576fb1634970b28a86f720e85f9a P 6d4de2ce0683442498244b9529127f91 [term 0 FOLLOWER]: Replica starting. Triggering 0 pending ops. Active config: opid_index: -1 OBSOLETE_local: false peers { permanent_uuid: "6d4de2ce0683442498244b9529127f91" member_type: VOTER last_known_addr { host: "127.0.107.193" port: 33325 } } peers { permanent_uuid: "5bb87fe07da2414e84ee578c3b176ede" member_type: VOTER last_known_addr { host: "127.0.107.194" port: 41683 } } peers { permanent_uuid: "5ced62816f8545cd9b63a27e9055e42d" member_type: VOTER last_known_addr { host: "127.0.107.195" port: 32843 } }
I20260709 13:00:14.993841  1782 raft_consensus.cc:385] T 5b8e576fb1634970b28a86f720e85f9a P 6d4de2ce0683442498244b9529127f91 [term 0 FOLLOWER]: Consensus starting up: Expiring failure detector timer to make a prompt election more likely
I20260709 13:00:14.994143  1782 raft_consensus.cc:740] T 5b8e576fb1634970b28a86f720e85f9a P 6d4de2ce0683442498244b9529127f91 [term 0 FOLLOWER]: Becoming Follower/Learner. State: Replica: 6d4de2ce0683442498244b9529127f91, State: Initialized, Role: FOLLOWER
I20260709 13:00:14.994679  1782 consensus_queue.cc:260] T 5b8e576fb1634970b28a86f720e85f9a P 6d4de2ce0683442498244b9529127f91 [NON_LEADER]: Queue going to NON_LEADER mode. State: All replicated index: 0, Majority replicated index: 0, Committed index: 0, Last appended: 0.0, Last appended by leader: 0, Current term: 0, Majority size: -1, State: 0, Mode: NON_LEADER, active raft config: opid_index: -1 OBSOLETE_local: false peers { permanent_uuid: "6d4de2ce0683442498244b9529127f91" member_type: VOTER last_known_addr { host: "127.0.107.193" port: 33325 } } peers { permanent_uuid: "5bb87fe07da2414e84ee578c3b176ede" member_type: VOTER last_known_addr { host: "127.0.107.194" port: 41683 } } peers { permanent_uuid: "5ced62816f8545cd9b63a27e9055e42d" member_type: VOTER last_known_addr { host: "127.0.107.195" port: 32843 } }
I20260709 13:00:14.998061  1739 raft_consensus.cc:3060] T c03a2285eaff45a6a236c5eae38fb06f P 5ced62816f8545cd9b63a27e9055e42d [term 0 FOLLOWER]: Advancing to term 1
W20260709 13:00:15.001576  1556 leader_election.cc:343] T c03a2285eaff45a6a236c5eae38fb06f P 6d4de2ce0683442498244b9529127f91 [CANDIDATE]: Term 1 election: Tablet error from VoteRequest() call to peer 5bb87fe07da2414e84ee578c3b176ede (127.0.107.194:41683): Illegal state: must be running to vote when last-logged opid is not known
I20260709 13:00:15.002456  1489 catalog_manager.cc:5697] T 8f63738689324ca9a4caa66b9aee2a78 P 5ced62816f8545cd9b63a27e9055e42d reported cstate change: term changed from 0 to 1, leader changed from <none> to 5ced62816f8545cd9b63a27e9055e42d (127.0.107.195). New cstate: current_term: 1 leader_uuid: "5ced62816f8545cd9b63a27e9055e42d" committed_config { opid_index: -1 OBSOLETE_local: false peers { permanent_uuid: "6d4de2ce0683442498244b9529127f91" member_type: VOTER last_known_addr { host: "127.0.107.193" port: 33325 } health_report { overall_health: UNKNOWN } } peers { permanent_uuid: "5bb87fe07da2414e84ee578c3b176ede" member_type: VOTER last_known_addr { host: "127.0.107.194" port: 41683 } health_report { overall_health: UNKNOWN } } peers { permanent_uuid: "5ced62816f8545cd9b63a27e9055e42d" member_type: VOTER last_known_addr { host: "127.0.107.195" port: 32843 } health_report { overall_health: HEALTHY } } }
I20260709 13:00:15.198745  1782 ts_tablet_manager.cc:1434] T 5b8e576fb1634970b28a86f720e85f9a P 6d4de2ce0683442498244b9529127f91: Time spent starting tablet: real 0.236s	user 0.023s	sys 0.036s
I20260709 13:00:15.217060  1591 tablet_service.cc:1917] Received RequestConsensusVote() RPC: tablet_id: "c9831da869404fb79a22d3887701ca69" candidate_uuid: "5ced62816f8545cd9b63a27e9055e42d" candidate_term: 1 candidate_status { last_received { term: 0 index: 0 } } ignore_live_leader: false dest_uuid: "6d4de2ce0683442498244b9529127f91" is_pre_election: true
I20260709 13:00:15.219831  1782 tablet_bootstrap.cc:492] T 3aff654153ad4acfa774f838f37c0604 P 6d4de2ce0683442498244b9529127f91: Bootstrap starting.
I20260709 13:00:15.200987  1741 tablet_service.cc:1917] Received RequestConsensusVote() RPC: tablet_id: "161aba2b69844461b9d8ed3cdf147919" candidate_uuid: "6d4de2ce0683442498244b9529127f91" candidate_term: 1 candidate_status { last_received { term: 0 index: 0 } } ignore_live_leader: false dest_uuid: "5ced62816f8545cd9b63a27e9055e42d"
I20260709 13:00:15.220440  1741 raft_consensus.cc:3060] T 161aba2b69844461b9d8ed3cdf147919 P 5ced62816f8545cd9b63a27e9055e42d [term 0 FOLLOWER]: Advancing to term 1
I20260709 13:00:15.047195  1964 consensus_queue.cc:1048] T 5b8e576fb1634970b28a86f720e85f9a P 5bb87fe07da2414e84ee578c3b176ede [LEADER]: Connected to new peer: Peer: permanent_uuid: "5ced62816f8545cd9b63a27e9055e42d" member_type: VOTER last_known_addr { host: "127.0.107.195" port: 32843 }, Status: LMP_MISMATCH, Last received: 0.0, Next index: 1, Last known committed idx: 0, Time since last communication: 0.175s
I20260709 13:00:15.226454  1954 leader_election.cc:290] T c9831da869404fb79a22d3887701ca69 P 5ced62816f8545cd9b63a27e9055e42d [CANDIDATE]: Term 1 pre-election: Requested pre-vote from peers 6d4de2ce0683442498244b9529127f91 (127.0.107.193:33325), 5bb87fe07da2414e84ee578c3b176ede (127.0.107.194:41683)
I20260709 13:00:15.210249  1965 leader_election.cc:290] T b37805060ac444b6b6e9e7da8164233c P 5bb87fe07da2414e84ee578c3b176ede [CANDIDATE]: Term 1 pre-election: Requested pre-vote from peers 6d4de2ce0683442498244b9529127f91 (127.0.107.193:33325), 5ced62816f8545cd9b63a27e9055e42d (127.0.107.195:32843)
W20260709 13:00:15.233379  1707 leader_election.cc:343] T c9831da869404fb79a22d3887701ca69 P 5ced62816f8545cd9b63a27e9055e42d [CANDIDATE]: Term 1 pre-election: Tablet error from VoteRequest() call to peer 6d4de2ce0683442498244b9529127f91 (127.0.107.193:33325): Illegal state: must be running to vote when last-logged opid is not known
I20260709 13:00:15.013489  1666 tablet_service.cc:1917] Received RequestConsensusVote() RPC: tablet_id: "161aba2b69844461b9d8ed3cdf147919" candidate_uuid: "6d4de2ce0683442498244b9529127f91" candidate_term: 1 candidate_status { last_received { term: 0 index: 0 } } ignore_live_leader: false dest_uuid: "5bb87fe07da2414e84ee578c3b176ede"
I20260709 13:00:15.245154  1666 raft_consensus.cc:3060] T 161aba2b69844461b9d8ed3cdf147919 P 5bb87fe07da2414e84ee578c3b176ede [term 0 FOLLOWER]: Advancing to term 1
I20260709 13:00:15.252079  1955 raft_consensus.cc:493] T 5b8e576fb1634970b28a86f720e85f9a P 6d4de2ce0683442498244b9529127f91 [term 0 FOLLOWER]: Starting pre-election (no leader contacted us within the election timeout)
I20260709 13:00:15.252797  1955 raft_consensus.cc:515] T 5b8e576fb1634970b28a86f720e85f9a P 6d4de2ce0683442498244b9529127f91 [term 0 FOLLOWER]: Starting pre-election with config: opid_index: -1 OBSOLETE_local: false peers { permanent_uuid: "6d4de2ce0683442498244b9529127f91" member_type: VOTER last_known_addr { host: "127.0.107.193" port: 33325 } } peers { permanent_uuid: "5bb87fe07da2414e84ee578c3b176ede" member_type: VOTER last_known_addr { host: "127.0.107.194" port: 41683 } } peers { permanent_uuid: "5ced62816f8545cd9b63a27e9055e42d" member_type: VOTER last_known_addr { host: "127.0.107.195" port: 32843 } }
I20260709 13:00:15.253226  1667 tablet_service.cc:1917] Received RequestConsensusVote() RPC: tablet_id: "c9831da869404fb79a22d3887701ca69" candidate_uuid: "5ced62816f8545cd9b63a27e9055e42d" candidate_term: 1 candidate_status { last_received { term: 0 index: 0 } } ignore_live_leader: false dest_uuid: "5bb87fe07da2414e84ee578c3b176ede" is_pre_election: true
I20260709 13:00:15.260015  1739 raft_consensus.cc:2468] T c03a2285eaff45a6a236c5eae38fb06f P 5ced62816f8545cd9b63a27e9055e42d [term 1 FOLLOWER]: Leader election vote request: Granting yes vote for candidate 6d4de2ce0683442498244b9529127f91 in term 1.
I20260709 13:00:15.260114  1592 tablet_service.cc:1917] Received RequestConsensusVote() RPC: tablet_id: "b37805060ac444b6b6e9e7da8164233c" candidate_uuid: "5bb87fe07da2414e84ee578c3b176ede" candidate_term: 1 candidate_status { last_received { term: 0 index: 0 } } ignore_live_leader: false dest_uuid: "6d4de2ce0683442498244b9529127f91" is_pre_election: true
W20260709 13:00:15.261497  1705 leader_election.cc:343] T c9831da869404fb79a22d3887701ca69 P 5ced62816f8545cd9b63a27e9055e42d [CANDIDATE]: Term 1 pre-election: Tablet error from VoteRequest() call to peer 5bb87fe07da2414e84ee578c3b176ede (127.0.107.194:41683): Illegal state: must be running to vote when last-logged opid is not known
I20260709 13:00:15.262126  1705 leader_election.cc:304] T c9831da869404fb79a22d3887701ca69 P 5ced62816f8545cd9b63a27e9055e42d [CANDIDATE]: Term 1 pre-election: Election decided. Result: candidate lost. Election summary: received 3 responses out of 3 voters: 1 yes votes; 2 no votes. yes voters: 5ced62816f8545cd9b63a27e9055e42d; no voters: 5bb87fe07da2414e84ee578c3b176ede, 6d4de2ce0683442498244b9529127f91
I20260709 13:00:15.264453  1831 raft_consensus.cc:2749] T c9831da869404fb79a22d3887701ca69 P 5ced62816f8545cd9b63a27e9055e42d [term 0 FOLLOWER]: Leader pre-election lost for term 1. Reason: could not achieve majority
I20260709 13:00:15.271345  1955 leader_election.cc:290] T 5b8e576fb1634970b28a86f720e85f9a P 6d4de2ce0683442498244b9529127f91 [CANDIDATE]: Term 1 pre-election: Requested pre-vote from peers 5bb87fe07da2414e84ee578c3b176ede (127.0.107.194:41683), 5ced62816f8545cd9b63a27e9055e42d (127.0.107.195:32843)
I20260709 13:00:15.283131  1665 tablet_service.cc:1917] Received RequestConsensusVote() RPC: tablet_id: "5b8e576fb1634970b28a86f720e85f9a" candidate_uuid: "6d4de2ce0683442498244b9529127f91" candidate_term: 1 candidate_status { last_received { term: 0 index: 0 } } ignore_live_leader: false dest_uuid: "5bb87fe07da2414e84ee578c3b176ede" is_pre_election: true
I20260709 13:00:15.284745  1739 tablet_service.cc:1917] Received RequestConsensusVote() RPC: tablet_id: "b37805060ac444b6b6e9e7da8164233c" candidate_uuid: "5bb87fe07da2414e84ee578c3b176ede" candidate_term: 1 candidate_status { last_received { term: 0 index: 0 } } ignore_live_leader: false dest_uuid: "5ced62816f8545cd9b63a27e9055e42d" is_pre_election: true
I20260709 13:00:15.286206  1739 raft_consensus.cc:2393] T b37805060ac444b6b6e9e7da8164233c P 5ced62816f8545cd9b63a27e9055e42d [term 1 FOLLOWER]: Leader pre-election vote request: Denying vote to candidate 5bb87fe07da2414e84ee578c3b176ede in current term 1: Already voted for candidate 6d4de2ce0683442498244b9529127f91 in this term.
I20260709 13:00:15.287994  1783 tablet_bootstrap.cc:654] T c03a2285eaff45a6a236c5eae38fb06f P 5bb87fe07da2414e84ee578c3b176ede: Neither blocks nor log segments found. Creating new log.
I20260709 13:00:15.283239  1590 raft_consensus.cc:3060] T 5b8e576fb1634970b28a86f720e85f9a P 6d4de2ce0683442498244b9529127f91 [term 0 FOLLOWER]: Advancing to term 1
I20260709 13:00:15.291081  1661 raft_consensus.cc:3060] T b37805060ac444b6b6e9e7da8164233c P 5bb87fe07da2414e84ee578c3b176ede [term 0 FOLLOWER]: Advancing to term 1
I20260709 13:00:15.299643  1741 raft_consensus.cc:2468] T 161aba2b69844461b9d8ed3cdf147919 P 5ced62816f8545cd9b63a27e9055e42d [term 1 FOLLOWER]: Leader election vote request: Granting yes vote for candidate 6d4de2ce0683442498244b9529127f91 in term 1.
I20260709 13:00:15.300395  1782 tablet_bootstrap.cc:654] T 3aff654153ad4acfa774f838f37c0604 P 6d4de2ce0683442498244b9529127f91: Neither blocks nor log segments found. Creating new log.
I20260709 13:00:15.313582  1781 tablet_bootstrap.cc:492] T 2c8e0ac7d1de40fdb93dc3a4e799e876 P 5ced62816f8545cd9b63a27e9055e42d: No bootstrap required, opened a new log
I20260709 13:00:15.314129  1781 ts_tablet_manager.cc:1403] T 2c8e0ac7d1de40fdb93dc3a4e799e876 P 5ced62816f8545cd9b63a27e9055e42d: Time spent bootstrapping tablet: real 0.578s	user 0.028s	sys 0.030s
I20260709 13:00:15.317622  1781 raft_consensus.cc:359] T 2c8e0ac7d1de40fdb93dc3a4e799e876 P 5ced62816f8545cd9b63a27e9055e42d [term 0 FOLLOWER]: Replica starting. Triggering 0 pending ops. Active config: opid_index: -1 OBSOLETE_local: false peers { permanent_uuid: "6d4de2ce0683442498244b9529127f91" member_type: VOTER last_known_addr { host: "127.0.107.193" port: 33325 } } peers { permanent_uuid: "5bb87fe07da2414e84ee578c3b176ede" member_type: VOTER last_known_addr { host: "127.0.107.194" port: 41683 } } peers { permanent_uuid: "5ced62816f8545cd9b63a27e9055e42d" member_type: VOTER last_known_addr { host: "127.0.107.195" port: 32843 } }
I20260709 13:00:15.318301  1781 raft_consensus.cc:385] T 2c8e0ac7d1de40fdb93dc3a4e799e876 P 5ced62816f8545cd9b63a27e9055e42d [term 0 FOLLOWER]: Consensus starting up: Expiring failure detector timer to make a prompt election more likely
I20260709 13:00:15.318559  1781 raft_consensus.cc:740] T 2c8e0ac7d1de40fdb93dc3a4e799e876 P 5ced62816f8545cd9b63a27e9055e42d [term 0 FOLLOWER]: Becoming Follower/Learner. State: Replica: 5ced62816f8545cd9b63a27e9055e42d, State: Initialized, Role: FOLLOWER
I20260709 13:00:15.319156  1781 consensus_queue.cc:260] T 2c8e0ac7d1de40fdb93dc3a4e799e876 P 5ced62816f8545cd9b63a27e9055e42d [NON_LEADER]: Queue going to NON_LEADER mode. State: All replicated index: 0, Majority replicated index: 0, Committed index: 0, Last appended: 0.0, Last appended by leader: 0, Current term: 0, Majority size: -1, State: 0, Mode: NON_LEADER, active raft config: opid_index: -1 OBSOLETE_local: false peers { permanent_uuid: "6d4de2ce0683442498244b9529127f91" member_type: VOTER last_known_addr { host: "127.0.107.193" port: 33325 } } peers { permanent_uuid: "5bb87fe07da2414e84ee578c3b176ede" member_type: VOTER last_known_addr { host: "127.0.107.194" port: 41683 } } peers { permanent_uuid: "5ced62816f8545cd9b63a27e9055e42d" member_type: VOTER last_known_addr { host: "127.0.107.195" port: 32843 } }
I20260709 13:00:15.321367  1781 ts_tablet_manager.cc:1434] T 2c8e0ac7d1de40fdb93dc3a4e799e876 P 5ced62816f8545cd9b63a27e9055e42d: Time spent starting tablet: real 0.007s	user 0.004s	sys 0.002s
I20260709 13:00:15.323665  1781 tablet_bootstrap.cc:492] T 67258bf3ca484bd099fd3ec7923aee78 P 5ced62816f8545cd9b63a27e9055e42d: Bootstrap starting.
I20260709 13:00:15.325419  1736 tablet_service.cc:1917] Received RequestConsensusVote() RPC: tablet_id: "5b8e576fb1634970b28a86f720e85f9a" candidate_uuid: "6d4de2ce0683442498244b9529127f91" candidate_term: 1 candidate_status { last_received { term: 0 index: 0 } } ignore_live_leader: false dest_uuid: "5ced62816f8545cd9b63a27e9055e42d" is_pre_election: true
I20260709 13:00:15.330710  2027 consensus_queue.cc:1048] T b37805060ac444b6b6e9e7da8164233c P 6d4de2ce0683442498244b9529127f91 [LEADER]: Connected to new peer: Peer: permanent_uuid: "5bb87fe07da2414e84ee578c3b176ede" member_type: VOTER last_known_addr { host: "127.0.107.194" port: 41683 }, Status: LMP_MISMATCH, Last received: 0.0, Next index: 1, Last known committed idx: 0, Time since last communication: 0.001s
I20260709 13:00:15.349839  1558 leader_election.cc:304] T c03a2285eaff45a6a236c5eae38fb06f P 6d4de2ce0683442498244b9529127f91 [CANDIDATE]: Term 1 election: Election decided. Result: candidate won. Election summary: received 3 responses out of 3 voters: 2 yes votes; 1 no votes. yes voters: 5ced62816f8545cd9b63a27e9055e42d, 6d4de2ce0683442498244b9529127f91; no voters: 5bb87fe07da2414e84ee578c3b176ede
I20260709 13:00:15.350951  2027 raft_consensus.cc:2804] T c03a2285eaff45a6a236c5eae38fb06f P 6d4de2ce0683442498244b9529127f91 [term 1 FOLLOWER]: Leader election won for term 1
I20260709 13:00:15.352146  2027 raft_consensus.cc:697] T c03a2285eaff45a6a236c5eae38fb06f P 6d4de2ce0683442498244b9529127f91 [term 1 LEADER]: Becoming Leader. State: Replica: 6d4de2ce0683442498244b9529127f91, State: Running, Role: LEADER
I20260709 13:00:15.354696  1781 tablet_bootstrap.cc:654] T 67258bf3ca484bd099fd3ec7923aee78 P 5ced62816f8545cd9b63a27e9055e42d: Neither blocks nor log segments found. Creating new log.
I20260709 13:00:15.356596  2027 consensus_queue.cc:237] T c03a2285eaff45a6a236c5eae38fb06f P 6d4de2ce0683442498244b9529127f91 [LEADER]: Queue going to LEADER mode. State: All replicated index: 0, Majority replicated index: 0, Committed index: 0, Last appended: 0.0, Last appended by leader: 0, Current term: 1, Majority size: 2, State: 0, Mode: LEADER, active raft config: opid_index: -1 OBSOLETE_local: false peers { permanent_uuid: "6d4de2ce0683442498244b9529127f91" member_type: VOTER last_known_addr { host: "127.0.107.193" port: 33325 } } peers { permanent_uuid: "5bb87fe07da2414e84ee578c3b176ede" member_type: VOTER last_known_addr { host: "127.0.107.194" port: 41683 } } peers { permanent_uuid: "5ced62816f8545cd9b63a27e9055e42d" member_type: VOTER last_known_addr { host: "127.0.107.195" port: 32843 } }
I20260709 13:00:15.358968  2028 consensus_queue.cc:1048] T 8f63738689324ca9a4caa66b9aee2a78 P 5ced62816f8545cd9b63a27e9055e42d [LEADER]: Connected to new peer: Peer: permanent_uuid: "6d4de2ce0683442498244b9529127f91" member_type: VOTER last_known_addr { host: "127.0.107.193" port: 33325 }, Status: LMP_MISMATCH, Last received: 0.0, Next index: 1, Last known committed idx: 0, Time since last communication: 0.003s
I20260709 13:00:15.361517  1666 raft_consensus.cc:2468] T 161aba2b69844461b9d8ed3cdf147919 P 5bb87fe07da2414e84ee578c3b176ede [term 1 FOLLOWER]: Leader election vote request: Granting yes vote for candidate 6d4de2ce0683442498244b9529127f91 in term 1.
I20260709 13:00:15.369612  1633 leader_election.cc:304] T b37805060ac444b6b6e9e7da8164233c P 5bb87fe07da2414e84ee578c3b176ede [CANDIDATE]: Term 1 pre-election: Election decided. Result: candidate lost. Election summary: received 3 responses out of 3 voters: 1 yes votes; 2 no votes. yes voters: 5bb87fe07da2414e84ee578c3b176ede; no voters: 5ced62816f8545cd9b63a27e9055e42d, 6d4de2ce0683442498244b9529127f91
I20260709 13:00:15.386981  1556 leader_election.cc:304] T 161aba2b69844461b9d8ed3cdf147919 P 6d4de2ce0683442498244b9529127f91 [CANDIDATE]: Term 1 election: Election decided. Result: candidate won. Election summary: received 2 responses out of 3 voters: 2 yes votes; 0 no votes. yes voters: 5bb87fe07da2414e84ee578c3b176ede, 6d4de2ce0683442498244b9529127f91; no voters: 
I20260709 13:00:15.388556  1956 raft_consensus.cc:2804] T 161aba2b69844461b9d8ed3cdf147919 P 6d4de2ce0683442498244b9529127f91 [term 1 FOLLOWER]: Leader election won for term 1
I20260709 13:00:15.389312  1956 raft_consensus.cc:697] T 161aba2b69844461b9d8ed3cdf147919 P 6d4de2ce0683442498244b9529127f91 [term 1 LEADER]: Becoming Leader. State: Replica: 6d4de2ce0683442498244b9529127f91, State: Running, Role: LEADER
I20260709 13:00:15.390771  1956 consensus_queue.cc:237] T 161aba2b69844461b9d8ed3cdf147919 P 6d4de2ce0683442498244b9529127f91 [LEADER]: Queue going to LEADER mode. State: All replicated index: 0, Majority replicated index: 0, Committed index: 0, Last appended: 0.0, Last appended by leader: 0, Current term: 1, Majority size: 2, State: 0, Mode: LEADER, active raft config: opid_index: -1 OBSOLETE_local: false peers { permanent_uuid: "6d4de2ce0683442498244b9529127f91" member_type: VOTER last_known_addr { host: "127.0.107.193" port: 33325 } } peers { permanent_uuid: "5bb87fe07da2414e84ee578c3b176ede" member_type: VOTER last_known_addr { host: "127.0.107.194" port: 41683 } } peers { permanent_uuid: "5ced62816f8545cd9b63a27e9055e42d" member_type: VOTER last_known_addr { host: "127.0.107.195" port: 32843 } }
I20260709 13:00:15.404547  1782 tablet_bootstrap.cc:492] T 3aff654153ad4acfa774f838f37c0604 P 6d4de2ce0683442498244b9529127f91: No bootstrap required, opened a new log
I20260709 13:00:15.405167  1782 ts_tablet_manager.cc:1403] T 3aff654153ad4acfa774f838f37c0604 P 6d4de2ce0683442498244b9529127f91: Time spent bootstrapping tablet: real 0.186s	user 0.023s	sys 0.005s
I20260709 13:00:15.407883  1970 raft_consensus.cc:493] T 2c8e0ac7d1de40fdb93dc3a4e799e876 P 5ced62816f8545cd9b63a27e9055e42d [term 0 FOLLOWER]: Starting pre-election (no leader contacted us within the election timeout)
I20260709 13:00:15.408054  1966 consensus_queue.cc:1048] T 5b8e576fb1634970b28a86f720e85f9a P 5bb87fe07da2414e84ee578c3b176ede [LEADER]: Connected to new peer: Peer: permanent_uuid: "6d4de2ce0683442498244b9529127f91" member_type: VOTER last_known_addr { host: "127.0.107.193" port: 33325 }, Status: LMP_MISMATCH, Last received: 0.0, Next index: 1, Last known committed idx: 0, Time since last communication: 0.001s
I20260709 13:00:15.410614  1783 tablet_bootstrap.cc:492] T c03a2285eaff45a6a236c5eae38fb06f P 5bb87fe07da2414e84ee578c3b176ede: No bootstrap required, opened a new log
I20260709 13:00:15.411058  1783 ts_tablet_manager.cc:1403] T c03a2285eaff45a6a236c5eae38fb06f P 5bb87fe07da2414e84ee578c3b176ede: Time spent bootstrapping tablet: real 0.477s	user 0.004s	sys 0.021s
I20260709 13:00:15.408644  1970 raft_consensus.cc:515] T 2c8e0ac7d1de40fdb93dc3a4e799e876 P 5ced62816f8545cd9b63a27e9055e42d [term 0 FOLLOWER]: Starting pre-election with config: opid_index: -1 OBSOLETE_local: false peers { permanent_uuid: "6d4de2ce0683442498244b9529127f91" member_type: VOTER last_known_addr { host: "127.0.107.193" port: 33325 } } peers { permanent_uuid: "5bb87fe07da2414e84ee578c3b176ede" member_type: VOTER last_known_addr { host: "127.0.107.194" port: 41683 } } peers { permanent_uuid: "5ced62816f8545cd9b63a27e9055e42d" member_type: VOTER last_known_addr { host: "127.0.107.195" port: 32843 } }
I20260709 13:00:15.414765  1965 raft_consensus.cc:2749] T b37805060ac444b6b6e9e7da8164233c P 5bb87fe07da2414e84ee578c3b176ede [term 1 FOLLOWER]: Leader pre-election lost for term 1. Reason: could not achieve majority
I20260709 13:00:15.416678  1970 leader_election.cc:290] T 2c8e0ac7d1de40fdb93dc3a4e799e876 P 5ced62816f8545cd9b63a27e9055e42d [CANDIDATE]: Term 1 pre-election: Requested pre-vote from peers 6d4de2ce0683442498244b9529127f91 (127.0.107.193:33325), 5bb87fe07da2414e84ee578c3b176ede (127.0.107.194:41683)
I20260709 13:00:15.417297  1782 raft_consensus.cc:359] T 3aff654153ad4acfa774f838f37c0604 P 6d4de2ce0683442498244b9529127f91 [term 0 FOLLOWER]: Replica starting. Triggering 0 pending ops. Active config: opid_index: -1 OBSOLETE_local: false peers { permanent_uuid: "6d4de2ce0683442498244b9529127f91" member_type: VOTER last_known_addr { host: "127.0.107.193" port: 33325 } } peers { permanent_uuid: "5bb87fe07da2414e84ee578c3b176ede" member_type: VOTER last_known_addr { host: "127.0.107.194" port: 41683 } } peers { permanent_uuid: "5ced62816f8545cd9b63a27e9055e42d" member_type: VOTER last_known_addr { host: "127.0.107.195" port: 32843 } }
I20260709 13:00:15.419639  1667 tablet_service.cc:1917] Received RequestConsensusVote() RPC: tablet_id: "2c8e0ac7d1de40fdb93dc3a4e799e876" candidate_uuid: "5ced62816f8545cd9b63a27e9055e42d" candidate_term: 1 candidate_status { last_received { term: 0 index: 0 } } ignore_live_leader: false dest_uuid: "5bb87fe07da2414e84ee578c3b176ede" is_pre_election: true
I20260709 13:00:15.421222  1590 tablet_service.cc:1917] Received RequestConsensusVote() RPC: tablet_id: "2c8e0ac7d1de40fdb93dc3a4e799e876" candidate_uuid: "5ced62816f8545cd9b63a27e9055e42d" candidate_term: 1 candidate_status { last_received { term: 0 index: 0 } } ignore_live_leader: false dest_uuid: "6d4de2ce0683442498244b9529127f91" is_pre_election: true
W20260709 13:00:15.422571  1705 leader_election.cc:343] T 2c8e0ac7d1de40fdb93dc3a4e799e876 P 5ced62816f8545cd9b63a27e9055e42d [CANDIDATE]: Term 1 pre-election: Tablet error from VoteRequest() call to peer 5bb87fe07da2414e84ee578c3b176ede (127.0.107.194:41683): Illegal state: must be running to vote when last-logged opid is not known
W20260709 13:00:15.423705  1707 leader_election.cc:343] T 2c8e0ac7d1de40fdb93dc3a4e799e876 P 5ced62816f8545cd9b63a27e9055e42d [CANDIDATE]: Term 1 pre-election: Tablet error from VoteRequest() call to peer 6d4de2ce0683442498244b9529127f91 (127.0.107.193:33325): Illegal state: must be running to vote when last-logged opid is not known
I20260709 13:00:15.424360  1707 leader_election.cc:304] T 2c8e0ac7d1de40fdb93dc3a4e799e876 P 5ced62816f8545cd9b63a27e9055e42d [CANDIDATE]: Term 1 pre-election: Election decided. Result: candidate lost. Election summary: received 3 responses out of 3 voters: 1 yes votes; 2 no votes. yes voters: 5ced62816f8545cd9b63a27e9055e42d; no voters: 5bb87fe07da2414e84ee578c3b176ede, 6d4de2ce0683442498244b9529127f91
I20260709 13:00:15.418606  1782 raft_consensus.cc:385] T 3aff654153ad4acfa774f838f37c0604 P 6d4de2ce0683442498244b9529127f91 [term 0 FOLLOWER]: Consensus starting up: Expiring failure detector timer to make a prompt election more likely
I20260709 13:00:15.426568  1970 raft_consensus.cc:2749] T 2c8e0ac7d1de40fdb93dc3a4e799e876 P 5ced62816f8545cd9b63a27e9055e42d [term 0 FOLLOWER]: Leader pre-election lost for term 1. Reason: could not achieve majority
I20260709 13:00:15.426563  1782 raft_consensus.cc:740] T 3aff654153ad4acfa774f838f37c0604 P 6d4de2ce0683442498244b9529127f91 [term 0 FOLLOWER]: Becoming Follower/Learner. State: Replica: 6d4de2ce0683442498244b9529127f91, State: Initialized, Role: FOLLOWER
I20260709 13:00:15.431499  1782 consensus_queue.cc:260] T 3aff654153ad4acfa774f838f37c0604 P 6d4de2ce0683442498244b9529127f91 [NON_LEADER]: Queue going to NON_LEADER mode. State: All replicated index: 0, Majority replicated index: 0, Committed index: 0, Last appended: 0.0, Last appended by leader: 0, Current term: 0, Majority size: -1, State: 0, Mode: NON_LEADER, active raft config: opid_index: -1 OBSOLETE_local: false peers { permanent_uuid: "6d4de2ce0683442498244b9529127f91" member_type: VOTER last_known_addr { host: "127.0.107.193" port: 33325 } } peers { permanent_uuid: "5bb87fe07da2414e84ee578c3b176ede" member_type: VOTER last_known_addr { host: "127.0.107.194" port: 41683 } } peers { permanent_uuid: "5ced62816f8545cd9b63a27e9055e42d" member_type: VOTER last_known_addr { host: "127.0.107.195" port: 32843 } }
I20260709 13:00:15.441321  1558 leader_election.cc:304] T 5b8e576fb1634970b28a86f720e85f9a P 6d4de2ce0683442498244b9529127f91 [CANDIDATE]: Term 1 pre-election: Election decided. Result: candidate lost. Election summary: received 3 responses out of 3 voters: 1 yes votes; 2 no votes. yes voters: 6d4de2ce0683442498244b9529127f91; no voters: 5bb87fe07da2414e84ee578c3b176ede, 5ced62816f8545cd9b63a27e9055e42d
I20260709 13:00:15.448721  1782 ts_tablet_manager.cc:1434] T 3aff654153ad4acfa774f838f37c0604 P 6d4de2ce0683442498244b9529127f91: Time spent starting tablet: real 0.043s	user 0.008s	sys 0.012s
I20260709 13:00:15.442926  1958 consensus_queue.cc:1048] T b37805060ac444b6b6e9e7da8164233c P 6d4de2ce0683442498244b9529127f91 [LEADER]: Connected to new peer: Peer: permanent_uuid: "5ced62816f8545cd9b63a27e9055e42d" member_type: VOTER last_known_addr { host: "127.0.107.195" port: 32843 }, Status: LMP_MISMATCH, Last received: 0.0, Next index: 1, Last known committed idx: 0, Time since last communication: 0.010s
I20260709 13:00:15.453804  1958 raft_consensus.cc:2749] T 5b8e576fb1634970b28a86f720e85f9a P 6d4de2ce0683442498244b9529127f91 [term 1 FOLLOWER]: Leader pre-election lost for term 1. Reason: could not achieve majority
I20260709 13:00:15.458668  1782 tablet_bootstrap.cc:492] T 81635b0a041d4e6da9f7499ecb70dcc2 P 6d4de2ce0683442498244b9529127f91: Bootstrap starting.
I20260709 13:00:15.473718  1783 raft_consensus.cc:359] T c03a2285eaff45a6a236c5eae38fb06f P 5bb87fe07da2414e84ee578c3b176ede [term 0 FOLLOWER]: Replica starting. Triggering 0 pending ops. Active config: opid_index: -1 OBSOLETE_local: false peers { permanent_uuid: "6d4de2ce0683442498244b9529127f91" member_type: VOTER last_known_addr { host: "127.0.107.193" port: 33325 } } peers { permanent_uuid: "5bb87fe07da2414e84ee578c3b176ede" member_type: VOTER last_known_addr { host: "127.0.107.194" port: 41683 } } peers { permanent_uuid: "5ced62816f8545cd9b63a27e9055e42d" member_type: VOTER last_known_addr { host: "127.0.107.195" port: 32843 } }
I20260709 13:00:15.474462  1783 raft_consensus.cc:385] T c03a2285eaff45a6a236c5eae38fb06f P 5bb87fe07da2414e84ee578c3b176ede [term 0 FOLLOWER]: Consensus starting up: Expiring failure detector timer to make a prompt election more likely
I20260709 13:00:15.474781  1783 raft_consensus.cc:740] T c03a2285eaff45a6a236c5eae38fb06f P 5bb87fe07da2414e84ee578c3b176ede [term 0 FOLLOWER]: Becoming Follower/Learner. State: Replica: 5bb87fe07da2414e84ee578c3b176ede, State: Initialized, Role: FOLLOWER
I20260709 13:00:15.475346  1783 consensus_queue.cc:260] T c03a2285eaff45a6a236c5eae38fb06f P 5bb87fe07da2414e84ee578c3b176ede [NON_LEADER]: Queue going to NON_LEADER mode. State: All replicated index: 0, Majority replicated index: 0, Committed index: 0, Last appended: 0.0, Last appended by leader: 0, Current term: 0, Majority size: -1, State: 0, Mode: NON_LEADER, active raft config: opid_index: -1 OBSOLETE_local: false peers { permanent_uuid: "6d4de2ce0683442498244b9529127f91" member_type: VOTER last_known_addr { host: "127.0.107.193" port: 33325 } } peers { permanent_uuid: "5bb87fe07da2414e84ee578c3b176ede" member_type: VOTER last_known_addr { host: "127.0.107.194" port: 41683 } } peers { permanent_uuid: "5ced62816f8545cd9b63a27e9055e42d" member_type: VOTER last_known_addr { host: "127.0.107.195" port: 32843 } }
I20260709 13:00:15.495450  1783 ts_tablet_manager.cc:1434] T c03a2285eaff45a6a236c5eae38fb06f P 5bb87fe07da2414e84ee578c3b176ede: Time spent starting tablet: real 0.084s	user 0.006s	sys 0.002s
I20260709 13:00:15.499599  1781 tablet_bootstrap.cc:492] T 67258bf3ca484bd099fd3ec7923aee78 P 5ced62816f8545cd9b63a27e9055e42d: No bootstrap required, opened a new log
I20260709 13:00:15.500233  1781 ts_tablet_manager.cc:1403] T 67258bf3ca484bd099fd3ec7923aee78 P 5ced62816f8545cd9b63a27e9055e42d: Time spent bootstrapping tablet: real 0.177s	user 0.023s	sys 0.025s
I20260709 13:00:15.505026  1783 tablet_bootstrap.cc:492] T 3aff654153ad4acfa774f838f37c0604 P 5bb87fe07da2414e84ee578c3b176ede: Bootstrap starting.
I20260709 13:00:15.515565  1954 consensus_queue.cc:1048] T 8f63738689324ca9a4caa66b9aee2a78 P 5ced62816f8545cd9b63a27e9055e42d [LEADER]: Connected to new peer: Peer: permanent_uuid: "5bb87fe07da2414e84ee578c3b176ede" member_type: VOTER last_known_addr { host: "127.0.107.194" port: 41683 }, Status: LMP_MISMATCH, Last received: 0.0, Next index: 1, Last known committed idx: 0, Time since last communication: 0.009s
I20260709 13:00:15.533071  1781 raft_consensus.cc:359] T 67258bf3ca484bd099fd3ec7923aee78 P 5ced62816f8545cd9b63a27e9055e42d [term 0 FOLLOWER]: Replica starting. Triggering 0 pending ops. Active config: opid_index: -1 OBSOLETE_local: false peers { permanent_uuid: "6d4de2ce0683442498244b9529127f91" member_type: VOTER last_known_addr { host: "127.0.107.193" port: 33325 } } peers { permanent_uuid: "5bb87fe07da2414e84ee578c3b176ede" member_type: VOTER last_known_addr { host: "127.0.107.194" port: 41683 } } peers { permanent_uuid: "5ced62816f8545cd9b63a27e9055e42d" member_type: VOTER last_known_addr { host: "127.0.107.195" port: 32843 } }
I20260709 13:00:15.533812  1781 raft_consensus.cc:385] T 67258bf3ca484bd099fd3ec7923aee78 P 5ced62816f8545cd9b63a27e9055e42d [term 0 FOLLOWER]: Consensus starting up: Expiring failure detector timer to make a prompt election more likely
I20260709 13:00:15.534060  1781 raft_consensus.cc:740] T 67258bf3ca484bd099fd3ec7923aee78 P 5ced62816f8545cd9b63a27e9055e42d [term 0 FOLLOWER]: Becoming Follower/Learner. State: Replica: 5ced62816f8545cd9b63a27e9055e42d, State: Initialized, Role: FOLLOWER
I20260709 13:00:15.534579  1781 consensus_queue.cc:260] T 67258bf3ca484bd099fd3ec7923aee78 P 5ced62816f8545cd9b63a27e9055e42d [NON_LEADER]: Queue going to NON_LEADER mode. State: All replicated index: 0, Majority replicated index: 0, Committed index: 0, Last appended: 0.0, Last appended by leader: 0, Current term: 0, Majority size: -1, State: 0, Mode: NON_LEADER, active raft config: opid_index: -1 OBSOLETE_local: false peers { permanent_uuid: "6d4de2ce0683442498244b9529127f91" member_type: VOTER last_known_addr { host: "127.0.107.193" port: 33325 } } peers { permanent_uuid: "5bb87fe07da2414e84ee578c3b176ede" member_type: VOTER last_known_addr { host: "127.0.107.194" port: 41683 } } peers { permanent_uuid: "5ced62816f8545cd9b63a27e9055e42d" member_type: VOTER last_known_addr { host: "127.0.107.195" port: 32843 } }
I20260709 13:00:15.539800  1781 ts_tablet_manager.cc:1434] T 67258bf3ca484bd099fd3ec7923aee78 P 5ced62816f8545cd9b63a27e9055e42d: Time spent starting tablet: real 0.039s	user 0.007s	sys 0.000s
W20260709 13:00:15.541230  1538 auto_rebalancer.cc:288] Could not retrieve cluster info: Service unavailable: Tablet not running
W20260709 13:00:15.516424  1556 outbound_call.cc:321] RPC callback for RPC call kudu.consensus.ConsensusService.UpdateConsensus -> {remote=127.0.107.194:41683, user_credentials={real_user=slave}} blocked reactor thread for 66705.1us
W20260709 13:00:15.565747  1558 outbound_call.cc:321] RPC callback for RPC call kudu.consensus.ConsensusService.RequestConsensusVote -> {remote=127.0.107.195:32843, user_credentials={real_user=slave}} blocked reactor thread for 124529us
I20260709 13:00:15.571594  1781 tablet_bootstrap.cc:492] T 2782217725024e159b9536d03808a3ea P 5ced62816f8545cd9b63a27e9055e42d: Bootstrap starting.
I20260709 13:00:15.582758  1782 tablet_bootstrap.cc:654] T 81635b0a041d4e6da9f7499ecb70dcc2 P 6d4de2ce0683442498244b9529127f91: Neither blocks nor log segments found. Creating new log.
I20260709 13:00:15.598766  1783 tablet_bootstrap.cc:654] T 3aff654153ad4acfa774f838f37c0604 P 5bb87fe07da2414e84ee578c3b176ede: Neither blocks nor log segments found. Creating new log.
I20260709 13:00:15.606587  1831 raft_consensus.cc:493] T 67258bf3ca484bd099fd3ec7923aee78 P 5ced62816f8545cd9b63a27e9055e42d [term 0 FOLLOWER]: Starting pre-election (no leader contacted us within the election timeout)
