I20260709 12:59:20.852240  8613 raft_consensus.cc:515] T 3bcd50dd273d4dda8d6ac6038d9f9718 P 5ce3e46de5df4daabfa3d9c40a4210ae [term 0 FOLLOWER]: Starting pre-election with config: opid_index: -1 OBSOLETE_local: false peers { permanent_uuid: "e541a390d7864a69af41c60a4a6440ed" member_type: VOTER last_known_addr { host: "127.7.2.1" port: 37091 } } peers { permanent_uuid: "a214f4852252497b8fabc133a2df3413" member_type: VOTER last_known_addr { host: "127.7.2.2" port: 45721 } } peers { permanent_uuid: "5ce3e46de5df4daabfa3d9c40a4210ae" member_type: VOTER last_known_addr { host: "127.7.2.3" port: 44741 } }
I20260709 12:59:20.855731  8613 leader_election.cc:290] T 3bcd50dd273d4dda8d6ac6038d9f9718 P 5ce3e46de5df4daabfa3d9c40a4210ae [CANDIDATE]: Term 1 pre-election: Requested pre-vote from peers e541a390d7864a69af41c60a4a6440ed (127.7.2.1:37091), a214f4852252497b8fabc133a2df3413 (127.7.2.2:45721)
I20260709 12:59:20.856305  8423 tablet_service.cc:1917] Received RequestConsensusVote() RPC: tablet_id: "3bcd50dd273d4dda8d6ac6038d9f9718" candidate_uuid: "5ce3e46de5df4daabfa3d9c40a4210ae" candidate_term: 1 candidate_status { last_received { term: 0 index: 0 } } ignore_live_leader: false dest_uuid: "a214f4852252497b8fabc133a2df3413" is_pre_election: true
I20260709 12:59:20.856851  8314 leader_election.cc:304] T a60c4a19dd824345acfc84c7930b7606 P e541a390d7864a69af41c60a4a6440ed [CANDIDATE]: Term 1 election: Election decided. Result: candidate won. Election summary: received 3 responses out of 3 voters: 2 yes votes; 1 no votes. yes voters: a214f4852252497b8fabc133a2df3413, e541a390d7864a69af41c60a4a6440ed; no voters: 5ce3e46de5df4daabfa3d9c40a4210ae
W20260709 12:59:20.857973  8463 leader_election.cc:343] T 3bcd50dd273d4dda8d6ac6038d9f9718 P 5ce3e46de5df4daabfa3d9c40a4210ae [CANDIDATE]: Term 1 pre-election: Tablet error from VoteRequest() call to peer a214f4852252497b8fabc133a2df3413 (127.7.2.2:45721): Illegal state: must be running to vote when last-logged opid is not known
W20260709 12:59:20.858423  8314 leader_election.cc:343] T ff031d5f11ed4559af385dca98c7e37b P e541a390d7864a69af41c60a4a6440ed [CANDIDATE]: Term 1 pre-election: Tablet error from VoteRequest() call to peer a214f4852252497b8fabc133a2df3413 (127.7.2.2:45721): Illegal state: must be running to vote when last-logged opid is not known
I20260709 12:59:20.858973  8314 leader_election.cc:304] T ff031d5f11ed4559af385dca98c7e37b P e541a390d7864a69af41c60a4a6440ed [CANDIDATE]: Term 1 pre-election: Election decided. Result: candidate lost. Election summary: received 3 responses out of 3 voters: 1 yes votes; 2 no votes. yes voters: e541a390d7864a69af41c60a4a6440ed; no voters: 5ce3e46de5df4daabfa3d9c40a4210ae, a214f4852252497b8fabc133a2df3413
I20260709 12:59:20.861786  8796 raft_consensus.cc:2804] T a60c4a19dd824345acfc84c7930b7606 P e541a390d7864a69af41c60a4a6440ed [term 1 FOLLOWER]: Leader election won for term 1
I20260709 12:59:20.864703  8793 raft_consensus.cc:2749] T ff031d5f11ed4559af385dca98c7e37b P e541a390d7864a69af41c60a4a6440ed [term 0 FOLLOWER]: Leader pre-election lost for term 1. Reason: could not achieve majority
I20260709 12:59:20.866761  8796 raft_consensus.cc:697] T a60c4a19dd824345acfc84c7930b7606 P e541a390d7864a69af41c60a4a6440ed [term 1 LEADER]: Becoming Leader. State: Replica: e541a390d7864a69af41c60a4a6440ed, State: Running, Role: LEADER
I20260709 12:59:20.867609  8796 consensus_queue.cc:237] T a60c4a19dd824345acfc84c7930b7606 P e541a390d7864a69af41c60a4a6440ed [LEADER]: Queue going to LEADER mode. State: All replicated index: 0, Majority replicated index: 0, Committed index: 0, Last appended: 0.0, Last appended by leader: 0, Current term: 1, Majority size: 2, State: 0, Mode: LEADER, active raft config: opid_index: -1 OBSOLETE_local: false peers { permanent_uuid: "e541a390d7864a69af41c60a4a6440ed" member_type: VOTER last_known_addr { host: "127.7.2.1" port: 37091 } } peers { permanent_uuid: "a214f4852252497b8fabc133a2df3413" member_type: VOTER last_known_addr { host: "127.7.2.2" port: 45721 } } peers { permanent_uuid: "5ce3e46de5df4daabfa3d9c40a4210ae" member_type: VOTER last_known_addr { host: "127.7.2.3" port: 44741 } }
W20260709 12:59:20.872071  8314 leader_election.cc:343] T 4937d86c71dc4578841e399e103dafb5 P e541a390d7864a69af41c60a4a6440ed [CANDIDATE]: Term 1 pre-election: Tablet error from VoteRequest() call to peer a214f4852252497b8fabc133a2df3413 (127.7.2.2:45721): Illegal state: must be running to vote when last-logged opid is not known
I20260709 12:59:20.883718  8423 tablet_service.cc:1917] Received RequestConsensusVote() RPC: tablet_id: "79a11d76e37144c39e71b5760b248f31" candidate_uuid: "e541a390d7864a69af41c60a4a6440ed" candidate_term: 1 candidate_status { last_received { term: 0 index: 0 } } ignore_live_leader: false dest_uuid: "a214f4852252497b8fabc133a2df3413" is_pre_election: true
I20260709 12:59:20.868673  8641 raft_consensus.cc:515] T 79a11d76e37144c39e71b5760b248f31 P e541a390d7864a69af41c60a4a6440ed [term 1 FOLLOWER]: Starting leader election with config: opid_index: -1 OBSOLETE_local: false peers { permanent_uuid: "e541a390d7864a69af41c60a4a6440ed" member_type: VOTER last_known_addr { host: "127.7.2.1" port: 37091 } } peers { permanent_uuid: "a214f4852252497b8fabc133a2df3413" member_type: VOTER last_known_addr { host: "127.7.2.2" port: 45721 } } peers { permanent_uuid: "5ce3e46de5df4daabfa3d9c40a4210ae" member_type: VOTER last_known_addr { host: "127.7.2.3" port: 44741 } }
I20260709 12:59:20.890066  8641 leader_election.cc:290] T 79a11d76e37144c39e71b5760b248f31 P e541a390d7864a69af41c60a4a6440ed [CANDIDATE]: Term 1 election: Requested vote from peers a214f4852252497b8fabc133a2df3413 (127.7.2.2:45721), 5ce3e46de5df4daabfa3d9c40a4210ae (127.7.2.3:44741)
I20260709 12:59:20.890448  8347 tablet_service.cc:1917] Received RequestConsensusVote() RPC: tablet_id: "e80fa357aa4c4975bd887fc06bd680bd" candidate_uuid: "5ce3e46de5df4daabfa3d9c40a4210ae" candidate_term: 1 candidate_status { last_received { term: 0 index: 0 } } ignore_live_leader: false dest_uuid: "e541a390d7864a69af41c60a4a6440ed" is_pre_election: true
I20260709 12:59:20.894835  8609 leader_election.cc:290] T 4937d86c71dc4578841e399e103dafb5 P e541a390d7864a69af41c60a4a6440ed [CANDIDATE]: Term 1 election: Requested vote from peers a214f4852252497b8fabc133a2df3413 (127.7.2.2:45721), 5ce3e46de5df4daabfa3d9c40a4210ae (127.7.2.3:44741)
I20260709 12:59:20.894721  8499 tablet_service.cc:1917] Received RequestConsensusVote() RPC: tablet_id: "79a11d76e37144c39e71b5760b248f31" candidate_uuid: "e541a390d7864a69af41c60a4a6440ed" candidate_term: 1 candidate_status { last_received { term: 0 index: 0 } } ignore_live_leader: false dest_uuid: "5ce3e46de5df4daabfa3d9c40a4210ae"
I20260709 12:59:20.895699  8499 raft_consensus.cc:3060] T 79a11d76e37144c39e71b5760b248f31 P 5ce3e46de5df4daabfa3d9c40a4210ae [term 0 FOLLOWER]: Advancing to term 1
I20260709 12:59:20.896586  8497 tablet_service.cc:1917] Received RequestConsensusVote() RPC: tablet_id: "4937d86c71dc4578841e399e103dafb5" candidate_uuid: "e541a390d7864a69af41c60a4a6440ed" candidate_term: 1 candidate_status { last_received { term: 0 index: 0 } } ignore_live_leader: false dest_uuid: "5ce3e46de5df4daabfa3d9c40a4210ae"
I20260709 12:59:20.897289  8497 raft_consensus.cc:3060] T 4937d86c71dc4578841e399e103dafb5 P 5ce3e46de5df4daabfa3d9c40a4210ae [term 0 FOLLOWER]: Advancing to term 1
I20260709 12:59:20.915684  8541 tablet_bootstrap.cc:492] T 49c1ad1850e6438b81a51a21f66a1859 P a214f4852252497b8fabc133a2df3413: No bootstrap required, opened a new log
I20260709 12:59:20.917325  8540 tablet_bootstrap.cc:492] T ff4d2b81650c4878b01f6bc48580e842 P e541a390d7864a69af41c60a4a6440ed: No bootstrap required, opened a new log
I20260709 12:59:20.921516  8540 ts_tablet_manager.cc:1403] T ff4d2b81650c4878b01f6bc48580e842 P e541a390d7864a69af41c60a4a6440ed: Time spent bootstrapping tablet: real 0.192s	user 0.038s	sys 0.103s
I20260709 12:59:20.921525  8541 ts_tablet_manager.cc:1403] T 49c1ad1850e6438b81a51a21f66a1859 P a214f4852252497b8fabc133a2df3413: Time spent bootstrapping tablet: real 0.188s	user 0.039s	sys 0.033s
I20260709 12:59:20.922492  8424 tablet_service.cc:1917] Received RequestConsensusVote() RPC: tablet_id: "4937d86c71dc4578841e399e103dafb5" candidate_uuid: "e541a390d7864a69af41c60a4a6440ed" candidate_term: 1 candidate_status { last_received { term: 0 index: 0 } } ignore_live_leader: false dest_uuid: "a214f4852252497b8fabc133a2df3413"
W20260709 12:59:20.916020  8464 leader_election.cc:343] T e80fa357aa4c4975bd887fc06bd680bd P 5ce3e46de5df4daabfa3d9c40a4210ae [CANDIDATE]: Term 1 pre-election: Tablet error from VoteRequest() call to peer e541a390d7864a69af41c60a4a6440ed (127.7.2.1:37091): Illegal state: must be running to vote when last-logged opid is not known
I20260709 12:59:20.912979  8347 tablet_service.cc:1917] Received RequestConsensusVote() RPC: tablet_id: "3bcd50dd273d4dda8d6ac6038d9f9718" candidate_uuid: "5ce3e46de5df4daabfa3d9c40a4210ae" candidate_term: 1 candidate_status { last_received { term: 0 index: 0 } } ignore_live_leader: false dest_uuid: "e541a390d7864a69af41c60a4a6440ed" is_pre_election: true
I20260709 12:59:20.923637  8783 raft_consensus.cc:493] T bc30a247fad341d499f4c942be854766 P a214f4852252497b8fabc133a2df3413 [term 1 FOLLOWER]: Starting pre-election (detected failure of leader e541a390d7864a69af41c60a4a6440ed)
I20260709 12:59:20.923784  8464 leader_election.cc:304] T e80fa357aa4c4975bd887fc06bd680bd P 5ce3e46de5df4daabfa3d9c40a4210ae [CANDIDATE]: Term 1 pre-election: Election decided. Result: candidate lost. Election summary: received 3 responses out of 3 voters: 1 yes votes; 2 no votes. yes voters: 5ce3e46de5df4daabfa3d9c40a4210ae; no voters: a214f4852252497b8fabc133a2df3413, e541a390d7864a69af41c60a4a6440ed
I20260709 12:59:20.924374  8347 raft_consensus.cc:2468] T 3bcd50dd273d4dda8d6ac6038d9f9718 P e541a390d7864a69af41c60a4a6440ed [term 0 FOLLOWER]: Leader pre-election vote request: Granting yes vote for candidate 5ce3e46de5df4daabfa3d9c40a4210ae in term 0.
I20260709 12:59:20.924677  8716 raft_consensus.cc:2749] T e80fa357aa4c4975bd887fc06bd680bd P 5ce3e46de5df4daabfa3d9c40a4210ae [term 0 FOLLOWER]: Leader pre-election lost for term 1. Reason: could not achieve majority
I20260709 12:59:20.925892  8795 raft_consensus.cc:493] T 4ee44f0eed2848398b98858f7c55f061 P a214f4852252497b8fabc133a2df3413 [term 0 FOLLOWER]: Starting pre-election (no leader contacted us within the election timeout)
I20260709 12:59:20.926491  8795 raft_consensus.cc:515] T 4ee44f0eed2848398b98858f7c55f061 P a214f4852252497b8fabc133a2df3413 [term 0 FOLLOWER]: Starting pre-election with config: opid_index: -1 OBSOLETE_local: false peers { permanent_uuid: "e541a390d7864a69af41c60a4a6440ed" member_type: VOTER last_known_addr { host: "127.7.2.1" port: 37091 } } peers { permanent_uuid: "a214f4852252497b8fabc133a2df3413" member_type: VOTER last_known_addr { host: "127.7.2.2" port: 45721 } } peers { permanent_uuid: "5ce3e46de5df4daabfa3d9c40a4210ae" member_type: VOTER last_known_addr { host: "127.7.2.3" port: 44741 } }
I20260709 12:59:20.924515  8783 raft_consensus.cc:515] T bc30a247fad341d499f4c942be854766 P a214f4852252497b8fabc133a2df3413 [term 1 FOLLOWER]: Starting pre-election with config: opid_index: -1 OBSOLETE_local: false peers { permanent_uuid: "e541a390d7864a69af41c60a4a6440ed" member_type: VOTER last_known_addr { host: "127.7.2.1" port: 37091 } } peers { permanent_uuid: "a214f4852252497b8fabc133a2df3413" member_type: VOTER last_known_addr { host: "127.7.2.2" port: 45721 } } peers { permanent_uuid: "5ce3e46de5df4daabfa3d9c40a4210ae" member_type: VOTER last_known_addr { host: "127.7.2.3" port: 44741 } }
I20260709 12:59:20.942366  8423 tablet_service.cc:1917] Received RequestConsensusVote() RPC: tablet_id: "79a11d76e37144c39e71b5760b248f31" candidate_uuid: "e541a390d7864a69af41c60a4a6440ed" candidate_term: 1 candidate_status { last_received { term: 0 index: 0 } } ignore_live_leader: false dest_uuid: "a214f4852252497b8fabc133a2df3413"
I20260709 12:59:20.948280  8543 tablet_bootstrap.cc:492] T da6579e402964399b0dbee7e8b08ff63 P 5ce3e46de5df4daabfa3d9c40a4210ae: No bootstrap required, opened a new log
I20260709 12:59:20.948761  8543 ts_tablet_manager.cc:1403] T da6579e402964399b0dbee7e8b08ff63 P 5ce3e46de5df4daabfa3d9c40a4210ae: Time spent bootstrapping tablet: real 0.116s	user 0.024s	sys 0.028s
W20260709 12:59:20.952541  8314 leader_election.cc:343] T 79a11d76e37144c39e71b5760b248f31 P e541a390d7864a69af41c60a4a6440ed [CANDIDATE]: Term 1 pre-election: Tablet error from VoteRequest() call to peer a214f4852252497b8fabc133a2df3413 (127.7.2.2:45721): Illegal state: must be running to vote when last-logged opid is not known
W20260709 12:59:20.958236  8314 leader_election.cc:343] T 4937d86c71dc4578841e399e103dafb5 P e541a390d7864a69af41c60a4a6440ed [CANDIDATE]: Term 1 election: Tablet error from VoteRequest() call to peer a214f4852252497b8fabc133a2df3413 (127.7.2.2:45721): Illegal state: must be running to vote when last-logged opid is not known
W20260709 12:59:20.959589  8314 leader_election.cc:343] T 79a11d76e37144c39e71b5760b248f31 P e541a390d7864a69af41c60a4a6440ed [CANDIDATE]: Term 1 election: Tablet error from VoteRequest() call to peer a214f4852252497b8fabc133a2df3413 (127.7.2.2:45721): Illegal state: must be running to vote when last-logged opid is not known
I20260709 12:59:20.964985  8347 tablet_service.cc:1917] Received RequestConsensusVote() RPC: tablet_id: "bc30a247fad341d499f4c942be854766" candidate_uuid: "a214f4852252497b8fabc133a2df3413" candidate_term: 2 candidate_status { last_received { term: 1 index: 1 } } ignore_live_leader: false dest_uuid: "e541a390d7864a69af41c60a4a6440ed" is_pre_election: true
I20260709 12:59:20.959301  8716 consensus_queue.cc:1048] T 60b64b2285ac420e8fa8cd78b57dd786 P 5ce3e46de5df4daabfa3d9c40a4210ae [LEADER]: Connected to new peer: Peer: permanent_uuid: "a214f4852252497b8fabc133a2df3413" member_type: VOTER last_known_addr { host: "127.7.2.2" port: 45721 }, Status: LMP_MISMATCH, Last received: 0.0, Next index: 1, Last known committed idx: 0, Time since last communication: 0.006s
I20260709 12:59:20.967366  8543 raft_consensus.cc:359] T da6579e402964399b0dbee7e8b08ff63 P 5ce3e46de5df4daabfa3d9c40a4210ae [term 0 FOLLOWER]: Replica starting. Triggering 0 pending ops. Active config: opid_index: -1 OBSOLETE_local: false peers { permanent_uuid: "e541a390d7864a69af41c60a4a6440ed" member_type: VOTER last_known_addr { host: "127.7.2.1" port: 37091 } } peers { permanent_uuid: "a214f4852252497b8fabc133a2df3413" member_type: VOTER last_known_addr { host: "127.7.2.2" port: 45721 } } peers { permanent_uuid: "5ce3e46de5df4daabfa3d9c40a4210ae" member_type: VOTER last_known_addr { host: "127.7.2.3" port: 44741 } }
I20260709 12:59:20.968489  8543 raft_consensus.cc:385] T da6579e402964399b0dbee7e8b08ff63 P 5ce3e46de5df4daabfa3d9c40a4210ae [term 0 FOLLOWER]: Consensus starting up: Expiring failure detector timer to make a prompt election more likely
I20260709 12:59:20.968971  8543 raft_consensus.cc:740] T da6579e402964399b0dbee7e8b08ff63 P 5ce3e46de5df4daabfa3d9c40a4210ae [term 0 FOLLOWER]: Becoming Follower/Learner. State: Replica: 5ce3e46de5df4daabfa3d9c40a4210ae, State: Initialized, Role: FOLLOWER
I20260709 12:59:20.969954  8543 consensus_queue.cc:260] T da6579e402964399b0dbee7e8b08ff63 P 5ce3e46de5df4daabfa3d9c40a4210ae [NON_LEADER]: Queue going to NON_LEADER mode. State: All replicated index: 0, Majority replicated index: 0, Committed index: 0, Last appended: 0.0, Last appended by leader: 0, Current term: 0, Majority size: -1, State: 0, Mode: NON_LEADER, active raft config: opid_index: -1 OBSOLETE_local: false peers { permanent_uuid: "e541a390d7864a69af41c60a4a6440ed" member_type: VOTER last_known_addr { host: "127.7.2.1" port: 37091 } } peers { permanent_uuid: "a214f4852252497b8fabc133a2df3413" member_type: VOTER last_known_addr { host: "127.7.2.2" port: 45721 } } peers { permanent_uuid: "5ce3e46de5df4daabfa3d9c40a4210ae" member_type: VOTER last_known_addr { host: "127.7.2.3" port: 44741 } }
I20260709 12:59:20.972127  8543 ts_tablet_manager.cc:1434] T da6579e402964399b0dbee7e8b08ff63 P 5ce3e46de5df4daabfa3d9c40a4210ae: Time spent starting tablet: real 0.023s	user 0.004s	sys 0.001s
I20260709 12:59:20.977928  8783 leader_election.cc:290] T bc30a247fad341d499f4c942be854766 P a214f4852252497b8fabc133a2df3413 [CANDIDATE]: Term 2 pre-election: Requested pre-vote from peers e541a390d7864a69af41c60a4a6440ed (127.7.2.1:37091), 5ce3e46de5df4daabfa3d9c40a4210ae (127.7.2.3:44741)
I20260709 12:59:20.979926  8498 tablet_service.cc:1917] Received RequestConsensusVote() RPC: tablet_id: "bc30a247fad341d499f4c942be854766" candidate_uuid: "a214f4852252497b8fabc133a2df3413" candidate_term: 2 candidate_status { last_received { term: 1 index: 1 } } ignore_live_leader: false dest_uuid: "5ce3e46de5df4daabfa3d9c40a4210ae" is_pre_election: true
I20260709 12:59:20.981876  8391 leader_election.cc:304] T bc30a247fad341d499f4c942be854766 P a214f4852252497b8fabc133a2df3413 [CANDIDATE]: Term 2 pre-election: Election decided. Result: candidate lost. Election summary: received 3 responses out of 3 voters: 1 yes votes; 2 no votes. yes voters: a214f4852252497b8fabc133a2df3413; no voters: 5ce3e46de5df4daabfa3d9c40a4210ae, e541a390d7864a69af41c60a4a6440ed
I20260709 12:59:20.982656  8783 raft_consensus.cc:2749] T bc30a247fad341d499f4c942be854766 P a214f4852252497b8fabc133a2df3413 [term 1 FOLLOWER]: Leader pre-election lost for term 2. Reason: could not achieve majority
I20260709 12:59:20.957752  8497 raft_consensus.cc:2468] T 4937d86c71dc4578841e399e103dafb5 P 5ce3e46de5df4daabfa3d9c40a4210ae [term 1 FOLLOWER]: Leader election vote request: Granting yes vote for candidate e541a390d7864a69af41c60a4a6440ed in term 1.
I20260709 12:59:20.984632  8543 tablet_bootstrap.cc:492] T 49c1ad1850e6438b81a51a21f66a1859 P 5ce3e46de5df4daabfa3d9c40a4210ae: Bootstrap starting.
I20260709 12:59:20.980122  8541 raft_consensus.cc:359] T 49c1ad1850e6438b81a51a21f66a1859 P a214f4852252497b8fabc133a2df3413 [term 0 FOLLOWER]: Replica starting. Triggering 0 pending ops. Active config: opid_index: -1 OBSOLETE_local: false peers { permanent_uuid: "e541a390d7864a69af41c60a4a6440ed" member_type: VOTER last_known_addr { host: "127.7.2.1" port: 37091 } } peers { permanent_uuid: "a214f4852252497b8fabc133a2df3413" member_type: VOTER last_known_addr { host: "127.7.2.2" port: 45721 } } peers { permanent_uuid: "5ce3e46de5df4daabfa3d9c40a4210ae" member_type: VOTER last_known_addr { host: "127.7.2.3" port: 44741 } }
I20260709 12:59:20.985453  8541 raft_consensus.cc:385] T 49c1ad1850e6438b81a51a21f66a1859 P a214f4852252497b8fabc133a2df3413 [term 0 FOLLOWER]: Consensus starting up: Expiring failure detector timer to make a prompt election more likely
I20260709 12:59:20.985746  8541 raft_consensus.cc:740] T 49c1ad1850e6438b81a51a21f66a1859 P a214f4852252497b8fabc133a2df3413 [term 0 FOLLOWER]: Becoming Follower/Learner. State: Replica: a214f4852252497b8fabc133a2df3413, State: Initialized, Role: FOLLOWER
I20260709 12:59:20.992198  8316 leader_election.cc:304] T 4937d86c71dc4578841e399e103dafb5 P e541a390d7864a69af41c60a4a6440ed [CANDIDATE]: Term 1 election: Election decided. Result: candidate won. Election summary: received 3 responses out of 3 voters: 2 yes votes; 1 no votes. yes voters: 5ce3e46de5df4daabfa3d9c40a4210ae, e541a390d7864a69af41c60a4a6440ed; no voters: a214f4852252497b8fabc133a2df3413
I20260709 12:59:20.993355  8499 raft_consensus.cc:2468] T 79a11d76e37144c39e71b5760b248f31 P 5ce3e46de5df4daabfa3d9c40a4210ae [term 1 FOLLOWER]: Leader election vote request: Granting yes vote for candidate e541a390d7864a69af41c60a4a6440ed in term 1.
I20260709 12:59:20.994230  8540 raft_consensus.cc:359] T ff4d2b81650c4878b01f6bc48580e842 P e541a390d7864a69af41c60a4a6440ed [term 0 FOLLOWER]: Replica starting. Triggering 0 pending ops. Active config: opid_index: -1 OBSOLETE_local: false peers { permanent_uuid: "e541a390d7864a69af41c60a4a6440ed" member_type: VOTER last_known_addr { host: "127.7.2.1" port: 37091 } } peers { permanent_uuid: "a214f4852252497b8fabc133a2df3413" member_type: VOTER last_known_addr { host: "127.7.2.2" port: 45721 } } peers { permanent_uuid: "5ce3e46de5df4daabfa3d9c40a4210ae" member_type: VOTER last_known_addr { host: "127.7.2.3" port: 44741 } }
I20260709 12:59:20.995008  8540 raft_consensus.cc:385] T ff4d2b81650c4878b01f6bc48580e842 P e541a390d7864a69af41c60a4a6440ed [term 0 FOLLOWER]: Consensus starting up: Expiring failure detector timer to make a prompt election more likely
I20260709 12:59:20.994837  8347 tablet_service.cc:1917] Received RequestConsensusVote() RPC: tablet_id: "4ee44f0eed2848398b98858f7c55f061" candidate_uuid: "a214f4852252497b8fabc133a2df3413" candidate_term: 1 candidate_status { last_received { term: 0 index: 0 } } ignore_live_leader: false dest_uuid: "e541a390d7864a69af41c60a4a6440ed" is_pre_election: true
I20260709 12:59:20.995317  8540 raft_consensus.cc:740] T ff4d2b81650c4878b01f6bc48580e842 P e541a390d7864a69af41c60a4a6440ed [term 0 FOLLOWER]: Becoming Follower/Learner. State: Replica: e541a390d7864a69af41c60a4a6440ed, State: Initialized, Role: FOLLOWER
I20260709 12:59:20.998232  8570 consensus_queue.cc:1048] T 9f771a646a0742a6bdaeb6d6b77bdc00 P e541a390d7864a69af41c60a4a6440ed [LEADER]: Connected to new peer: Peer: permanent_uuid: "a214f4852252497b8fabc133a2df3413" member_type: VOTER last_known_addr { host: "127.7.2.2" port: 45721 }, Status: LMP_MISMATCH, Last received: 0.0, Next index: 1, Last known committed idx: 0, Time since last communication: 0.000s
I20260709 12:59:20.996244  8541 consensus_queue.cc:260] T 49c1ad1850e6438b81a51a21f66a1859 P a214f4852252497b8fabc133a2df3413 [NON_LEADER]: Queue going to NON_LEADER mode. State: All replicated index: 0, Majority replicated index: 0, Committed index: 0, Last appended: 0.0, Last appended by leader: 0, Current term: 0, Majority size: -1, State: 0, Mode: NON_LEADER, active raft config: opid_index: -1 OBSOLETE_local: false peers { permanent_uuid: "e541a390d7864a69af41c60a4a6440ed" member_type: VOTER last_known_addr { host: "127.7.2.1" port: 37091 } } peers { permanent_uuid: "a214f4852252497b8fabc133a2df3413" member_type: VOTER last_known_addr { host: "127.7.2.2" port: 45721 } } peers { permanent_uuid: "5ce3e46de5df4daabfa3d9c40a4210ae" member_type: VOTER last_known_addr { host: "127.7.2.3" port: 44741 } }
W20260709 12:59:20.999295  8390 leader_election.cc:343] T 4ee44f0eed2848398b98858f7c55f061 P a214f4852252497b8fabc133a2df3413 [CANDIDATE]: Term 1 pre-election: Tablet error from VoteRequest() call to peer e541a390d7864a69af41c60a4a6440ed (127.7.2.1:37091): Illegal state: must be running to vote when last-logged opid is not known
I20260709 12:59:20.996085  8540 consensus_queue.cc:260] T ff4d2b81650c4878b01f6bc48580e842 P e541a390d7864a69af41c60a4a6440ed [NON_LEADER]: Queue going to NON_LEADER mode. State: All replicated index: 0, Majority replicated index: 0, Committed index: 0, Last appended: 0.0, Last appended by leader: 0, Current term: 0, Majority size: -1, State: 0, Mode: NON_LEADER, active raft config: opid_index: -1 OBSOLETE_local: false peers { permanent_uuid: "e541a390d7864a69af41c60a4a6440ed" member_type: VOTER last_known_addr { host: "127.7.2.1" port: 37091 } } peers { permanent_uuid: "a214f4852252497b8fabc133a2df3413" member_type: VOTER last_known_addr { host: "127.7.2.2" port: 45721 } } peers { permanent_uuid: "5ce3e46de5df4daabfa3d9c40a4210ae" member_type: VOTER last_known_addr { host: "127.7.2.3" port: 44741 } }
I20260709 12:59:21.005832  8540 ts_tablet_manager.cc:1434] T ff4d2b81650c4878b01f6bc48580e842 P e541a390d7864a69af41c60a4a6440ed: Time spent starting tablet: real 0.084s	user 0.003s	sys 0.004s
I20260709 12:59:21.006110  8541 ts_tablet_manager.cc:1434] T 49c1ad1850e6438b81a51a21f66a1859 P a214f4852252497b8fabc133a2df3413: Time spent starting tablet: real 0.084s	user 0.003s	sys 0.006s
I20260709 12:59:21.004364  8316 leader_election.cc:304] T 79a11d76e37144c39e71b5760b248f31 P e541a390d7864a69af41c60a4a6440ed [CANDIDATE]: Term 1 election: Election decided. Result: candidate won. Election summary: received 3 responses out of 3 voters: 2 yes votes; 1 no votes. yes voters: 5ce3e46de5df4daabfa3d9c40a4210ae, e541a390d7864a69af41c60a4a6440ed; no voters: a214f4852252497b8fabc133a2df3413
I20260709 12:59:21.006940  8540 tablet_bootstrap.cc:492] T 49c1ad1850e6438b81a51a21f66a1859 P e541a390d7864a69af41c60a4a6440ed: Bootstrap starting.
I20260709 12:59:21.007088  8541 tablet_bootstrap.cc:492] T 4937d86c71dc4578841e399e103dafb5 P a214f4852252497b8fabc133a2df3413: Bootstrap starting.
I20260709 12:59:21.007839  8784 raft_consensus.cc:2804] T 79a11d76e37144c39e71b5760b248f31 P e541a390d7864a69af41c60a4a6440ed [term 1 FOLLOWER]: Leader election won for term 1
I20260709 12:59:21.008297  8784 raft_consensus.cc:697] T 79a11d76e37144c39e71b5760b248f31 P e541a390d7864a69af41c60a4a6440ed [term 1 LEADER]: Becoming Leader. State: Replica: e541a390d7864a69af41c60a4a6440ed, State: Running, Role: LEADER
W20260709 12:59:21.009224  8463 consensus_peers.cc:597] T 4f4640648a494cd3b11ab2b08acaeaac P 5ce3e46de5df4daabfa3d9c40a4210ae -> Peer a214f4852252497b8fabc133a2df3413 (127.7.2.2:45721): Couldn't send request to peer a214f4852252497b8fabc133a2df3413. Error code: TABLET_NOT_RUNNING (12). Status: Illegal state: Tablet not RUNNING: INITIALIZED. This is attempt 1: this message will repeat every 5th retry.
I20260709 12:59:21.009193  8784 consensus_queue.cc:237] T 79a11d76e37144c39e71b5760b248f31 P e541a390d7864a69af41c60a4a6440ed [LEADER]: Queue going to LEADER mode. State: All replicated index: 0, Majority replicated index: 0, Committed index: 0, Last appended: 0.0, Last appended by leader: 0, Current term: 1, Majority size: 2, State: 0, Mode: LEADER, active raft config: opid_index: -1 OBSOLETE_local: false peers { permanent_uuid: "e541a390d7864a69af41c60a4a6440ed" member_type: VOTER last_known_addr { host: "127.7.2.1" port: 37091 } } peers { permanent_uuid: "a214f4852252497b8fabc133a2df3413" member_type: VOTER last_known_addr { host: "127.7.2.2" port: 45721 } } peers { permanent_uuid: "5ce3e46de5df4daabfa3d9c40a4210ae" member_type: VOTER last_known_addr { host: "127.7.2.3" port: 44741 } }
I20260709 12:59:21.012318  8795 leader_election.cc:290] T 4ee44f0eed2848398b98858f7c55f061 P a214f4852252497b8fabc133a2df3413 [CANDIDATE]: Term 1 pre-election: Requested pre-vote from peers e541a390d7864a69af41c60a4a6440ed (127.7.2.1:37091), 5ce3e46de5df4daabfa3d9c40a4210ae (127.7.2.3:44741)
I20260709 12:59:21.013154  8797 raft_consensus.cc:2804] T 4937d86c71dc4578841e399e103dafb5 P e541a390d7864a69af41c60a4a6440ed [term 1 FOLLOWER]: Leader election won for term 1
I20260709 12:59:21.013103  8497 tablet_service.cc:1917] Received RequestConsensusVote() RPC: tablet_id: "4ee44f0eed2848398b98858f7c55f061" candidate_uuid: "a214f4852252497b8fabc133a2df3413" candidate_term: 1 candidate_status { last_received { term: 0 index: 0 } } ignore_live_leader: false dest_uuid: "5ce3e46de5df4daabfa3d9c40a4210ae" is_pre_election: true
I20260709 12:59:21.013854  8797 raft_consensus.cc:697] T 4937d86c71dc4578841e399e103dafb5 P e541a390d7864a69af41c60a4a6440ed [term 1 LEADER]: Becoming Leader. State: Replica: e541a390d7864a69af41c60a4a6440ed, State: Running, Role: LEADER
W20260709 12:59:21.014834  8391 leader_election.cc:343] T 4ee44f0eed2848398b98858f7c55f061 P a214f4852252497b8fabc133a2df3413 [CANDIDATE]: Term 1 pre-election: Tablet error from VoteRequest() call to peer 5ce3e46de5df4daabfa3d9c40a4210ae (127.7.2.3:44741): Illegal state: must be running to vote when last-logged opid is not known
I20260709 12:59:21.015311  8391 leader_election.cc:304] T 4ee44f0eed2848398b98858f7c55f061 P a214f4852252497b8fabc133a2df3413 [CANDIDATE]: Term 1 pre-election: Election decided. Result: candidate lost. Election summary: received 3 responses out of 3 voters: 1 yes votes; 2 no votes. yes voters: a214f4852252497b8fabc133a2df3413; no voters: 5ce3e46de5df4daabfa3d9c40a4210ae, e541a390d7864a69af41c60a4a6440ed
I20260709 12:59:21.014918  8245 catalog_manager.cc:5697] T a60c4a19dd824345acfc84c7930b7606 P e541a390d7864a69af41c60a4a6440ed reported cstate change: term changed from 0 to 1, leader changed from <none> to e541a390d7864a69af41c60a4a6440ed (127.7.2.1). New cstate: current_term: 1 leader_uuid: "e541a390d7864a69af41c60a4a6440ed" committed_config { opid_index: -1 OBSOLETE_local: false peers { permanent_uuid: "e541a390d7864a69af41c60a4a6440ed" member_type: VOTER last_known_addr { host: "127.7.2.1" port: 37091 } health_report { overall_health: HEALTHY } } peers { permanent_uuid: "a214f4852252497b8fabc133a2df3413" member_type: VOTER last_known_addr { host: "127.7.2.2" port: 45721 } health_report { overall_health: UNKNOWN } } peers { permanent_uuid: "5ce3e46de5df4daabfa3d9c40a4210ae" member_type: VOTER last_known_addr { host: "127.7.2.3" port: 44741 } health_report { overall_health: UNKNOWN } } }
I20260709 12:59:21.016386  8795 raft_consensus.cc:2749] T 4ee44f0eed2848398b98858f7c55f061 P a214f4852252497b8fabc133a2df3413 [term 0 FOLLOWER]: Leader pre-election lost for term 1. Reason: could not achieve majority
I20260709 12:59:21.018815  8464 leader_election.cc:304] T 3bcd50dd273d4dda8d6ac6038d9f9718 P 5ce3e46de5df4daabfa3d9c40a4210ae [CANDIDATE]: Term 1 pre-election: Election decided. Result: candidate won. Election summary: received 3 responses out of 3 voters: 2 yes votes; 1 no votes. yes voters: 5ce3e46de5df4daabfa3d9c40a4210ae, e541a390d7864a69af41c60a4a6440ed; no voters: a214f4852252497b8fabc133a2df3413
I20260709 12:59:21.024884  8715 consensus_queue.cc:1048] T 4f4640648a494cd3b11ab2b08acaeaac P 5ce3e46de5df4daabfa3d9c40a4210ae [LEADER]: Connected to new peer: Peer: permanent_uuid: "e541a390d7864a69af41c60a4a6440ed" member_type: VOTER last_known_addr { host: "127.7.2.1" port: 37091 }, Status: LMP_MISMATCH, Last received: 0.0, Next index: 1, Last known committed idx: 0, Time since last communication: 0.001s
I20260709 12:59:21.029637  8610 raft_consensus.cc:2804] T 3bcd50dd273d4dda8d6ac6038d9f9718 P 5ce3e46de5df4daabfa3d9c40a4210ae [term 0 FOLLOWER]: Leader pre-election won for term 1
I20260709 12:59:21.030018  8610 raft_consensus.cc:493] T 3bcd50dd273d4dda8d6ac6038d9f9718 P 5ce3e46de5df4daabfa3d9c40a4210ae [term 0 FOLLOWER]: Starting leader election (no leader contacted us within the election timeout)
I20260709 12:59:21.030314  8610 raft_consensus.cc:3060] T 3bcd50dd273d4dda8d6ac6038d9f9718 P 5ce3e46de5df4daabfa3d9c40a4210ae [term 0 FOLLOWER]: Advancing to term 1
I20260709 12:59:21.018249  8797 consensus_queue.cc:237] T 4937d86c71dc4578841e399e103dafb5 P e541a390d7864a69af41c60a4a6440ed [LEADER]: Queue going to LEADER mode. State: All replicated index: 0, Majority replicated index: 0, Committed index: 0, Last appended: 0.0, Last appended by leader: 0, Current term: 1, Majority size: 2, State: 0, Mode: LEADER, active raft config: opid_index: -1 OBSOLETE_local: false peers { permanent_uuid: "e541a390d7864a69af41c60a4a6440ed" member_type: VOTER last_known_addr { host: "127.7.2.1" port: 37091 } } peers { permanent_uuid: "a214f4852252497b8fabc133a2df3413" member_type: VOTER last_known_addr { host: "127.7.2.2" port: 45721 } } peers { permanent_uuid: "5ce3e46de5df4daabfa3d9c40a4210ae" member_type: VOTER last_known_addr { host: "127.7.2.3" port: 44741 } }
I20260709 12:59:21.053340  8541 tablet_bootstrap.cc:654] T 4937d86c71dc4578841e399e103dafb5 P a214f4852252497b8fabc133a2df3413: Neither blocks nor log segments found. Creating new log.
I20260709 12:59:21.055846  8543 tablet_bootstrap.cc:654] T 49c1ad1850e6438b81a51a21f66a1859 P 5ce3e46de5df4daabfa3d9c40a4210ae: Neither blocks nor log segments found. Creating new log.
I20260709 12:59:21.056967  8610 raft_consensus.cc:515] T 3bcd50dd273d4dda8d6ac6038d9f9718 P 5ce3e46de5df4daabfa3d9c40a4210ae [term 1 FOLLOWER]: Starting leader election with config: opid_index: -1 OBSOLETE_local: false peers { permanent_uuid: "e541a390d7864a69af41c60a4a6440ed" member_type: VOTER last_known_addr { host: "127.7.2.1" port: 37091 } } peers { permanent_uuid: "a214f4852252497b8fabc133a2df3413" member_type: VOTER last_known_addr { host: "127.7.2.2" port: 45721 } } peers { permanent_uuid: "5ce3e46de5df4daabfa3d9c40a4210ae" member_type: VOTER last_known_addr { host: "127.7.2.3" port: 44741 } }
W20260709 12:59:21.082419  8464 outbound_call.cc:321] RPC callback for RPC call kudu.consensus.ConsensusService.RequestConsensusVote -> {remote=127.7.2.1:37091, user_credentials={real_user=slave}} blocked reactor thread for 63681.9us
I20260709 12:59:21.111146  8245 catalog_manager.cc:5697] T 4937d86c71dc4578841e399e103dafb5 P e541a390d7864a69af41c60a4a6440ed reported cstate change: term changed from 0 to 1, leader changed from <none> to e541a390d7864a69af41c60a4a6440ed (127.7.2.1). New cstate: current_term: 1 leader_uuid: "e541a390d7864a69af41c60a4a6440ed" committed_config { opid_index: -1 OBSOLETE_local: false peers { permanent_uuid: "e541a390d7864a69af41c60a4a6440ed" member_type: VOTER last_known_addr { host: "127.7.2.1" port: 37091 } health_report { overall_health: HEALTHY } } peers { permanent_uuid: "a214f4852252497b8fabc133a2df3413" member_type: VOTER last_known_addr { host: "127.7.2.2" port: 45721 } health_report { overall_health: UNKNOWN } } peers { permanent_uuid: "5ce3e46de5df4daabfa3d9c40a4210ae" member_type: VOTER last_known_addr { host: "127.7.2.3" port: 44741 } health_report { overall_health: UNKNOWN } } }
I20260709 12:59:21.107566  8610 leader_election.cc:290] T 3bcd50dd273d4dda8d6ac6038d9f9718 P 5ce3e46de5df4daabfa3d9c40a4210ae [CANDIDATE]: Term 1 election: Requested vote from peers e541a390d7864a69af41c60a4a6440ed (127.7.2.1:37091), a214f4852252497b8fabc133a2df3413 (127.7.2.2:45721)
I20260709 12:59:21.120610  8540 tablet_bootstrap.cc:654] T 49c1ad1850e6438b81a51a21f66a1859 P e541a390d7864a69af41c60a4a6440ed: Neither blocks nor log segments found. Creating new log.
I20260709 12:59:21.129194  8797 raft_consensus.cc:493] T ff4d2b81650c4878b01f6bc48580e842 P e541a390d7864a69af41c60a4a6440ed [term 0 FOLLOWER]: Starting pre-election (no leader contacted us within the election timeout)
I20260709 12:59:21.129566  8426 tablet_service.cc:1917] Received RequestConsensusVote() RPC: tablet_id: "3bcd50dd273d4dda8d6ac6038d9f9718" candidate_uuid: "5ce3e46de5df4daabfa3d9c40a4210ae" candidate_term: 1 candidate_status { last_received { term: 0 index: 0 } } ignore_live_leader: false dest_uuid: "a214f4852252497b8fabc133a2df3413"
I20260709 12:59:21.129711  8797 raft_consensus.cc:515] T ff4d2b81650c4878b01f6bc48580e842 P e541a390d7864a69af41c60a4a6440ed [term 0 FOLLOWER]: Starting pre-election with config: opid_index: -1 OBSOLETE_local: false peers { permanent_uuid: "e541a390d7864a69af41c60a4a6440ed" member_type: VOTER last_known_addr { host: "127.7.2.1" port: 37091 } } peers { permanent_uuid: "a214f4852252497b8fabc133a2df3413" member_type: VOTER last_known_addr { host: "127.7.2.2" port: 45721 } } peers { permanent_uuid: "5ce3e46de5df4daabfa3d9c40a4210ae" member_type: VOTER last_known_addr { host: "127.7.2.3" port: 44741 } }
I20260709 12:59:21.135066  8423 tablet_service.cc:1917] Received RequestConsensusVote() RPC: tablet_id: "ff4d2b81650c4878b01f6bc48580e842" candidate_uuid: "e541a390d7864a69af41c60a4a6440ed" candidate_term: 1 candidate_status { last_received { term: 0 index: 0 } } ignore_live_leader: false dest_uuid: "a214f4852252497b8fabc133a2df3413" is_pre_election: true
W20260709 12:59:21.136940  8314 leader_election.cc:343] T ff4d2b81650c4878b01f6bc48580e842 P e541a390d7864a69af41c60a4a6440ed [CANDIDATE]: Term 1 pre-election: Tablet error from VoteRequest() call to peer a214f4852252497b8fabc133a2df3413 (127.7.2.2:45721): Illegal state: must be running to vote when last-logged opid is not known
W20260709 12:59:21.139295  8463 leader_election.cc:343] T 3bcd50dd273d4dda8d6ac6038d9f9718 P 5ce3e46de5df4daabfa3d9c40a4210ae [CANDIDATE]: Term 1 election: Tablet error from VoteRequest() call to peer a214f4852252497b8fabc133a2df3413 (127.7.2.2:45721): Illegal state: must be running to vote when last-logged opid is not known
I20260709 12:59:21.140172  8797 leader_election.cc:290] T ff4d2b81650c4878b01f6bc48580e842 P e541a390d7864a69af41c60a4a6440ed [CANDIDATE]: Term 1 pre-election: Requested pre-vote from peers a214f4852252497b8fabc133a2df3413 (127.7.2.2:45721), 5ce3e46de5df4daabfa3d9c40a4210ae (127.7.2.3:44741)
I20260709 12:59:21.135128  8245 catalog_manager.cc:5697] T 79a11d76e37144c39e71b5760b248f31 P e541a390d7864a69af41c60a4a6440ed reported cstate change: term changed from 0 to 1, leader changed from <none> to e541a390d7864a69af41c60a4a6440ed (127.7.2.1). New cstate: current_term: 1 leader_uuid: "e541a390d7864a69af41c60a4a6440ed" committed_config { opid_index: -1 OBSOLETE_local: false peers { permanent_uuid: "e541a390d7864a69af41c60a4a6440ed" member_type: VOTER last_known_addr { host: "127.7.2.1" port: 37091 } health_report { overall_health: HEALTHY } } peers { permanent_uuid: "a214f4852252497b8fabc133a2df3413" member_type: VOTER last_known_addr { host: "127.7.2.2" port: 45721 } health_report { overall_health: UNKNOWN } } peers { permanent_uuid: "5ce3e46de5df4daabfa3d9c40a4210ae" member_type: VOTER last_known_addr { host: "127.7.2.3" port: 44741 } health_report { overall_health: UNKNOWN } } }
I20260709 12:59:21.143041  8499 tablet_service.cc:1917] Received RequestConsensusVote() RPC: tablet_id: "ff4d2b81650c4878b01f6bc48580e842" candidate_uuid: "e541a390d7864a69af41c60a4a6440ed" candidate_term: 1 candidate_status { last_received { term: 0 index: 0 } } ignore_live_leader: false dest_uuid: "5ce3e46de5df4daabfa3d9c40a4210ae" is_pre_election: true
W20260709 12:59:21.144604  8316 leader_election.cc:343] T ff4d2b81650c4878b01f6bc48580e842 P e541a390d7864a69af41c60a4a6440ed [CANDIDATE]: Term 1 pre-election: Tablet error from VoteRequest() call to peer 5ce3e46de5df4daabfa3d9c40a4210ae (127.7.2.3:44741): Illegal state: must be running to vote when last-logged opid is not known
I20260709 12:59:21.145170  8348 tablet_service.cc:1917] Received RequestConsensusVote() RPC: tablet_id: "3bcd50dd273d4dda8d6ac6038d9f9718" candidate_uuid: "5ce3e46de5df4daabfa3d9c40a4210ae" candidate_term: 1 candidate_status { last_received { term: 0 index: 0 } } ignore_live_leader: false dest_uuid: "e541a390d7864a69af41c60a4a6440ed"
I20260709 12:59:21.145298  8316 leader_election.cc:304] T ff4d2b81650c4878b01f6bc48580e842 P e541a390d7864a69af41c60a4a6440ed [CANDIDATE]: Term 1 pre-election: Election decided. Result: candidate lost. Election summary: received 3 responses out of 3 voters: 1 yes votes; 2 no votes. yes voters: e541a390d7864a69af41c60a4a6440ed; no voters: 5ce3e46de5df4daabfa3d9c40a4210ae, a214f4852252497b8fabc133a2df3413
I20260709 12:59:21.146237  8348 raft_consensus.cc:3060] T 3bcd50dd273d4dda8d6ac6038d9f9718 P e541a390d7864a69af41c60a4a6440ed [term 0 FOLLOWER]: Advancing to term 1
I20260709 12:59:21.146968  8784 raft_consensus.cc:2749] T ff4d2b81650c4878b01f6bc48580e842 P e541a390d7864a69af41c60a4a6440ed [term 0 FOLLOWER]: Leader pre-election lost for term 1. Reason: could not achieve majority
I20260709 12:59:21.150945  8543 tablet_bootstrap.cc:492] T 49c1ad1850e6438b81a51a21f66a1859 P 5ce3e46de5df4daabfa3d9c40a4210ae: No bootstrap required, opened a new log
I20260709 12:59:21.151422  8543 ts_tablet_manager.cc:1403] T 49c1ad1850e6438b81a51a21f66a1859 P 5ce3e46de5df4daabfa3d9c40a4210ae: Time spent bootstrapping tablet: real 0.167s	user 0.032s	sys 0.006s
I20260709 12:59:21.151433  8540 tablet_bootstrap.cc:492] T 49c1ad1850e6438b81a51a21f66a1859 P e541a390d7864a69af41c60a4a6440ed: No bootstrap required, opened a new log
I20260709 12:59:21.152051  8540 ts_tablet_manager.cc:1403] T 49c1ad1850e6438b81a51a21f66a1859 P e541a390d7864a69af41c60a4a6440ed: Time spent bootstrapping tablet: real 0.145s	user 0.018s	sys 0.016s
I20260709 12:59:21.154371  8543 raft_consensus.cc:359] T 49c1ad1850e6438b81a51a21f66a1859 P 5ce3e46de5df4daabfa3d9c40a4210ae [term 0 FOLLOWER]: Replica starting. Triggering 0 pending ops. Active config: opid_index: -1 OBSOLETE_local: false peers { permanent_uuid: "e541a390d7864a69af41c60a4a6440ed" member_type: VOTER last_known_addr { host: "127.7.2.1" port: 37091 } } peers { permanent_uuid: "a214f4852252497b8fabc133a2df3413" member_type: VOTER last_known_addr { host: "127.7.2.2" port: 45721 } } peers { permanent_uuid: "5ce3e46de5df4daabfa3d9c40a4210ae" member_type: VOTER last_known_addr { host: "127.7.2.3" port: 44741 } }
I20260709 12:59:21.154691  8540 raft_consensus.cc:359] T 49c1ad1850e6438b81a51a21f66a1859 P e541a390d7864a69af41c60a4a6440ed [term 0 FOLLOWER]: Replica starting. Triggering 0 pending ops. Active config: opid_index: -1 OBSOLETE_local: false peers { permanent_uuid: "e541a390d7864a69af41c60a4a6440ed" member_type: VOTER last_known_addr { host: "127.7.2.1" port: 37091 } } peers { permanent_uuid: "a214f4852252497b8fabc133a2df3413" member_type: VOTER last_known_addr { host: "127.7.2.2" port: 45721 } } peers { permanent_uuid: "5ce3e46de5df4daabfa3d9c40a4210ae" member_type: VOTER last_known_addr { host: "127.7.2.3" port: 44741 } }
I20260709 12:59:21.155108  8543 raft_consensus.cc:385] T 49c1ad1850e6438b81a51a21f66a1859 P 5ce3e46de5df4daabfa3d9c40a4210ae [term 0 FOLLOWER]: Consensus starting up: Expiring failure detector timer to make a prompt election more likely
I20260709 12:59:21.155360  8540 raft_consensus.cc:385] T 49c1ad1850e6438b81a51a21f66a1859 P e541a390d7864a69af41c60a4a6440ed [term 0 FOLLOWER]: Consensus starting up: Expiring failure detector timer to make a prompt election more likely
I20260709 12:59:21.155424  8543 raft_consensus.cc:740] T 49c1ad1850e6438b81a51a21f66a1859 P 5ce3e46de5df4daabfa3d9c40a4210ae [term 0 FOLLOWER]: Becoming Follower/Learner. State: Replica: 5ce3e46de5df4daabfa3d9c40a4210ae, State: Initialized, Role: FOLLOWER
I20260709 12:59:21.155745  8540 raft_consensus.cc:740] T 49c1ad1850e6438b81a51a21f66a1859 P e541a390d7864a69af41c60a4a6440ed [term 0 FOLLOWER]: Becoming Follower/Learner. State: Replica: e541a390d7864a69af41c60a4a6440ed, State: Initialized, Role: FOLLOWER
I20260709 12:59:21.156199  8543 consensus_queue.cc:260] T 49c1ad1850e6438b81a51a21f66a1859 P 5ce3e46de5df4daabfa3d9c40a4210ae [NON_LEADER]: Queue going to NON_LEADER mode. State: All replicated index: 0, Majority replicated index: 0, Committed index: 0, Last appended: 0.0, Last appended by leader: 0, Current term: 0, Majority size: -1, State: 0, Mode: NON_LEADER, active raft config: opid_index: -1 OBSOLETE_local: false peers { permanent_uuid: "e541a390d7864a69af41c60a4a6440ed" member_type: VOTER last_known_addr { host: "127.7.2.1" port: 37091 } } peers { permanent_uuid: "a214f4852252497b8fabc133a2df3413" member_type: VOTER last_known_addr { host: "127.7.2.2" port: 45721 } } peers { permanent_uuid: "5ce3e46de5df4daabfa3d9c40a4210ae" member_type: VOTER last_known_addr { host: "127.7.2.3" port: 44741 } }
I20260709 12:59:21.156387  8540 consensus_queue.cc:260] T 49c1ad1850e6438b81a51a21f66a1859 P e541a390d7864a69af41c60a4a6440ed [NON_LEADER]: Queue going to NON_LEADER mode. State: All replicated index: 0, Majority replicated index: 0, Committed index: 0, Last appended: 0.0, Last appended by leader: 0, Current term: 0, Majority size: -1, State: 0, Mode: NON_LEADER, active raft config: opid_index: -1 OBSOLETE_local: false peers { permanent_uuid: "e541a390d7864a69af41c60a4a6440ed" member_type: VOTER last_known_addr { host: "127.7.2.1" port: 37091 } } peers { permanent_uuid: "a214f4852252497b8fabc133a2df3413" member_type: VOTER last_known_addr { host: "127.7.2.2" port: 45721 } } peers { permanent_uuid: "5ce3e46de5df4daabfa3d9c40a4210ae" member_type: VOTER last_known_addr { host: "127.7.2.3" port: 44741 } }
I20260709 12:59:21.158738  8543 ts_tablet_manager.cc:1434] T 49c1ad1850e6438b81a51a21f66a1859 P 5ce3e46de5df4daabfa3d9c40a4210ae: Time spent starting tablet: real 0.007s	user 0.008s	sys 0.000s
I20260709 12:59:21.158806  8540 ts_tablet_manager.cc:1434] T 49c1ad1850e6438b81a51a21f66a1859 P e541a390d7864a69af41c60a4a6440ed: Time spent starting tablet: real 0.006s	user 0.005s	sys 0.000s
I20260709 12:59:21.159832  8540 tablet_bootstrap.cc:492] T bfd9c1ffeddb4a79b8ceb0d672c13ebd P e541a390d7864a69af41c60a4a6440ed: Bootstrap starting.
I20260709 12:59:21.160064  8543 tablet_bootstrap.cc:492] T ff031d5f11ed4559af385dca98c7e37b P 5ce3e46de5df4daabfa3d9c40a4210ae: Bootstrap starting.
I20260709 12:59:21.160558  8802 raft_consensus.cc:493] T a60c4a19dd824345acfc84c7930b7606 P 5ce3e46de5df4daabfa3d9c40a4210ae [term 0 FOLLOWER]: Starting pre-election (no leader contacted us within the election timeout)
I20260709 12:59:21.161280  8802 raft_consensus.cc:515] T a60c4a19dd824345acfc84c7930b7606 P 5ce3e46de5df4daabfa3d9c40a4210ae [term 0 FOLLOWER]: Starting pre-election with config: opid_index: -1 OBSOLETE_local: false peers { permanent_uuid: "e541a390d7864a69af41c60a4a6440ed" member_type: VOTER last_known_addr { host: "127.7.2.1" port: 37091 } } peers { permanent_uuid: "a214f4852252497b8fabc133a2df3413" member_type: VOTER last_known_addr { host: "127.7.2.2" port: 45721 } } peers { permanent_uuid: "5ce3e46de5df4daabfa3d9c40a4210ae" member_type: VOTER last_known_addr { host: "127.7.2.3" port: 44741 } }
I20260709 12:59:21.165175  8426 tablet_service.cc:1917] Received RequestConsensusVote() RPC: tablet_id: "a60c4a19dd824345acfc84c7930b7606" candidate_uuid: "5ce3e46de5df4daabfa3d9c40a4210ae" candidate_term: 1 candidate_status { last_received { term: 0 index: 0 } } ignore_live_leader: false dest_uuid: "a214f4852252497b8fabc133a2df3413" is_pre_election: true
I20260709 12:59:21.166077  8426 raft_consensus.cc:2393] T a60c4a19dd824345acfc84c7930b7606 P a214f4852252497b8fabc133a2df3413 [term 1 FOLLOWER]: Leader pre-election vote request: Denying vote to candidate 5ce3e46de5df4daabfa3d9c40a4210ae in current term 1: Already voted for candidate e541a390d7864a69af41c60a4a6440ed in this term.
I20260709 12:59:21.166604  8540 tablet_bootstrap.cc:654] T bfd9c1ffeddb4a79b8ceb0d672c13ebd P e541a390d7864a69af41c60a4a6440ed: Neither blocks nor log segments found. Creating new log.
I20260709 12:59:21.178781  8802 leader_election.cc:290] T a60c4a19dd824345acfc84c7930b7606 P 5ce3e46de5df4daabfa3d9c40a4210ae [CANDIDATE]: Term 1 pre-election: Requested pre-vote from peers e541a390d7864a69af41c60a4a6440ed (127.7.2.1:37091), a214f4852252497b8fabc133a2df3413 (127.7.2.2:45721)
I20260709 12:59:21.193511  8350 tablet_service.cc:1917] Received RequestConsensusVote() RPC: tablet_id: "a60c4a19dd824345acfc84c7930b7606" candidate_uuid: "5ce3e46de5df4daabfa3d9c40a4210ae" candidate_term: 1 candidate_status { last_received { term: 0 index: 0 } } ignore_live_leader: false dest_uuid: "e541a390d7864a69af41c60a4a6440ed" is_pre_election: true
I20260709 12:59:21.249740  8541 tablet_bootstrap.cc:492] T 4937d86c71dc4578841e399e103dafb5 P a214f4852252497b8fabc133a2df3413: No bootstrap required, opened a new log
I20260709 12:59:21.250272  8541 ts_tablet_manager.cc:1403] T 4937d86c71dc4578841e399e103dafb5 P a214f4852252497b8fabc133a2df3413: Time spent bootstrapping tablet: real 0.243s	user 0.036s	sys 0.052s
I20260709 12:59:21.246098  8714 raft_consensus.cc:493] T 49c1ad1850e6438b81a51a21f66a1859 P 5ce3e46de5df4daabfa3d9c40a4210ae [term 0 FOLLOWER]: Starting pre-election (no leader contacted us within the election timeout)
I20260709 12:59:21.250334  8464 leader_election.cc:304] T a60c4a19dd824345acfc84c7930b7606 P 5ce3e46de5df4daabfa3d9c40a4210ae [CANDIDATE]: Term 1 pre-election: Election decided. Result: candidate lost. Election summary: received 3 responses out of 3 voters: 1 yes votes; 2 no votes. yes voters: 5ce3e46de5df4daabfa3d9c40a4210ae; no voters: a214f4852252497b8fabc133a2df3413, e541a390d7864a69af41c60a4a6440ed
I20260709 12:59:21.253490  8613 consensus_queue.cc:1048] T 94edc9ac6f9644b184c5bd0fd6ac4c94 P 5ce3e46de5df4daabfa3d9c40a4210ae [LEADER]: Connected to new peer: Peer: permanent_uuid: "e541a390d7864a69af41c60a4a6440ed" member_type: VOTER last_known_addr { host: "127.7.2.1" port: 37091 }, Status: LMP_MISMATCH, Last received: 0.0, Next index: 1, Last known committed idx: 0, Time since last communication: 0.000s
I20260709 12:59:21.254755  8714 raft_consensus.cc:515] T 49c1ad1850e6438b81a51a21f66a1859 P 5ce3e46de5df4daabfa3d9c40a4210ae [term 0 FOLLOWER]: Starting pre-election with config: opid_index: -1 OBSOLETE_local: false peers { permanent_uuid: "e541a390d7864a69af41c60a4a6440ed" member_type: VOTER last_known_addr { host: "127.7.2.1" port: 37091 } } peers { permanent_uuid: "a214f4852252497b8fabc133a2df3413" member_type: VOTER last_known_addr { host: "127.7.2.2" port: 45721 } } peers { permanent_uuid: "5ce3e46de5df4daabfa3d9c40a4210ae" member_type: VOTER last_known_addr { host: "127.7.2.3" port: 44741 } }
I20260709 12:59:21.252719  8610 raft_consensus.cc:3060] T a60c4a19dd824345acfc84c7930b7606 P 5ce3e46de5df4daabfa3d9c40a4210ae [term 0 FOLLOWER]: Advancing to term 1
I20260709 12:59:21.256422  8541 raft_consensus.cc:359] T 4937d86c71dc4578841e399e103dafb5 P a214f4852252497b8fabc133a2df3413 [term 0 FOLLOWER]: Replica starting. Triggering 0 pending ops. Active config: opid_index: -1 OBSOLETE_local: false peers { permanent_uuid: "e541a390d7864a69af41c60a4a6440ed" member_type: VOTER last_known_addr { host: "127.7.2.1" port: 37091 } } peers { permanent_uuid: "a214f4852252497b8fabc133a2df3413" member_type: VOTER last_known_addr { host: "127.7.2.2" port: 45721 } } peers { permanent_uuid: "5ce3e46de5df4daabfa3d9c40a4210ae" member_type: VOTER last_known_addr { host: "127.7.2.3" port: 44741 } }
I20260709 12:59:21.257169  8541 raft_consensus.cc:385] T 4937d86c71dc4578841e399e103dafb5 P a214f4852252497b8fabc133a2df3413 [term 0 FOLLOWER]: Consensus starting up: Expiring failure detector timer to make a prompt election more likely
