I20260709 12:59:11.926297  7352 ts_tablet_manager.cc:1507] Shutting down tablet manager...
I20260709 12:59:11.927313  7352 tablet_replica.cc:333] T 1f9365efbaad43f891b77a03f08ded29 P 72e5112b982e4d63ae38374f1b330e05: stopping tablet replica
W20260709 12:59:11.927655  8118 consensus_peers.cc:597] T 1f9365efbaad43f891b77a03f08ded29 P 89a0e76a87524e6abd00383a384daace -> Peer 7874d54609a246b092561f2d02764a8d (127.7.46.1:41881): Couldn't send request to peer 7874d54609a246b092561f2d02764a8d. Status: Network error: Client connection negotiation failed: client connection to 127.7.46.1:41881: connect: Connection refused (error 111). This is attempt 1: this message will repeat every 5th retry.
I20260709 12:59:11.928195  7352 raft_consensus.cc:2243] T 1f9365efbaad43f891b77a03f08ded29 P 72e5112b982e4d63ae38374f1b330e05 [term 3 FOLLOWER]: Raft consensus shutting down.
I20260709 12:59:11.928665  7352 raft_consensus.cc:2272] T 1f9365efbaad43f891b77a03f08ded29 P 72e5112b982e4d63ae38374f1b330e05 [term 3 FOLLOWER]: Raft consensus is shut down!
I20260709 12:59:11.930774  7352 tablet_replica.cc:333] T 1178925b5edf4f76ba98ad50ef3a99bd P 72e5112b982e4d63ae38374f1b330e05: stopping tablet replica
I20260709 12:59:11.931275  7352 raft_consensus.cc:2243] T 1178925b5edf4f76ba98ad50ef3a99bd P 72e5112b982e4d63ae38374f1b330e05 [term 2 LEADER]: Raft consensus shutting down.
I20260709 12:59:11.931958  7352 raft_consensus.cc:2272] T 1178925b5edf4f76ba98ad50ef3a99bd P 72e5112b982e4d63ae38374f1b330e05 [term 2 FOLLOWER]: Raft consensus is shut down!
I20260709 12:59:11.933470  7352 tablet_replica.cc:333] T e2c5f2dc0cc64f49b19a02b160b1ead4 P 72e5112b982e4d63ae38374f1b330e05: stopping tablet replica
I20260709 12:59:11.933945  7352 raft_consensus.cc:2243] T e2c5f2dc0cc64f49b19a02b160b1ead4 P 72e5112b982e4d63ae38374f1b330e05 [term 4 LEADER]: Raft consensus shutting down.
I20260709 12:59:11.934576  7352 raft_consensus.cc:2272] T e2c5f2dc0cc64f49b19a02b160b1ead4 P 72e5112b982e4d63ae38374f1b330e05 [term 4 FOLLOWER]: Raft consensus is shut down!
I20260709 12:59:11.936239  7352 tablet_replica.cc:333] T 6495a4a8b7c24625849db4101cf0182f P 72e5112b982e4d63ae38374f1b330e05: stopping tablet replica
I20260709 12:59:11.936707  7352 raft_consensus.cc:2243] T 6495a4a8b7c24625849db4101cf0182f P 72e5112b982e4d63ae38374f1b330e05 [term 2 FOLLOWER]: Raft consensus shutting down.
I20260709 12:59:11.937101  7352 raft_consensus.cc:2272] T 6495a4a8b7c24625849db4101cf0182f P 72e5112b982e4d63ae38374f1b330e05 [term 2 FOLLOWER]: Raft consensus is shut down!
I20260709 12:59:11.938618  7352 tablet_replica.cc:333] T 90b5a11fb70a4c4f88bb0f7cf807757f P 72e5112b982e4d63ae38374f1b330e05: stopping tablet replica
I20260709 12:59:11.939069  7352 raft_consensus.cc:2243] T 90b5a11fb70a4c4f88bb0f7cf807757f P 72e5112b982e4d63ae38374f1b330e05 [term 3 FOLLOWER]: Raft consensus shutting down.
I20260709 12:59:11.939445  7352 raft_consensus.cc:2272] T 90b5a11fb70a4c4f88bb0f7cf807757f P 72e5112b982e4d63ae38374f1b330e05 [term 3 FOLLOWER]: Raft consensus is shut down!
I20260709 12:59:11.940829  7352 tablet_replica.cc:333] T b4c73625d0394332bdb41586bc866ba9 P 72e5112b982e4d63ae38374f1b330e05: stopping tablet replica
I20260709 12:59:11.941337  7352 raft_consensus.cc:2243] T b4c73625d0394332bdb41586bc866ba9 P 72e5112b982e4d63ae38374f1b330e05 [term 3 FOLLOWER]: Raft consensus shutting down.
I20260709 12:59:11.941757  7352 raft_consensus.cc:2272] T b4c73625d0394332bdb41586bc866ba9 P 72e5112b982e4d63ae38374f1b330e05 [term 3 FOLLOWER]: Raft consensus is shut down!
I20260709 12:59:11.943185  7352 tablet_replica.cc:333] T a167d48467bf427c9a9095dd12e0cd82 P 72e5112b982e4d63ae38374f1b330e05: stopping tablet replica
I20260709 12:59:11.943624  7352 raft_consensus.cc:2243] T a167d48467bf427c9a9095dd12e0cd82 P 72e5112b982e4d63ae38374f1b330e05 [term 1 FOLLOWER]: Raft consensus shutting down.
I20260709 12:59:11.943971  7352 raft_consensus.cc:2272] T a167d48467bf427c9a9095dd12e0cd82 P 72e5112b982e4d63ae38374f1b330e05 [term 1 FOLLOWER]: Raft consensus is shut down!
I20260709 12:59:11.945900  7352 tablet_replica.cc:333] T 91e68602a3174734875f7bba40e8923a P 72e5112b982e4d63ae38374f1b330e05: stopping tablet replica
I20260709 12:59:11.946332  7352 raft_consensus.cc:2243] T 91e68602a3174734875f7bba40e8923a P 72e5112b982e4d63ae38374f1b330e05 [term 3 FOLLOWER]: Raft consensus shutting down.
I20260709 12:59:11.946702  7352 raft_consensus.cc:2272] T 91e68602a3174734875f7bba40e8923a P 72e5112b982e4d63ae38374f1b330e05 [term 3 FOLLOWER]: Raft consensus is shut down!
I20260709 12:59:11.948555  7352 tablet_replica.cc:333] T 414d20cc062c448891293f704a511f07 P 72e5112b982e4d63ae38374f1b330e05: stopping tablet replica
I20260709 12:59:11.948994  7352 raft_consensus.cc:2243] T 414d20cc062c448891293f704a511f07 P 72e5112b982e4d63ae38374f1b330e05 [term 1 FOLLOWER]: Raft consensus shutting down.
I20260709 12:59:11.949357  7352 raft_consensus.cc:2272] T 414d20cc062c448891293f704a511f07 P 72e5112b982e4d63ae38374f1b330e05 [term 1 FOLLOWER]: Raft consensus is shut down!
I20260709 12:59:11.950861  7352 tablet_replica.cc:333] T 1420249bb6b045818df9e6947ccf69a4 P 72e5112b982e4d63ae38374f1b330e05: stopping tablet replica
I20260709 12:59:11.951278  7352 raft_consensus.cc:2243] T 1420249bb6b045818df9e6947ccf69a4 P 72e5112b982e4d63ae38374f1b330e05 [term 5 LEADER]: Raft consensus shutting down.
I20260709 12:59:11.951924  7352 raft_consensus.cc:2272] T 1420249bb6b045818df9e6947ccf69a4 P 72e5112b982e4d63ae38374f1b330e05 [term 5 FOLLOWER]: Raft consensus is shut down!
W20260709 12:59:11.971230  8121 consensus_peers.cc:597] T 1f9365efbaad43f891b77a03f08ded29 P 89a0e76a87524e6abd00383a384daace -> Peer 72e5112b982e4d63ae38374f1b330e05 (127.7.46.2:43779): Couldn't send request to peer 72e5112b982e4d63ae38374f1b330e05. Status: Network error: Client connection negotiation failed: client connection to 127.7.46.2:43779: connect: Connection refused (error 111). This is attempt 1: this message will repeat every 5th retry.
I20260709 12:59:11.978070  7352 tablet_server.cc:196] TabletServer@127.7.46.2:0 shutdown complete.
I20260709 12:59:11.994223  7352 tablet_server.cc:179] TabletServer@127.7.46.3:0 shutting down...
I20260709 12:59:12.014315  7352 ts_tablet_manager.cc:1507] Shutting down tablet manager...
I20260709 12:59:12.014899  7352 tablet_replica.cc:333] T 1f9365efbaad43f891b77a03f08ded29 P 89a0e76a87524e6abd00383a384daace: stopping tablet replica
I20260709 12:59:12.015374  7352 raft_consensus.cc:2243] T 1f9365efbaad43f891b77a03f08ded29 P 89a0e76a87524e6abd00383a384daace [term 3 LEADER]: Raft consensus shutting down.
I20260709 12:59:12.016033  7352 raft_consensus.cc:2272] T 1f9365efbaad43f891b77a03f08ded29 P 89a0e76a87524e6abd00383a384daace [term 3 FOLLOWER]: Raft consensus is shut down!
I20260709 12:59:12.018445  7352 tablet_replica.cc:333] T e2c5f2dc0cc64f49b19a02b160b1ead4 P 89a0e76a87524e6abd00383a384daace: stopping tablet replica
I20260709 12:59:12.018891  7352 raft_consensus.cc:2243] T e2c5f2dc0cc64f49b19a02b160b1ead4 P 89a0e76a87524e6abd00383a384daace [term 4 FOLLOWER]: Raft consensus shutting down.
I20260709 12:59:12.019234  7352 raft_consensus.cc:2272] T e2c5f2dc0cc64f49b19a02b160b1ead4 P 89a0e76a87524e6abd00383a384daace [term 4 FOLLOWER]: Raft consensus is shut down!
I20260709 12:59:12.020922  7352 tablet_replica.cc:333] T 6495a4a8b7c24625849db4101cf0182f P 89a0e76a87524e6abd00383a384daace: stopping tablet replica
I20260709 12:59:12.021405  7352 raft_consensus.cc:2243] T 6495a4a8b7c24625849db4101cf0182f P 89a0e76a87524e6abd00383a384daace [term 2 FOLLOWER]: Raft consensus shutting down.
I20260709 12:59:12.021811  7352 raft_consensus.cc:2272] T 6495a4a8b7c24625849db4101cf0182f P 89a0e76a87524e6abd00383a384daace [term 2 FOLLOWER]: Raft consensus is shut down!
I20260709 12:59:12.023132  7352 tablet_replica.cc:333] T 1178925b5edf4f76ba98ad50ef3a99bd P 89a0e76a87524e6abd00383a384daace: stopping tablet replica
I20260709 12:59:12.023557  7352 raft_consensus.cc:2243] T 1178925b5edf4f76ba98ad50ef3a99bd P 89a0e76a87524e6abd00383a384daace [term 2 FOLLOWER]: Raft consensus shutting down.
I20260709 12:59:12.023900  7352 raft_consensus.cc:2272] T 1178925b5edf4f76ba98ad50ef3a99bd P 89a0e76a87524e6abd00383a384daace [term 2 FOLLOWER]: Raft consensus is shut down!
I20260709 12:59:12.025249  7352 tablet_replica.cc:333] T 90b5a11fb70a4c4f88bb0f7cf807757f P 89a0e76a87524e6abd00383a384daace: stopping tablet replica
I20260709 12:59:12.025735  7352 raft_consensus.cc:2243] T 90b5a11fb70a4c4f88bb0f7cf807757f P 89a0e76a87524e6abd00383a384daace [term 3 FOLLOWER]: Raft consensus shutting down.
I20260709 12:59:12.026070  7352 raft_consensus.cc:2272] T 90b5a11fb70a4c4f88bb0f7cf807757f P 89a0e76a87524e6abd00383a384daace [term 3 FOLLOWER]: Raft consensus is shut down!
I20260709 12:59:12.027446  7352 tablet_replica.cc:333] T b4c73625d0394332bdb41586bc866ba9 P 89a0e76a87524e6abd00383a384daace: stopping tablet replica
I20260709 12:59:12.027842  7352 raft_consensus.cc:2243] T b4c73625d0394332bdb41586bc866ba9 P 89a0e76a87524e6abd00383a384daace [term 3 FOLLOWER]: Raft consensus shutting down.
I20260709 12:59:12.028163  7352 raft_consensus.cc:2272] T b4c73625d0394332bdb41586bc866ba9 P 89a0e76a87524e6abd00383a384daace [term 3 FOLLOWER]: Raft consensus is shut down!
I20260709 12:59:12.029567  7352 tablet_replica.cc:333] T a167d48467bf427c9a9095dd12e0cd82 P 89a0e76a87524e6abd00383a384daace: stopping tablet replica
I20260709 12:59:12.030027  7352 raft_consensus.cc:2243] T a167d48467bf427c9a9095dd12e0cd82 P 89a0e76a87524e6abd00383a384daace [term 1 FOLLOWER]: Raft consensus shutting down.
I20260709 12:59:12.030310  7352 raft_consensus.cc:2272] T a167d48467bf427c9a9095dd12e0cd82 P 89a0e76a87524e6abd00383a384daace [term 1 FOLLOWER]: Raft consensus is shut down!
I20260709 12:59:12.031680  7352 tablet_replica.cc:333] T 91e68602a3174734875f7bba40e8923a P 89a0e76a87524e6abd00383a384daace: stopping tablet replica
I20260709 12:59:12.032070  7352 raft_consensus.cc:2243] T 91e68602a3174734875f7bba40e8923a P 89a0e76a87524e6abd00383a384daace [term 3 LEADER]: Raft consensus shutting down.
I20260709 12:59:12.032657  7352 raft_consensus.cc:2272] T 91e68602a3174734875f7bba40e8923a P 89a0e76a87524e6abd00383a384daace [term 3 FOLLOWER]: Raft consensus is shut down!
I20260709 12:59:12.034385  7352 tablet_replica.cc:333] T 414d20cc062c448891293f704a511f07 P 89a0e76a87524e6abd00383a384daace: stopping tablet replica
I20260709 12:59:12.034768  7352 raft_consensus.cc:2243] T 414d20cc062c448891293f704a511f07 P 89a0e76a87524e6abd00383a384daace [term 1 LEADER]: Raft consensus shutting down.
I20260709 12:59:12.035445  7352 raft_consensus.cc:2272] T 414d20cc062c448891293f704a511f07 P 89a0e76a87524e6abd00383a384daace [term 1 FOLLOWER]: Raft consensus is shut down!
I20260709 12:59:12.036860  7352 tablet_replica.cc:333] T 1420249bb6b045818df9e6947ccf69a4 P 89a0e76a87524e6abd00383a384daace: stopping tablet replica
I20260709 12:59:12.037227  7352 raft_consensus.cc:2243] T 1420249bb6b045818df9e6947ccf69a4 P 89a0e76a87524e6abd00383a384daace [term 5 FOLLOWER]: Raft consensus shutting down.
I20260709 12:59:12.037559  7352 raft_consensus.cc:2272] T 1420249bb6b045818df9e6947ccf69a4 P 89a0e76a87524e6abd00383a384daace [term 5 FOLLOWER]: Raft consensus is shut down!
I20260709 12:59:12.063503  7352 tablet_server.cc:196] TabletServer@127.7.46.3:0 shutdown complete.
I20260709 12:59:12.080655  7352 master.cc:562] Master@127.7.46.62:41739 shutting down...
I20260709 12:59:12.100304  7352 raft_consensus.cc:2243] T 00000000000000000000000000000000 P 744eeccdf772445dbea1a30c01d1e26b [term 1 LEADER]: Raft consensus shutting down.
I20260709 12:59:12.100766  7352 raft_consensus.cc:2272] T 00000000000000000000000000000000 P 744eeccdf772445dbea1a30c01d1e26b [term 1 FOLLOWER]: Raft consensus is shut down!
I20260709 12:59:12.101044  7352 tablet_replica.cc:333] T 00000000000000000000000000000000 P 744eeccdf772445dbea1a30c01d1e26b: stopping tablet replica
I20260709 12:59:12.120296  7352 master.cc:584] Master@127.7.46.62:41739 shutdown complete.
72e5112b982e4d63ae38374f1b330e05  4
7874d54609a246b092561f2d02764a8d  5
89a0e76a87524e6abd00383a384daace  1
[       OK ] LeaderRebalancerTest.FunctionalTestForNotDivided (10126 ms)
[ RUN      ] LeaderRebalancerTest.AddTserver
I20260709 12:59:12.157567  7352 internal_mini_cluster.cc:156] Creating distributed mini masters. Addrs: 127.7.46.62:38009
I20260709 12:59:12.158700  7352 file_cache.cc:504] Constructed file cache file cache with capacity 419430
W20260709 12:59:12.163964  8361 instance_detector.cc:116] could not retrieve Azure instance metadata: Network error: curl error: HTTP response code said error: The requested URL returned error: 404
W20260709 12:59:12.164022  8360 instance_detector.cc:116] could not retrieve AWS instance metadata: Network error: curl error: HTTP response code said error: The requested URL returned error: 404
W20260709 12:59:12.165287  8363 instance_detector.cc:116] could not retrieve OpenStack instance metadata: Network error: curl error: HTTP response code said error: The requested URL returned error: 404
I20260709 12:59:12.166230  7352 server_base.cc:1061] running on GCE node
I20260709 12:59:12.167104  7352 hybrid_clock.cc:584] initializing the hybrid clock with 'system_unsync' time source
W20260709 12:59:12.167306  7352 system_unsync_time.cc:38] NTP support is disabled. Clock error bounds will not be accurate. This configuration is not suitable for distributed clusters.
I20260709 12:59:12.167480  7352 hybrid_clock.cc:648] HybridClock initialized: now 1783601952167449 us; error 0 us; skew 500 ppm
I20260709 12:59:12.167999  7352 server_base.cc:861] Flag tcmalloc_max_total_thread_cache_bytes is not working since tcmalloc is not enabled.
I20260709 12:59:12.170260  7352 webserver.cc:533] Webserver started at http://127.7.46.62:46491/ using document root <none> and password file <none>
I20260709 12:59:12.170742  7352 fs_manager.cc:362] Metadata directory not provided
I20260709 12:59:12.170926  7352 fs_manager.cc:368] Using write-ahead log directory (fs_wal_dir) as metadata directory
I20260709 12:59:12.171211  7352 server_base.cc:909] This appears to be a new deployment of Kudu; creating new FS layout
I20260709 12:59:12.172256  7352 fs_manager.cc:1068] Generated new instance metadata in path /tmp/dist-test-taskCY6D4J/test-tmp/auto_leader_rebalancer-test.0.LeaderRebalancerTest.AddTserver.1783601927474300-7352-0/minicluster-data/master-0-root/instance:
uuid: "ab077d03f7574d8fa1ac7e92917744e6"
format_stamp: "Formatted at 2026-07-09 12:59:12 on dist-test-slave-zdlb"
I20260709 12:59:12.176488  7352 fs_manager.cc:696] Time spent creating directory manager: real 0.004s	user 0.006s	sys 0.000s
I20260709 12:59:12.179486  8368 log_block_manager.cc:4127] Time spent loading block containers with low live blocks: real 0.000s	user 0.000s	sys 0.000s
I20260709 12:59:12.180130  7352 fs_manager.cc:730] Time spent opening block manager: real 0.002s	user 0.002s	sys 0.000s
I20260709 12:59:12.180383  7352 fs_manager.cc:647] Opened local filesystem: /tmp/dist-test-taskCY6D4J/test-tmp/auto_leader_rebalancer-test.0.LeaderRebalancerTest.AddTserver.1783601927474300-7352-0/minicluster-data/master-0-root
uuid: "ab077d03f7574d8fa1ac7e92917744e6"
format_stamp: "Formatted at 2026-07-09 12:59:12 on dist-test-slave-zdlb"
I20260709 12:59:12.180646  7352 fs_report.cc:389] FS layout report
--------------------
wal directory: /tmp/dist-test-taskCY6D4J/test-tmp/auto_leader_rebalancer-test.0.LeaderRebalancerTest.AddTserver.1783601927474300-7352-0/minicluster-data/master-0-root
metadata directory: /tmp/dist-test-taskCY6D4J/test-tmp/auto_leader_rebalancer-test.0.LeaderRebalancerTest.AddTserver.1783601927474300-7352-0/minicluster-data/master-0-root
1 data directories: /tmp/dist-test-taskCY6D4J/test-tmp/auto_leader_rebalancer-test.0.LeaderRebalancerTest.AddTserver.1783601927474300-7352-0/minicluster-data/master-0-root/data
Total live blocks: 0
Total live bytes: 0
Total live bytes (after alignment): 0
Total number of LBM containers: 0 (0 full)
Did not check for missing blocks
Did not check for orphaned blocks
Total full LBM containers with extra space: 0 (0 repaired)
Total full LBM container extra space in bytes: 0 (0 repaired)
Total incomplete LBM containers: 0 (0 repaired)
Total LBM partial records: 0 (0 repaired)
Total corrupted LBM metadata records in RocksDB: 0 (0 repaired)
I20260709 12:59:12.191982  7352 rpc_server.cc:225] running with OpenSSL 1.1.1  11 Sep 2018
I20260709 12:59:12.193138  7352 kserver.cc:163] Server-wide thread pool size limit: 3276
I20260709 12:59:12.228152  7352 rpc_server.cc:307] RPC server started. Bound to: 127.7.46.62:38009
I20260709 12:59:12.228283  8419 acceptor_pool.cc:272] collecting diagnostics on the listening RPC socket 127.7.46.62:38009 every 8 connection(s)
I20260709 12:59:12.231932  8420 data_dirs.cc:400] Could only allocate 1 dirs of requested 3 for tablet 00000000000000000000000000000000. 1 dirs total, 0 dirs full, 0 dirs failed
I20260709 12:59:12.241056  8420 tablet_bootstrap.cc:492] T 00000000000000000000000000000000 P ab077d03f7574d8fa1ac7e92917744e6: Bootstrap starting.
I20260709 12:59:12.245440  8420 tablet_bootstrap.cc:654] T 00000000000000000000000000000000 P ab077d03f7574d8fa1ac7e92917744e6: Neither blocks nor log segments found. Creating new log.
I20260709 12:59:12.249294  8420 tablet_bootstrap.cc:492] T 00000000000000000000000000000000 P ab077d03f7574d8fa1ac7e92917744e6: No bootstrap required, opened a new log
I20260709 12:59:12.251195  8420 raft_consensus.cc:359] T 00000000000000000000000000000000 P ab077d03f7574d8fa1ac7e92917744e6 [term 0 FOLLOWER]: Replica starting. Triggering 0 pending ops. Active config: opid_index: -1 OBSOLETE_local: true peers { permanent_uuid: "ab077d03f7574d8fa1ac7e92917744e6" member_type: VOTER }
I20260709 12:59:12.251557  8420 raft_consensus.cc:385] T 00000000000000000000000000000000 P ab077d03f7574d8fa1ac7e92917744e6 [term 0 FOLLOWER]: Consensus starting up: Expiring failure detector timer to make a prompt election more likely
I20260709 12:59:12.251763  8420 raft_consensus.cc:740] T 00000000000000000000000000000000 P ab077d03f7574d8fa1ac7e92917744e6 [term 0 FOLLOWER]: Becoming Follower/Learner. State: Replica: ab077d03f7574d8fa1ac7e92917744e6, State: Initialized, Role: FOLLOWER
I20260709 12:59:12.252313  8420 consensus_queue.cc:260] T 00000000000000000000000000000000 P ab077d03f7574d8fa1ac7e92917744e6 [NON_LEADER]: Queue going to NON_LEADER mode. State: All replicated index: 0, Majority replicated index: 0, Committed index: 0, Last appended: 0.0, Last appended by leader: 0, Current term: 0, Majority size: -1, State: 0, Mode: NON_LEADER, active raft config: opid_index: -1 OBSOLETE_local: true peers { permanent_uuid: "ab077d03f7574d8fa1ac7e92917744e6" member_type: VOTER }
I20260709 12:59:12.252744  8420 raft_consensus.cc:399] T 00000000000000000000000000000000 P ab077d03f7574d8fa1ac7e92917744e6 [term 0 FOLLOWER]: Only one voter in the Raft config. Triggering election immediately
I20260709 12:59:12.252979  8420 raft_consensus.cc:493] T 00000000000000000000000000000000 P ab077d03f7574d8fa1ac7e92917744e6 [term 0 FOLLOWER]: Starting leader election (initial election of a single-replica configuration)
I20260709 12:59:12.253239  8420 raft_consensus.cc:3060] T 00000000000000000000000000000000 P ab077d03f7574d8fa1ac7e92917744e6 [term 0 FOLLOWER]: Advancing to term 1
I20260709 12:59:12.256819  8420 raft_consensus.cc:515] T 00000000000000000000000000000000 P ab077d03f7574d8fa1ac7e92917744e6 [term 1 FOLLOWER]: Starting leader election with config: opid_index: -1 OBSOLETE_local: true peers { permanent_uuid: "ab077d03f7574d8fa1ac7e92917744e6" member_type: VOTER }
I20260709 12:59:12.257272  8420 leader_election.cc:304] T 00000000000000000000000000000000 P ab077d03f7574d8fa1ac7e92917744e6 [CANDIDATE]: Term 1 election: Election decided. Result: candidate won. Election summary: received 1 responses out of 1 voters: 1 yes votes; 0 no votes. yes voters: ab077d03f7574d8fa1ac7e92917744e6; no voters: 
I20260709 12:59:12.258278  8420 leader_election.cc:290] T 00000000000000000000000000000000 P ab077d03f7574d8fa1ac7e92917744e6 [CANDIDATE]: Term 1 election: Requested vote from peers 
I20260709 12:59:12.258617  8423 raft_consensus.cc:2804] T 00000000000000000000000000000000 P ab077d03f7574d8fa1ac7e92917744e6 [term 1 FOLLOWER]: Leader election won for term 1
I20260709 12:59:12.259831  8423 raft_consensus.cc:697] T 00000000000000000000000000000000 P ab077d03f7574d8fa1ac7e92917744e6 [term 1 LEADER]: Becoming Leader. State: Replica: ab077d03f7574d8fa1ac7e92917744e6, State: Running, Role: LEADER
I20260709 12:59:12.260421  8423 consensus_queue.cc:237] T 00000000000000000000000000000000 P ab077d03f7574d8fa1ac7e92917744e6 [LEADER]: Queue going to LEADER mode. State: All replicated index: 0, Majority replicated index: 0, Committed index: 0, Last appended: 0.0, Last appended by leader: 0, Current term: 1, Majority size: 1, State: 0, Mode: LEADER, active raft config: opid_index: -1 OBSOLETE_local: true peers { permanent_uuid: "ab077d03f7574d8fa1ac7e92917744e6" member_type: VOTER }
I20260709 12:59:12.261087  8420 sys_catalog.cc:565] T 00000000000000000000000000000000 P ab077d03f7574d8fa1ac7e92917744e6 [sys.catalog]: configured and running, proceeding with master startup.
I20260709 12:59:12.264715  8424 sys_catalog.cc:455] T 00000000000000000000000000000000 P ab077d03f7574d8fa1ac7e92917744e6 [sys.catalog]: SysCatalogTable state changed. Reason: RaftConsensus started. Latest consensus state: current_term: 1 leader_uuid: "ab077d03f7574d8fa1ac7e92917744e6" committed_config { opid_index: -1 OBSOLETE_local: true peers { permanent_uuid: "ab077d03f7574d8fa1ac7e92917744e6" member_type: VOTER } }
I20260709 12:59:12.264914  8425 sys_catalog.cc:455] T 00000000000000000000000000000000 P ab077d03f7574d8fa1ac7e92917744e6 [sys.catalog]: SysCatalogTable state changed. Reason: New leader ab077d03f7574d8fa1ac7e92917744e6. Latest consensus state: current_term: 1 leader_uuid: "ab077d03f7574d8fa1ac7e92917744e6" committed_config { opid_index: -1 OBSOLETE_local: true peers { permanent_uuid: "ab077d03f7574d8fa1ac7e92917744e6" member_type: VOTER } }
I20260709 12:59:12.265353  8424 sys_catalog.cc:458] T 00000000000000000000000000000000 P ab077d03f7574d8fa1ac7e92917744e6 [sys.catalog]: This master's current role is: LEADER
I20260709 12:59:12.265581  8425 sys_catalog.cc:458] T 00000000000000000000000000000000 P ab077d03f7574d8fa1ac7e92917744e6 [sys.catalog]: This master's current role is: LEADER
I20260709 12:59:12.272241  8429 catalog_manager.cc:1511] Loading table and tablet metadata into memory...
I20260709 12:59:12.279605  8429 catalog_manager.cc:1520] Initializing Kudu cluster ID...
I20260709 12:59:12.280522  7352 internal_mini_cluster.cc:184] Waiting to initialize catalog manager on master 0
I20260709 12:59:12.287679  8429 catalog_manager.cc:1383] Generated new cluster ID: c4d2bb8b727f4308826ca59f574346eb
I20260709 12:59:12.287915  8429 catalog_manager.cc:1531] Initializing Kudu internal certificate authority...
I20260709 12:59:12.308612  8429 catalog_manager.cc:1406] Generated new certificate authority record
I20260709 12:59:12.309808  8429 catalog_manager.cc:1540] Loading token signing keys...
I20260709 12:59:12.323114  8429 catalog_manager.cc:6070] T 00000000000000000000000000000000 P ab077d03f7574d8fa1ac7e92917744e6: Generated new TSK 0
I20260709 12:59:12.323609  8429 catalog_manager.cc:1550] Initializing in-progress tserver states...
I20260709 12:59:12.346691  7352 file_cache.cc:504] Constructed file cache file cache with capacity 419430
W20260709 12:59:12.351939  8441 instance_detector.cc:116] could not retrieve AWS instance metadata: Network error: curl error: HTTP response code said error: The requested URL returned error: 404
W20260709 12:59:12.353158  8442 instance_detector.cc:116] could not retrieve Azure instance metadata: Network error: curl error: HTTP response code said error: The requested URL returned error: 404
I20260709 12:59:12.355060  7352 server_base.cc:1061] running on GCE node
W20260709 12:59:12.355396  8444 instance_detector.cc:116] could not retrieve OpenStack instance metadata: Network error: curl error: HTTP response code said error: The requested URL returned error: 404
I20260709 12:59:12.356175  7352 hybrid_clock.cc:584] initializing the hybrid clock with 'system_unsync' time source
W20260709 12:59:12.356390  7352 system_unsync_time.cc:38] NTP support is disabled. Clock error bounds will not be accurate. This configuration is not suitable for distributed clusters.
I20260709 12:59:12.356560  7352 hybrid_clock.cc:648] HybridClock initialized: now 1783601952356542 us; error 0 us; skew 500 ppm
I20260709 12:59:12.357059  7352 server_base.cc:861] Flag tcmalloc_max_total_thread_cache_bytes is not working since tcmalloc is not enabled.
I20260709 12:59:12.359078  7352 webserver.cc:533] Webserver started at http://127.7.46.1:35217/ using document root <none> and password file <none>
I20260709 12:59:12.359514  7352 fs_manager.cc:362] Metadata directory not provided
I20260709 12:59:12.359720  7352 fs_manager.cc:368] Using write-ahead log directory (fs_wal_dir) as metadata directory
I20260709 12:59:12.359974  7352 server_base.cc:909] This appears to be a new deployment of Kudu; creating new FS layout
I20260709 12:59:12.360962  7352 fs_manager.cc:1068] Generated new instance metadata in path /tmp/dist-test-taskCY6D4J/test-tmp/auto_leader_rebalancer-test.0.LeaderRebalancerTest.AddTserver.1783601927474300-7352-0/minicluster-data/ts-0-root/instance:
uuid: "ca44c3c944c2487aa47dae21334fd0e3"
format_stamp: "Formatted at 2026-07-09 12:59:12 on dist-test-slave-zdlb"
I20260709 12:59:12.365041  7352 fs_manager.cc:696] Time spent creating directory manager: real 0.004s	user 0.005s	sys 0.000s
I20260709 12:59:12.367940  8449 log_block_manager.cc:4127] Time spent loading block containers with low live blocks: real 0.000s	user 0.000s	sys 0.000s
I20260709 12:59:12.368567  7352 fs_manager.cc:730] Time spent opening block manager: real 0.002s	user 0.002s	sys 0.000s
I20260709 12:59:12.368829  7352 fs_manager.cc:647] Opened local filesystem: /tmp/dist-test-taskCY6D4J/test-tmp/auto_leader_rebalancer-test.0.LeaderRebalancerTest.AddTserver.1783601927474300-7352-0/minicluster-data/ts-0-root
uuid: "ca44c3c944c2487aa47dae21334fd0e3"
format_stamp: "Formatted at 2026-07-09 12:59:12 on dist-test-slave-zdlb"
I20260709 12:59:12.369078  7352 fs_report.cc:389] FS layout report
--------------------
wal directory: /tmp/dist-test-taskCY6D4J/test-tmp/auto_leader_rebalancer-test.0.LeaderRebalancerTest.AddTserver.1783601927474300-7352-0/minicluster-data/ts-0-root
metadata directory: /tmp/dist-test-taskCY6D4J/test-tmp/auto_leader_rebalancer-test.0.LeaderRebalancerTest.AddTserver.1783601927474300-7352-0/minicluster-data/ts-0-root
1 data directories: /tmp/dist-test-taskCY6D4J/test-tmp/auto_leader_rebalancer-test.0.LeaderRebalancerTest.AddTserver.1783601927474300-7352-0/minicluster-data/ts-0-root/data
Total live blocks: 0
Total live bytes: 0
Total live bytes (after alignment): 0
Total number of LBM containers: 0 (0 full)
Did not check for missing blocks
Did not check for orphaned blocks
Total full LBM containers with extra space: 0 (0 repaired)
Total full LBM container extra space in bytes: 0 (0 repaired)
Total incomplete LBM containers: 0 (0 repaired)
Total LBM partial records: 0 (0 repaired)
Total corrupted LBM metadata records in RocksDB: 0 (0 repaired)
I20260709 12:59:12.397512  7352 rpc_server.cc:225] running with OpenSSL 1.1.1  11 Sep 2018
I20260709 12:59:12.398687  7352 kserver.cc:163] Server-wide thread pool size limit: 3276
I20260709 12:59:12.399999  7352 txn_system_client.cc:432] TxnSystemClient initialization is disabled...
I20260709 12:59:12.402158  7352 ts_tablet_manager.cc:585] Loaded tablet metadata (0 total tablets, 0 live tablets)
I20260709 12:59:12.402381  7352 ts_tablet_manager.cc:531] Time spent load tablet metadata: real 0.000s	user 0.000s	sys 0.000s
I20260709 12:59:12.402642  7352 ts_tablet_manager.cc:616] Registered 0 tablets
I20260709 12:59:12.402809  7352 ts_tablet_manager.cc:595] Time spent register tablets: real 0.000s	user 0.000s	sys 0.000s
I20260709 12:59:12.439980  7352 rpc_server.cc:307] RPC server started. Bound to: 127.7.46.1:37839
I20260709 12:59:12.440078  8511 acceptor_pool.cc:272] collecting diagnostics on the listening RPC socket 127.7.46.1:37839 every 8 connection(s)
I20260709 12:59:12.444674  7352 file_cache.cc:504] Constructed file cache file cache with capacity 419430
W20260709 12:59:12.451439  8516 instance_detector.cc:116] could not retrieve AWS instance metadata: Network error: curl error: HTTP response code said error: The requested URL returned error: 404
W20260709 12:59:12.452828  8517 instance_detector.cc:116] could not retrieve Azure instance metadata: Network error: curl error: HTTP response code said error: The requested URL returned error: 404
W20260709 12:59:12.454656  8519 instance_detector.cc:116] could not retrieve OpenStack instance metadata: Network error: curl error: HTTP response code said error: The requested URL returned error: 404
I20260709 12:59:12.455281  7352 server_base.cc:1061] running on GCE node
I20260709 12:59:12.456096  7352 hybrid_clock.cc:584] initializing the hybrid clock with 'system_unsync' time source
W20260709 12:59:12.456305  7352 system_unsync_time.cc:38] NTP support is disabled. Clock error bounds will not be accurate. This configuration is not suitable for distributed clusters.
I20260709 12:59:12.456483  7352 hybrid_clock.cc:648] HybridClock initialized: now 1783601952456466 us; error 0 us; skew 500 ppm
I20260709 12:59:12.457057  7352 server_base.cc:861] Flag tcmalloc_max_total_thread_cache_bytes is not working since tcmalloc is not enabled.
I20260709 12:59:12.459666  7352 webserver.cc:533] Webserver started at http://127.7.46.2:41193/ using document root <none> and password file <none>
I20260709 12:59:12.460217  7352 fs_manager.cc:362] Metadata directory not provided
I20260709 12:59:12.460318  8512 heartbeater.cc:344] Connected to a master server at 127.7.46.62:38009
I20260709 12:59:12.460453  7352 fs_manager.cc:368] Using write-ahead log directory (fs_wal_dir) as metadata directory
I20260709 12:59:12.460716  8512 heartbeater.cc:461] Registering TS with master...
I20260709 12:59:12.460784  7352 server_base.cc:909] This appears to be a new deployment of Kudu; creating new FS layout
I20260709 12:59:12.461465  8512 heartbeater.cc:507] Master 127.7.46.62:38009 requested a full tablet report, sending...
I20260709 12:59:12.462069  7352 fs_manager.cc:1068] Generated new instance metadata in path /tmp/dist-test-taskCY6D4J/test-tmp/auto_leader_rebalancer-test.0.LeaderRebalancerTest.AddTserver.1783601927474300-7352-0/minicluster-data/ts-1-root/instance:
uuid: "10b0e0d8b0b84ab7bd41bd744b866bcf"
format_stamp: "Formatted at 2026-07-09 12:59:12 on dist-test-slave-zdlb"
I20260709 12:59:12.463517  8385 ts_manager.cc:194] Registered new tserver with Master: ca44c3c944c2487aa47dae21334fd0e3 (127.7.46.1:37839)
I20260709 12:59:12.465149  8385 master_service.cc:502] Signed X509 certificate for tserver {username='slave'} at 127.0.0.1:34630
I20260709 12:59:12.466754  7352 fs_manager.cc:696] Time spent creating directory manager: real 0.004s	user 0.000s	sys 0.004s
I20260709 12:59:12.469758  8524 log_block_manager.cc:4127] Time spent loading block containers with low live blocks: real 0.000s	user 0.000s	sys 0.000s
I20260709 12:59:12.470532  7352 fs_manager.cc:730] Time spent opening block manager: real 0.002s	user 0.002s	sys 0.001s
I20260709 12:59:12.470824  7352 fs_manager.cc:647] Opened local filesystem: /tmp/dist-test-taskCY6D4J/test-tmp/auto_leader_rebalancer-test.0.LeaderRebalancerTest.AddTserver.1783601927474300-7352-0/minicluster-data/ts-1-root
uuid: "10b0e0d8b0b84ab7bd41bd744b866bcf"
format_stamp: "Formatted at 2026-07-09 12:59:12 on dist-test-slave-zdlb"
I20260709 12:59:12.471073  7352 fs_report.cc:389] FS layout report
--------------------
wal directory: /tmp/dist-test-taskCY6D4J/test-tmp/auto_leader_rebalancer-test.0.LeaderRebalancerTest.AddTserver.1783601927474300-7352-0/minicluster-data/ts-1-root
metadata directory: /tmp/dist-test-taskCY6D4J/test-tmp/auto_leader_rebalancer-test.0.LeaderRebalancerTest.AddTserver.1783601927474300-7352-0/minicluster-data/ts-1-root
1 data directories: /tmp/dist-test-taskCY6D4J/test-tmp/auto_leader_rebalancer-test.0.LeaderRebalancerTest.AddTserver.1783601927474300-7352-0/minicluster-data/ts-1-root/data
Total live blocks: 0
Total live bytes: 0
Total live bytes (after alignment): 0
Total number of LBM containers: 0 (0 full)
Did not check for missing blocks
Did not check for orphaned blocks
Total full LBM containers with extra space: 0 (0 repaired)
Total full LBM container extra space in bytes: 0 (0 repaired)
Total incomplete LBM containers: 0 (0 repaired)
Total LBM partial records: 0 (0 repaired)
Total corrupted LBM metadata records in RocksDB: 0 (0 repaired)
I20260709 12:59:12.503525  7352 rpc_server.cc:225] running with OpenSSL 1.1.1  11 Sep 2018
I20260709 12:59:12.504648  7352 kserver.cc:163] Server-wide thread pool size limit: 3276
I20260709 12:59:12.506083  7352 txn_system_client.cc:432] TxnSystemClient initialization is disabled...
I20260709 12:59:12.508256  7352 ts_tablet_manager.cc:585] Loaded tablet metadata (0 total tablets, 0 live tablets)
I20260709 12:59:12.508458  7352 ts_tablet_manager.cc:531] Time spent load tablet metadata: real 0.000s	user 0.000s	sys 0.000s
I20260709 12:59:12.508726  7352 ts_tablet_manager.cc:616] Registered 0 tablets
I20260709 12:59:12.508883  7352 ts_tablet_manager.cc:595] Time spent register tablets: real 0.000s	user 0.000s	sys 0.000s
I20260709 12:59:12.546306  7352 rpc_server.cc:307] RPC server started. Bound to: 127.7.46.2:43283
I20260709 12:59:12.546394  8586 acceptor_pool.cc:272] collecting diagnostics on the listening RPC socket 127.7.46.2:43283 every 8 connection(s)
I20260709 12:59:12.557024  7352 file_cache.cc:504] Constructed file cache file cache with capacity 419430
I20260709 12:59:12.563989  8587 heartbeater.cc:344] Connected to a master server at 127.7.46.62:38009
I20260709 12:59:12.564527  8587 heartbeater.cc:461] Registering TS with master...
W20260709 12:59:12.564774  8590 instance_detector.cc:116] could not retrieve AWS instance metadata: Network error: curl error: HTTP response code said error: The requested URL returned error: 404
I20260709 12:59:12.565706  8587 heartbeater.cc:507] Master 127.7.46.62:38009 requested a full tablet report, sending...
W20260709 12:59:12.567672  8591 instance_detector.cc:116] could not retrieve Azure instance metadata: Network error: curl error: HTTP response code said error: The requested URL returned error: 404
I20260709 12:59:12.568332  8385 ts_manager.cc:194] Registered new tserver with Master: 10b0e0d8b0b84ab7bd41bd744b866bcf (127.7.46.2:43283)
I20260709 12:59:12.568864  7352 server_base.cc:1061] running on GCE node
I20260709 12:59:12.569793  8385 master_service.cc:502] Signed X509 certificate for tserver {username='slave'} at 127.0.0.1:34636
W20260709 12:59:12.570607  8593 instance_detector.cc:116] could not retrieve OpenStack instance metadata: Network error: curl error: HTTP response code said error: The requested URL returned error: 404
I20260709 12:59:12.571573  7352 hybrid_clock.cc:584] initializing the hybrid clock with 'system_unsync' time source
W20260709 12:59:12.571816  7352 system_unsync_time.cc:38] NTP support is disabled. Clock error bounds will not be accurate. This configuration is not suitable for distributed clusters.
I20260709 12:59:12.572024  7352 hybrid_clock.cc:648] HybridClock initialized: now 1783601952572007 us; error 0 us; skew 500 ppm
I20260709 12:59:12.572525  7352 server_base.cc:861] Flag tcmalloc_max_total_thread_cache_bytes is not working since tcmalloc is not enabled.
I20260709 12:59:12.574695  7352 webserver.cc:533] Webserver started at http://127.7.46.3:37433/ using document root <none> and password file <none>
I20260709 12:59:12.575162  7352 fs_manager.cc:362] Metadata directory not provided
I20260709 12:59:12.575381  7352 fs_manager.cc:368] Using write-ahead log directory (fs_wal_dir) as metadata directory
I20260709 12:59:12.575632  7352 server_base.cc:909] This appears to be a new deployment of Kudu; creating new FS layout
I20260709 12:59:12.576676  7352 fs_manager.cc:1068] Generated new instance metadata in path /tmp/dist-test-taskCY6D4J/test-tmp/auto_leader_rebalancer-test.0.LeaderRebalancerTest.AddTserver.1783601927474300-7352-0/minicluster-data/ts-2-root/instance:
uuid: "ea279c8e9bb349528644ecd2b3e6c7b5"
format_stamp: "Formatted at 2026-07-09 12:59:12 on dist-test-slave-zdlb"
I20260709 12:59:12.580822  7352 fs_manager.cc:696] Time spent creating directory manager: real 0.004s	user 0.002s	sys 0.004s
I20260709 12:59:12.583838  8598 log_block_manager.cc:4127] Time spent loading block containers with low live blocks: real 0.000s	user 0.000s	sys 0.000s
I20260709 12:59:12.584645  7352 fs_manager.cc:730] Time spent opening block manager: real 0.002s	user 0.002s	sys 0.000s
I20260709 12:59:12.584882  7352 fs_manager.cc:647] Opened local filesystem: /tmp/dist-test-taskCY6D4J/test-tmp/auto_leader_rebalancer-test.0.LeaderRebalancerTest.AddTserver.1783601927474300-7352-0/minicluster-data/ts-2-root
uuid: "ea279c8e9bb349528644ecd2b3e6c7b5"
format_stamp: "Formatted at 2026-07-09 12:59:12 on dist-test-slave-zdlb"
I20260709 12:59:12.585100  7352 fs_report.cc:389] FS layout report
--------------------
wal directory: /tmp/dist-test-taskCY6D4J/test-tmp/auto_leader_rebalancer-test.0.LeaderRebalancerTest.AddTserver.1783601927474300-7352-0/minicluster-data/ts-2-root
metadata directory: /tmp/dist-test-taskCY6D4J/test-tmp/auto_leader_rebalancer-test.0.LeaderRebalancerTest.AddTserver.1783601927474300-7352-0/minicluster-data/ts-2-root
1 data directories: /tmp/dist-test-taskCY6D4J/test-tmp/auto_leader_rebalancer-test.0.LeaderRebalancerTest.AddTserver.1783601927474300-7352-0/minicluster-data/ts-2-root/data
Total live blocks: 0
Total live bytes: 0
Total live bytes (after alignment): 0
Total number of LBM containers: 0 (0 full)
Did not check for missing blocks
Did not check for orphaned blocks
Total full LBM containers with extra space: 0 (0 repaired)
Total full LBM container extra space in bytes: 0 (0 repaired)
Total incomplete LBM containers: 0 (0 repaired)
Total LBM partial records: 0 (0 repaired)
Total corrupted LBM metadata records in RocksDB: 0 (0 repaired)
I20260709 12:59:12.638877  7352 rpc_server.cc:225] running with OpenSSL 1.1.1  11 Sep 2018
I20260709 12:59:12.639937  7352 kserver.cc:163] Server-wide thread pool size limit: 3276
I20260709 12:59:12.641270  7352 txn_system_client.cc:432] TxnSystemClient initialization is disabled...
I20260709 12:59:12.643469  7352 ts_tablet_manager.cc:585] Loaded tablet metadata (0 total tablets, 0 live tablets)
I20260709 12:59:12.643689  7352 ts_tablet_manager.cc:531] Time spent load tablet metadata: real 0.000s	user 0.000s	sys 0.000s
I20260709 12:59:12.643942  7352 ts_tablet_manager.cc:616] Registered 0 tablets
I20260709 12:59:12.644111  7352 ts_tablet_manager.cc:595] Time spent register tablets: real 0.000s	user 0.000s	sys 0.000s
I20260709 12:59:12.681813  7352 rpc_server.cc:307] RPC server started. Bound to: 127.7.46.3:35731
I20260709 12:59:12.681913  8660 acceptor_pool.cc:272] collecting diagnostics on the listening RPC socket 127.7.46.3:35731 every 8 connection(s)
I20260709 12:59:12.694844  8661 heartbeater.cc:344] Connected to a master server at 127.7.46.62:38009
I20260709 12:59:12.695187  8661 heartbeater.cc:461] Registering TS with master...
I20260709 12:59:12.695876  8661 heartbeater.cc:507] Master 127.7.46.62:38009 requested a full tablet report, sending...
I20260709 12:59:12.697785  8385 ts_manager.cc:194] Registered new tserver with Master: ea279c8e9bb349528644ecd2b3e6c7b5 (127.7.46.3:35731)
I20260709 12:59:12.698045  7352 internal_mini_cluster.cc:371] 3 TS(s) registered with all masters after 0.012927121s
I20260709 12:59:12.699044  8385 master_service.cc:502] Signed X509 certificate for tserver {username='slave'} at 127.0.0.1:34646
I20260709 12:59:12.722560  8385 catalog_manager.cc:2283] Servicing CreateTable request from {username='slave'} at 127.0.0.1:34658:
name: "test-workload"
schema {
  columns {
    name: "key"
    type: INT32
    is_key: true
    is_nullable: false
    encoding: AUTO_ENCODING
    compression: DEFAULT_COMPRESSION
    cfile_block_size: 0
    immutable: false
  }
  columns {
    name: "int_val"
    type: INT32
    is_key: false
    is_nullable: false
    encoding: AUTO_ENCODING
    compression: DEFAULT_COMPRESSION
    cfile_block_size: 0
    immutable: false
  }
  columns {
    name: "string_val"
    type: STRING
    is_key: false
    is_nullable: true
    encoding: AUTO_ENCODING
    compression: DEFAULT_COMPRESSION
    cfile_block_size: 0
    immutable: false
  }
}
num_replicas: 3
split_rows_range_bounds {
  rows: "\004\001\000\313c+\002\004\001\000\226\307V\004\004\001\000a+\202\006\004\001\000,\217\255\010\004\001\000\367\362\330\n\004\001\000\302V\004\r\004\001\000\215\272/\017\004\001\000X\036[\021\004\001\000#\202\206\023\004\001\000\356\345\261\025\004\001\000\271I\335\027\004\001\000\204\255\010\032\004\001\000O\0214\034\004\001\000\032u_\036\004\001\000\345\330\212 \004\001\000\260<\266\"\004\001\000{\240\341$\004\001\000F\004\r\'\004\001\000\021h8)\004\001\000\334\313c+\004\001\000\247/\217-\004\001\000r\223\272/\004\001\000=\367\3451\004\001\000\010[\0214\004\001\000\323\276<6\004\001\000\236\"h8\004\001\000i\206\223:\004\001\0004\352\276<\004\001\000\377M\352>\004\001\000\312\261\025A\004\001\000\225\025AC\004\001\000`ylE\004\001\000+\335\227G\004\001\000\366@\303I\004\001\000\301\244\356K\004\001\000\214\010\032N\004\001\000WlEP\004\001\000\"\320pR\004\001\000\3553\234T\004\001\000\270\227\307V\004\001\000\203\373\362X\004\001\000N_\036[\004\001\000\031\303I]\004\001\000\344&u_\004\001\000\257\212\240a\004\001\000z\356\313c\004\001\000ER\367e\004\001\000\020\266\"h\004\001\000\333\031Nj\004\001\000\246}yl\004\001\000q\341\244n\004\001\000<E\320p\004\001\000\007\251\373r\004\001\000\322\014\'u\004\001\000\235pRw\004\001\000h\324}y\004\001\00038\251{\004\001\000\376\233\324}""\004\001\000\313c+\002\004\001\000\226\307V\004\004\001\000a+\202\006\004\001\000,\217\255\010\004\001\000\367\362\330\n\004\001\000\302V\004\r\004\001\000\215\272/\017\004\001\000X\036[\021\004\001\000#\202\206\023\004\001\000\356\345\261\025\004\001\000\271I\335\027\004\001\000\204\255\010\032\004\001\000O\0214\034\004\001\000\032u_\036\004\001\000\345\330\212 \004\001\000\260<\266\"\004\001\000{\240\341$\004\001\000F\004\r\'\004\001\000\021h8)\004\001\000\334\313c+\004\001\000\247/\217-\004\001\000r\223\272/\004\001\000=\367\3451\004\001\000\010[\0214\004\001\000\323\276<6\004\001\000\236\"h8\004\001\000i\206\223:\004\001\0004\352\276<\004\001\000\377M\352>\004\001\000\312\261\025A\004\001\000\225\025AC\004\001\000`ylE\004\001\000+\335\227G\004\001\000\366@\303I\004\001\000\301\244\356K\004\001\000\214\010\032N\004\001\000WlEP\004\001\000\"\320pR\004\001\000\3553\234T\004\001\000\270\227\307V\004\001\000\203\373\362X\004\001\000N_\036[\004\001\000\031\303I]\004\001\000\344&u_\004\001\000\257\212\240a\004\001\000z\356\313c\004\001\000ER\367e\004\001\000\020\266\"h\004\001\000\333\031Nj\004\001\000\246}yl\004\001\000q\341\244n\004\001\000<E\320p\004\001\000\007\251\373r\004\001\000\322\014\'u\004\001\000\235pRw\004\001\000h\324}y\004\001\00038\251{\004\001\000\376\233\324}"
  indirect_data: """"
}
partition_schema {
  range_schema {
    columns {
      name: "key"
    }
  }
}
W20260709 12:59:12.728415  8385 catalog_manager.cc:7077] The number of live tablet servers is not enough to re-replicate a tablet replica of the newly created table test-workload in case of a server failure: 4 tablet servers would be needed, 3 are available. Consider bringing up more tablet servers.
I20260709 12:59:12.925585  8626 tablet_service.cc:1511] Processing CreateTablet for tablet cce1927c77c34fdb83d063e855e4ca04 (DEFAULT_TABLE table=test-workload [id=2f3257251afa4d1c91f44c207c736d8a]), partition=RANGE (key) PARTITION VALUES < 36398027
I20260709 12:59:12.926474  8477 tablet_service.cc:1511] Processing CreateTablet for tablet cce1927c77c34fdb83d063e855e4ca04 (DEFAULT_TABLE table=test-workload [id=2f3257251afa4d1c91f44c207c736d8a]), partition=RANGE (key) PARTITION VALUES < 36398027
I20260709 12:59:12.926996  8626 data_dirs.cc:400] Could only allocate 1 dirs of requested 3 for tablet cce1927c77c34fdb83d063e855e4ca04. 1 dirs total, 0 dirs full, 0 dirs failed
I20260709 12:59:12.927755  8477 data_dirs.cc:400] Could only allocate 1 dirs of requested 3 for tablet cce1927c77c34fdb83d063e855e4ca04. 1 dirs total, 0 dirs full, 0 dirs failed
I20260709 12:59:12.930281  8474 tablet_service.cc:1511] Processing CreateTablet for tablet fd0ff6dc17f7470e99a5e769dc04cec5 (DEFAULT_TABLE table=test-workload [id=2f3257251afa4d1c91f44c207c736d8a]), partition=RANGE (key) PARTITION 109194081 <= VALUES < 145592108
I20260709 12:59:12.931537  8474 data_dirs.cc:400] Could only allocate 1 dirs of requested 3 for tablet fd0ff6dc17f7470e99a5e769dc04cec5. 1 dirs total, 0 dirs full, 0 dirs failed
I20260709 12:59:12.937340  8625 tablet_service.cc:1511] Processing CreateTablet for tablet fa89f6706ac34ad58a6d834eb8aa5042 (DEFAULT_TABLE table=test-workload [id=2f3257251afa4d1c91f44c207c736d8a]), partition=RANGE (key) PARTITION 36398027 <= VALUES < 72796054
I20260709 12:59:12.938656  8625 data_dirs.cc:400] Could only allocate 1 dirs of requested 3 for tablet fa89f6706ac34ad58a6d834eb8aa5042. 1 dirs total, 0 dirs full, 0 dirs failed
I20260709 12:59:12.938762  8475 tablet_service.cc:1511] Processing CreateTablet for tablet b1963308a6ab429ab3df8ee62758aa11 (DEFAULT_TABLE table=test-workload [id=2f3257251afa4d1c91f44c207c736d8a]), partition=RANGE (key) PARTITION 72796054 <= VALUES < 109194081
I20260709 12:59:12.939442  8473 tablet_service.cc:1511] Processing CreateTablet for tablet 60d20d4a1edd46578eb3e7313d794a8e (DEFAULT_TABLE table=test-workload [id=2f3257251afa4d1c91f44c207c736d8a]), partition=RANGE (key) PARTITION 145592108 <= VALUES < 181990135
I20260709 12:59:12.940102  8475 data_dirs.cc:400] Could only allocate 1 dirs of requested 3 for tablet b1963308a6ab429ab3df8ee62758aa11. 1 dirs total, 0 dirs full, 0 dirs failed
I20260709 12:59:12.940773  8473 data_dirs.cc:400] Could only allocate 1 dirs of requested 3 for tablet 60d20d4a1edd46578eb3e7313d794a8e. 1 dirs total, 0 dirs full, 0 dirs failed
I20260709 12:59:12.942183  8476 tablet_service.cc:1511] Processing CreateTablet for tablet fa89f6706ac34ad58a6d834eb8aa5042 (DEFAULT_TABLE table=test-workload [id=2f3257251afa4d1c91f44c207c736d8a]), partition=RANGE (key) PARTITION 36398027 <= VALUES < 72796054
I20260709 12:59:12.942770  8624 tablet_service.cc:1511] Processing CreateTablet for tablet b1963308a6ab429ab3df8ee62758aa11 (DEFAULT_TABLE table=test-workload [id=2f3257251afa4d1c91f44c207c736d8a]), partition=RANGE (key) PARTITION 72796054 <= VALUES < 109194081
I20260709 12:59:12.943460  8476 data_dirs.cc:400] Could only allocate 1 dirs of requested 3 for tablet fa89f6706ac34ad58a6d834eb8aa5042. 1 dirs total, 0 dirs full, 0 dirs failed
I20260709 12:59:12.944021  8624 data_dirs.cc:400] Could only allocate 1 dirs of requested 3 for tablet b1963308a6ab429ab3df8ee62758aa11. 1 dirs total, 0 dirs full, 0 dirs failed
I20260709 12:59:12.946767  8623 tablet_service.cc:1511] Processing CreateTablet for tablet fd0ff6dc17f7470e99a5e769dc04cec5 (DEFAULT_TABLE table=test-workload [id=2f3257251afa4d1c91f44c207c736d8a]), partition=RANGE (key) PARTITION 109194081 <= VALUES < 145592108
I20260709 12:59:12.948056  8623 data_dirs.cc:400] Could only allocate 1 dirs of requested 3 for tablet fd0ff6dc17f7470e99a5e769dc04cec5. 1 dirs total, 0 dirs full, 0 dirs failed
I20260709 12:59:12.951668  8622 tablet_service.cc:1511] Processing CreateTablet for tablet 60d20d4a1edd46578eb3e7313d794a8e (DEFAULT_TABLE table=test-workload [id=2f3257251afa4d1c91f44c207c736d8a]), partition=RANGE (key) PARTITION 145592108 <= VALUES < 181990135
I20260709 12:59:12.952905  8622 data_dirs.cc:400] Could only allocate 1 dirs of requested 3 for tablet 60d20d4a1edd46578eb3e7313d794a8e. 1 dirs total, 0 dirs full, 0 dirs failed
I20260709 12:59:12.963472  8472 tablet_service.cc:1511] Processing CreateTablet for tablet 32b91b469bf24c6aba71f85dba22fad6 (DEFAULT_TABLE table=test-workload [id=2f3257251afa4d1c91f44c207c736d8a]), partition=RANGE (key) PARTITION 181990135 <= VALUES < 218388162
I20260709 12:59:12.964751  8472 data_dirs.cc:400] Could only allocate 1 dirs of requested 3 for tablet 32b91b469bf24c6aba71f85dba22fad6. 1 dirs total, 0 dirs full, 0 dirs failed
I20260709 12:59:12.982758  8621 tablet_service.cc:1511] Processing CreateTablet for tablet 32b91b469bf24c6aba71f85dba22fad6 (DEFAULT_TABLE table=test-workload [id=2f3257251afa4d1c91f44c207c736d8a]), partition=RANGE (key) PARTITION 181990135 <= VALUES < 218388162
I20260709 12:59:12.984068  8621 data_dirs.cc:400] Could only allocate 1 dirs of requested 3 for tablet 32b91b469bf24c6aba71f85dba22fad6. 1 dirs total, 0 dirs full, 0 dirs failed
I20260709 12:59:12.990723  8677 tablet_bootstrap.cc:492] T 60d20d4a1edd46578eb3e7313d794a8e P ea279c8e9bb349528644ecd2b3e6c7b5: Bootstrap starting.
I20260709 12:59:12.994268  8622 tablet_service.cc:1511] Processing CreateTablet for tablet 9651b4945b3049d0b76e149aa906eeeb (DEFAULT_TABLE table=test-workload [id=2f3257251afa4d1c91f44c207c736d8a]), partition=RANGE (key) PARTITION 218388162 <= VALUES < 254786189
I20260709 12:59:12.995476  8622 data_dirs.cc:400] Could only allocate 1 dirs of requested 3 for tablet 9651b4945b3049d0b76e149aa906eeeb. 1 dirs total, 0 dirs full, 0 dirs failed
