I20260709 13:00:04.815634  1489 catalog_manager.cc:5697] T 298c09c98d4e4a1c80374f2d6a71e349 P ff14f18531764970b192304e742c8203 reported cstate change: term changed from 0 to 1, leader changed from <none> to ff14f18531764970b192304e742c8203 (127.0.107.193). New cstate: current_term: 1 leader_uuid: "ff14f18531764970b192304e742c8203" committed_config { opid_index: -1 OBSOLETE_local: false peers { permanent_uuid: "ff14f18531764970b192304e742c8203" member_type: VOTER last_known_addr { host: "127.0.107.193" port: 45325 } health_report { overall_health: HEALTHY } } peers { permanent_uuid: "fd708049127c43a790541efa938d44ea" member_type: VOTER last_known_addr { host: "127.0.107.194" port: 42305 } health_report { overall_health: UNKNOWN } } peers { permanent_uuid: "97523d4652ba4535b390ebaa5e650406" member_type: VOTER last_known_addr { host: "127.0.107.195" port: 36817 } health_report { overall_health: UNKNOWN } } }
I20260709 13:00:04.817315  1781 ts_tablet_manager.cc:1434] T d8dc28c9d98e44f4a488c4d9c8d96b87 P ff14f18531764970b192304e742c8203: Time spent starting tablet: real 0.006s	user 0.007s	sys 0.000s
I20260709 13:00:04.818234  1781 tablet_bootstrap.cc:492] T a9d46bb0d84745d5b742ba031b7ef23c P ff14f18531764970b192304e742c8203: Bootstrap starting.
I20260709 13:00:04.821739  1591 raft_consensus.cc:2468] T 69cfd93751e8472a941835a205ea1162 P ff14f18531764970b192304e742c8203 [term 1 FOLLOWER]: Leader election vote request: Granting yes vote for candidate fd708049127c43a790541efa938d44ea in term 1.
I20260709 13:00:04.825047  1787 consensus_queue.cc:1048] T 18316932d7834f7b936d6e86413e2449 P 97523d4652ba4535b390ebaa5e650406 [LEADER]: Connected to new peer: Peer: permanent_uuid: "fd708049127c43a790541efa938d44ea" member_type: VOTER last_known_addr { host: "127.0.107.194" port: 42305 }, Status: LMP_MISMATCH, Last received: 0.0, Next index: 1, Last known committed idx: 0, Time since last communication: 0.000s
I20260709 13:00:04.823504  1781 tablet_bootstrap.cc:654] T a9d46bb0d84745d5b742ba031b7ef23c P ff14f18531764970b192304e742c8203: Neither blocks nor log segments found. Creating new log.
I20260709 13:00:04.825971  1632 leader_election.cc:304] T 69cfd93751e8472a941835a205ea1162 P fd708049127c43a790541efa938d44ea [CANDIDATE]: Term 1 election: Election decided. Result: candidate won. Election summary: received 2 responses out of 3 voters: 2 yes votes; 0 no votes. yes voters: fd708049127c43a790541efa938d44ea, ff14f18531764970b192304e742c8203; no voters: 
I20260709 13:00:04.828846  1837 raft_consensus.cc:2804] T 69cfd93751e8472a941835a205ea1162 P fd708049127c43a790541efa938d44ea [term 1 FOLLOWER]: Leader election won for term 1
I20260709 13:00:04.829517  1837 raft_consensus.cc:697] T 69cfd93751e8472a941835a205ea1162 P fd708049127c43a790541efa938d44ea [term 1 LEADER]: Becoming Leader. State: Replica: fd708049127c43a790541efa938d44ea, State: Running, Role: LEADER
I20260709 13:00:04.830575  1837 consensus_queue.cc:237] T 69cfd93751e8472a941835a205ea1162 P fd708049127c43a790541efa938d44ea [LEADER]: Queue going to LEADER mode. State: All replicated index: 0, Majority replicated index: 0, Committed index: 0, Last appended: 0.0, Last appended by leader: 0, Current term: 1, Majority size: 2, State: 0, Mode: LEADER, active raft config: opid_index: -1 OBSOLETE_local: false peers { permanent_uuid: "ff14f18531764970b192304e742c8203" member_type: VOTER last_known_addr { host: "127.0.107.193" port: 45325 } } peers { permanent_uuid: "fd708049127c43a790541efa938d44ea" member_type: VOTER last_known_addr { host: "127.0.107.194" port: 42305 } } peers { permanent_uuid: "97523d4652ba4535b390ebaa5e650406" member_type: VOTER last_known_addr { host: "127.0.107.195" port: 36817 } }
I20260709 13:00:04.842945  1790 raft_consensus.cc:493] T d8dc28c9d98e44f4a488c4d9c8d96b87 P ff14f18531764970b192304e742c8203 [term 0 FOLLOWER]: Starting pre-election (no leader contacted us within the election timeout)
I20260709 13:00:04.843484  1790 raft_consensus.cc:515] T d8dc28c9d98e44f4a488c4d9c8d96b87 P ff14f18531764970b192304e742c8203 [term 0 FOLLOWER]: Starting pre-election with config: opid_index: -1 OBSOLETE_local: false peers { permanent_uuid: "ff14f18531764970b192304e742c8203" member_type: VOTER last_known_addr { host: "127.0.107.193" port: 45325 } } peers { permanent_uuid: "fd708049127c43a790541efa938d44ea" member_type: VOTER last_known_addr { host: "127.0.107.194" port: 42305 } } peers { permanent_uuid: "97523d4652ba4535b390ebaa5e650406" member_type: VOTER last_known_addr { host: "127.0.107.195" port: 36817 } }
I20260709 13:00:04.845606  1790 leader_election.cc:290] T d8dc28c9d98e44f4a488c4d9c8d96b87 P ff14f18531764970b192304e742c8203 [CANDIDATE]: Term 1 pre-election: Requested pre-vote from peers fd708049127c43a790541efa938d44ea (127.0.107.194:42305), 97523d4652ba4535b390ebaa5e650406 (127.0.107.195:36817)
I20260709 13:00:04.846400  1779 tablet_bootstrap.cc:492] T d73346d07cca41f2a984b477a170f19f P 97523d4652ba4535b390ebaa5e650406: No bootstrap required, opened a new log
I20260709 13:00:04.846870  1779 ts_tablet_manager.cc:1403] T d73346d07cca41f2a984b477a170f19f P 97523d4652ba4535b390ebaa5e650406: Time spent bootstrapping tablet: real 0.081s	user 0.020s	sys 0.000s
I20260709 13:00:04.848846  1663 tablet_service.cc:1917] Received RequestConsensusVote() RPC: tablet_id: "d8dc28c9d98e44f4a488c4d9c8d96b87" candidate_uuid: "ff14f18531764970b192304e742c8203" candidate_term: 1 candidate_status { last_received { term: 0 index: 0 } } ignore_live_leader: false dest_uuid: "fd708049127c43a790541efa938d44ea" is_pre_election: true
W20260709 13:00:04.850605  1557 leader_election.cc:343] T d8dc28c9d98e44f4a488c4d9c8d96b87 P ff14f18531764970b192304e742c8203 [CANDIDATE]: Term 1 pre-election: Tablet error from VoteRequest() call to peer fd708049127c43a790541efa938d44ea (127.0.107.194:42305): Illegal state: must be running to vote when last-logged opid is not known
I20260709 13:00:04.851986  1740 tablet_service.cc:1917] Received RequestConsensusVote() RPC: tablet_id: "d8dc28c9d98e44f4a488c4d9c8d96b87" candidate_uuid: "ff14f18531764970b192304e742c8203" candidate_term: 1 candidate_status { last_received { term: 0 index: 0 } } ignore_live_leader: false dest_uuid: "97523d4652ba4535b390ebaa5e650406" is_pre_election: true
I20260709 13:00:04.852082  1779 raft_consensus.cc:359] T d73346d07cca41f2a984b477a170f19f P 97523d4652ba4535b390ebaa5e650406 [term 0 FOLLOWER]: Replica starting. Triggering 0 pending ops. Active config: opid_index: -1 OBSOLETE_local: false peers { permanent_uuid: "ff14f18531764970b192304e742c8203" member_type: VOTER last_known_addr { host: "127.0.107.193" port: 45325 } } peers { permanent_uuid: "fd708049127c43a790541efa938d44ea" member_type: VOTER last_known_addr { host: "127.0.107.194" port: 42305 } } peers { permanent_uuid: "97523d4652ba4535b390ebaa5e650406" member_type: VOTER last_known_addr { host: "127.0.107.195" port: 36817 } }
I20260709 13:00:04.852839  1779 raft_consensus.cc:385] T d73346d07cca41f2a984b477a170f19f P 97523d4652ba4535b390ebaa5e650406 [term 0 FOLLOWER]: Consensus starting up: Expiring failure detector timer to make a prompt election more likely
I20260709 13:00:04.853045  1590 raft_consensus.cc:3060] T 1b17c04c69364ad2aeef446ef180ce0c P ff14f18531764970b192304e742c8203 [term 0 FOLLOWER]: Advancing to term 1
I20260709 13:00:04.853159  1779 raft_consensus.cc:740] T d73346d07cca41f2a984b477a170f19f P 97523d4652ba4535b390ebaa5e650406 [term 0 FOLLOWER]: Becoming Follower/Learner. State: Replica: 97523d4652ba4535b390ebaa5e650406, State: Initialized, Role: FOLLOWER
W20260709 13:00:04.853684  1557 leader_election.cc:343] T d8dc28c9d98e44f4a488c4d9c8d96b87 P ff14f18531764970b192304e742c8203 [CANDIDATE]: Term 1 pre-election: Tablet error from VoteRequest() call to peer 97523d4652ba4535b390ebaa5e650406 (127.0.107.195:36817): Illegal state: must be running to vote when last-logged opid is not known
I20260709 13:00:04.854144  1557 leader_election.cc:304] T d8dc28c9d98e44f4a488c4d9c8d96b87 P ff14f18531764970b192304e742c8203 [CANDIDATE]: Term 1 pre-election: Election decided. Result: candidate lost. Election summary: received 3 responses out of 3 voters: 1 yes votes; 2 no votes. yes voters: ff14f18531764970b192304e742c8203; no voters: 97523d4652ba4535b390ebaa5e650406, fd708049127c43a790541efa938d44ea
I20260709 13:00:04.855216  1790 raft_consensus.cc:2749] T d8dc28c9d98e44f4a488c4d9c8d96b87 P ff14f18531764970b192304e742c8203 [term 0 FOLLOWER]: Leader pre-election lost for term 1. Reason: could not achieve majority
I20260709 13:00:04.857292  1779 consensus_queue.cc:260] T d73346d07cca41f2a984b477a170f19f P 97523d4652ba4535b390ebaa5e650406 [NON_LEADER]: Queue going to NON_LEADER mode. State: All replicated index: 0, Majority replicated index: 0, Committed index: 0, Last appended: 0.0, Last appended by leader: 0, Current term: 0, Majority size: -1, State: 0, Mode: NON_LEADER, active raft config: opid_index: -1 OBSOLETE_local: false peers { permanent_uuid: "ff14f18531764970b192304e742c8203" member_type: VOTER last_known_addr { host: "127.0.107.193" port: 45325 } } peers { permanent_uuid: "fd708049127c43a790541efa938d44ea" member_type: VOTER last_known_addr { host: "127.0.107.194" port: 42305 } } peers { permanent_uuid: "97523d4652ba4535b390ebaa5e650406" member_type: VOTER last_known_addr { host: "127.0.107.195" port: 36817 } }
I20260709 13:00:04.861084  1787 raft_consensus.cc:493] T b0ecc6c84b46463587f0d9a7a5a932d3 P 97523d4652ba4535b390ebaa5e650406 [term 0 FOLLOWER]: Starting pre-election (no leader contacted us within the election timeout)
I20260709 13:00:04.861562  1787 raft_consensus.cc:515] T b0ecc6c84b46463587f0d9a7a5a932d3 P 97523d4652ba4535b390ebaa5e650406 [term 0 FOLLOWER]: Starting pre-election with config: opid_index: -1 OBSOLETE_local: false peers { permanent_uuid: "ff14f18531764970b192304e742c8203" member_type: VOTER last_known_addr { host: "127.0.107.193" port: 45325 } } peers { permanent_uuid: "fd708049127c43a790541efa938d44ea" member_type: VOTER last_known_addr { host: "127.0.107.194" port: 42305 } } peers { permanent_uuid: "97523d4652ba4535b390ebaa5e650406" member_type: VOTER last_known_addr { host: "127.0.107.195" port: 36817 } }
I20260709 13:00:04.863664  1787 leader_election.cc:290] T b0ecc6c84b46463587f0d9a7a5a932d3 P 97523d4652ba4535b390ebaa5e650406 [CANDIDATE]: Term 1 pre-election: Requested pre-vote from peers ff14f18531764970b192304e742c8203 (127.0.107.193:45325), fd708049127c43a790541efa938d44ea (127.0.107.194:42305)
I20260709 13:00:04.866755  1589 tablet_service.cc:1917] Received RequestConsensusVote() RPC: tablet_id: "b0ecc6c84b46463587f0d9a7a5a932d3" candidate_uuid: "97523d4652ba4535b390ebaa5e650406" candidate_term: 1 candidate_status { last_received { term: 0 index: 0 } } ignore_live_leader: false dest_uuid: "ff14f18531764970b192304e742c8203" is_pre_election: true
I20260709 13:00:04.867530  1589 raft_consensus.cc:2468] T b0ecc6c84b46463587f0d9a7a5a932d3 P ff14f18531764970b192304e742c8203 [term 0 FOLLOWER]: Leader pre-election vote request: Granting yes vote for candidate 97523d4652ba4535b390ebaa5e650406 in term 0.
I20260709 13:00:04.869159  1706 leader_election.cc:304] T b0ecc6c84b46463587f0d9a7a5a932d3 P 97523d4652ba4535b390ebaa5e650406 [CANDIDATE]: Term 1 pre-election: Election decided. Result: candidate won. Election summary: received 2 responses out of 3 voters: 2 yes votes; 0 no votes. yes voters: 97523d4652ba4535b390ebaa5e650406, ff14f18531764970b192304e742c8203; no voters: 
I20260709 13:00:04.870273  1807 raft_consensus.cc:2804] T b0ecc6c84b46463587f0d9a7a5a932d3 P 97523d4652ba4535b390ebaa5e650406 [term 0 FOLLOWER]: Leader pre-election won for term 1
I20260709 13:00:04.870702  1807 raft_consensus.cc:493] T b0ecc6c84b46463587f0d9a7a5a932d3 P 97523d4652ba4535b390ebaa5e650406 [term 0 FOLLOWER]: Starting leader election (no leader contacted us within the election timeout)
I20260709 13:00:04.871117  1807 raft_consensus.cc:3060] T b0ecc6c84b46463587f0d9a7a5a932d3 P 97523d4652ba4535b390ebaa5e650406 [term 0 FOLLOWER]: Advancing to term 1
I20260709 13:00:04.873271  1779 ts_tablet_manager.cc:1434] T d73346d07cca41f2a984b477a170f19f P 97523d4652ba4535b390ebaa5e650406: Time spent starting tablet: real 0.026s	user 0.009s	sys 0.000s
I20260709 13:00:04.880208  1664 tablet_service.cc:1917] Received RequestConsensusVote() RPC: tablet_id: "b0ecc6c84b46463587f0d9a7a5a932d3" candidate_uuid: "97523d4652ba4535b390ebaa5e650406" candidate_term: 1 candidate_status { last_received { term: 0 index: 0 } } ignore_live_leader: false dest_uuid: "fd708049127c43a790541efa938d44ea" is_pre_election: true
I20260709 13:00:04.884749  1779 tablet_bootstrap.cc:492] T 3e2ef820712846acb334d029ba88280b P 97523d4652ba4535b390ebaa5e650406: Bootstrap starting.
W20260709 13:00:04.891486  1706 leader_election.cc:343] T b0ecc6c84b46463587f0d9a7a5a932d3 P 97523d4652ba4535b390ebaa5e650406 [CANDIDATE]: Term 1 pre-election: Tablet error from VoteRequest() call to peer fd708049127c43a790541efa938d44ea (127.0.107.194:42305): Illegal state: must be running to vote when last-logged opid is not known
I20260709 13:00:04.896317  1779 tablet_bootstrap.cc:654] T 3e2ef820712846acb334d029ba88280b P 97523d4652ba4535b390ebaa5e650406: Neither blocks nor log segments found. Creating new log.
I20260709 13:00:04.901401  1787 consensus_queue.cc:1048] T 1b17c04c69364ad2aeef446ef180ce0c P 97523d4652ba4535b390ebaa5e650406 [LEADER]: Connected to new peer: Peer: permanent_uuid: "ff14f18531764970b192304e742c8203" member_type: VOTER last_known_addr { host: "127.0.107.193" port: 45325 }, Status: LMP_MISMATCH, Last received: 0.0, Next index: 1, Last known committed idx: 0, Time since last communication: 0.001s
I20260709 13:00:04.912097  1779 tablet_bootstrap.cc:492] T 3e2ef820712846acb334d029ba88280b P 97523d4652ba4535b390ebaa5e650406: No bootstrap required, opened a new log
I20260709 13:00:04.915597  1779 ts_tablet_manager.cc:1403] T 3e2ef820712846acb334d029ba88280b P 97523d4652ba4535b390ebaa5e650406: Time spent bootstrapping tablet: real 0.032s	user 0.013s	sys 0.000s
I20260709 13:00:04.917057  1787 consensus_queue.cc:1048] T 18316932d7834f7b936d6e86413e2449 P 97523d4652ba4535b390ebaa5e650406 [LEADER]: Connected to new peer: Peer: permanent_uuid: "ff14f18531764970b192304e742c8203" member_type: VOTER last_known_addr { host: "127.0.107.193" port: 45325 }, Status: LMP_MISMATCH, Last received: 0.0, Next index: 1, Last known committed idx: 0, Time since last communication: 0.001s
I20260709 13:00:04.918143  1790 raft_consensus.cc:493] T 3e2ef820712846acb334d029ba88280b P ff14f18531764970b192304e742c8203 [term 0 FOLLOWER]: Starting pre-election (no leader contacted us within the election timeout)
I20260709 13:00:04.918352  1779 raft_consensus.cc:359] T 3e2ef820712846acb334d029ba88280b P 97523d4652ba4535b390ebaa5e650406 [term 0 FOLLOWER]: Replica starting. Triggering 0 pending ops. Active config: opid_index: -1 OBSOLETE_local: false peers { permanent_uuid: "97523d4652ba4535b390ebaa5e650406" member_type: VOTER last_known_addr { host: "127.0.107.195" port: 36817 } } peers { permanent_uuid: "fd708049127c43a790541efa938d44ea" member_type: VOTER last_known_addr { host: "127.0.107.194" port: 42305 } } peers { permanent_uuid: "ff14f18531764970b192304e742c8203" member_type: VOTER last_known_addr { host: "127.0.107.193" port: 45325 } }
I20260709 13:00:04.918653  1790 raft_consensus.cc:515] T 3e2ef820712846acb334d029ba88280b P ff14f18531764970b192304e742c8203 [term 0 FOLLOWER]: Starting pre-election with config: opid_index: -1 OBSOLETE_local: false peers { permanent_uuid: "97523d4652ba4535b390ebaa5e650406" member_type: VOTER last_known_addr { host: "127.0.107.195" port: 36817 } } peers { permanent_uuid: "fd708049127c43a790541efa938d44ea" member_type: VOTER last_known_addr { host: "127.0.107.194" port: 42305 } } peers { permanent_uuid: "ff14f18531764970b192304e742c8203" member_type: VOTER last_known_addr { host: "127.0.107.193" port: 45325 } }
I20260709 13:00:04.919097  1779 raft_consensus.cc:385] T 3e2ef820712846acb334d029ba88280b P 97523d4652ba4535b390ebaa5e650406 [term 0 FOLLOWER]: Consensus starting up: Expiring failure detector timer to make a prompt election more likely
I20260709 13:00:04.919428  1779 raft_consensus.cc:740] T 3e2ef820712846acb334d029ba88280b P 97523d4652ba4535b390ebaa5e650406 [term 0 FOLLOWER]: Becoming Follower/Learner. State: Replica: 97523d4652ba4535b390ebaa5e650406, State: Initialized, Role: FOLLOWER
I20260709 13:00:04.920751  1790 leader_election.cc:290] T 3e2ef820712846acb334d029ba88280b P ff14f18531764970b192304e742c8203 [CANDIDATE]: Term 1 pre-election: Requested pre-vote from peers 97523d4652ba4535b390ebaa5e650406 (127.0.107.195:36817), fd708049127c43a790541efa938d44ea (127.0.107.194:42305)
I20260709 13:00:04.923573  1740 tablet_service.cc:1917] Received RequestConsensusVote() RPC: tablet_id: "3e2ef820712846acb334d029ba88280b" candidate_uuid: "ff14f18531764970b192304e742c8203" candidate_term: 1 candidate_status { last_received { term: 0 index: 0 } } ignore_live_leader: false dest_uuid: "97523d4652ba4535b390ebaa5e650406" is_pre_election: true
I20260709 13:00:04.924888  1663 tablet_service.cc:1917] Received RequestConsensusVote() RPC: tablet_id: "3e2ef820712846acb334d029ba88280b" candidate_uuid: "ff14f18531764970b192304e742c8203" candidate_term: 1 candidate_status { last_received { term: 0 index: 0 } } ignore_live_leader: false dest_uuid: "fd708049127c43a790541efa938d44ea" is_pre_election: true
I20260709 13:00:04.925647  1663 raft_consensus.cc:2468] T 3e2ef820712846acb334d029ba88280b P fd708049127c43a790541efa938d44ea [term 0 FOLLOWER]: Leader pre-election vote request: Granting yes vote for candidate ff14f18531764970b192304e742c8203 in term 0.
I20260709 13:00:04.920045  1779 consensus_queue.cc:260] T 3e2ef820712846acb334d029ba88280b P 97523d4652ba4535b390ebaa5e650406 [NON_LEADER]: Queue going to NON_LEADER mode. State: All replicated index: 0, Majority replicated index: 0, Committed index: 0, Last appended: 0.0, Last appended by leader: 0, Current term: 0, Majority size: -1, State: 0, Mode: NON_LEADER, active raft config: opid_index: -1 OBSOLETE_local: false peers { permanent_uuid: "97523d4652ba4535b390ebaa5e650406" member_type: VOTER last_known_addr { host: "127.0.107.195" port: 36817 } } peers { permanent_uuid: "fd708049127c43a790541efa938d44ea" member_type: VOTER last_known_addr { host: "127.0.107.194" port: 42305 } } peers { permanent_uuid: "ff14f18531764970b192304e742c8203" member_type: VOTER last_known_addr { host: "127.0.107.193" port: 45325 } }
I20260709 13:00:04.927057  1557 leader_election.cc:304] T 3e2ef820712846acb334d029ba88280b P ff14f18531764970b192304e742c8203 [CANDIDATE]: Term 1 pre-election: Election decided. Result: candidate won. Election summary: received 2 responses out of 3 voters: 2 yes votes; 0 no votes. yes voters: fd708049127c43a790541efa938d44ea, ff14f18531764970b192304e742c8203; no voters: 
I20260709 13:00:04.928125  1826 raft_consensus.cc:2804] T 3e2ef820712846acb334d029ba88280b P ff14f18531764970b192304e742c8203 [term 0 FOLLOWER]: Leader pre-election won for term 1
I20260709 13:00:04.928469  1826 raft_consensus.cc:493] T 3e2ef820712846acb334d029ba88280b P ff14f18531764970b192304e742c8203 [term 0 FOLLOWER]: Starting leader election (no leader contacted us within the election timeout)
I20260709 13:00:04.928721  1779 ts_tablet_manager.cc:1434] T 3e2ef820712846acb334d029ba88280b P 97523d4652ba4535b390ebaa5e650406: Time spent starting tablet: real 0.013s	user 0.006s	sys 0.000s
I20260709 13:00:04.929692  1740 raft_consensus.cc:2468] T 3e2ef820712846acb334d029ba88280b P 97523d4652ba4535b390ebaa5e650406 [term 0 FOLLOWER]: Leader pre-election vote request: Granting yes vote for candidate ff14f18531764970b192304e742c8203 in term 0.
I20260709 13:00:04.928774  1826 raft_consensus.cc:3060] T 3e2ef820712846acb334d029ba88280b P ff14f18531764970b192304e742c8203 [term 0 FOLLOWER]: Advancing to term 1
I20260709 13:00:04.935196  1807 raft_consensus.cc:515] T b0ecc6c84b46463587f0d9a7a5a932d3 P 97523d4652ba4535b390ebaa5e650406 [term 1 FOLLOWER]: Starting leader election with config: opid_index: -1 OBSOLETE_local: false peers { permanent_uuid: "ff14f18531764970b192304e742c8203" member_type: VOTER last_known_addr { host: "127.0.107.193" port: 45325 } } peers { permanent_uuid: "fd708049127c43a790541efa938d44ea" member_type: VOTER last_known_addr { host: "127.0.107.194" port: 42305 } } peers { permanent_uuid: "97523d4652ba4535b390ebaa5e650406" member_type: VOTER last_known_addr { host: "127.0.107.195" port: 36817 } }
I20260709 13:00:04.939751  1591 tablet_service.cc:1917] Received RequestConsensusVote() RPC: tablet_id: "b0ecc6c84b46463587f0d9a7a5a932d3" candidate_uuid: "97523d4652ba4535b390ebaa5e650406" candidate_term: 1 candidate_status { last_received { term: 0 index: 0 } } ignore_live_leader: false dest_uuid: "ff14f18531764970b192304e742c8203"
I20260709 13:00:04.940380  1591 raft_consensus.cc:3060] T b0ecc6c84b46463587f0d9a7a5a932d3 P ff14f18531764970b192304e742c8203 [term 0 FOLLOWER]: Advancing to term 1
I20260709 13:00:04.941490  1826 raft_consensus.cc:515] T 3e2ef820712846acb334d029ba88280b P ff14f18531764970b192304e742c8203 [term 1 FOLLOWER]: Starting leader election with config: opid_index: -1 OBSOLETE_local: false peers { permanent_uuid: "97523d4652ba4535b390ebaa5e650406" member_type: VOTER last_known_addr { host: "127.0.107.195" port: 36817 } } peers { permanent_uuid: "fd708049127c43a790541efa938d44ea" member_type: VOTER last_known_addr { host: "127.0.107.194" port: 42305 } } peers { permanent_uuid: "ff14f18531764970b192304e742c8203" member_type: VOTER last_known_addr { host: "127.0.107.193" port: 45325 } }
I20260709 13:00:04.942656  1779 tablet_bootstrap.cc:492] T 69cfd93751e8472a941835a205ea1162 P 97523d4652ba4535b390ebaa5e650406: Bootstrap starting.
I20260709 13:00:04.945842  1740 tablet_service.cc:1917] Received RequestConsensusVote() RPC: tablet_id: "3e2ef820712846acb334d029ba88280b" candidate_uuid: "ff14f18531764970b192304e742c8203" candidate_term: 1 candidate_status { last_received { term: 0 index: 0 } } ignore_live_leader: false dest_uuid: "97523d4652ba4535b390ebaa5e650406"
I20260709 13:00:04.946548  1740 raft_consensus.cc:3060] T 3e2ef820712846acb334d029ba88280b P 97523d4652ba4535b390ebaa5e650406 [term 0 FOLLOWER]: Advancing to term 1
I20260709 13:00:04.955762  1779 tablet_bootstrap.cc:654] T 69cfd93751e8472a941835a205ea1162 P 97523d4652ba4535b390ebaa5e650406: Neither blocks nor log segments found. Creating new log.
I20260709 13:00:04.958988  1826 leader_election.cc:290] T 3e2ef820712846acb334d029ba88280b P ff14f18531764970b192304e742c8203 [CANDIDATE]: Term 1 election: Requested vote from peers 97523d4652ba4535b390ebaa5e650406 (127.0.107.195:36817), fd708049127c43a790541efa938d44ea (127.0.107.194:42305)
I20260709 13:00:04.966234  1790 raft_consensus.cc:493] T 9f6501f7b868400fb7494639b0699cfd P ff14f18531764970b192304e742c8203 [term 0 FOLLOWER]: Starting pre-election (no leader contacted us within the election timeout)
I20260709 13:00:04.966871  1790 raft_consensus.cc:515] T 9f6501f7b868400fb7494639b0699cfd P ff14f18531764970b192304e742c8203 [term 0 FOLLOWER]: Starting pre-election with config: opid_index: -1 OBSOLETE_local: false peers { permanent_uuid: "ff14f18531764970b192304e742c8203" member_type: VOTER last_known_addr { host: "127.0.107.193" port: 45325 } } peers { permanent_uuid: "fd708049127c43a790541efa938d44ea" member_type: VOTER last_known_addr { host: "127.0.107.194" port: 42305 } } peers { permanent_uuid: "97523d4652ba4535b390ebaa5e650406" member_type: VOTER last_known_addr { host: "127.0.107.195" port: 36817 } }
I20260709 13:00:04.979624  1837 raft_consensus.cc:493] T 46a0444930ef4dd4ab625e09e9fba0e0 P fd708049127c43a790541efa938d44ea [term 0 FOLLOWER]: Starting pre-election (no leader contacted us within the election timeout)
I20260709 13:00:04.979780  1663 tablet_service.cc:1917] Received RequestConsensusVote() RPC: tablet_id: "9f6501f7b868400fb7494639b0699cfd" candidate_uuid: "ff14f18531764970b192304e742c8203" candidate_term: 1 candidate_status { last_received { term: 0 index: 0 } } ignore_live_leader: false dest_uuid: "fd708049127c43a790541efa938d44ea" is_pre_election: true
I20260709 13:00:04.980640  1663 raft_consensus.cc:2393] T 9f6501f7b868400fb7494639b0699cfd P fd708049127c43a790541efa938d44ea [term 1 FOLLOWER]: Leader pre-election vote request: Denying vote to candidate ff14f18531764970b192304e742c8203 in current term 1: Already voted for candidate 97523d4652ba4535b390ebaa5e650406 in this term.
I20260709 13:00:04.981776  1738 tablet_service.cc:1917] Received RequestConsensusVote() RPC: tablet_id: "9f6501f7b868400fb7494639b0699cfd" candidate_uuid: "ff14f18531764970b192304e742c8203" candidate_term: 1 candidate_status { last_received { term: 0 index: 0 } } ignore_live_leader: false dest_uuid: "97523d4652ba4535b390ebaa5e650406" is_pre_election: true
I20260709 13:00:04.980202  1837 raft_consensus.cc:515] T 46a0444930ef4dd4ab625e09e9fba0e0 P fd708049127c43a790541efa938d44ea [term 0 FOLLOWER]: Starting pre-election with config: opid_index: -1 OBSOLETE_local: false peers { permanent_uuid: "ff14f18531764970b192304e742c8203" member_type: VOTER last_known_addr { host: "127.0.107.193" port: 45325 } } peers { permanent_uuid: "fd708049127c43a790541efa938d44ea" member_type: VOTER last_known_addr { host: "127.0.107.194" port: 42305 } } peers { permanent_uuid: "97523d4652ba4535b390ebaa5e650406" member_type: VOTER last_known_addr { host: "127.0.107.195" port: 36817 } }
I20260709 13:00:04.973268  1790 leader_election.cc:290] T 9f6501f7b868400fb7494639b0699cfd P ff14f18531764970b192304e742c8203 [CANDIDATE]: Term 1 pre-election: Requested pre-vote from peers fd708049127c43a790541efa938d44ea (127.0.107.194:42305), 97523d4652ba4535b390ebaa5e650406 (127.0.107.195:36817)
I20260709 13:00:04.973724  1786 leader_election.cc:290] T 69cfd93751e8472a941835a205ea1162 P fd708049127c43a790541efa938d44ea [CANDIDATE]: Term 1 election: Requested vote from peers ff14f18531764970b192304e742c8203 (127.0.107.193:45325), 97523d4652ba4535b390ebaa5e650406 (127.0.107.195:36817)
I20260709 13:00:04.973774  1807 leader_election.cc:290] T b0ecc6c84b46463587f0d9a7a5a932d3 P 97523d4652ba4535b390ebaa5e650406 [CANDIDATE]: Term 1 election: Requested vote from peers ff14f18531764970b192304e742c8203 (127.0.107.193:45325), fd708049127c43a790541efa938d44ea (127.0.107.194:42305)
I20260709 13:00:04.985272  1666 tablet_service.cc:1917] Received RequestConsensusVote() RPC: tablet_id: "3e2ef820712846acb334d029ba88280b" candidate_uuid: "ff14f18531764970b192304e742c8203" candidate_term: 1 candidate_status { last_received { term: 0 index: 0 } } ignore_live_leader: false dest_uuid: "fd708049127c43a790541efa938d44ea"
I20260709 13:00:04.988449  1666 raft_consensus.cc:3060] T 3e2ef820712846acb334d029ba88280b P fd708049127c43a790541efa938d44ea [term 0 FOLLOWER]: Advancing to term 1
I20260709 13:00:04.973006  1739 tablet_service.cc:1917] Received RequestConsensusVote() RPC: tablet_id: "69cfd93751e8472a941835a205ea1162" candidate_uuid: "fd708049127c43a790541efa938d44ea" candidate_term: 1 candidate_status { last_received { term: 0 index: 0 } } ignore_live_leader: false dest_uuid: "97523d4652ba4535b390ebaa5e650406"
I20260709 13:00:04.995501  1781 tablet_bootstrap.cc:492] T a9d46bb0d84745d5b742ba031b7ef23c P ff14f18531764970b192304e742c8203: No bootstrap required, opened a new log
I20260709 13:00:04.995973  1781 ts_tablet_manager.cc:1403] T a9d46bb0d84745d5b742ba031b7ef23c P ff14f18531764970b192304e742c8203: Time spent bootstrapping tablet: real 0.178s	user 0.023s	sys 0.068s
I20260709 13:00:04.996660  1557 leader_election.cc:304] T 9f6501f7b868400fb7494639b0699cfd P ff14f18531764970b192304e742c8203 [CANDIDATE]: Term 1 pre-election: Election decided. Result: candidate lost. Election summary: received 3 responses out of 3 voters: 1 yes votes; 2 no votes. yes voters: ff14f18531764970b192304e742c8203; no voters: 97523d4652ba4535b390ebaa5e650406, fd708049127c43a790541efa938d44ea
I20260709 13:00:04.997501  1666 raft_consensus.cc:2468] T 3e2ef820712846acb334d029ba88280b P fd708049127c43a790541efa938d44ea [term 1 FOLLOWER]: Leader election vote request: Granting yes vote for candidate ff14f18531764970b192304e742c8203 in term 1.
W20260709 13:00:04.998551  1632 leader_election.cc:343] T 69cfd93751e8472a941835a205ea1162 P fd708049127c43a790541efa938d44ea [CANDIDATE]: Term 1 election: Tablet error from VoteRequest() call to peer 97523d4652ba4535b390ebaa5e650406 (127.0.107.195:36817): Illegal state: must be running to vote when last-logged opid is not known
I20260709 13:00:04.998885  1557 leader_election.cc:304] T 3e2ef820712846acb334d029ba88280b P ff14f18531764970b192304e742c8203 [CANDIDATE]: Term 1 election: Election decided. Result: candidate won. Election summary: received 2 responses out of 3 voters: 2 yes votes; 0 no votes. yes voters: fd708049127c43a790541efa938d44ea, ff14f18531764970b192304e742c8203; no voters: 
I20260709 13:00:04.998687  1781 raft_consensus.cc:359] T a9d46bb0d84745d5b742ba031b7ef23c P ff14f18531764970b192304e742c8203 [term 0 FOLLOWER]: Replica starting. Triggering 0 pending ops. Active config: opid_index: -1 OBSOLETE_local: false peers { permanent_uuid: "ff14f18531764970b192304e742c8203" member_type: VOTER last_known_addr { host: "127.0.107.193" port: 45325 } } peers { permanent_uuid: "fd708049127c43a790541efa938d44ea" member_type: VOTER last_known_addr { host: "127.0.107.194" port: 42305 } } peers { permanent_uuid: "97523d4652ba4535b390ebaa5e650406" member_type: VOTER last_known_addr { host: "127.0.107.195" port: 36817 } }
I20260709 13:00:04.999572  1781 raft_consensus.cc:385] T a9d46bb0d84745d5b742ba031b7ef23c P ff14f18531764970b192304e742c8203 [term 0 FOLLOWER]: Consensus starting up: Expiring failure detector timer to make a prompt election more likely
I20260709 13:00:04.999663  1826 raft_consensus.cc:3060] T 9f6501f7b868400fb7494639b0699cfd P ff14f18531764970b192304e742c8203 [term 0 FOLLOWER]: Advancing to term 1
I20260709 13:00:04.999892  1781 raft_consensus.cc:740] T a9d46bb0d84745d5b742ba031b7ef23c P ff14f18531764970b192304e742c8203 [term 0 FOLLOWER]: Becoming Follower/Learner. State: Replica: ff14f18531764970b192304e742c8203, State: Initialized, Role: FOLLOWER
I20260709 13:00:05.000488  1837 leader_election.cc:290] T 46a0444930ef4dd4ab625e09e9fba0e0 P fd708049127c43a790541efa938d44ea [CANDIDATE]: Term 1 pre-election: Requested pre-vote from peers ff14f18531764970b192304e742c8203 (127.0.107.193:45325), 97523d4652ba4535b390ebaa5e650406 (127.0.107.195:36817)
I20260709 13:00:05.000651  1781 consensus_queue.cc:260] T a9d46bb0d84745d5b742ba031b7ef23c P ff14f18531764970b192304e742c8203 [NON_LEADER]: Queue going to NON_LEADER mode. State: All replicated index: 0, Majority replicated index: 0, Committed index: 0, Last appended: 0.0, Last appended by leader: 0, Current term: 0, Majority size: -1, State: 0, Mode: NON_LEADER, active raft config: opid_index: -1 OBSOLETE_local: false peers { permanent_uuid: "ff14f18531764970b192304e742c8203" member_type: VOTER last_known_addr { host: "127.0.107.193" port: 45325 } } peers { permanent_uuid: "fd708049127c43a790541efa938d44ea" member_type: VOTER last_known_addr { host: "127.0.107.194" port: 42305 } } peers { permanent_uuid: "97523d4652ba4535b390ebaa5e650406" member_type: VOTER last_known_addr { host: "127.0.107.195" port: 36817 } }
I20260709 13:00:05.001814  1589 tablet_service.cc:1917] Received RequestConsensusVote() RPC: tablet_id: "46a0444930ef4dd4ab625e09e9fba0e0" candidate_uuid: "fd708049127c43a790541efa938d44ea" candidate_term: 1 candidate_status { last_received { term: 0 index: 0 } } ignore_live_leader: false dest_uuid: "ff14f18531764970b192304e742c8203" is_pre_election: true
I20260709 13:00:05.002959  1781 ts_tablet_manager.cc:1434] T a9d46bb0d84745d5b742ba031b7ef23c P ff14f18531764970b192304e742c8203: Time spent starting tablet: real 0.007s	user 0.007s	sys 0.000s
I20260709 13:00:05.002987  1824 raft_consensus.cc:2804] T 3e2ef820712846acb334d029ba88280b P ff14f18531764970b192304e742c8203 [term 1 FOLLOWER]: Leader election won for term 1
I20260709 13:00:05.003914  1781 tablet_bootstrap.cc:492] T 66efce905fa54e9ba9760fad5b110403 P ff14f18531764970b192304e742c8203: Bootstrap starting.
I20260709 13:00:05.005328  1739 tablet_service.cc:1917] Received RequestConsensusVote() RPC: tablet_id: "46a0444930ef4dd4ab625e09e9fba0e0" candidate_uuid: "fd708049127c43a790541efa938d44ea" candidate_term: 1 candidate_status { last_received { term: 0 index: 0 } } ignore_live_leader: false dest_uuid: "97523d4652ba4535b390ebaa5e650406" is_pre_election: true
W20260709 13:00:05.006943  1632 leader_election.cc:343] T 46a0444930ef4dd4ab625e09e9fba0e0 P fd708049127c43a790541efa938d44ea [CANDIDATE]: Term 1 pre-election: Tablet error from VoteRequest() call to peer 97523d4652ba4535b390ebaa5e650406 (127.0.107.195:36817): Illegal state: must be running to vote when last-logged opid is not known
W20260709 13:00:05.009806  1632 leader_election.cc:343] T 46a0444930ef4dd4ab625e09e9fba0e0 P fd708049127c43a790541efa938d44ea [CANDIDATE]: Term 1 pre-election: Tablet error from VoteRequest() call to peer ff14f18531764970b192304e742c8203 (127.0.107.193:45325): Illegal state: must be running to vote when last-logged opid is not known
I20260709 13:00:05.011029  1787 raft_consensus.cc:493] T c024aef2ff974ab7a2538285d6830b6c P 97523d4652ba4535b390ebaa5e650406 [term 0 FOLLOWER]: Starting pre-election (no leader contacted us within the election timeout)
I20260709 13:00:05.010224  1632 leader_election.cc:304] T 46a0444930ef4dd4ab625e09e9fba0e0 P fd708049127c43a790541efa938d44ea [CANDIDATE]: Term 1 pre-election: Election decided. Result: candidate lost. Election summary: received 3 responses out of 3 voters: 1 yes votes; 2 no votes. yes voters: fd708049127c43a790541efa938d44ea; no voters: 97523d4652ba4535b390ebaa5e650406, ff14f18531764970b192304e742c8203
I20260709 13:00:05.014247  1740 raft_consensus.cc:2468] T 3e2ef820712846acb334d029ba88280b P 97523d4652ba4535b390ebaa5e650406 [term 1 FOLLOWER]: Leader election vote request: Granting yes vote for candidate ff14f18531764970b192304e742c8203 in term 1.
I20260709 13:00:05.012118  1787 raft_consensus.cc:515] T c024aef2ff974ab7a2538285d6830b6c P 97523d4652ba4535b390ebaa5e650406 [term 0 FOLLOWER]: Starting pre-election with config: opid_index: -1 OBSOLETE_local: false peers { permanent_uuid: "ff14f18531764970b192304e742c8203" member_type: VOTER last_known_addr { host: "127.0.107.193" port: 45325 } } peers { permanent_uuid: "fd708049127c43a790541efa938d44ea" member_type: VOTER last_known_addr { host: "127.0.107.194" port: 42305 } } peers { permanent_uuid: "97523d4652ba4535b390ebaa5e650406" member_type: VOTER last_known_addr { host: "127.0.107.195" port: 36817 } }
I20260709 13:00:05.015091  1781 tablet_bootstrap.cc:654] T 66efce905fa54e9ba9760fad5b110403 P ff14f18531764970b192304e742c8203: Neither blocks nor log segments found. Creating new log.
I20260709 13:00:05.009938  1826 raft_consensus.cc:2749] T 9f6501f7b868400fb7494639b0699cfd P ff14f18531764970b192304e742c8203 [term 1 FOLLOWER]: Leader pre-election lost for term 1. Reason: could not achieve majority
I20260709 13:00:05.018793  1837 raft_consensus.cc:2749] T 46a0444930ef4dd4ab625e09e9fba0e0 P fd708049127c43a790541efa938d44ea [term 0 FOLLOWER]: Leader pre-election lost for term 1. Reason: could not achieve majority
I20260709 13:00:05.021579  1787 leader_election.cc:290] T c024aef2ff974ab7a2538285d6830b6c P 97523d4652ba4535b390ebaa5e650406 [CANDIDATE]: Term 1 pre-election: Requested pre-vote from peers ff14f18531764970b192304e742c8203 (127.0.107.193:45325), fd708049127c43a790541efa938d44ea (127.0.107.194:42305)
I20260709 13:00:05.025470  1780 tablet_bootstrap.cc:492] T 126d9f39e272426ba1b807be55ef92ee P fd708049127c43a790541efa938d44ea: No bootstrap required, opened a new log
I20260709 13:00:05.025910  1780 ts_tablet_manager.cc:1403] T 126d9f39e272426ba1b807be55ef92ee P fd708049127c43a790541efa938d44ea: Time spent bootstrapping tablet: real 0.273s	user 0.011s	sys 0.009s
I20260709 13:00:05.032424  1826 raft_consensus.cc:493] T a9d46bb0d84745d5b742ba031b7ef23c P ff14f18531764970b192304e742c8203 [term 0 FOLLOWER]: Starting pre-election (no leader contacted us within the election timeout)
I20260709 13:00:05.032961  1826 raft_consensus.cc:515] T a9d46bb0d84745d5b742ba031b7ef23c P ff14f18531764970b192304e742c8203 [term 0 FOLLOWER]: Starting pre-election with config: opid_index: -1 OBSOLETE_local: false peers { permanent_uuid: "ff14f18531764970b192304e742c8203" member_type: VOTER last_known_addr { host: "127.0.107.193" port: 45325 } } peers { permanent_uuid: "fd708049127c43a790541efa938d44ea" member_type: VOTER last_known_addr { host: "127.0.107.194" port: 42305 } } peers { permanent_uuid: "97523d4652ba4535b390ebaa5e650406" member_type: VOTER last_known_addr { host: "127.0.107.195" port: 36817 } }
I20260709 13:00:05.036084  1663 tablet_service.cc:1917] Received RequestConsensusVote() RPC: tablet_id: "a9d46bb0d84745d5b742ba031b7ef23c" candidate_uuid: "ff14f18531764970b192304e742c8203" candidate_term: 1 candidate_status { last_received { term: 0 index: 0 } } ignore_live_leader: false dest_uuid: "fd708049127c43a790541efa938d44ea" is_pre_election: true
I20260709 13:00:05.036269  1780 raft_consensus.cc:359] T 126d9f39e272426ba1b807be55ef92ee P fd708049127c43a790541efa938d44ea [term 0 FOLLOWER]: Replica starting. Triggering 0 pending ops. Active config: opid_index: -1 OBSOLETE_local: false peers { permanent_uuid: "ff14f18531764970b192304e742c8203" member_type: VOTER last_known_addr { host: "127.0.107.193" port: 45325 } } peers { permanent_uuid: "fd708049127c43a790541efa938d44ea" member_type: VOTER last_known_addr { host: "127.0.107.194" port: 42305 } } peers { permanent_uuid: "97523d4652ba4535b390ebaa5e650406" member_type: VOTER last_known_addr { host: "127.0.107.195" port: 36817 } }
I20260709 13:00:05.037050  1780 raft_consensus.cc:385] T 126d9f39e272426ba1b807be55ef92ee P fd708049127c43a790541efa938d44ea [term 0 FOLLOWER]: Consensus starting up: Expiring failure detector timer to make a prompt election more likely
I20260709 13:00:05.037496  1780 raft_consensus.cc:740] T 126d9f39e272426ba1b807be55ef92ee P fd708049127c43a790541efa938d44ea [term 0 FOLLOWER]: Becoming Follower/Learner. State: Replica: fd708049127c43a790541efa938d44ea, State: Initialized, Role: FOLLOWER
I20260709 13:00:05.039666  1780 consensus_queue.cc:260] T 126d9f39e272426ba1b807be55ef92ee P fd708049127c43a790541efa938d44ea [NON_LEADER]: Queue going to NON_LEADER mode. State: All replicated index: 0, Majority replicated index: 0, Committed index: 0, Last appended: 0.0, Last appended by leader: 0, Current term: 0, Majority size: -1, State: 0, Mode: NON_LEADER, active raft config: opid_index: -1 OBSOLETE_local: false peers { permanent_uuid: "ff14f18531764970b192304e742c8203" member_type: VOTER last_known_addr { host: "127.0.107.193" port: 45325 } } peers { permanent_uuid: "fd708049127c43a790541efa938d44ea" member_type: VOTER last_known_addr { host: "127.0.107.194" port: 42305 } } peers { permanent_uuid: "97523d4652ba4535b390ebaa5e650406" member_type: VOTER last_known_addr { host: "127.0.107.195" port: 36817 } }
W20260709 13:00:05.041774  1557 leader_election.cc:343] T a9d46bb0d84745d5b742ba031b7ef23c P ff14f18531764970b192304e742c8203 [CANDIDATE]: Term 1 pre-election: Tablet error from VoteRequest() call to peer fd708049127c43a790541efa938d44ea (127.0.107.194:42305): Illegal state: must be running to vote when last-logged opid is not known
I20260709 13:00:05.043880  1826 leader_election.cc:290] T a9d46bb0d84745d5b742ba031b7ef23c P ff14f18531764970b192304e742c8203 [CANDIDATE]: Term 1 pre-election: Requested pre-vote from peers fd708049127c43a790541efa938d44ea (127.0.107.194:42305), 97523d4652ba4535b390ebaa5e650406 (127.0.107.195:36817)
I20260709 13:00:05.043973  1663 tablet_service.cc:1917] Received RequestConsensusVote() RPC: tablet_id: "c024aef2ff974ab7a2538285d6830b6c" candidate_uuid: "97523d4652ba4535b390ebaa5e650406" candidate_term: 1 candidate_status { last_received { term: 0 index: 0 } } ignore_live_leader: false dest_uuid: "fd708049127c43a790541efa938d44ea" is_pre_election: true
I20260709 13:00:05.044565  1589 tablet_service.cc:1917] Received RequestConsensusVote() RPC: tablet_id: "c024aef2ff974ab7a2538285d6830b6c" candidate_uuid: "97523d4652ba4535b390ebaa5e650406" candidate_term: 1 candidate_status { last_received { term: 0 index: 0 } } ignore_live_leader: false dest_uuid: "ff14f18531764970b192304e742c8203" is_pre_election: true
I20260709 13:00:05.045055  1663 raft_consensus.cc:2468] T c024aef2ff974ab7a2538285d6830b6c P fd708049127c43a790541efa938d44ea [term 0 FOLLOWER]: Leader pre-election vote request: Granting yes vote for candidate 97523d4652ba4535b390ebaa5e650406 in term 0.
I20260709 13:00:05.046762  1666 tablet_service.cc:1917] Received RequestConsensusVote() RPC: tablet_id: "b0ecc6c84b46463587f0d9a7a5a932d3" candidate_uuid: "97523d4652ba4535b390ebaa5e650406" candidate_term: 1 candidate_status { last_received { term: 0 index: 0 } } ignore_live_leader: false dest_uuid: "fd708049127c43a790541efa938d44ea"
I20260709 13:00:05.047487  1740 tablet_service.cc:1917] Received RequestConsensusVote() RPC: tablet_id: "a9d46bb0d84745d5b742ba031b7ef23c" candidate_uuid: "ff14f18531764970b192304e742c8203" candidate_term: 1 candidate_status { last_received { term: 0 index: 0 } } ignore_live_leader: false dest_uuid: "97523d4652ba4535b390ebaa5e650406" is_pre_election: true
I20260709 13:00:05.036103  1591 raft_consensus.cc:2468] T b0ecc6c84b46463587f0d9a7a5a932d3 P ff14f18531764970b192304e742c8203 [term 1 FOLLOWER]: Leader election vote request: Granting yes vote for candidate 97523d4652ba4535b390ebaa5e650406 in term 1.
I20260709 13:00:05.048530  1706 leader_election.cc:304] T c024aef2ff974ab7a2538285d6830b6c P 97523d4652ba4535b390ebaa5e650406 [CANDIDATE]: Term 1 pre-election: Election decided. Result: candidate won. Election summary: received 2 responses out of 3 voters: 2 yes votes; 0 no votes. yes voters: 97523d4652ba4535b390ebaa5e650406, fd708049127c43a790541efa938d44ea; no voters: 
I20260709 13:00:05.050199  1848 raft_consensus.cc:2804] T c024aef2ff974ab7a2538285d6830b6c P 97523d4652ba4535b390ebaa5e650406 [term 0 FOLLOWER]: Leader pre-election won for term 1
I20260709 13:00:05.050704  1848 raft_consensus.cc:493] T c024aef2ff974ab7a2538285d6830b6c P 97523d4652ba4535b390ebaa5e650406 [term 0 FOLLOWER]: Starting leader election (no leader contacted us within the election timeout)
I20260709 13:00:05.051121  1848 raft_consensus.cc:3060] T c024aef2ff974ab7a2538285d6830b6c P 97523d4652ba4535b390ebaa5e650406 [term 0 FOLLOWER]: Advancing to term 1
W20260709 13:00:05.054611  1557 leader_election.cc:343] T a9d46bb0d84745d5b742ba031b7ef23c P ff14f18531764970b192304e742c8203 [CANDIDATE]: Term 1 pre-election: Tablet error from VoteRequest() call to peer 97523d4652ba4535b390ebaa5e650406 (127.0.107.195:36817): Illegal state: must be running to vote when last-logged opid is not known
I20260709 13:00:05.055212  1557 leader_election.cc:304] T a9d46bb0d84745d5b742ba031b7ef23c P ff14f18531764970b192304e742c8203 [CANDIDATE]: Term 1 pre-election: Election decided. Result: candidate lost. Election summary: received 3 responses out of 3 voters: 1 yes votes; 2 no votes. yes voters: ff14f18531764970b192304e742c8203; no voters: 97523d4652ba4535b390ebaa5e650406, fd708049127c43a790541efa938d44ea
I20260709 13:00:05.056157  1790 raft_consensus.cc:2749] T a9d46bb0d84745d5b742ba031b7ef23c P ff14f18531764970b192304e742c8203 [term 0 FOLLOWER]: Leader pre-election lost for term 1. Reason: could not achieve majority
I20260709 13:00:05.056893  1824 raft_consensus.cc:697] T 3e2ef820712846acb334d029ba88280b P ff14f18531764970b192304e742c8203 [term 1 LEADER]: Becoming Leader. State: Replica: ff14f18531764970b192304e742c8203, State: Running, Role: LEADER
I20260709 13:00:05.059211  1780 ts_tablet_manager.cc:1434] T 126d9f39e272426ba1b807be55ef92ee P fd708049127c43a790541efa938d44ea: Time spent starting tablet: real 0.033s	user 0.007s	sys 0.000s
I20260709 13:00:05.060468  1780 tablet_bootstrap.cc:492] T 298c09c98d4e4a1c80374f2d6a71e349 P fd708049127c43a790541efa938d44ea: Bootstrap starting.
W20260709 13:00:05.058483  1706 leader_election.cc:343] T b0ecc6c84b46463587f0d9a7a5a932d3 P 97523d4652ba4535b390ebaa5e650406 [CANDIDATE]: Term 1 election: Tablet error from VoteRequest() call to peer fd708049127c43a790541efa938d44ea (127.0.107.194:42305): Illegal state: must be running to vote when last-logged opid is not known
W20260709 13:00:05.062463  1706 leader_election.cc:343] T c024aef2ff974ab7a2538285d6830b6c P 97523d4652ba4535b390ebaa5e650406 [CANDIDATE]: Term 1 pre-election: Tablet error from VoteRequest() call to peer ff14f18531764970b192304e742c8203 (127.0.107.193:45325): Illegal state: must be running to vote when last-logged opid is not known
I20260709 13:00:05.068415  1781 tablet_bootstrap.cc:492] T 66efce905fa54e9ba9760fad5b110403 P ff14f18531764970b192304e742c8203: No bootstrap required, opened a new log
I20260709 13:00:05.068887  1781 ts_tablet_manager.cc:1403] T 66efce905fa54e9ba9760fad5b110403 P ff14f18531764970b192304e742c8203: Time spent bootstrapping tablet: real 0.065s	user 0.021s	sys 0.021s
I20260709 13:00:05.069175  1779 tablet_bootstrap.cc:492] T 69cfd93751e8472a941835a205ea1162 P 97523d4652ba4535b390ebaa5e650406: No bootstrap required, opened a new log
I20260709 13:00:05.069725  1779 ts_tablet_manager.cc:1403] T 69cfd93751e8472a941835a205ea1162 P 97523d4652ba4535b390ebaa5e650406: Time spent bootstrapping tablet: real 0.127s	user 0.010s	sys 0.008s
I20260709 13:00:05.072415  1706 leader_election.cc:304] T b0ecc6c84b46463587f0d9a7a5a932d3 P 97523d4652ba4535b390ebaa5e650406 [CANDIDATE]: Term 1 election: Election decided. Result: candidate won. Election summary: received 3 responses out of 3 voters: 2 yes votes; 1 no votes. yes voters: 97523d4652ba4535b390ebaa5e650406, ff14f18531764970b192304e742c8203; no voters: fd708049127c43a790541efa938d44ea
I20260709 13:00:05.073140  1780 tablet_bootstrap.cc:654] T 298c09c98d4e4a1c80374f2d6a71e349 P fd708049127c43a790541efa938d44ea: Neither blocks nor log segments found. Creating new log.
I20260709 13:00:05.071415  1781 raft_consensus.cc:359] T 66efce905fa54e9ba9760fad5b110403 P ff14f18531764970b192304e742c8203 [term 0 FOLLOWER]: Replica starting. Triggering 0 pending ops. Active config: opid_index: -1 OBSOLETE_local: false peers { permanent_uuid: "ff14f18531764970b192304e742c8203" member_type: VOTER last_known_addr { host: "127.0.107.193" port: 45325 } } peers { permanent_uuid: "fd708049127c43a790541efa938d44ea" member_type: VOTER last_known_addr { host: "127.0.107.194" port: 42305 } } peers { permanent_uuid: "97523d4652ba4535b390ebaa5e650406" member_type: VOTER last_known_addr { host: "127.0.107.195" port: 36817 } }
I20260709 13:00:05.073581  1781 raft_consensus.cc:385] T 66efce905fa54e9ba9760fad5b110403 P ff14f18531764970b192304e742c8203 [term 0 FOLLOWER]: Consensus starting up: Expiring failure detector timer to make a prompt election more likely
I20260709 13:00:05.073854  1781 raft_consensus.cc:740] T 66efce905fa54e9ba9760fad5b110403 P ff14f18531764970b192304e742c8203 [term 0 FOLLOWER]: Becoming Follower/Learner. State: Replica: ff14f18531764970b192304e742c8203, State: Initialized, Role: FOLLOWER
W20260709 13:00:05.069646  1537 auto_rebalancer.cc:288] Could not retrieve cluster info: Service unavailable: Tablet not running
I20260709 13:00:05.075210  1808 raft_consensus.cc:2804] T b0ecc6c84b46463587f0d9a7a5a932d3 P 97523d4652ba4535b390ebaa5e650406 [term 1 FOLLOWER]: Leader election won for term 1
I20260709 13:00:05.075752  1808 raft_consensus.cc:697] T b0ecc6c84b46463587f0d9a7a5a932d3 P 97523d4652ba4535b390ebaa5e650406 [term 1 LEADER]: Becoming Leader. State: Replica: 97523d4652ba4535b390ebaa5e650406, State: Running, Role: LEADER
I20260709 13:00:05.076172  1790 consensus_queue.cc:1048] T d73346d07cca41f2a984b477a170f19f P ff14f18531764970b192304e742c8203 [LEADER]: Connected to new peer: Peer: permanent_uuid: "fd708049127c43a790541efa938d44ea" member_type: VOTER last_known_addr { host: "127.0.107.194" port: 42305 }, Status: LMP_MISMATCH, Last received: 0.0, Next index: 1, Last known committed idx: 0, Time since last communication: 0.000s
I20260709 13:00:05.076638  1808 consensus_queue.cc:237] T b0ecc6c84b46463587f0d9a7a5a932d3 P 97523d4652ba4535b390ebaa5e650406 [LEADER]: Queue going to LEADER mode. State: All replicated index: 0, Majority replicated index: 0, Committed index: 0, Last appended: 0.0, Last appended by leader: 0, Current term: 1, Majority size: 2, State: 0, Mode: LEADER, active raft config: opid_index: -1 OBSOLETE_local: false peers { permanent_uuid: "ff14f18531764970b192304e742c8203" member_type: VOTER last_known_addr { host: "127.0.107.193" port: 45325 } } peers { permanent_uuid: "fd708049127c43a790541efa938d44ea" member_type: VOTER last_known_addr { host: "127.0.107.194" port: 42305 } } peers { permanent_uuid: "97523d4652ba4535b390ebaa5e650406" member_type: VOTER last_known_addr { host: "127.0.107.195" port: 36817 } }
I20260709 13:00:05.078027  1848 raft_consensus.cc:515] T c024aef2ff974ab7a2538285d6830b6c P 97523d4652ba4535b390ebaa5e650406 [term 1 FOLLOWER]: Starting leader election with config: opid_index: -1 OBSOLETE_local: false peers { permanent_uuid: "ff14f18531764970b192304e742c8203" member_type: VOTER last_known_addr { host: "127.0.107.193" port: 45325 } } peers { permanent_uuid: "fd708049127c43a790541efa938d44ea" member_type: VOTER last_known_addr { host: "127.0.107.194" port: 42305 } } peers { permanent_uuid: "97523d4652ba4535b390ebaa5e650406" member_type: VOTER last_known_addr { host: "127.0.107.195" port: 36817 } }
