I20260709 13:00:07.512084  1875 leader_election.cc:290] T 3dcb3a0e984e41d8a4eedb628fa60176 P 97523d4652ba4535b390ebaa5e650406 [CANDIDATE]: Term 1 election: Requested vote from peers ff14f18531764970b192304e742c8203 (127.0.107.193:45325), fd708049127c43a790541efa938d44ea (127.0.107.194:42305)
I20260709 13:00:07.519838  1666 tablet_service.cc:1917] Received RequestConsensusVote() RPC: tablet_id: "79af78a5d5f24747b0fa4f775b2b2c8d" candidate_uuid: "ff14f18531764970b192304e742c8203" candidate_term: 1 candidate_status { last_received { term: 0 index: 0 } } ignore_live_leader: false dest_uuid: "fd708049127c43a790541efa938d44ea" is_pre_election: true
I20260709 13:00:07.522694  1666 raft_consensus.cc:2393] T 79af78a5d5f24747b0fa4f775b2b2c8d P fd708049127c43a790541efa938d44ea [term 1 FOLLOWER]: Leader pre-election vote request: Denying vote to candidate ff14f18531764970b192304e742c8203 in current term 1: Already voted for candidate 97523d4652ba4535b390ebaa5e650406 in this term.
I20260709 13:00:07.521410  1665 raft_consensus.cc:2468] T 3dcb3a0e984e41d8a4eedb628fa60176 P fd708049127c43a790541efa938d44ea [term 1 FOLLOWER]: Leader election vote request: Granting yes vote for candidate 97523d4652ba4535b390ebaa5e650406 in term 1.
I20260709 13:00:07.526409  1706 leader_election.cc:304] T 3dcb3a0e984e41d8a4eedb628fa60176 P 97523d4652ba4535b390ebaa5e650406 [CANDIDATE]: Term 1 election: Election decided. Result: candidate won. Election summary: received 3 responses out of 3 voters: 2 yes votes; 1 no votes. yes voters: 97523d4652ba4535b390ebaa5e650406, fd708049127c43a790541efa938d44ea; no voters: ff14f18531764970b192304e742c8203
I20260709 13:00:07.527352  1787 raft_consensus.cc:2804] T 3dcb3a0e984e41d8a4eedb628fa60176 P 97523d4652ba4535b390ebaa5e650406 [term 1 FOLLOWER]: Leader election won for term 1
I20260709 13:00:07.525875  1489 catalog_manager.cc:5697] T 79af78a5d5f24747b0fa4f775b2b2c8d P 97523d4652ba4535b390ebaa5e650406 reported cstate change: term changed from 0 to 1, leader changed from <none> to 97523d4652ba4535b390ebaa5e650406 (127.0.107.195). New cstate: current_term: 1 leader_uuid: "97523d4652ba4535b390ebaa5e650406" committed_config { opid_index: -1 OBSOLETE_local: false peers { permanent_uuid: "ff14f18531764970b192304e742c8203" member_type: VOTER last_known_addr { host: "127.0.107.193" port: 45325 } health_report { overall_health: UNKNOWN } } peers { permanent_uuid: "fd708049127c43a790541efa938d44ea" member_type: VOTER last_known_addr { host: "127.0.107.194" port: 42305 } health_report { overall_health: UNKNOWN } } peers { permanent_uuid: "97523d4652ba4535b390ebaa5e650406" member_type: VOTER last_known_addr { host: "127.0.107.195" port: 36817 } health_report { overall_health: HEALTHY } } }
I20260709 13:00:07.527848  1787 raft_consensus.cc:697] T 3dcb3a0e984e41d8a4eedb628fa60176 P 97523d4652ba4535b390ebaa5e650406 [term 1 LEADER]: Becoming Leader. State: Replica: 97523d4652ba4535b390ebaa5e650406, State: Running, Role: LEADER
I20260709 13:00:07.528636  1787 consensus_queue.cc:237] T 3dcb3a0e984e41d8a4eedb628fa60176 P 97523d4652ba4535b390ebaa5e650406 [LEADER]: Queue going to LEADER mode. State: All replicated index: 0, Majority replicated index: 0, Committed index: 0, Last appended: 0.0, Last appended by leader: 0, Current term: 1, Majority size: 2, State: 0, Mode: LEADER, active raft config: opid_index: -1 OBSOLETE_local: false peers { permanent_uuid: "ff14f18531764970b192304e742c8203" member_type: VOTER last_known_addr { host: "127.0.107.193" port: 45325 } } peers { permanent_uuid: "fd708049127c43a790541efa938d44ea" member_type: VOTER last_known_addr { host: "127.0.107.194" port: 42305 } } peers { permanent_uuid: "97523d4652ba4535b390ebaa5e650406" member_type: VOTER last_known_addr { host: "127.0.107.195" port: 36817 } }
I20260709 13:00:07.530974  1489 catalog_manager.cc:5697] T 1ff90725a487499c8ef5938a1a49527c P 97523d4652ba4535b390ebaa5e650406 reported cstate change: term changed from 0 to 1, leader changed from <none> to 97523d4652ba4535b390ebaa5e650406 (127.0.107.195). New cstate: current_term: 1 leader_uuid: "97523d4652ba4535b390ebaa5e650406" committed_config { opid_index: -1 OBSOLETE_local: false peers { permanent_uuid: "ff14f18531764970b192304e742c8203" member_type: VOTER last_known_addr { host: "127.0.107.193" port: 45325 } health_report { overall_health: UNKNOWN } } peers { permanent_uuid: "fd708049127c43a790541efa938d44ea" member_type: VOTER last_known_addr { host: "127.0.107.194" port: 42305 } health_report { overall_health: UNKNOWN } } peers { permanent_uuid: "97523d4652ba4535b390ebaa5e650406" member_type: VOTER last_known_addr { host: "127.0.107.195" port: 36817 } health_report { overall_health: HEALTHY } } }
I20260709 13:00:07.532829  1779 tablet_bootstrap.cc:492] T 8341ed1a90e94285820604d7972b82fa P 97523d4652ba4535b390ebaa5e650406: No bootstrap required, opened a new log
I20260709 13:00:07.533306  1779 ts_tablet_manager.cc:1403] T 8341ed1a90e94285820604d7972b82fa P 97523d4652ba4535b390ebaa5e650406: Time spent bootstrapping tablet: real 0.178s	user 0.020s	sys 0.016s
I20260709 13:00:07.527346  1875 raft_consensus.cc:493] T 694ef8cfdfcd42e0aa35f343e86fc0bb P 97523d4652ba4535b390ebaa5e650406 [term 0 FOLLOWER]: Starting pre-election (no leader contacted us within the election timeout)
I20260709 13:00:07.540104  1779 raft_consensus.cc:359] T 8341ed1a90e94285820604d7972b82fa P 97523d4652ba4535b390ebaa5e650406 [term 0 FOLLOWER]: Replica starting. Triggering 0 pending ops. Active config: opid_index: -1 OBSOLETE_local: false peers { permanent_uuid: "ff14f18531764970b192304e742c8203" member_type: VOTER last_known_addr { host: "127.0.107.193" port: 45325 } } peers { permanent_uuid: "fd708049127c43a790541efa938d44ea" member_type: VOTER last_known_addr { host: "127.0.107.194" port: 42305 } } peers { permanent_uuid: "97523d4652ba4535b390ebaa5e650406" member_type: VOTER last_known_addr { host: "127.0.107.195" port: 36817 } }
I20260709 13:00:07.537117  1875 raft_consensus.cc:515] T 694ef8cfdfcd42e0aa35f343e86fc0bb P 97523d4652ba4535b390ebaa5e650406 [term 0 FOLLOWER]: Starting pre-election with config: opid_index: -1 OBSOLETE_local: false peers { permanent_uuid: "ff14f18531764970b192304e742c8203" member_type: VOTER last_known_addr { host: "127.0.107.193" port: 45325 } } peers { permanent_uuid: "fd708049127c43a790541efa938d44ea" member_type: VOTER last_known_addr { host: "127.0.107.194" port: 42305 } } peers { permanent_uuid: "97523d4652ba4535b390ebaa5e650406" member_type: VOTER last_known_addr { host: "127.0.107.195" port: 36817 } }
I20260709 13:00:07.540756  1779 raft_consensus.cc:385] T 8341ed1a90e94285820604d7972b82fa P 97523d4652ba4535b390ebaa5e650406 [term 0 FOLLOWER]: Consensus starting up: Expiring failure detector timer to make a prompt election more likely
I20260709 13:00:07.541729  1781 tablet_bootstrap.cc:654] T dd05ecbcdd9b449388a9536bb34b2f92 P ff14f18531764970b192304e742c8203: Neither blocks nor log segments found. Creating new log.
I20260709 13:00:07.541082  1779 raft_consensus.cc:740] T 8341ed1a90e94285820604d7972b82fa P 97523d4652ba4535b390ebaa5e650406 [term 0 FOLLOWER]: Becoming Follower/Learner. State: Replica: 97523d4652ba4535b390ebaa5e650406, State: Initialized, Role: FOLLOWER
I20260709 13:00:07.543025  1740 tablet_service.cc:1917] Received RequestConsensusVote() RPC: tablet_id: "79af78a5d5f24747b0fa4f775b2b2c8d" candidate_uuid: "ff14f18531764970b192304e742c8203" candidate_term: 1 candidate_status { last_received { term: 0 index: 0 } } ignore_live_leader: false dest_uuid: "97523d4652ba4535b390ebaa5e650406" is_pre_election: true
I20260709 13:00:07.543573  1779 consensus_queue.cc:260] T 8341ed1a90e94285820604d7972b82fa P 97523d4652ba4535b390ebaa5e650406 [NON_LEADER]: Queue going to NON_LEADER mode. State: All replicated index: 0, Majority replicated index: 0, Committed index: 0, Last appended: 0.0, Last appended by leader: 0, Current term: 0, Majority size: -1, State: 0, Mode: NON_LEADER, active raft config: opid_index: -1 OBSOLETE_local: false peers { permanent_uuid: "ff14f18531764970b192304e742c8203" member_type: VOTER last_known_addr { host: "127.0.107.193" port: 45325 } } peers { permanent_uuid: "fd708049127c43a790541efa938d44ea" member_type: VOTER last_known_addr { host: "127.0.107.194" port: 42305 } } peers { permanent_uuid: "97523d4652ba4535b390ebaa5e650406" member_type: VOTER last_known_addr { host: "127.0.107.195" port: 36817 } }
I20260709 13:00:07.546859  1875 leader_election.cc:290] T 694ef8cfdfcd42e0aa35f343e86fc0bb P 97523d4652ba4535b390ebaa5e650406 [CANDIDATE]: Term 1 pre-election: Requested pre-vote from peers ff14f18531764970b192304e742c8203 (127.0.107.193:45325), fd708049127c43a790541efa938d44ea (127.0.107.194:42305)
I20260709 13:00:07.547541  1779 ts_tablet_manager.cc:1434] T 8341ed1a90e94285820604d7972b82fa P 97523d4652ba4535b390ebaa5e650406: Time spent starting tablet: real 0.014s	user 0.004s	sys 0.000s
I20260709 13:00:07.548381  1779 tablet_bootstrap.cc:492] T 495c8786c73947d3bfc3d3ebe1089e3c P 97523d4652ba4535b390ebaa5e650406: Bootstrap starting.
I20260709 13:00:07.549237  1588 tablet_service.cc:1917] Received RequestConsensusVote() RPC: tablet_id: "694ef8cfdfcd42e0aa35f343e86fc0bb" candidate_uuid: "97523d4652ba4535b390ebaa5e650406" candidate_term: 1 candidate_status { last_received { term: 0 index: 0 } } ignore_live_leader: false dest_uuid: "ff14f18531764970b192304e742c8203" is_pre_election: true
W20260709 13:00:07.551745  1706 leader_election.cc:343] T 694ef8cfdfcd42e0aa35f343e86fc0bb P 97523d4652ba4535b390ebaa5e650406 [CANDIDATE]: Term 1 pre-election: Tablet error from VoteRequest() call to peer ff14f18531764970b192304e742c8203 (127.0.107.193:45325): Illegal state: must be running to vote when last-logged opid is not known
I20260709 13:00:07.553117  1665 tablet_service.cc:1917] Received RequestConsensusVote() RPC: tablet_id: "694ef8cfdfcd42e0aa35f343e86fc0bb" candidate_uuid: "97523d4652ba4535b390ebaa5e650406" candidate_term: 1 candidate_status { last_received { term: 0 index: 0 } } ignore_live_leader: false dest_uuid: "fd708049127c43a790541efa938d44ea" is_pre_election: true
W20260709 13:00:07.557971  1706 leader_election.cc:343] T 694ef8cfdfcd42e0aa35f343e86fc0bb P 97523d4652ba4535b390ebaa5e650406 [CANDIDATE]: Term 1 pre-election: Tablet error from VoteRequest() call to peer fd708049127c43a790541efa938d44ea (127.0.107.194:42305): Illegal state: must be running to vote when last-logged opid is not known
I20260709 13:00:07.558302  1706 leader_election.cc:304] T 694ef8cfdfcd42e0aa35f343e86fc0bb P 97523d4652ba4535b390ebaa5e650406 [CANDIDATE]: Term 1 pre-election: Election decided. Result: candidate lost. Election summary: received 3 responses out of 3 voters: 1 yes votes; 2 no votes. yes voters: 97523d4652ba4535b390ebaa5e650406; no voters: fd708049127c43a790541efa938d44ea, ff14f18531764970b192304e742c8203
I20260709 13:00:07.560926  1972 raft_consensus.cc:2749] T 694ef8cfdfcd42e0aa35f343e86fc0bb P 97523d4652ba4535b390ebaa5e650406 [term 0 FOLLOWER]: Leader pre-election lost for term 1. Reason: could not achieve majority
I20260709 13:00:07.561492  1903 consensus_queue.cc:1048] T 40a27185bc184352ae2bc8101227e7cf P ff14f18531764970b192304e742c8203 [LEADER]: Connected to new peer: Peer: permanent_uuid: "97523d4652ba4535b390ebaa5e650406" member_type: VOTER last_known_addr { host: "127.0.107.195" port: 36817 }, Status: LMP_MISMATCH, Last received: 0.0, Next index: 1, Last known committed idx: 0, Time since last communication: 0.000s
I20260709 13:00:07.561610  1557 leader_election.cc:304] T 79af78a5d5f24747b0fa4f775b2b2c8d P ff14f18531764970b192304e742c8203 [CANDIDATE]: Term 1 pre-election: Election decided. Result: candidate lost. Election summary: received 3 responses out of 3 voters: 1 yes votes; 2 no votes. yes voters: ff14f18531764970b192304e742c8203; no voters: 97523d4652ba4535b390ebaa5e650406, fd708049127c43a790541efa938d44ea
I20260709 13:00:07.563423  1780 tablet_bootstrap.cc:492] T 694ef8cfdfcd42e0aa35f343e86fc0bb P fd708049127c43a790541efa938d44ea: No bootstrap required, opened a new log
I20260709 13:00:07.563839  1780 ts_tablet_manager.cc:1403] T 694ef8cfdfcd42e0aa35f343e86fc0bb P fd708049127c43a790541efa938d44ea: Time spent bootstrapping tablet: real 0.087s	user 0.011s	sys 0.001s
I20260709 13:00:07.563961  1903 raft_consensus.cc:3060] T 79af78a5d5f24747b0fa4f775b2b2c8d P ff14f18531764970b192304e742c8203 [term 0 FOLLOWER]: Advancing to term 1
I20260709 13:00:07.565281  1779 tablet_bootstrap.cc:654] T 495c8786c73947d3bfc3d3ebe1089e3c P 97523d4652ba4535b390ebaa5e650406: Neither blocks nor log segments found. Creating new log.
I20260709 13:00:07.565963  1666 raft_consensus.cc:3060] T d8dc28c9d98e44f4a488c4d9c8d96b87 P fd708049127c43a790541efa938d44ea [term 0 FOLLOWER]: Advancing to term 1
I20260709 13:00:07.573642  1780 raft_consensus.cc:359] T 694ef8cfdfcd42e0aa35f343e86fc0bb P fd708049127c43a790541efa938d44ea [term 0 FOLLOWER]: Replica starting. Triggering 0 pending ops. Active config: opid_index: -1 OBSOLETE_local: false peers { permanent_uuid: "ff14f18531764970b192304e742c8203" member_type: VOTER last_known_addr { host: "127.0.107.193" port: 45325 } } peers { permanent_uuid: "fd708049127c43a790541efa938d44ea" member_type: VOTER last_known_addr { host: "127.0.107.194" port: 42305 } } peers { permanent_uuid: "97523d4652ba4535b390ebaa5e650406" member_type: VOTER last_known_addr { host: "127.0.107.195" port: 36817 } }
I20260709 13:00:07.574622  1780 raft_consensus.cc:385] T 694ef8cfdfcd42e0aa35f343e86fc0bb P fd708049127c43a790541efa938d44ea [term 0 FOLLOWER]: Consensus starting up: Expiring failure detector timer to make a prompt election more likely
I20260709 13:00:07.574931  1780 raft_consensus.cc:740] T 694ef8cfdfcd42e0aa35f343e86fc0bb P fd708049127c43a790541efa938d44ea [term 0 FOLLOWER]: Becoming Follower/Learner. State: Replica: fd708049127c43a790541efa938d44ea, State: Initialized, Role: FOLLOWER
I20260709 13:00:07.575642  1780 consensus_queue.cc:260] T 694ef8cfdfcd42e0aa35f343e86fc0bb P fd708049127c43a790541efa938d44ea [NON_LEADER]: Queue going to NON_LEADER mode. State: All replicated index: 0, Majority replicated index: 0, Committed index: 0, Last appended: 0.0, Last appended by leader: 0, Current term: 0, Majority size: -1, State: 0, Mode: NON_LEADER, active raft config: opid_index: -1 OBSOLETE_local: false peers { permanent_uuid: "ff14f18531764970b192304e742c8203" member_type: VOTER last_known_addr { host: "127.0.107.193" port: 45325 } } peers { permanent_uuid: "fd708049127c43a790541efa938d44ea" member_type: VOTER last_known_addr { host: "127.0.107.194" port: 42305 } } peers { permanent_uuid: "97523d4652ba4535b390ebaa5e650406" member_type: VOTER last_known_addr { host: "127.0.107.195" port: 36817 } }
I20260709 13:00:07.577589  1781 tablet_bootstrap.cc:492] T dd05ecbcdd9b449388a9536bb34b2f92 P ff14f18531764970b192304e742c8203: No bootstrap required, opened a new log
I20260709 13:00:07.577796  1780 ts_tablet_manager.cc:1434] T 694ef8cfdfcd42e0aa35f343e86fc0bb P fd708049127c43a790541efa938d44ea: Time spent starting tablet: real 0.014s	user 0.006s	sys 0.001s
I20260709 13:00:07.578135  1781 ts_tablet_manager.cc:1403] T dd05ecbcdd9b449388a9536bb34b2f92 P ff14f18531764970b192304e742c8203: Time spent bootstrapping tablet: real 0.086s	user 0.010s	sys 0.008s
I20260709 13:00:07.578781  1780 tablet_bootstrap.cc:492] T b04b667a667e4d0092ee11a29712348d P fd708049127c43a790541efa938d44ea: Bootstrap starting.
I20260709 13:00:07.581118  1781 raft_consensus.cc:359] T dd05ecbcdd9b449388a9536bb34b2f92 P ff14f18531764970b192304e742c8203 [term 0 FOLLOWER]: Replica starting. Triggering 0 pending ops. Active config: opid_index: -1 OBSOLETE_local: false peers { permanent_uuid: "ff14f18531764970b192304e742c8203" member_type: VOTER last_known_addr { host: "127.0.107.193" port: 45325 } } peers { permanent_uuid: "fd708049127c43a790541efa938d44ea" member_type: VOTER last_known_addr { host: "127.0.107.194" port: 42305 } } peers { permanent_uuid: "97523d4652ba4535b390ebaa5e650406" member_type: VOTER last_known_addr { host: "127.0.107.195" port: 36817 } }
I20260709 13:00:07.581804  1781 raft_consensus.cc:385] T dd05ecbcdd9b449388a9536bb34b2f92 P ff14f18531764970b192304e742c8203 [term 0 FOLLOWER]: Consensus starting up: Expiring failure detector timer to make a prompt election more likely
I20260709 13:00:07.582129  1781 raft_consensus.cc:740] T dd05ecbcdd9b449388a9536bb34b2f92 P ff14f18531764970b192304e742c8203 [term 0 FOLLOWER]: Becoming Follower/Learner. State: Replica: ff14f18531764970b192304e742c8203, State: Initialized, Role: FOLLOWER
I20260709 13:00:07.582885  1781 consensus_queue.cc:260] T dd05ecbcdd9b449388a9536bb34b2f92 P ff14f18531764970b192304e742c8203 [NON_LEADER]: Queue going to NON_LEADER mode. State: All replicated index: 0, Majority replicated index: 0, Committed index: 0, Last appended: 0.0, Last appended by leader: 0, Current term: 0, Majority size: -1, State: 0, Mode: NON_LEADER, active raft config: opid_index: -1 OBSOLETE_local: false peers { permanent_uuid: "ff14f18531764970b192304e742c8203" member_type: VOTER last_known_addr { host: "127.0.107.193" port: 45325 } } peers { permanent_uuid: "fd708049127c43a790541efa938d44ea" member_type: VOTER last_known_addr { host: "127.0.107.194" port: 42305 } } peers { permanent_uuid: "97523d4652ba4535b390ebaa5e650406" member_type: VOTER last_known_addr { host: "127.0.107.195" port: 36817 } }
I20260709 13:00:07.591323  1781 ts_tablet_manager.cc:1434] T dd05ecbcdd9b449388a9536bb34b2f92 P ff14f18531764970b192304e742c8203: Time spent starting tablet: real 0.013s	user 0.005s	sys 0.001s
I20260709 13:00:07.572739  1903 raft_consensus.cc:2749] T 79af78a5d5f24747b0fa4f775b2b2c8d P ff14f18531764970b192304e742c8203 [term 1 FOLLOWER]: Leader pre-election lost for term 1. Reason: could not achieve majority
I20260709 13:00:07.592314  1781 tablet_bootstrap.cc:492] T 3dcb3a0e984e41d8a4eedb628fa60176 P ff14f18531764970b192304e742c8203: Bootstrap starting.
I20260709 13:00:07.598817  1781 tablet_bootstrap.cc:654] T 3dcb3a0e984e41d8a4eedb628fa60176 P ff14f18531764970b192304e742c8203: Neither blocks nor log segments found. Creating new log.
I20260709 13:00:07.591307  1780 tablet_bootstrap.cc:654] T b04b667a667e4d0092ee11a29712348d P fd708049127c43a790541efa938d44ea: Neither blocks nor log segments found. Creating new log.
I20260709 13:00:07.615571  1780 tablet_bootstrap.cc:492] T b04b667a667e4d0092ee11a29712348d P fd708049127c43a790541efa938d44ea: No bootstrap required, opened a new log
I20260709 13:00:07.616066  1780 ts_tablet_manager.cc:1403] T b04b667a667e4d0092ee11a29712348d P fd708049127c43a790541efa938d44ea: Time spent bootstrapping tablet: real 0.037s	user 0.010s	sys 0.001s
I20260709 13:00:07.618680  1780 raft_consensus.cc:359] T b04b667a667e4d0092ee11a29712348d P fd708049127c43a790541efa938d44ea [term 0 FOLLOWER]: Replica starting. Triggering 0 pending ops. Active config: opid_index: -1 OBSOLETE_local: false peers { permanent_uuid: "ff14f18531764970b192304e742c8203" member_type: VOTER last_known_addr { host: "127.0.107.193" port: 45325 } } peers { permanent_uuid: "fd708049127c43a790541efa938d44ea" member_type: VOTER last_known_addr { host: "127.0.107.194" port: 42305 } } peers { permanent_uuid: "97523d4652ba4535b390ebaa5e650406" member_type: VOTER last_known_addr { host: "127.0.107.195" port: 36817 } }
I20260709 13:00:07.619386  1780 raft_consensus.cc:385] T b04b667a667e4d0092ee11a29712348d P fd708049127c43a790541efa938d44ea [term 0 FOLLOWER]: Consensus starting up: Expiring failure detector timer to make a prompt election more likely
I20260709 13:00:07.619664  1780 raft_consensus.cc:740] T b04b667a667e4d0092ee11a29712348d P fd708049127c43a790541efa938d44ea [term 0 FOLLOWER]: Becoming Follower/Learner. State: Replica: fd708049127c43a790541efa938d44ea, State: Initialized, Role: FOLLOWER
I20260709 13:00:07.620360  1780 consensus_queue.cc:260] T b04b667a667e4d0092ee11a29712348d P fd708049127c43a790541efa938d44ea [NON_LEADER]: Queue going to NON_LEADER mode. State: All replicated index: 0, Majority replicated index: 0, Committed index: 0, Last appended: 0.0, Last appended by leader: 0, Current term: 0, Majority size: -1, State: 0, Mode: NON_LEADER, active raft config: opid_index: -1 OBSOLETE_local: false peers { permanent_uuid: "ff14f18531764970b192304e742c8203" member_type: VOTER last_known_addr { host: "127.0.107.193" port: 45325 } } peers { permanent_uuid: "fd708049127c43a790541efa938d44ea" member_type: VOTER last_known_addr { host: "127.0.107.194" port: 42305 } } peers { permanent_uuid: "97523d4652ba4535b390ebaa5e650406" member_type: VOTER last_known_addr { host: "127.0.107.195" port: 36817 } }
I20260709 13:00:07.623310  1781 tablet_bootstrap.cc:492] T 3dcb3a0e984e41d8a4eedb628fa60176 P ff14f18531764970b192304e742c8203: No bootstrap required, opened a new log
I20260709 13:00:07.623474  1780 ts_tablet_manager.cc:1434] T b04b667a667e4d0092ee11a29712348d P fd708049127c43a790541efa938d44ea: Time spent starting tablet: real 0.007s	user 0.007s	sys 0.000s
I20260709 13:00:07.623786  1781 ts_tablet_manager.cc:1403] T 3dcb3a0e984e41d8a4eedb628fa60176 P ff14f18531764970b192304e742c8203: Time spent bootstrapping tablet: real 0.032s	user 0.011s	sys 0.000s
I20260709 13:00:07.624357  1780 tablet_bootstrap.cc:492] T b51a3a80f68a4862a30cc0931aab2812 P fd708049127c43a790541efa938d44ea: Bootstrap starting.
I20260709 13:00:07.626405  1781 raft_consensus.cc:359] T 3dcb3a0e984e41d8a4eedb628fa60176 P ff14f18531764970b192304e742c8203 [term 0 FOLLOWER]: Replica starting. Triggering 0 pending ops. Active config: opid_index: -1 OBSOLETE_local: false peers { permanent_uuid: "ff14f18531764970b192304e742c8203" member_type: VOTER last_known_addr { host: "127.0.107.193" port: 45325 } } peers { permanent_uuid: "fd708049127c43a790541efa938d44ea" member_type: VOTER last_known_addr { host: "127.0.107.194" port: 42305 } } peers { permanent_uuid: "97523d4652ba4535b390ebaa5e650406" member_type: VOTER last_known_addr { host: "127.0.107.195" port: 36817 } }
I20260709 13:00:07.627065  1781 raft_consensus.cc:385] T 3dcb3a0e984e41d8a4eedb628fa60176 P ff14f18531764970b192304e742c8203 [term 0 FOLLOWER]: Consensus starting up: Expiring failure detector timer to make a prompt election more likely
I20260709 13:00:07.627348  1781 raft_consensus.cc:740] T 3dcb3a0e984e41d8a4eedb628fa60176 P ff14f18531764970b192304e742c8203 [term 0 FOLLOWER]: Becoming Follower/Learner. State: Replica: ff14f18531764970b192304e742c8203, State: Initialized, Role: FOLLOWER
I20260709 13:00:07.630769  1780 tablet_bootstrap.cc:654] T b51a3a80f68a4862a30cc0931aab2812 P fd708049127c43a790541efa938d44ea: Neither blocks nor log segments found. Creating new log.
I20260709 13:00:07.630949  1915 raft_consensus.cc:493] T 694ef8cfdfcd42e0aa35f343e86fc0bb P fd708049127c43a790541efa938d44ea [term 0 FOLLOWER]: Starting pre-election (no leader contacted us within the election timeout)
I20260709 13:00:07.631407  1915 raft_consensus.cc:515] T 694ef8cfdfcd42e0aa35f343e86fc0bb P fd708049127c43a790541efa938d44ea [term 0 FOLLOWER]: Starting pre-election with config: opid_index: -1 OBSOLETE_local: false peers { permanent_uuid: "ff14f18531764970b192304e742c8203" member_type: VOTER last_known_addr { host: "127.0.107.193" port: 45325 } } peers { permanent_uuid: "fd708049127c43a790541efa938d44ea" member_type: VOTER last_known_addr { host: "127.0.107.194" port: 42305 } } peers { permanent_uuid: "97523d4652ba4535b390ebaa5e650406" member_type: VOTER last_known_addr { host: "127.0.107.195" port: 36817 } }
I20260709 13:00:07.631356  1486 catalog_manager.cc:5697] T 3dcb3a0e984e41d8a4eedb628fa60176 P 97523d4652ba4535b390ebaa5e650406 reported cstate change: term changed from 0 to 1, leader changed from <none> to 97523d4652ba4535b390ebaa5e650406 (127.0.107.195). New cstate: current_term: 1 leader_uuid: "97523d4652ba4535b390ebaa5e650406" committed_config { opid_index: -1 OBSOLETE_local: false peers { permanent_uuid: "ff14f18531764970b192304e742c8203" member_type: VOTER last_known_addr { host: "127.0.107.193" port: 45325 } health_report { overall_health: UNKNOWN } } peers { permanent_uuid: "fd708049127c43a790541efa938d44ea" member_type: VOTER last_known_addr { host: "127.0.107.194" port: 42305 } health_report { overall_health: UNKNOWN } } peers { permanent_uuid: "97523d4652ba4535b390ebaa5e650406" member_type: VOTER last_known_addr { host: "127.0.107.195" port: 36817 } health_report { overall_health: HEALTHY } } }
I20260709 13:00:07.632752  1781 consensus_queue.cc:260] T 3dcb3a0e984e41d8a4eedb628fa60176 P ff14f18531764970b192304e742c8203 [NON_LEADER]: Queue going to NON_LEADER mode. State: All replicated index: 0, Majority replicated index: 0, Committed index: 0, Last appended: 0.0, Last appended by leader: 0, Current term: 0, Majority size: -1, State: 0, Mode: NON_LEADER, active raft config: opid_index: -1 OBSOLETE_local: false peers { permanent_uuid: "ff14f18531764970b192304e742c8203" member_type: VOTER last_known_addr { host: "127.0.107.193" port: 45325 } } peers { permanent_uuid: "fd708049127c43a790541efa938d44ea" member_type: VOTER last_known_addr { host: "127.0.107.194" port: 42305 } } peers { permanent_uuid: "97523d4652ba4535b390ebaa5e650406" member_type: VOTER last_known_addr { host: "127.0.107.195" port: 36817 } }
I20260709 13:00:07.633409  1915 leader_election.cc:290] T 694ef8cfdfcd42e0aa35f343e86fc0bb P fd708049127c43a790541efa938d44ea [CANDIDATE]: Term 1 pre-election: Requested pre-vote from peers ff14f18531764970b192304e742c8203 (127.0.107.193:45325), 97523d4652ba4535b390ebaa5e650406 (127.0.107.195:36817)
I20260709 13:00:07.635349  1781 ts_tablet_manager.cc:1434] T 3dcb3a0e984e41d8a4eedb628fa60176 P ff14f18531764970b192304e742c8203: Time spent starting tablet: real 0.011s	user 0.006s	sys 0.000s
I20260709 13:00:07.636041  1591 tablet_service.cc:1917] Received RequestConsensusVote() RPC: tablet_id: "694ef8cfdfcd42e0aa35f343e86fc0bb" candidate_uuid: "fd708049127c43a790541efa938d44ea" candidate_term: 1 candidate_status { last_received { term: 0 index: 0 } } ignore_live_leader: false dest_uuid: "ff14f18531764970b192304e742c8203" is_pre_election: true
I20260709 13:00:07.636475  1781 tablet_bootstrap.cc:492] T 495c8786c73947d3bfc3d3ebe1089e3c P ff14f18531764970b192304e742c8203: Bootstrap starting.
I20260709 13:00:07.635284  1739 tablet_service.cc:1917] Received RequestConsensusVote() RPC: tablet_id: "694ef8cfdfcd42e0aa35f343e86fc0bb" candidate_uuid: "fd708049127c43a790541efa938d44ea" candidate_term: 1 candidate_status { last_received { term: 0 index: 0 } } ignore_live_leader: false dest_uuid: "97523d4652ba4535b390ebaa5e650406" is_pre_election: true
I20260709 13:00:07.645939  1739 raft_consensus.cc:2468] T 694ef8cfdfcd42e0aa35f343e86fc0bb P 97523d4652ba4535b390ebaa5e650406 [term 0 FOLLOWER]: Leader pre-election vote request: Granting yes vote for candidate fd708049127c43a790541efa938d44ea in term 0.
W20260709 13:00:07.647400  1632 leader_election.cc:343] T 694ef8cfdfcd42e0aa35f343e86fc0bb P fd708049127c43a790541efa938d44ea [CANDIDATE]: Term 1 pre-election: Tablet error from VoteRequest() call to peer ff14f18531764970b192304e742c8203 (127.0.107.193:45325): Illegal state: must be running to vote when last-logged opid is not known
I20260709 13:00:07.648087  1632 leader_election.cc:304] T 694ef8cfdfcd42e0aa35f343e86fc0bb P fd708049127c43a790541efa938d44ea [CANDIDATE]: Term 1 pre-election: Election decided. Result: candidate won. Election summary: received 3 responses out of 3 voters: 2 yes votes; 1 no votes. yes voters: 97523d4652ba4535b390ebaa5e650406, fd708049127c43a790541efa938d44ea; no voters: ff14f18531764970b192304e742c8203
I20260709 13:00:07.649919  1915 raft_consensus.cc:2804] T 694ef8cfdfcd42e0aa35f343e86fc0bb P fd708049127c43a790541efa938d44ea [term 0 FOLLOWER]: Leader pre-election won for term 1
I20260709 13:00:07.650327  1915 raft_consensus.cc:493] T 694ef8cfdfcd42e0aa35f343e86fc0bb P fd708049127c43a790541efa938d44ea [term 0 FOLLOWER]: Starting leader election (no leader contacted us within the election timeout)
I20260709 13:00:07.653457  1915 raft_consensus.cc:3060] T 694ef8cfdfcd42e0aa35f343e86fc0bb P fd708049127c43a790541efa938d44ea [term 0 FOLLOWER]: Advancing to term 1
I20260709 13:00:07.655041  1781 tablet_bootstrap.cc:654] T 495c8786c73947d3bfc3d3ebe1089e3c P ff14f18531764970b192304e742c8203: Neither blocks nor log segments found. Creating new log.
I20260709 13:00:07.655961  1779 tablet_bootstrap.cc:492] T 495c8786c73947d3bfc3d3ebe1089e3c P 97523d4652ba4535b390ebaa5e650406: No bootstrap required, opened a new log
I20260709 13:00:07.656440  1779 ts_tablet_manager.cc:1403] T 495c8786c73947d3bfc3d3ebe1089e3c P 97523d4652ba4535b390ebaa5e650406: Time spent bootstrapping tablet: real 0.108s	user 0.016s	sys 0.006s
I20260709 13:00:07.659103  1779 raft_consensus.cc:359] T 495c8786c73947d3bfc3d3ebe1089e3c P 97523d4652ba4535b390ebaa5e650406 [term 0 FOLLOWER]: Replica starting. Triggering 0 pending ops. Active config: opid_index: -1 OBSOLETE_local: false peers { permanent_uuid: "ff14f18531764970b192304e742c8203" member_type: VOTER last_known_addr { host: "127.0.107.193" port: 45325 } } peers { permanent_uuid: "fd708049127c43a790541efa938d44ea" member_type: VOTER last_known_addr { host: "127.0.107.194" port: 42305 } } peers { permanent_uuid: "97523d4652ba4535b390ebaa5e650406" member_type: VOTER last_known_addr { host: "127.0.107.195" port: 36817 } }
I20260709 13:00:07.659817  1779 raft_consensus.cc:385] T 495c8786c73947d3bfc3d3ebe1089e3c P 97523d4652ba4535b390ebaa5e650406 [term 0 FOLLOWER]: Consensus starting up: Expiring failure detector timer to make a prompt election more likely
I20260709 13:00:07.660147  1779 raft_consensus.cc:740] T 495c8786c73947d3bfc3d3ebe1089e3c P 97523d4652ba4535b390ebaa5e650406 [term 0 FOLLOWER]: Becoming Follower/Learner. State: Replica: 97523d4652ba4535b390ebaa5e650406, State: Initialized, Role: FOLLOWER
I20260709 13:00:07.660161  1787 raft_consensus.cc:493] T 8341ed1a90e94285820604d7972b82fa P 97523d4652ba4535b390ebaa5e650406 [term 0 FOLLOWER]: Starting pre-election (no leader contacted us within the election timeout)
I20260709 13:00:07.661253  1787 raft_consensus.cc:515] T 8341ed1a90e94285820604d7972b82fa P 97523d4652ba4535b390ebaa5e650406 [term 0 FOLLOWER]: Starting pre-election with config: opid_index: -1 OBSOLETE_local: false peers { permanent_uuid: "ff14f18531764970b192304e742c8203" member_type: VOTER last_known_addr { host: "127.0.107.193" port: 45325 } } peers { permanent_uuid: "fd708049127c43a790541efa938d44ea" member_type: VOTER last_known_addr { host: "127.0.107.194" port: 42305 } } peers { permanent_uuid: "97523d4652ba4535b390ebaa5e650406" member_type: VOTER last_known_addr { host: "127.0.107.195" port: 36817 } }
I20260709 13:00:07.664012  1591 tablet_service.cc:1917] Received RequestConsensusVote() RPC: tablet_id: "8341ed1a90e94285820604d7972b82fa" candidate_uuid: "97523d4652ba4535b390ebaa5e650406" candidate_term: 1 candidate_status { last_received { term: 0 index: 0 } } ignore_live_leader: false dest_uuid: "ff14f18531764970b192304e742c8203" is_pre_election: true
I20260709 13:00:07.665126  1787 leader_election.cc:290] T 8341ed1a90e94285820604d7972b82fa P 97523d4652ba4535b390ebaa5e650406 [CANDIDATE]: Term 1 pre-election: Requested pre-vote from peers ff14f18531764970b192304e742c8203 (127.0.107.193:45325), fd708049127c43a790541efa938d44ea (127.0.107.194:42305)
I20260709 13:00:07.665840  1915 raft_consensus.cc:515] T 694ef8cfdfcd42e0aa35f343e86fc0bb P fd708049127c43a790541efa938d44ea [term 1 FOLLOWER]: Starting leader election with config: opid_index: -1 OBSOLETE_local: false peers { permanent_uuid: "ff14f18531764970b192304e742c8203" member_type: VOTER last_known_addr { host: "127.0.107.193" port: 45325 } } peers { permanent_uuid: "fd708049127c43a790541efa938d44ea" member_type: VOTER last_known_addr { host: "127.0.107.194" port: 42305 } } peers { permanent_uuid: "97523d4652ba4535b390ebaa5e650406" member_type: VOTER last_known_addr { host: "127.0.107.195" port: 36817 } }
I20260709 13:00:07.665999  1779 consensus_queue.cc:260] T 495c8786c73947d3bfc3d3ebe1089e3c P 97523d4652ba4535b390ebaa5e650406 [NON_LEADER]: Queue going to NON_LEADER mode. State: All replicated index: 0, Majority replicated index: 0, Committed index: 0, Last appended: 0.0, Last appended by leader: 0, Current term: 0, Majority size: -1, State: 0, Mode: NON_LEADER, active raft config: opid_index: -1 OBSOLETE_local: false peers { permanent_uuid: "ff14f18531764970b192304e742c8203" member_type: VOTER last_known_addr { host: "127.0.107.193" port: 45325 } } peers { permanent_uuid: "fd708049127c43a790541efa938d44ea" member_type: VOTER last_known_addr { host: "127.0.107.194" port: 42305 } } peers { permanent_uuid: "97523d4652ba4535b390ebaa5e650406" member_type: VOTER last_known_addr { host: "127.0.107.195" port: 36817 } }
I20260709 13:00:07.667977  1915 leader_election.cc:290] T 694ef8cfdfcd42e0aa35f343e86fc0bb P fd708049127c43a790541efa938d44ea [CANDIDATE]: Term 1 election: Requested vote from peers ff14f18531764970b192304e742c8203 (127.0.107.193:45325), 97523d4652ba4535b390ebaa5e650406 (127.0.107.195:36817)
I20260709 13:00:07.669202  1591 tablet_service.cc:1917] Received RequestConsensusVote() RPC: tablet_id: "694ef8cfdfcd42e0aa35f343e86fc0bb" candidate_uuid: "fd708049127c43a790541efa938d44ea" candidate_term: 1 candidate_status { last_received { term: 0 index: 0 } } ignore_live_leader: false dest_uuid: "ff14f18531764970b192304e742c8203"
I20260709 13:00:07.669472  1740 tablet_service.cc:1917] Received RequestConsensusVote() RPC: tablet_id: "694ef8cfdfcd42e0aa35f343e86fc0bb" candidate_uuid: "fd708049127c43a790541efa938d44ea" candidate_term: 1 candidate_status { last_received { term: 0 index: 0 } } ignore_live_leader: false dest_uuid: "97523d4652ba4535b390ebaa5e650406"
I20260709 13:00:07.670233  1740 raft_consensus.cc:3060] T 694ef8cfdfcd42e0aa35f343e86fc0bb P 97523d4652ba4535b390ebaa5e650406 [term 0 FOLLOWER]: Advancing to term 1
I20260709 13:00:07.672679  1665 raft_consensus.cc:3060] T b04b667a667e4d0092ee11a29712348d P fd708049127c43a790541efa938d44ea [term 0 FOLLOWER]: Advancing to term 1
I20260709 13:00:07.677722  1740 raft_consensus.cc:2468] T 694ef8cfdfcd42e0aa35f343e86fc0bb P 97523d4652ba4535b390ebaa5e650406 [term 1 FOLLOWER]: Leader election vote request: Granting yes vote for candidate fd708049127c43a790541efa938d44ea in term 1.
I20260709 13:00:07.679581  1779 ts_tablet_manager.cc:1434] T 495c8786c73947d3bfc3d3ebe1089e3c P 97523d4652ba4535b390ebaa5e650406: Time spent starting tablet: real 0.023s	user 0.003s	sys 0.005s
I20260709 13:00:07.680536  1779 tablet_bootstrap.cc:492] T b51a3a80f68a4862a30cc0931aab2812 P 97523d4652ba4535b390ebaa5e650406: Bootstrap starting.
I20260709 13:00:07.685273  1666 tablet_service.cc:1917] Received RequestConsensusVote() RPC: tablet_id: "8341ed1a90e94285820604d7972b82fa" candidate_uuid: "97523d4652ba4535b390ebaa5e650406" candidate_term: 1 candidate_status { last_received { term: 0 index: 0 } } ignore_live_leader: false dest_uuid: "fd708049127c43a790541efa938d44ea" is_pre_election: true
W20260709 13:00:07.676963  1632 leader_election.cc:343] T 694ef8cfdfcd42e0aa35f343e86fc0bb P fd708049127c43a790541efa938d44ea [CANDIDATE]: Term 1 election: Tablet error from VoteRequest() call to peer ff14f18531764970b192304e742c8203 (127.0.107.193:45325): Illegal state: must be running to vote when last-logged opid is not known
I20260709 13:00:07.690343  1779 tablet_bootstrap.cc:654] T b51a3a80f68a4862a30cc0931aab2812 P 97523d4652ba4535b390ebaa5e650406: Neither blocks nor log segments found. Creating new log.
I20260709 13:00:07.690716  1632 leader_election.cc:304] T 694ef8cfdfcd42e0aa35f343e86fc0bb P fd708049127c43a790541efa938d44ea [CANDIDATE]: Term 1 election: Election decided. Result: candidate won. Election summary: received 3 responses out of 3 voters: 2 yes votes; 1 no votes. yes voters: 97523d4652ba4535b390ebaa5e650406, fd708049127c43a790541efa938d44ea; no voters: ff14f18531764970b192304e742c8203
I20260709 13:00:07.694099  1950 raft_consensus.cc:2804] T 694ef8cfdfcd42e0aa35f343e86fc0bb P fd708049127c43a790541efa938d44ea [term 1 FOLLOWER]: Leader election won for term 1
I20260709 13:00:07.694360  1706 leader_election.cc:304] T 8341ed1a90e94285820604d7972b82fa P 97523d4652ba4535b390ebaa5e650406 [CANDIDATE]: Term 1 pre-election: Election decided. Result: candidate lost. Election summary: received 3 responses out of 3 voters: 1 yes votes; 2 no votes. yes voters: 97523d4652ba4535b390ebaa5e650406; no voters: fd708049127c43a790541efa938d44ea, ff14f18531764970b192304e742c8203
I20260709 13:00:07.694589  1950 raft_consensus.cc:697] T 694ef8cfdfcd42e0aa35f343e86fc0bb P fd708049127c43a790541efa938d44ea [term 1 LEADER]: Becoming Leader. State: Replica: fd708049127c43a790541efa938d44ea, State: Running, Role: LEADER
I20260709 13:00:07.695339  1787 raft_consensus.cc:2749] T 8341ed1a90e94285820604d7972b82fa P 97523d4652ba4535b390ebaa5e650406 [term 0 FOLLOWER]: Leader pre-election lost for term 1. Reason: could not achieve majority
I20260709 13:00:07.695360  1950 consensus_queue.cc:237] T 694ef8cfdfcd42e0aa35f343e86fc0bb P fd708049127c43a790541efa938d44ea [LEADER]: Queue going to LEADER mode. State: All replicated index: 0, Majority replicated index: 0, Committed index: 0, Last appended: 0.0, Last appended by leader: 0, Current term: 1, Majority size: 2, State: 0, Mode: LEADER, active raft config: opid_index: -1 OBSOLETE_local: false peers { permanent_uuid: "ff14f18531764970b192304e742c8203" member_type: VOTER last_known_addr { host: "127.0.107.193" port: 45325 } } peers { permanent_uuid: "fd708049127c43a790541efa938d44ea" member_type: VOTER last_known_addr { host: "127.0.107.194" port: 42305 } } peers { permanent_uuid: "97523d4652ba4535b390ebaa5e650406" member_type: VOTER last_known_addr { host: "127.0.107.195" port: 36817 } }
I20260709 13:00:07.697614  1781 tablet_bootstrap.cc:492] T 495c8786c73947d3bfc3d3ebe1089e3c P ff14f18531764970b192304e742c8203: No bootstrap required, opened a new log
I20260709 13:00:07.698035  1781 ts_tablet_manager.cc:1403] T 495c8786c73947d3bfc3d3ebe1089e3c P ff14f18531764970b192304e742c8203: Time spent bootstrapping tablet: real 0.062s	user 0.016s	sys 0.011s
I20260709 13:00:07.698431  1779 tablet_bootstrap.cc:492] T b51a3a80f68a4862a30cc0931aab2812 P 97523d4652ba4535b390ebaa5e650406: No bootstrap required, opened a new log
I20260709 13:00:07.710247  1781 raft_consensus.cc:359] T 495c8786c73947d3bfc3d3ebe1089e3c P ff14f18531764970b192304e742c8203 [term 0 FOLLOWER]: Replica starting. Triggering 0 pending ops. Active config: opid_index: -1 OBSOLETE_local: false peers { permanent_uuid: "ff14f18531764970b192304e742c8203" member_type: VOTER last_known_addr { host: "127.0.107.193" port: 45325 } } peers { permanent_uuid: "fd708049127c43a790541efa938d44ea" member_type: VOTER last_known_addr { host: "127.0.107.194" port: 42305 } } peers { permanent_uuid: "97523d4652ba4535b390ebaa5e650406" member_type: VOTER last_known_addr { host: "127.0.107.195" port: 36817 } }
I20260709 13:00:07.710702  1780 tablet_bootstrap.cc:492] T b51a3a80f68a4862a30cc0931aab2812 P fd708049127c43a790541efa938d44ea: No bootstrap required, opened a new log
I20260709 13:00:07.710932  1781 raft_consensus.cc:385] T 495c8786c73947d3bfc3d3ebe1089e3c P ff14f18531764970b192304e742c8203 [term 0 FOLLOWER]: Consensus starting up: Expiring failure detector timer to make a prompt election more likely
I20260709 13:00:07.711154  1780 ts_tablet_manager.cc:1403] T b51a3a80f68a4862a30cc0931aab2812 P fd708049127c43a790541efa938d44ea: Time spent bootstrapping tablet: real 0.087s	user 0.020s	sys 0.016s
I20260709 13:00:07.711197  1781 raft_consensus.cc:740] T 495c8786c73947d3bfc3d3ebe1089e3c P ff14f18531764970b192304e742c8203 [term 0 FOLLOWER]: Becoming Follower/Learner. State: Replica: ff14f18531764970b192304e742c8203, State: Initialized, Role: FOLLOWER
I20260709 13:00:07.712018  1781 consensus_queue.cc:260] T 495c8786c73947d3bfc3d3ebe1089e3c P ff14f18531764970b192304e742c8203 [NON_LEADER]: Queue going to NON_LEADER mode. State: All replicated index: 0, Majority replicated index: 0, Committed index: 0, Last appended: 0.0, Last appended by leader: 0, Current term: 0, Majority size: -1, State: 0, Mode: NON_LEADER, active raft config: opid_index: -1 OBSOLETE_local: false peers { permanent_uuid: "ff14f18531764970b192304e742c8203" member_type: VOTER last_known_addr { host: "127.0.107.193" port: 45325 } } peers { permanent_uuid: "fd708049127c43a790541efa938d44ea" member_type: VOTER last_known_addr { host: "127.0.107.194" port: 42305 } } peers { permanent_uuid: "97523d4652ba4535b390ebaa5e650406" member_type: VOTER last_known_addr { host: "127.0.107.195" port: 36817 } }
I20260709 13:00:07.713599  1780 raft_consensus.cc:359] T b51a3a80f68a4862a30cc0931aab2812 P fd708049127c43a790541efa938d44ea [term 0 FOLLOWER]: Replica starting. Triggering 0 pending ops. Active config: opid_index: -1 OBSOLETE_local: false peers { permanent_uuid: "ff14f18531764970b192304e742c8203" member_type: VOTER last_known_addr { host: "127.0.107.193" port: 45325 } } peers { permanent_uuid: "fd708049127c43a790541efa938d44ea" member_type: VOTER last_known_addr { host: "127.0.107.194" port: 42305 } } peers { permanent_uuid: "97523d4652ba4535b390ebaa5e650406" member_type: VOTER last_known_addr { host: "127.0.107.195" port: 36817 } }
I20260709 13:00:07.714046  1781 ts_tablet_manager.cc:1434] T 495c8786c73947d3bfc3d3ebe1089e3c P ff14f18531764970b192304e742c8203: Time spent starting tablet: real 0.016s	user 0.008s	sys 0.000s
I20260709 13:00:07.714242  1780 raft_consensus.cc:385] T b51a3a80f68a4862a30cc0931aab2812 P fd708049127c43a790541efa938d44ea [term 0 FOLLOWER]: Consensus starting up: Expiring failure detector timer to make a prompt election more likely
I20260709 13:00:07.714537  1780 raft_consensus.cc:740] T b51a3a80f68a4862a30cc0931aab2812 P fd708049127c43a790541efa938d44ea [term 0 FOLLOWER]: Becoming Follower/Learner. State: Replica: fd708049127c43a790541efa938d44ea, State: Initialized, Role: FOLLOWER
I20260709 13:00:07.715361  1781 tablet_bootstrap.cc:492] T f42a7389bc8a415fbb2f962da1dcb54c P ff14f18531764970b192304e742c8203: Bootstrap starting.
I20260709 13:00:07.715170  1780 consensus_queue.cc:260] T b51a3a80f68a4862a30cc0931aab2812 P fd708049127c43a790541efa938d44ea [NON_LEADER]: Queue going to NON_LEADER mode. State: All replicated index: 0, Majority replicated index: 0, Committed index: 0, Last appended: 0.0, Last appended by leader: 0, Current term: 0, Majority size: -1, State: 0, Mode: NON_LEADER, active raft config: opid_index: -1 OBSOLETE_local: false peers { permanent_uuid: "ff14f18531764970b192304e742c8203" member_type: VOTER last_known_addr { host: "127.0.107.193" port: 45325 } } peers { permanent_uuid: "fd708049127c43a790541efa938d44ea" member_type: VOTER last_known_addr { host: "127.0.107.194" port: 42305 } } peers { permanent_uuid: "97523d4652ba4535b390ebaa5e650406" member_type: VOTER last_known_addr { host: "127.0.107.195" port: 36817 } }
I20260709 13:00:07.708781  1779 ts_tablet_manager.cc:1403] T b51a3a80f68a4862a30cc0931aab2812 P 97523d4652ba4535b390ebaa5e650406: Time spent bootstrapping tablet: real 0.028s	user 0.012s	sys 0.000s
I20260709 13:00:07.720373  1779 raft_consensus.cc:359] T b51a3a80f68a4862a30cc0931aab2812 P 97523d4652ba4535b390ebaa5e650406 [term 0 FOLLOWER]: Replica starting. Triggering 0 pending ops. Active config: opid_index: -1 OBSOLETE_local: false peers { permanent_uuid: "ff14f18531764970b192304e742c8203" member_type: VOTER last_known_addr { host: "127.0.107.193" port: 45325 } } peers { permanent_uuid: "fd708049127c43a790541efa938d44ea" member_type: VOTER last_known_addr { host: "127.0.107.194" port: 42305 } } peers { permanent_uuid: "97523d4652ba4535b390ebaa5e650406" member_type: VOTER last_known_addr { host: "127.0.107.195" port: 36817 } }
I20260709 13:00:07.721067  1779 raft_consensus.cc:385] T b51a3a80f68a4862a30cc0931aab2812 P 97523d4652ba4535b390ebaa5e650406 [term 0 FOLLOWER]: Consensus starting up: Expiring failure detector timer to make a prompt election more likely
I20260709 13:00:07.721350  1779 raft_consensus.cc:740] T b51a3a80f68a4862a30cc0931aab2812 P 97523d4652ba4535b390ebaa5e650406 [term 0 FOLLOWER]: Becoming Follower/Learner. State: Replica: 97523d4652ba4535b390ebaa5e650406, State: Initialized, Role: FOLLOWER
I20260709 13:00:07.720551  1836 consensus_queue.cc:1048] T 490adb58bf01470895dbbd56f07b1284 P fd708049127c43a790541efa938d44ea [LEADER]: Connected to new peer: Peer: permanent_uuid: "ff14f18531764970b192304e742c8203" member_type: VOTER last_known_addr { host: "127.0.107.193" port: 45325 }, Status: LMP_MISMATCH, Last received: 0.0, Next index: 1, Last known committed idx: 0, Time since last communication: 0.001s
I20260709 13:00:07.722410  1779 consensus_queue.cc:260] T b51a3a80f68a4862a30cc0931aab2812 P 97523d4652ba4535b390ebaa5e650406 [NON_LEADER]: Queue going to NON_LEADER mode. State: All replicated index: 0, Majority replicated index: 0, Committed index: 0, Last appended: 0.0, Last appended by leader: 0, Current term: 0, Majority size: -1, State: 0, Mode: NON_LEADER, active raft config: opid_index: -1 OBSOLETE_local: false peers { permanent_uuid: "ff14f18531764970b192304e742c8203" member_type: VOTER last_known_addr { host: "127.0.107.193" port: 45325 } } peers { permanent_uuid: "fd708049127c43a790541efa938d44ea" member_type: VOTER last_known_addr { host: "127.0.107.194" port: 42305 } } peers { permanent_uuid: "97523d4652ba4535b390ebaa5e650406" member_type: VOTER last_known_addr { host: "127.0.107.195" port: 36817 } }
I20260709 13:00:07.722589  1781 tablet_bootstrap.cc:654] T f42a7389bc8a415fbb2f962da1dcb54c P ff14f18531764970b192304e742c8203: Neither blocks nor log segments found. Creating new log.
I20260709 13:00:07.726964  1780 ts_tablet_manager.cc:1434] T b51a3a80f68a4862a30cc0931aab2812 P fd708049127c43a790541efa938d44ea: Time spent starting tablet: real 0.015s	user 0.007s	sys 0.000s
I20260709 13:00:07.728356  1780 tablet_bootstrap.cc:492] T f31b1540a2864485beef722d96dfd99e P fd708049127c43a790541efa938d44ea: Bootstrap starting.
I20260709 13:00:07.729596  1779 ts_tablet_manager.cc:1434] T b51a3a80f68a4862a30cc0931aab2812 P 97523d4652ba4535b390ebaa5e650406: Time spent starting tablet: real 0.011s	user 0.004s	sys 0.004s
I20260709 13:00:07.735560  1779 tablet_bootstrap.cc:492] T 609da07339a24193af14d7fae6a3eff3 P 97523d4652ba4535b390ebaa5e650406: Bootstrap starting.
I20260709 13:00:07.746500  1836 consensus_queue.cc:1048] T 490adb58bf01470895dbbd56f07b1284 P fd708049127c43a790541efa938d44ea [LEADER]: Connected to new peer: Peer: permanent_uuid: "97523d4652ba4535b390ebaa5e650406" member_type: VOTER last_known_addr { host: "127.0.107.195" port: 36817 }, Status: LMP_MISMATCH, Last received: 0.0, Next index: 1, Last known committed idx: 0, Time since last communication: 0.001s
I20260709 13:00:07.761551  1780 tablet_bootstrap.cc:654] T f31b1540a2864485beef722d96dfd99e P fd708049127c43a790541efa938d44ea: Neither blocks nor log segments found. Creating new log.
I20260709 13:00:07.768199  1787 raft_consensus.cc:493] T b51a3a80f68a4862a30cc0931aab2812 P 97523d4652ba4535b390ebaa5e650406 [term 0 FOLLOWER]: Starting pre-election (no leader contacted us within the election timeout)
I20260709 13:00:07.768276  1971 consensus_queue.cc:1048] T 79af78a5d5f24747b0fa4f775b2b2c8d P 97523d4652ba4535b390ebaa5e650406 [LEADER]: Connected to new peer: Peer: permanent_uuid: "fd708049127c43a790541efa938d44ea" member_type: VOTER last_known_addr { host: "127.0.107.194" port: 42305 }, Status: LMP_MISMATCH, Last received: 0.0, Next index: 1, Last known committed idx: 0, Time since last communication: 0.001s
I20260709 13:00:07.770323  1875 consensus_queue.cc:1048] T 79af78a5d5f24747b0fa4f775b2b2c8d P 97523d4652ba4535b390ebaa5e650406 [LEADER]: Connected to new peer: Peer: permanent_uuid: "ff14f18531764970b192304e742c8203" member_type: VOTER last_known_addr { host: "127.0.107.193" port: 45325 }, Status: LMP_MISMATCH, Last received: 0.0, Next index: 1, Last known committed idx: 0, Time since last communication: 0.000s
I20260709 13:00:07.768889  1787 raft_consensus.cc:515] T b51a3a80f68a4862a30cc0931aab2812 P 97523d4652ba4535b390ebaa5e650406 [term 0 FOLLOWER]: Starting pre-election with config: opid_index: -1 OBSOLETE_local: false peers { permanent_uuid: "ff14f18531764970b192304e742c8203" member_type: VOTER last_known_addr { host: "127.0.107.193" port: 45325 } } peers { permanent_uuid: "fd708049127c43a790541efa938d44ea" member_type: VOTER last_known_addr { host: "127.0.107.194" port: 42305 } } peers { permanent_uuid: "97523d4652ba4535b390ebaa5e650406" member_type: VOTER last_known_addr { host: "127.0.107.195" port: 36817 } }
I20260709 13:00:07.803478  1739 raft_consensus.cc:3060] T 8341ed1a90e94285820604d7972b82fa P 97523d4652ba4535b390ebaa5e650406 [term 0 FOLLOWER]: Advancing to term 1
I20260709 13:00:07.811065  1666 tablet_service.cc:1917] Received RequestConsensusVote() RPC: tablet_id: "b51a3a80f68a4862a30cc0931aab2812" candidate_uuid: "97523d4652ba4535b390ebaa5e650406" candidate_term: 1 candidate_status { last_received { term: 0 index: 0 } } ignore_live_leader: false dest_uuid: "fd708049127c43a790541efa938d44ea" is_pre_election: true
I20260709 13:00:07.811775  1666 raft_consensus.cc:2468] T b51a3a80f68a4862a30cc0931aab2812 P fd708049127c43a790541efa938d44ea [term 0 FOLLOWER]: Leader pre-election vote request: Granting yes vote for candidate 97523d4652ba4535b390ebaa5e650406 in term 0.
I20260709 13:00:07.813164  1706 leader_election.cc:304] T b51a3a80f68a4862a30cc0931aab2812 P 97523d4652ba4535b390ebaa5e650406 [CANDIDATE]: Term 1 pre-election: Election decided. Result: candidate won. Election summary: received 2 responses out of 3 voters: 2 yes votes; 0 no votes. yes voters: 97523d4652ba4535b390ebaa5e650406, fd708049127c43a790541efa938d44ea; no voters: 
