I20260709 12:56:46.615999  1706 raft_consensus.cc:3060] T b0c3b39c1aca45ff9af36c068254e4b7 P 556b6e91a7334fe78141ea05345b3d6c [term 0 FOLLOWER]: Advancing to term 1
I20260709 12:56:46.618919  1746 tablet_bootstrap.cc:654] T 22bb105bfe15423f98d41b941e56486d P 556b6e91a7334fe78141ea05345b3d6c: Neither blocks nor log segments found. Creating new log.
I20260709 12:56:46.605557  1779 consensus_queue.cc:237] T 18915a315b45428183fbc864cbe08f88 P f1dc25c51c7348599c09859aa8d8bcb5 [LEADER]: Queue going to LEADER mode. State: All replicated index: 0, Majority replicated index: 0, Committed index: 0, Last appended: 0.0, Last appended by leader: 0, Current term: 1, Majority size: 2, State: 0, Mode: LEADER, active raft config: opid_index: -1 OBSOLETE_local: false peers { permanent_uuid: "1a4a75f972b14d52adf40b7be75484b5" member_type: VOTER last_known_addr { host: "127.0.107.193" port: 35009 } } peers { permanent_uuid: "f1dc25c51c7348599c09859aa8d8bcb5" member_type: VOTER last_known_addr { host: "127.0.107.194" port: 37701 } } peers { permanent_uuid: "556b6e91a7334fe78141ea05345b3d6c" member_type: VOTER last_known_addr { host: "127.0.107.195" port: 43273 } }
I20260709 12:56:46.624231  1557 raft_consensus.cc:2468] T b0c3b39c1aca45ff9af36c068254e4b7 P 1a4a75f972b14d52adf40b7be75484b5 [term 1 FOLLOWER]: Leader election vote request: Granting yes vote for candidate f1dc25c51c7348599c09859aa8d8bcb5 in term 1.
I20260709 12:56:46.625242  1706 raft_consensus.cc:2468] T b0c3b39c1aca45ff9af36c068254e4b7 P 556b6e91a7334fe78141ea05345b3d6c [term 1 FOLLOWER]: Leader election vote request: Granting yes vote for candidate f1dc25c51c7348599c09859aa8d8bcb5 in term 1.
I20260709 12:56:46.625725  1598 leader_election.cc:304] T b0c3b39c1aca45ff9af36c068254e4b7 P f1dc25c51c7348599c09859aa8d8bcb5 [CANDIDATE]: Term 1 election: Election decided. Result: candidate won. Election summary: received 2 responses out of 3 voters: 2 yes votes; 0 no votes. yes voters: 1a4a75f972b14d52adf40b7be75484b5, f1dc25c51c7348599c09859aa8d8bcb5; no voters: 
I20260709 12:56:46.626585  1770 raft_consensus.cc:2804] T b0c3b39c1aca45ff9af36c068254e4b7 P f1dc25c51c7348599c09859aa8d8bcb5 [term 1 FOLLOWER]: Leader election won for term 1
I20260709 12:56:46.627295  1770 raft_consensus.cc:697] T b0c3b39c1aca45ff9af36c068254e4b7 P f1dc25c51c7348599c09859aa8d8bcb5 [term 1 LEADER]: Becoming Leader. State: Replica: f1dc25c51c7348599c09859aa8d8bcb5, State: Running, Role: LEADER
I20260709 12:56:46.628217  1770 consensus_queue.cc:237] T b0c3b39c1aca45ff9af36c068254e4b7 P f1dc25c51c7348599c09859aa8d8bcb5 [LEADER]: Queue going to LEADER mode. State: All replicated index: 0, Majority replicated index: 0, Committed index: 0, Last appended: 0.0, Last appended by leader: 0, Current term: 1, Majority size: 2, State: 0, Mode: LEADER, active raft config: opid_index: -1 OBSOLETE_local: false peers { permanent_uuid: "1a4a75f972b14d52adf40b7be75484b5" member_type: VOTER last_known_addr { host: "127.0.107.193" port: 35009 } } peers { permanent_uuid: "f1dc25c51c7348599c09859aa8d8bcb5" member_type: VOTER last_known_addr { host: "127.0.107.194" port: 37701 } } peers { permanent_uuid: "556b6e91a7334fe78141ea05345b3d6c" member_type: VOTER last_known_addr { host: "127.0.107.195" port: 43273 } }
I20260709 12:56:46.628588  1753 consensus_queue.cc:1048] T 02d068f8df9d49d9ad8941530a7e55f9 P f1dc25c51c7348599c09859aa8d8bcb5 [LEADER]: Connected to new peer: Peer: permanent_uuid: "556b6e91a7334fe78141ea05345b3d6c" member_type: VOTER last_known_addr { host: "127.0.107.195" port: 43273 }, Status: LMP_MISMATCH, Last received: 0.0, Next index: 1, Last known committed idx: 0, Time since last communication: 0.001s
I20260709 12:56:46.640571  1819 raft_consensus.cc:493] T 66d90e3f8d26455282665015eadabedd P 1a4a75f972b14d52adf40b7be75484b5 [term 0 FOLLOWER]: Starting pre-election (no leader contacted us within the election timeout)
I20260709 12:56:46.641124  1819 raft_consensus.cc:515] T 66d90e3f8d26455282665015eadabedd P 1a4a75f972b14d52adf40b7be75484b5 [term 0 FOLLOWER]: Starting pre-election with config: opid_index: -1 OBSOLETE_local: false peers { permanent_uuid: "1a4a75f972b14d52adf40b7be75484b5" member_type: VOTER last_known_addr { host: "127.0.107.193" port: 35009 } } peers { permanent_uuid: "f1dc25c51c7348599c09859aa8d8bcb5" member_type: VOTER last_known_addr { host: "127.0.107.194" port: 37701 } } peers { permanent_uuid: "556b6e91a7334fe78141ea05345b3d6c" member_type: VOTER last_known_addr { host: "127.0.107.195" port: 43273 } }
I20260709 12:56:46.645449  1629 tablet_service.cc:1917] Received RequestConsensusVote() RPC: tablet_id: "66d90e3f8d26455282665015eadabedd" candidate_uuid: "1a4a75f972b14d52adf40b7be75484b5" candidate_term: 1 candidate_status { last_received { term: 0 index: 0 } } ignore_live_leader: false dest_uuid: "f1dc25c51c7348599c09859aa8d8bcb5" is_pre_election: true
I20260709 12:56:46.646165  1629 raft_consensus.cc:2468] T 66d90e3f8d26455282665015eadabedd P f1dc25c51c7348599c09859aa8d8bcb5 [term 0 FOLLOWER]: Leader pre-election vote request: Granting yes vote for candidate 1a4a75f972b14d52adf40b7be75484b5 in term 0.
I20260709 12:56:46.637725  1756 raft_consensus.cc:2749] T 16ba18aa292140cfa5679d3b78912fda P 1a4a75f972b14d52adf40b7be75484b5 [term 1 FOLLOWER]: Leader pre-election lost for term 1. Reason: could not achieve majority
I20260709 12:56:46.653349  1521 leader_election.cc:304] T 66d90e3f8d26455282665015eadabedd P 1a4a75f972b14d52adf40b7be75484b5 [CANDIDATE]: Term 1 pre-election: Election decided. Result: candidate won. Election summary: received 2 responses out of 3 voters: 2 yes votes; 0 no votes. yes voters: 1a4a75f972b14d52adf40b7be75484b5, f1dc25c51c7348599c09859aa8d8bcb5; no voters: 
I20260709 12:56:46.656239  1705 tablet_service.cc:1917] Received RequestConsensusVote() RPC: tablet_id: "66d90e3f8d26455282665015eadabedd" candidate_uuid: "1a4a75f972b14d52adf40b7be75484b5" candidate_term: 1 candidate_status { last_received { term: 0 index: 0 } } ignore_live_leader: false dest_uuid: "556b6e91a7334fe78141ea05345b3d6c" is_pre_election: true
I20260709 12:56:46.656383  1770 consensus_queue.cc:1048] T a081f3848368481699e91ef7ede4bd9b P f1dc25c51c7348599c09859aa8d8bcb5 [LEADER]: Connected to new peer: Peer: permanent_uuid: "556b6e91a7334fe78141ea05345b3d6c" member_type: VOTER last_known_addr { host: "127.0.107.195" port: 43273 }, Status: LMP_MISMATCH, Last received: 0.0, Next index: 1, Last known committed idx: 0, Time since last communication: 0.000s
I20260709 12:56:46.656960  1705 raft_consensus.cc:2468] T 66d90e3f8d26455282665015eadabedd P 556b6e91a7334fe78141ea05345b3d6c [term 0 FOLLOWER]: Leader pre-election vote request: Granting yes vote for candidate 1a4a75f972b14d52adf40b7be75484b5 in term 0.
I20260709 12:56:46.658488  1819 leader_election.cc:290] T 66d90e3f8d26455282665015eadabedd P 1a4a75f972b14d52adf40b7be75484b5 [CANDIDATE]: Term 1 pre-election: Requested pre-vote from peers f1dc25c51c7348599c09859aa8d8bcb5 (127.0.107.194:37701), 556b6e91a7334fe78141ea05345b3d6c (127.0.107.195:43273)
I20260709 12:56:46.659339  1819 raft_consensus.cc:2804] T 66d90e3f8d26455282665015eadabedd P 1a4a75f972b14d52adf40b7be75484b5 [term 0 FOLLOWER]: Leader pre-election won for term 1
I20260709 12:56:46.659724  1819 raft_consensus.cc:493] T 66d90e3f8d26455282665015eadabedd P 1a4a75f972b14d52adf40b7be75484b5 [term 0 FOLLOWER]: Starting leader election (no leader contacted us within the election timeout)
I20260709 12:56:46.660084  1819 raft_consensus.cc:3060] T 66d90e3f8d26455282665015eadabedd P 1a4a75f972b14d52adf40b7be75484b5 [term 0 FOLLOWER]: Advancing to term 1
I20260709 12:56:46.672509  1810 raft_consensus.cc:515] T c28233222b074b529874a2bce8991aaa P 1a4a75f972b14d52adf40b7be75484b5 [term 1 FOLLOWER]: Starting leader election with config: opid_index: -1 OBSOLETE_local: false peers { permanent_uuid: "1a4a75f972b14d52adf40b7be75484b5" member_type: VOTER last_known_addr { host: "127.0.107.193" port: 35009 } } peers { permanent_uuid: "f1dc25c51c7348599c09859aa8d8bcb5" member_type: VOTER last_known_addr { host: "127.0.107.194" port: 37701 } } peers { permanent_uuid: "556b6e91a7334fe78141ea05345b3d6c" member_type: VOTER last_known_addr { host: "127.0.107.195" port: 43273 } }
I20260709 12:56:46.675246  1629 tablet_service.cc:1917] Received RequestConsensusVote() RPC: tablet_id: "c28233222b074b529874a2bce8991aaa" candidate_uuid: "1a4a75f972b14d52adf40b7be75484b5" candidate_term: 1 candidate_status { last_received { term: 0 index: 0 } } ignore_live_leader: false dest_uuid: "f1dc25c51c7348599c09859aa8d8bcb5"
I20260709 12:56:46.675833  1629 raft_consensus.cc:3060] T c28233222b074b529874a2bce8991aaa P f1dc25c51c7348599c09859aa8d8bcb5 [term 0 FOLLOWER]: Advancing to term 1
I20260709 12:56:46.695554  1629 raft_consensus.cc:2468] T c28233222b074b529874a2bce8991aaa P f1dc25c51c7348599c09859aa8d8bcb5 [term 1 FOLLOWER]: Leader election vote request: Granting yes vote for candidate 1a4a75f972b14d52adf40b7be75484b5 in term 1.
I20260709 12:56:46.702435  1452 catalog_manager.cc:5697] T 18915a315b45428183fbc864cbe08f88 P f1dc25c51c7348599c09859aa8d8bcb5 reported cstate change: term changed from 0 to 1, leader changed from <none> to f1dc25c51c7348599c09859aa8d8bcb5 (127.0.107.194). New cstate: current_term: 1 leader_uuid: "f1dc25c51c7348599c09859aa8d8bcb5" committed_config { opid_index: -1 OBSOLETE_local: false peers { permanent_uuid: "1a4a75f972b14d52adf40b7be75484b5" member_type: VOTER last_known_addr { host: "127.0.107.193" port: 35009 } health_report { overall_health: UNKNOWN } } peers { permanent_uuid: "f1dc25c51c7348599c09859aa8d8bcb5" member_type: VOTER last_known_addr { host: "127.0.107.194" port: 37701 } health_report { overall_health: HEALTHY } } peers { permanent_uuid: "556b6e91a7334fe78141ea05345b3d6c" member_type: VOTER last_known_addr { host: "127.0.107.195" port: 43273 } health_report { overall_health: UNKNOWN } } }
W20260709 12:56:46.705991  1598 consensus_peers.cc:597] T 02d068f8df9d49d9ad8941530a7e55f9 P f1dc25c51c7348599c09859aa8d8bcb5 -> Peer 1a4a75f972b14d52adf40b7be75484b5 (127.0.107.193:35009): Couldn't send request to peer 1a4a75f972b14d52adf40b7be75484b5. Error code: TABLET_NOT_RUNNING (12). Status: Illegal state: Tablet not RUNNING: INITIALIZED. This is attempt 1: this message will repeat every 5th retry.
I20260709 12:56:46.709045  1819 raft_consensus.cc:515] T 66d90e3f8d26455282665015eadabedd P 1a4a75f972b14d52adf40b7be75484b5 [term 1 FOLLOWER]: Starting leader election with config: opid_index: -1 OBSOLETE_local: false peers { permanent_uuid: "1a4a75f972b14d52adf40b7be75484b5" member_type: VOTER last_known_addr { host: "127.0.107.193" port: 35009 } } peers { permanent_uuid: "f1dc25c51c7348599c09859aa8d8bcb5" member_type: VOTER last_known_addr { host: "127.0.107.194" port: 37701 } } peers { permanent_uuid: "556b6e91a7334fe78141ea05345b3d6c" member_type: VOTER last_known_addr { host: "127.0.107.195" port: 43273 } }
I20260709 12:56:46.710105  1810 leader_election.cc:290] T c28233222b074b529874a2bce8991aaa P 1a4a75f972b14d52adf40b7be75484b5 [CANDIDATE]: Term 1 election: Requested vote from peers f1dc25c51c7348599c09859aa8d8bcb5 (127.0.107.194:37701), 556b6e91a7334fe78141ea05345b3d6c (127.0.107.195:43273)
I20260709 12:56:46.711781  1704 tablet_service.cc:1917] Received RequestConsensusVote() RPC: tablet_id: "c28233222b074b529874a2bce8991aaa" candidate_uuid: "1a4a75f972b14d52adf40b7be75484b5" candidate_term: 1 candidate_status { last_received { term: 0 index: 0 } } ignore_live_leader: false dest_uuid: "556b6e91a7334fe78141ea05345b3d6c"
I20260709 12:56:46.712510  1521 leader_election.cc:304] T c28233222b074b529874a2bce8991aaa P 1a4a75f972b14d52adf40b7be75484b5 [CANDIDATE]: Term 1 election: Election decided. Result: candidate won. Election summary: received 2 responses out of 3 voters: 2 yes votes; 0 no votes. yes voters: 1a4a75f972b14d52adf40b7be75484b5, f1dc25c51c7348599c09859aa8d8bcb5; no voters: 
I20260709 12:56:46.714362  1704 raft_consensus.cc:3060] T c28233222b074b529874a2bce8991aaa P 556b6e91a7334fe78141ea05345b3d6c [term 0 FOLLOWER]: Advancing to term 1
I20260709 12:56:46.720340  1810 raft_consensus.cc:2804] T c28233222b074b529874a2bce8991aaa P 1a4a75f972b14d52adf40b7be75484b5 [term 1 FOLLOWER]: Leader election won for term 1
I20260709 12:56:46.723851  1747 tablet_bootstrap.cc:492] T b3709f808c35442f94d2cbb76b93aa62 P f1dc25c51c7348599c09859aa8d8bcb5: No bootstrap required, opened a new log
I20260709 12:56:46.725878  1747 ts_tablet_manager.cc:1403] T b3709f808c35442f94d2cbb76b93aa62 P f1dc25c51c7348599c09859aa8d8bcb5: Time spent bootstrapping tablet: real 0.158s	user 0.014s	sys 0.003s
I20260709 12:56:46.726857  1810 raft_consensus.cc:697] T c28233222b074b529874a2bce8991aaa P 1a4a75f972b14d52adf40b7be75484b5 [term 1 LEADER]: Becoming Leader. State: Replica: 1a4a75f972b14d52adf40b7be75484b5, State: Running, Role: LEADER
I20260709 12:56:46.729792  1704 raft_consensus.cc:2468] T c28233222b074b529874a2bce8991aaa P 556b6e91a7334fe78141ea05345b3d6c [term 1 FOLLOWER]: Leader election vote request: Granting yes vote for candidate 1a4a75f972b14d52adf40b7be75484b5 in term 1.
I20260709 12:56:46.730700  1747 raft_consensus.cc:359] T b3709f808c35442f94d2cbb76b93aa62 P f1dc25c51c7348599c09859aa8d8bcb5 [term 0 FOLLOWER]: Replica starting. Triggering 0 pending ops. Active config: opid_index: -1 OBSOLETE_local: false peers { permanent_uuid: "1a4a75f972b14d52adf40b7be75484b5" member_type: VOTER last_known_addr { host: "127.0.107.193" port: 35009 } } peers { permanent_uuid: "f1dc25c51c7348599c09859aa8d8bcb5" member_type: VOTER last_known_addr { host: "127.0.107.194" port: 37701 } } peers { permanent_uuid: "556b6e91a7334fe78141ea05345b3d6c" member_type: VOTER last_known_addr { host: "127.0.107.195" port: 43273 } }
I20260709 12:56:46.731364  1747 raft_consensus.cc:385] T b3709f808c35442f94d2cbb76b93aa62 P f1dc25c51c7348599c09859aa8d8bcb5 [term 0 FOLLOWER]: Consensus starting up: Expiring failure detector timer to make a prompt election more likely
I20260709 12:56:46.731654  1747 raft_consensus.cc:740] T b3709f808c35442f94d2cbb76b93aa62 P f1dc25c51c7348599c09859aa8d8bcb5 [term 0 FOLLOWER]: Becoming Follower/Learner. State: Replica: f1dc25c51c7348599c09859aa8d8bcb5, State: Initialized, Role: FOLLOWER
I20260709 12:56:46.732031  1810 consensus_queue.cc:237] T c28233222b074b529874a2bce8991aaa P 1a4a75f972b14d52adf40b7be75484b5 [LEADER]: Queue going to LEADER mode. State: All replicated index: 0, Majority replicated index: 0, Committed index: 0, Last appended: 0.0, Last appended by leader: 0, Current term: 1, Majority size: 2, State: 0, Mode: LEADER, active raft config: opid_index: -1 OBSOLETE_local: false peers { permanent_uuid: "1a4a75f972b14d52adf40b7be75484b5" member_type: VOTER last_known_addr { host: "127.0.107.193" port: 35009 } } peers { permanent_uuid: "f1dc25c51c7348599c09859aa8d8bcb5" member_type: VOTER last_known_addr { host: "127.0.107.194" port: 37701 } } peers { permanent_uuid: "556b6e91a7334fe78141ea05345b3d6c" member_type: VOTER last_known_addr { host: "127.0.107.195" port: 43273 } }
I20260709 12:56:46.732259  1747 consensus_queue.cc:260] T b3709f808c35442f94d2cbb76b93aa62 P f1dc25c51c7348599c09859aa8d8bcb5 [NON_LEADER]: Queue going to NON_LEADER mode. State: All replicated index: 0, Majority replicated index: 0, Committed index: 0, Last appended: 0.0, Last appended by leader: 0, Current term: 0, Majority size: -1, State: 0, Mode: NON_LEADER, active raft config: opid_index: -1 OBSOLETE_local: false peers { permanent_uuid: "1a4a75f972b14d52adf40b7be75484b5" member_type: VOTER last_known_addr { host: "127.0.107.193" port: 35009 } } peers { permanent_uuid: "f1dc25c51c7348599c09859aa8d8bcb5" member_type: VOTER last_known_addr { host: "127.0.107.194" port: 37701 } } peers { permanent_uuid: "556b6e91a7334fe78141ea05345b3d6c" member_type: VOTER last_known_addr { host: "127.0.107.195" port: 43273 } }
I20260709 12:56:46.734028  1746 tablet_bootstrap.cc:492] T 22bb105bfe15423f98d41b941e56486d P 556b6e91a7334fe78141ea05345b3d6c: No bootstrap required, opened a new log
I20260709 12:56:46.734200  1747 ts_tablet_manager.cc:1434] T b3709f808c35442f94d2cbb76b93aa62 P f1dc25c51c7348599c09859aa8d8bcb5: Time spent starting tablet: real 0.008s	user 0.005s	sys 0.001s
I20260709 12:56:46.734480  1746 ts_tablet_manager.cc:1403] T 22bb105bfe15423f98d41b941e56486d P 556b6e91a7334fe78141ea05345b3d6c: Time spent bootstrapping tablet: real 0.123s	user 0.021s	sys 0.015s
I20260709 12:56:46.735000  1747 tablet_bootstrap.cc:492] T aceca35dd4f245cbb855601b531a0559 P f1dc25c51c7348599c09859aa8d8bcb5: Bootstrap starting.
I20260709 12:56:46.737596  1819 leader_election.cc:290] T 66d90e3f8d26455282665015eadabedd P 1a4a75f972b14d52adf40b7be75484b5 [CANDIDATE]: Term 1 election: Requested vote from peers f1dc25c51c7348599c09859aa8d8bcb5 (127.0.107.194:37701), 556b6e91a7334fe78141ea05345b3d6c (127.0.107.195:43273)
I20260709 12:56:46.738487  1629 tablet_service.cc:1917] Received RequestConsensusVote() RPC: tablet_id: "66d90e3f8d26455282665015eadabedd" candidate_uuid: "1a4a75f972b14d52adf40b7be75484b5" candidate_term: 1 candidate_status { last_received { term: 0 index: 0 } } ignore_live_leader: false dest_uuid: "f1dc25c51c7348599c09859aa8d8bcb5"
I20260709 12:56:46.739780  1629 raft_consensus.cc:3060] T 66d90e3f8d26455282665015eadabedd P f1dc25c51c7348599c09859aa8d8bcb5 [term 0 FOLLOWER]: Advancing to term 1
I20260709 12:56:46.742308  1706 tablet_service.cc:1917] Received RequestConsensusVote() RPC: tablet_id: "66d90e3f8d26455282665015eadabedd" candidate_uuid: "1a4a75f972b14d52adf40b7be75484b5" candidate_term: 1 candidate_status { last_received { term: 0 index: 0 } } ignore_live_leader: false dest_uuid: "556b6e91a7334fe78141ea05345b3d6c"
I20260709 12:56:46.742847  1706 raft_consensus.cc:3060] T 66d90e3f8d26455282665015eadabedd P 556b6e91a7334fe78141ea05345b3d6c [term 0 FOLLOWER]: Advancing to term 1
I20260709 12:56:46.745383  1746 raft_consensus.cc:359] T 22bb105bfe15423f98d41b941e56486d P 556b6e91a7334fe78141ea05345b3d6c [term 0 FOLLOWER]: Replica starting. Triggering 0 pending ops. Active config: opid_index: -1 OBSOLETE_local: false peers { permanent_uuid: "1a4a75f972b14d52adf40b7be75484b5" member_type: VOTER last_known_addr { host: "127.0.107.193" port: 35009 } } peers { permanent_uuid: "f1dc25c51c7348599c09859aa8d8bcb5" member_type: VOTER last_known_addr { host: "127.0.107.194" port: 37701 } } peers { permanent_uuid: "556b6e91a7334fe78141ea05345b3d6c" member_type: VOTER last_known_addr { host: "127.0.107.195" port: 43273 } }
I20260709 12:56:46.746021  1746 raft_consensus.cc:385] T 22bb105bfe15423f98d41b941e56486d P 556b6e91a7334fe78141ea05345b3d6c [term 0 FOLLOWER]: Consensus starting up: Expiring failure detector timer to make a prompt election more likely
I20260709 12:56:46.739176  1750 tablet_bootstrap.cc:492] T 0fd5f2e2338447199135520be1dfd983 P 1a4a75f972b14d52adf40b7be75484b5: No bootstrap required, opened a new log
I20260709 12:56:46.747506  1746 raft_consensus.cc:740] T 22bb105bfe15423f98d41b941e56486d P 556b6e91a7334fe78141ea05345b3d6c [term 0 FOLLOWER]: Becoming Follower/Learner. State: Replica: 556b6e91a7334fe78141ea05345b3d6c, State: Initialized, Role: FOLLOWER
I20260709 12:56:46.747931  1750 ts_tablet_manager.cc:1403] T 0fd5f2e2338447199135520be1dfd983 P 1a4a75f972b14d52adf40b7be75484b5: Time spent bootstrapping tablet: real 0.251s	user 0.045s	sys 0.042s
I20260709 12:56:46.750140  1746 consensus_queue.cc:260] T 22bb105bfe15423f98d41b941e56486d P 556b6e91a7334fe78141ea05345b3d6c [NON_LEADER]: Queue going to NON_LEADER mode. State: All replicated index: 0, Majority replicated index: 0, Committed index: 0, Last appended: 0.0, Last appended by leader: 0, Current term: 0, Majority size: -1, State: 0, Mode: NON_LEADER, active raft config: opid_index: -1 OBSOLETE_local: false peers { permanent_uuid: "1a4a75f972b14d52adf40b7be75484b5" member_type: VOTER last_known_addr { host: "127.0.107.193" port: 35009 } } peers { permanent_uuid: "f1dc25c51c7348599c09859aa8d8bcb5" member_type: VOTER last_known_addr { host: "127.0.107.194" port: 37701 } } peers { permanent_uuid: "556b6e91a7334fe78141ea05345b3d6c" member_type: VOTER last_known_addr { host: "127.0.107.195" port: 43273 } }
I20260709 12:56:46.750833  1750 raft_consensus.cc:359] T 0fd5f2e2338447199135520be1dfd983 P 1a4a75f972b14d52adf40b7be75484b5 [term 0 FOLLOWER]: Replica starting. Triggering 0 pending ops. Active config: opid_index: -1 OBSOLETE_local: false peers { permanent_uuid: "1a4a75f972b14d52adf40b7be75484b5" member_type: VOTER last_known_addr { host: "127.0.107.193" port: 35009 } } peers { permanent_uuid: "f1dc25c51c7348599c09859aa8d8bcb5" member_type: VOTER last_known_addr { host: "127.0.107.194" port: 37701 } } peers { permanent_uuid: "556b6e91a7334fe78141ea05345b3d6c" member_type: VOTER last_known_addr { host: "127.0.107.195" port: 43273 } }
I20260709 12:56:46.751499  1750 raft_consensus.cc:385] T 0fd5f2e2338447199135520be1dfd983 P 1a4a75f972b14d52adf40b7be75484b5 [term 0 FOLLOWER]: Consensus starting up: Expiring failure detector timer to make a prompt election more likely
I20260709 12:56:46.751787  1750 raft_consensus.cc:740] T 0fd5f2e2338447199135520be1dfd983 P 1a4a75f972b14d52adf40b7be75484b5 [term 0 FOLLOWER]: Becoming Follower/Learner. State: Replica: 1a4a75f972b14d52adf40b7be75484b5, State: Initialized, Role: FOLLOWER
I20260709 12:56:46.752154  1706 raft_consensus.cc:2468] T 66d90e3f8d26455282665015eadabedd P 556b6e91a7334fe78141ea05345b3d6c [term 1 FOLLOWER]: Leader election vote request: Granting yes vote for candidate 1a4a75f972b14d52adf40b7be75484b5 in term 1.
I20260709 12:56:46.751621  1454 catalog_manager.cc:5697] T c28233222b074b529874a2bce8991aaa P 1a4a75f972b14d52adf40b7be75484b5 reported cstate change: term changed from 0 to 1, leader changed from <none> to 1a4a75f972b14d52adf40b7be75484b5 (127.0.107.193). New cstate: current_term: 1 leader_uuid: "1a4a75f972b14d52adf40b7be75484b5" committed_config { opid_index: -1 OBSOLETE_local: false peers { permanent_uuid: "1a4a75f972b14d52adf40b7be75484b5" member_type: VOTER last_known_addr { host: "127.0.107.193" port: 35009 } health_report { overall_health: HEALTHY } } peers { permanent_uuid: "f1dc25c51c7348599c09859aa8d8bcb5" member_type: VOTER last_known_addr { host: "127.0.107.194" port: 37701 } health_report { overall_health: UNKNOWN } } peers { permanent_uuid: "556b6e91a7334fe78141ea05345b3d6c" member_type: VOTER last_known_addr { host: "127.0.107.195" port: 43273 } health_report { overall_health: UNKNOWN } } }
I20260709 12:56:46.752355  1746 ts_tablet_manager.cc:1434] T 22bb105bfe15423f98d41b941e56486d P 556b6e91a7334fe78141ea05345b3d6c: Time spent starting tablet: real 0.018s	user 0.006s	sys 0.001s
I20260709 12:56:46.753409  1522 leader_election.cc:304] T 66d90e3f8d26455282665015eadabedd P 1a4a75f972b14d52adf40b7be75484b5 [CANDIDATE]: Term 1 election: Election decided. Result: candidate won. Election summary: received 2 responses out of 3 voters: 2 yes votes; 0 no votes. yes voters: 1a4a75f972b14d52adf40b7be75484b5, 556b6e91a7334fe78141ea05345b3d6c; no voters: 
I20260709 12:56:46.754552  1746 tablet_bootstrap.cc:492] T aceca35dd4f245cbb855601b531a0559 P 556b6e91a7334fe78141ea05345b3d6c: Bootstrap starting.
I20260709 12:56:46.754545  1750 consensus_queue.cc:260] T 0fd5f2e2338447199135520be1dfd983 P 1a4a75f972b14d52adf40b7be75484b5 [NON_LEADER]: Queue going to NON_LEADER mode. State: All replicated index: 0, Majority replicated index: 0, Committed index: 0, Last appended: 0.0, Last appended by leader: 0, Current term: 0, Majority size: -1, State: 0, Mode: NON_LEADER, active raft config: opid_index: -1 OBSOLETE_local: false peers { permanent_uuid: "1a4a75f972b14d52adf40b7be75484b5" member_type: VOTER last_known_addr { host: "127.0.107.193" port: 35009 } } peers { permanent_uuid: "f1dc25c51c7348599c09859aa8d8bcb5" member_type: VOTER last_known_addr { host: "127.0.107.194" port: 37701 } } peers { permanent_uuid: "556b6e91a7334fe78141ea05345b3d6c" member_type: VOTER last_known_addr { host: "127.0.107.195" port: 43273 } }
I20260709 12:56:46.754963  1810 raft_consensus.cc:2804] T 66d90e3f8d26455282665015eadabedd P 1a4a75f972b14d52adf40b7be75484b5 [term 1 FOLLOWER]: Leader election won for term 1
I20260709 12:56:46.755867  1810 raft_consensus.cc:697] T 66d90e3f8d26455282665015eadabedd P 1a4a75f972b14d52adf40b7be75484b5 [term 1 LEADER]: Becoming Leader. State: Replica: 1a4a75f972b14d52adf40b7be75484b5, State: Running, Role: LEADER
I20260709 12:56:46.756511  1629 raft_consensus.cc:2468] T 66d90e3f8d26455282665015eadabedd P f1dc25c51c7348599c09859aa8d8bcb5 [term 1 FOLLOWER]: Leader election vote request: Granting yes vote for candidate 1a4a75f972b14d52adf40b7be75484b5 in term 1.
I20260709 12:56:46.756673  1750 ts_tablet_manager.cc:1434] T 0fd5f2e2338447199135520be1dfd983 P 1a4a75f972b14d52adf40b7be75484b5: Time spent starting tablet: real 0.008s	user 0.005s	sys 0.001s
I20260709 12:56:46.756675  1810 consensus_queue.cc:237] T 66d90e3f8d26455282665015eadabedd P 1a4a75f972b14d52adf40b7be75484b5 [LEADER]: Queue going to LEADER mode. State: All replicated index: 0, Majority replicated index: 0, Committed index: 0, Last appended: 0.0, Last appended by leader: 0, Current term: 1, Majority size: 2, State: 0, Mode: LEADER, active raft config: opid_index: -1 OBSOLETE_local: false peers { permanent_uuid: "1a4a75f972b14d52adf40b7be75484b5" member_type: VOTER last_known_addr { host: "127.0.107.193" port: 35009 } } peers { permanent_uuid: "f1dc25c51c7348599c09859aa8d8bcb5" member_type: VOTER last_known_addr { host: "127.0.107.194" port: 37701 } } peers { permanent_uuid: "556b6e91a7334fe78141ea05345b3d6c" member_type: VOTER last_known_addr { host: "127.0.107.195" port: 43273 } }
I20260709 12:56:46.757761  1750 tablet_bootstrap.cc:492] T 02d068f8df9d49d9ad8941530a7e55f9 P 1a4a75f972b14d52adf40b7be75484b5: Bootstrap starting.
I20260709 12:56:46.745492  1452 catalog_manager.cc:5697] T b0c3b39c1aca45ff9af36c068254e4b7 P f1dc25c51c7348599c09859aa8d8bcb5 reported cstate change: term changed from 0 to 1, leader changed from <none> to f1dc25c51c7348599c09859aa8d8bcb5 (127.0.107.194). New cstate: current_term: 1 leader_uuid: "f1dc25c51c7348599c09859aa8d8bcb5" committed_config { opid_index: -1 OBSOLETE_local: false peers { permanent_uuid: "1a4a75f972b14d52adf40b7be75484b5" member_type: VOTER last_known_addr { host: "127.0.107.193" port: 35009 } health_report { overall_health: UNKNOWN } } peers { permanent_uuid: "f1dc25c51c7348599c09859aa8d8bcb5" member_type: VOTER last_known_addr { host: "127.0.107.194" port: 37701 } health_report { overall_health: HEALTHY } } peers { permanent_uuid: "556b6e91a7334fe78141ea05345b3d6c" member_type: VOTER last_known_addr { host: "127.0.107.195" port: 43273 } health_report { overall_health: UNKNOWN } } }
I20260709 12:56:46.763959  1746 tablet_bootstrap.cc:654] T aceca35dd4f245cbb855601b531a0559 P 556b6e91a7334fe78141ea05345b3d6c: Neither blocks nor log segments found. Creating new log.
I20260709 12:56:46.764544  1764 raft_consensus.cc:493] T 9a802b5ef35a4550ae5f4ee29799444d P 556b6e91a7334fe78141ea05345b3d6c [term 0 FOLLOWER]: Starting pre-election (no leader contacted us within the election timeout)
I20260709 12:56:46.765064  1764 raft_consensus.cc:515] T 9a802b5ef35a4550ae5f4ee29799444d P 556b6e91a7334fe78141ea05345b3d6c [term 0 FOLLOWER]: Starting pre-election with config: opid_index: -1 OBSOLETE_local: false peers { permanent_uuid: "1a4a75f972b14d52adf40b7be75484b5" member_type: VOTER last_known_addr { host: "127.0.107.193" port: 35009 } } peers { permanent_uuid: "f1dc25c51c7348599c09859aa8d8bcb5" member_type: VOTER last_known_addr { host: "127.0.107.194" port: 37701 } } peers { permanent_uuid: "556b6e91a7334fe78141ea05345b3d6c" member_type: VOTER last_known_addr { host: "127.0.107.195" port: 43273 } }
I20260709 12:56:46.767194  1764 leader_election.cc:290] T 9a802b5ef35a4550ae5f4ee29799444d P 556b6e91a7334fe78141ea05345b3d6c [CANDIDATE]: Term 1 pre-election: Requested pre-vote from peers 1a4a75f972b14d52adf40b7be75484b5 (127.0.107.193:35009), f1dc25c51c7348599c09859aa8d8bcb5 (127.0.107.194:37701)
I20260709 12:56:46.768764  1555 tablet_service.cc:1917] Received RequestConsensusVote() RPC: tablet_id: "9a802b5ef35a4550ae5f4ee29799444d" candidate_uuid: "556b6e91a7334fe78141ea05345b3d6c" candidate_term: 1 candidate_status { last_received { term: 0 index: 0 } } ignore_live_leader: false dest_uuid: "1a4a75f972b14d52adf40b7be75484b5" is_pre_election: true
I20260709 12:56:46.769130  1747 tablet_bootstrap.cc:654] T aceca35dd4f245cbb855601b531a0559 P f1dc25c51c7348599c09859aa8d8bcb5: Neither blocks nor log segments found. Creating new log.
W20260709 12:56:46.770180  1672 leader_election.cc:343] T 9a802b5ef35a4550ae5f4ee29799444d P 556b6e91a7334fe78141ea05345b3d6c [CANDIDATE]: Term 1 pre-election: Tablet error from VoteRequest() call to peer 1a4a75f972b14d52adf40b7be75484b5 (127.0.107.193:35009): Illegal state: must be running to vote when last-logged opid is not known
I20260709 12:56:46.774439  1629 tablet_service.cc:1917] Received RequestConsensusVote() RPC: tablet_id: "9a802b5ef35a4550ae5f4ee29799444d" candidate_uuid: "556b6e91a7334fe78141ea05345b3d6c" candidate_term: 1 candidate_status { last_received { term: 0 index: 0 } } ignore_live_leader: false dest_uuid: "f1dc25c51c7348599c09859aa8d8bcb5" is_pre_election: true
I20260709 12:56:46.775146  1629 raft_consensus.cc:2468] T 9a802b5ef35a4550ae5f4ee29799444d P f1dc25c51c7348599c09859aa8d8bcb5 [term 0 FOLLOWER]: Leader pre-election vote request: Granting yes vote for candidate 556b6e91a7334fe78141ea05345b3d6c in term 0.
I20260709 12:56:46.775990  1750 tablet_bootstrap.cc:654] T 02d068f8df9d49d9ad8941530a7e55f9 P 1a4a75f972b14d52adf40b7be75484b5: Neither blocks nor log segments found. Creating new log.
I20260709 12:56:46.776433  1670 leader_election.cc:304] T 9a802b5ef35a4550ae5f4ee29799444d P 556b6e91a7334fe78141ea05345b3d6c [CANDIDATE]: Term 1 pre-election: Election decided. Result: candidate won. Election summary: received 3 responses out of 3 voters: 2 yes votes; 1 no votes. yes voters: 556b6e91a7334fe78141ea05345b3d6c, f1dc25c51c7348599c09859aa8d8bcb5; no voters: 1a4a75f972b14d52adf40b7be75484b5
I20260709 12:56:46.776757  1746 tablet_bootstrap.cc:492] T aceca35dd4f245cbb855601b531a0559 P 556b6e91a7334fe78141ea05345b3d6c: No bootstrap required, opened a new log
I20260709 12:56:46.777231  1746 ts_tablet_manager.cc:1403] T aceca35dd4f245cbb855601b531a0559 P 556b6e91a7334fe78141ea05345b3d6c: Time spent bootstrapping tablet: real 0.023s	user 0.010s	sys 0.000s
I20260709 12:56:46.777702  1764 raft_consensus.cc:2804] T 9a802b5ef35a4550ae5f4ee29799444d P 556b6e91a7334fe78141ea05345b3d6c [term 0 FOLLOWER]: Leader pre-election won for term 1
I20260709 12:56:46.778154  1764 raft_consensus.cc:493] T 9a802b5ef35a4550ae5f4ee29799444d P 556b6e91a7334fe78141ea05345b3d6c [term 0 FOLLOWER]: Starting leader election (no leader contacted us within the election timeout)
I20260709 12:56:46.778986  1764 raft_consensus.cc:3060] T 9a802b5ef35a4550ae5f4ee29799444d P 556b6e91a7334fe78141ea05345b3d6c [term 0 FOLLOWER]: Advancing to term 1
I20260709 12:56:46.785794  1764 raft_consensus.cc:515] T 9a802b5ef35a4550ae5f4ee29799444d P 556b6e91a7334fe78141ea05345b3d6c [term 1 FOLLOWER]: Starting leader election with config: opid_index: -1 OBSOLETE_local: false peers { permanent_uuid: "1a4a75f972b14d52adf40b7be75484b5" member_type: VOTER last_known_addr { host: "127.0.107.193" port: 35009 } } peers { permanent_uuid: "f1dc25c51c7348599c09859aa8d8bcb5" member_type: VOTER last_known_addr { host: "127.0.107.194" port: 37701 } } peers { permanent_uuid: "556b6e91a7334fe78141ea05345b3d6c" member_type: VOTER last_known_addr { host: "127.0.107.195" port: 43273 } }
I20260709 12:56:46.788568  1555 tablet_service.cc:1917] Received RequestConsensusVote() RPC: tablet_id: "9a802b5ef35a4550ae5f4ee29799444d" candidate_uuid: "556b6e91a7334fe78141ea05345b3d6c" candidate_term: 1 candidate_status { last_received { term: 0 index: 0 } } ignore_live_leader: false dest_uuid: "1a4a75f972b14d52adf40b7be75484b5"
W20260709 12:56:46.789991  1672 leader_election.cc:343] T 9a802b5ef35a4550ae5f4ee29799444d P 556b6e91a7334fe78141ea05345b3d6c [CANDIDATE]: Term 1 election: Tablet error from VoteRequest() call to peer 1a4a75f972b14d52adf40b7be75484b5 (127.0.107.193:35009): Illegal state: must be running to vote when last-logged opid is not known
I20260709 12:56:46.791644  1764 leader_election.cc:290] T 9a802b5ef35a4550ae5f4ee29799444d P 556b6e91a7334fe78141ea05345b3d6c [CANDIDATE]: Term 1 election: Requested vote from peers 1a4a75f972b14d52adf40b7be75484b5 (127.0.107.193:35009), f1dc25c51c7348599c09859aa8d8bcb5 (127.0.107.194:37701)
I20260709 12:56:46.792239  1629 tablet_service.cc:1917] Received RequestConsensusVote() RPC: tablet_id: "9a802b5ef35a4550ae5f4ee29799444d" candidate_uuid: "556b6e91a7334fe78141ea05345b3d6c" candidate_term: 1 candidate_status { last_received { term: 0 index: 0 } } ignore_live_leader: false dest_uuid: "f1dc25c51c7348599c09859aa8d8bcb5"
I20260709 12:56:46.792677  1629 raft_consensus.cc:3060] T 9a802b5ef35a4550ae5f4ee29799444d P f1dc25c51c7348599c09859aa8d8bcb5 [term 0 FOLLOWER]: Advancing to term 1
I20260709 12:56:46.796381  1746 raft_consensus.cc:359] T aceca35dd4f245cbb855601b531a0559 P 556b6e91a7334fe78141ea05345b3d6c [term 0 FOLLOWER]: Replica starting. Triggering 0 pending ops. Active config: opid_index: -1 OBSOLETE_local: false peers { permanent_uuid: "1a4a75f972b14d52adf40b7be75484b5" member_type: VOTER last_known_addr { host: "127.0.107.193" port: 35009 } } peers { permanent_uuid: "f1dc25c51c7348599c09859aa8d8bcb5" member_type: VOTER last_known_addr { host: "127.0.107.194" port: 37701 } } peers { permanent_uuid: "556b6e91a7334fe78141ea05345b3d6c" member_type: VOTER last_known_addr { host: "127.0.107.195" port: 43273 } }
I20260709 12:56:46.797135  1746 raft_consensus.cc:385] T aceca35dd4f245cbb855601b531a0559 P 556b6e91a7334fe78141ea05345b3d6c [term 0 FOLLOWER]: Consensus starting up: Expiring failure detector timer to make a prompt election more likely
I20260709 12:56:46.797398  1746 raft_consensus.cc:740] T aceca35dd4f245cbb855601b531a0559 P 556b6e91a7334fe78141ea05345b3d6c [term 0 FOLLOWER]: Becoming Follower/Learner. State: Replica: 556b6e91a7334fe78141ea05345b3d6c, State: Initialized, Role: FOLLOWER
I20260709 12:56:46.797973  1455 catalog_manager.cc:5697] T 66d90e3f8d26455282665015eadabedd P 1a4a75f972b14d52adf40b7be75484b5 reported cstate change: term changed from 0 to 1, leader changed from <none> to 1a4a75f972b14d52adf40b7be75484b5 (127.0.107.193). New cstate: current_term: 1 leader_uuid: "1a4a75f972b14d52adf40b7be75484b5" committed_config { opid_index: -1 OBSOLETE_local: false peers { permanent_uuid: "1a4a75f972b14d52adf40b7be75484b5" member_type: VOTER last_known_addr { host: "127.0.107.193" port: 35009 } health_report { overall_health: HEALTHY } } peers { permanent_uuid: "f1dc25c51c7348599c09859aa8d8bcb5" member_type: VOTER last_known_addr { host: "127.0.107.194" port: 37701 } health_report { overall_health: UNKNOWN } } peers { permanent_uuid: "556b6e91a7334fe78141ea05345b3d6c" member_type: VOTER last_known_addr { host: "127.0.107.195" port: 43273 } health_report { overall_health: UNKNOWN } } }
I20260709 12:56:46.798802  1746 consensus_queue.cc:260] T aceca35dd4f245cbb855601b531a0559 P 556b6e91a7334fe78141ea05345b3d6c [NON_LEADER]: Queue going to NON_LEADER mode. State: All replicated index: 0, Majority replicated index: 0, Committed index: 0, Last appended: 0.0, Last appended by leader: 0, Current term: 0, Majority size: -1, State: 0, Mode: NON_LEADER, active raft config: opid_index: -1 OBSOLETE_local: false peers { permanent_uuid: "1a4a75f972b14d52adf40b7be75484b5" member_type: VOTER last_known_addr { host: "127.0.107.193" port: 35009 } } peers { permanent_uuid: "f1dc25c51c7348599c09859aa8d8bcb5" member_type: VOTER last_known_addr { host: "127.0.107.194" port: 37701 } } peers { permanent_uuid: "556b6e91a7334fe78141ea05345b3d6c" member_type: VOTER last_known_addr { host: "127.0.107.195" port: 43273 } }
I20260709 12:56:46.803017  1629 raft_consensus.cc:2468] T 9a802b5ef35a4550ae5f4ee29799444d P f1dc25c51c7348599c09859aa8d8bcb5 [term 1 FOLLOWER]: Leader election vote request: Granting yes vote for candidate 556b6e91a7334fe78141ea05345b3d6c in term 1.
I20260709 12:56:46.804319  1670 leader_election.cc:304] T 9a802b5ef35a4550ae5f4ee29799444d P 556b6e91a7334fe78141ea05345b3d6c [CANDIDATE]: Term 1 election: Election decided. Result: candidate won. Election summary: received 3 responses out of 3 voters: 2 yes votes; 1 no votes. yes voters: 556b6e91a7334fe78141ea05345b3d6c, f1dc25c51c7348599c09859aa8d8bcb5; no voters: 1a4a75f972b14d52adf40b7be75484b5
I20260709 12:56:46.804836  1746 ts_tablet_manager.cc:1434] T aceca35dd4f245cbb855601b531a0559 P 556b6e91a7334fe78141ea05345b3d6c: Time spent starting tablet: real 0.027s	user 0.008s	sys 0.000s
I20260709 12:56:46.807281  1746 tablet_bootstrap.cc:492] T 0033248b4fb64a45b5465919c9e1060b P 556b6e91a7334fe78141ea05345b3d6c: Bootstrap starting.
I20260709 12:56:46.807641  1764 raft_consensus.cc:2804] T 9a802b5ef35a4550ae5f4ee29799444d P 556b6e91a7334fe78141ea05345b3d6c [term 1 FOLLOWER]: Leader election won for term 1
I20260709 12:56:46.808425  1764 raft_consensus.cc:697] T 9a802b5ef35a4550ae5f4ee29799444d P 556b6e91a7334fe78141ea05345b3d6c [term 1 LEADER]: Becoming Leader. State: Replica: 556b6e91a7334fe78141ea05345b3d6c, State: Running, Role: LEADER
I20260709 12:56:46.809247  1764 consensus_queue.cc:237] T 9a802b5ef35a4550ae5f4ee29799444d P 556b6e91a7334fe78141ea05345b3d6c [LEADER]: Queue going to LEADER mode. State: All replicated index: 0, Majority replicated index: 0, Committed index: 0, Last appended: 0.0, Last appended by leader: 0, Current term: 1, Majority size: 2, State: 0, Mode: LEADER, active raft config: opid_index: -1 OBSOLETE_local: false peers { permanent_uuid: "1a4a75f972b14d52adf40b7be75484b5" member_type: VOTER last_known_addr { host: "127.0.107.193" port: 35009 } } peers { permanent_uuid: "f1dc25c51c7348599c09859aa8d8bcb5" member_type: VOTER last_known_addr { host: "127.0.107.194" port: 37701 } } peers { permanent_uuid: "556b6e91a7334fe78141ea05345b3d6c" member_type: VOTER last_known_addr { host: "127.0.107.195" port: 43273 } }
I20260709 12:56:46.818674  1455 catalog_manager.cc:5697] T 9a802b5ef35a4550ae5f4ee29799444d P 556b6e91a7334fe78141ea05345b3d6c reported cstate change: term changed from 0 to 1, leader changed from <none> to 556b6e91a7334fe78141ea05345b3d6c (127.0.107.195). New cstate: current_term: 1 leader_uuid: "556b6e91a7334fe78141ea05345b3d6c" committed_config { opid_index: -1 OBSOLETE_local: false peers { permanent_uuid: "1a4a75f972b14d52adf40b7be75484b5" member_type: VOTER last_known_addr { host: "127.0.107.193" port: 35009 } health_report { overall_health: UNKNOWN } } peers { permanent_uuid: "f1dc25c51c7348599c09859aa8d8bcb5" member_type: VOTER last_known_addr { host: "127.0.107.194" port: 37701 } health_report { overall_health: UNKNOWN } } peers { permanent_uuid: "556b6e91a7334fe78141ea05345b3d6c" member_type: VOTER last_known_addr { host: "127.0.107.195" port: 43273 } health_report { overall_health: HEALTHY } } }
I20260709 12:56:46.820688  1747 tablet_bootstrap.cc:492] T aceca35dd4f245cbb855601b531a0559 P f1dc25c51c7348599c09859aa8d8bcb5: No bootstrap required, opened a new log
I20260709 12:56:46.821226  1747 ts_tablet_manager.cc:1403] T aceca35dd4f245cbb855601b531a0559 P f1dc25c51c7348599c09859aa8d8bcb5: Time spent bootstrapping tablet: real 0.086s	user 0.007s	sys 0.004s
I20260709 12:56:46.823887  1747 raft_consensus.cc:359] T aceca35dd4f245cbb855601b531a0559 P f1dc25c51c7348599c09859aa8d8bcb5 [term 0 FOLLOWER]: Replica starting. Triggering 0 pending ops. Active config: opid_index: -1 OBSOLETE_local: false peers { permanent_uuid: "1a4a75f972b14d52adf40b7be75484b5" member_type: VOTER last_known_addr { host: "127.0.107.193" port: 35009 } } peers { permanent_uuid: "f1dc25c51c7348599c09859aa8d8bcb5" member_type: VOTER last_known_addr { host: "127.0.107.194" port: 37701 } } peers { permanent_uuid: "556b6e91a7334fe78141ea05345b3d6c" member_type: VOTER last_known_addr { host: "127.0.107.195" port: 43273 } }
I20260709 12:56:46.824599  1747 raft_consensus.cc:385] T aceca35dd4f245cbb855601b531a0559 P f1dc25c51c7348599c09859aa8d8bcb5 [term 0 FOLLOWER]: Consensus starting up: Expiring failure detector timer to make a prompt election more likely
I20260709 12:56:46.824857  1747 raft_consensus.cc:740] T aceca35dd4f245cbb855601b531a0559 P f1dc25c51c7348599c09859aa8d8bcb5 [term 0 FOLLOWER]: Becoming Follower/Learner. State: Replica: f1dc25c51c7348599c09859aa8d8bcb5, State: Initialized, Role: FOLLOWER
I20260709 12:56:46.826598  1747 consensus_queue.cc:260] T aceca35dd4f245cbb855601b531a0559 P f1dc25c51c7348599c09859aa8d8bcb5 [NON_LEADER]: Queue going to NON_LEADER mode. State: All replicated index: 0, Majority replicated index: 0, Committed index: 0, Last appended: 0.0, Last appended by leader: 0, Current term: 0, Majority size: -1, State: 0, Mode: NON_LEADER, active raft config: opid_index: -1 OBSOLETE_local: false peers { permanent_uuid: "1a4a75f972b14d52adf40b7be75484b5" member_type: VOTER last_known_addr { host: "127.0.107.193" port: 35009 } } peers { permanent_uuid: "f1dc25c51c7348599c09859aa8d8bcb5" member_type: VOTER last_known_addr { host: "127.0.107.194" port: 37701 } } peers { permanent_uuid: "556b6e91a7334fe78141ea05345b3d6c" member_type: VOTER last_known_addr { host: "127.0.107.195" port: 43273 } }
I20260709 12:56:46.827657  1750 tablet_bootstrap.cc:492] T 02d068f8df9d49d9ad8941530a7e55f9 P 1a4a75f972b14d52adf40b7be75484b5: No bootstrap required, opened a new log
I20260709 12:56:46.828091  1750 ts_tablet_manager.cc:1403] T 02d068f8df9d49d9ad8941530a7e55f9 P 1a4a75f972b14d52adf40b7be75484b5: Time spent bootstrapping tablet: real 0.070s	user 0.026s	sys 0.032s
I20260709 12:56:46.830013  1746 tablet_bootstrap.cc:654] T 0033248b4fb64a45b5465919c9e1060b P 556b6e91a7334fe78141ea05345b3d6c: Neither blocks nor log segments found. Creating new log.
I20260709 12:56:46.830981  1750 raft_consensus.cc:359] T 02d068f8df9d49d9ad8941530a7e55f9 P 1a4a75f972b14d52adf40b7be75484b5 [term 0 FOLLOWER]: Replica starting. Triggering 0 pending ops. Active config: opid_index: -1 OBSOLETE_local: false peers { permanent_uuid: "1a4a75f972b14d52adf40b7be75484b5" member_type: VOTER last_known_addr { host: "127.0.107.193" port: 35009 } } peers { permanent_uuid: "f1dc25c51c7348599c09859aa8d8bcb5" member_type: VOTER last_known_addr { host: "127.0.107.194" port: 37701 } } peers { permanent_uuid: "556b6e91a7334fe78141ea05345b3d6c" member_type: VOTER last_known_addr { host: "127.0.107.195" port: 43273 } }
I20260709 12:56:46.831645  1750 raft_consensus.cc:385] T 02d068f8df9d49d9ad8941530a7e55f9 P 1a4a75f972b14d52adf40b7be75484b5 [term 0 FOLLOWER]: Consensus starting up: Expiring failure detector timer to make a prompt election more likely
I20260709 12:56:46.831928  1750 raft_consensus.cc:740] T 02d068f8df9d49d9ad8941530a7e55f9 P 1a4a75f972b14d52adf40b7be75484b5 [term 0 FOLLOWER]: Becoming Follower/Learner. State: Replica: 1a4a75f972b14d52adf40b7be75484b5, State: Initialized, Role: FOLLOWER
I20260709 12:56:46.832671  1747 ts_tablet_manager.cc:1434] T aceca35dd4f245cbb855601b531a0559 P f1dc25c51c7348599c09859aa8d8bcb5: Time spent starting tablet: real 0.011s	user 0.004s	sys 0.003s
I20260709 12:56:46.832530  1750 consensus_queue.cc:260] T 02d068f8df9d49d9ad8941530a7e55f9 P 1a4a75f972b14d52adf40b7be75484b5 [NON_LEADER]: Queue going to NON_LEADER mode. State: All replicated index: 0, Majority replicated index: 0, Committed index: 0, Last appended: 0.0, Last appended by leader: 0, Current term: 0, Majority size: -1, State: 0, Mode: NON_LEADER, active raft config: opid_index: -1 OBSOLETE_local: false peers { permanent_uuid: "1a4a75f972b14d52adf40b7be75484b5" member_type: VOTER last_known_addr { host: "127.0.107.193" port: 35009 } } peers { permanent_uuid: "f1dc25c51c7348599c09859aa8d8bcb5" member_type: VOTER last_known_addr { host: "127.0.107.194" port: 37701 } } peers { permanent_uuid: "556b6e91a7334fe78141ea05345b3d6c" member_type: VOTER last_known_addr { host: "127.0.107.195" port: 43273 } }
I20260709 12:56:46.833925  1747 tablet_bootstrap.cc:492] T 46402dc7dd5e4df49c6dc702832e6b3a P f1dc25c51c7348599c09859aa8d8bcb5: Bootstrap starting.
I20260709 12:56:46.834482  1750 ts_tablet_manager.cc:1434] T 02d068f8df9d49d9ad8941530a7e55f9 P 1a4a75f972b14d52adf40b7be75484b5: Time spent starting tablet: real 0.006s	user 0.004s	sys 0.000s
I20260709 12:56:46.835453  1750 tablet_bootstrap.cc:492] T b3709f808c35442f94d2cbb76b93aa62 P 1a4a75f972b14d52adf40b7be75484b5: Bootstrap starting.
I20260709 12:56:46.838605  1746 tablet_bootstrap.cc:492] T 0033248b4fb64a45b5465919c9e1060b P 556b6e91a7334fe78141ea05345b3d6c: No bootstrap required, opened a new log
I20260709 12:56:46.839140  1746 ts_tablet_manager.cc:1403] T 0033248b4fb64a45b5465919c9e1060b P 556b6e91a7334fe78141ea05345b3d6c: Time spent bootstrapping tablet: real 0.032s	user 0.012s	sys 0.000s
I20260709 12:56:46.840209  1747 tablet_bootstrap.cc:654] T 46402dc7dd5e4df49c6dc702832e6b3a P f1dc25c51c7348599c09859aa8d8bcb5: Neither blocks nor log segments found. Creating new log.
I20260709 12:56:46.841136  1750 tablet_bootstrap.cc:654] T b3709f808c35442f94d2cbb76b93aa62 P 1a4a75f972b14d52adf40b7be75484b5: Neither blocks nor log segments found. Creating new log.
I20260709 12:56:46.842272  1746 raft_consensus.cc:359] T 0033248b4fb64a45b5465919c9e1060b P 556b6e91a7334fe78141ea05345b3d6c [term 0 FOLLOWER]: Replica starting. Triggering 0 pending ops. Active config: opid_index: -1 OBSOLETE_local: false peers { permanent_uuid: "1a4a75f972b14d52adf40b7be75484b5" member_type: VOTER last_known_addr { host: "127.0.107.193" port: 35009 } } peers { permanent_uuid: "f1dc25c51c7348599c09859aa8d8bcb5" member_type: VOTER last_known_addr { host: "127.0.107.194" port: 37701 } } peers { permanent_uuid: "556b6e91a7334fe78141ea05345b3d6c" member_type: VOTER last_known_addr { host: "127.0.107.195" port: 43273 } }
I20260709 12:56:46.842938  1746 raft_consensus.cc:385] T 0033248b4fb64a45b5465919c9e1060b P 556b6e91a7334fe78141ea05345b3d6c [term 0 FOLLOWER]: Consensus starting up: Expiring failure detector timer to make a prompt election more likely
I20260709 12:56:46.843196  1746 raft_consensus.cc:740] T 0033248b4fb64a45b5465919c9e1060b P 556b6e91a7334fe78141ea05345b3d6c [term 0 FOLLOWER]: Becoming Follower/Learner. State: Replica: 556b6e91a7334fe78141ea05345b3d6c, State: Initialized, Role: FOLLOWER
I20260709 12:56:46.843844  1746 consensus_queue.cc:260] T 0033248b4fb64a45b5465919c9e1060b P 556b6e91a7334fe78141ea05345b3d6c [NON_LEADER]: Queue going to NON_LEADER mode. State: All replicated index: 0, Majority replicated index: 0, Committed index: 0, Last appended: 0.0, Last appended by leader: 0, Current term: 0, Majority size: -1, State: 0, Mode: NON_LEADER, active raft config: opid_index: -1 OBSOLETE_local: false peers { permanent_uuid: "1a4a75f972b14d52adf40b7be75484b5" member_type: VOTER last_known_addr { host: "127.0.107.193" port: 35009 } } peers { permanent_uuid: "f1dc25c51c7348599c09859aa8d8bcb5" member_type: VOTER last_known_addr { host: "127.0.107.194" port: 37701 } } peers { permanent_uuid: "556b6e91a7334fe78141ea05345b3d6c" member_type: VOTER last_known_addr { host: "127.0.107.195" port: 43273 } }
I20260709 12:56:46.848654  1746 ts_tablet_manager.cc:1434] T 0033248b4fb64a45b5465919c9e1060b P 556b6e91a7334fe78141ea05345b3d6c: Time spent starting tablet: real 0.009s	user 0.005s	sys 0.000s
I20260709 12:56:46.849506  1746 tablet_bootstrap.cc:492] T 10b690bd82094d41a7591a5f3ef59e31 P 556b6e91a7334fe78141ea05345b3d6c: Bootstrap starting.
I20260709 12:56:46.849723  1747 tablet_bootstrap.cc:492] T 46402dc7dd5e4df49c6dc702832e6b3a P f1dc25c51c7348599c09859aa8d8bcb5: No bootstrap required, opened a new log
I20260709 12:56:46.850128  1747 ts_tablet_manager.cc:1403] T 46402dc7dd5e4df49c6dc702832e6b3a P f1dc25c51c7348599c09859aa8d8bcb5: Time spent bootstrapping tablet: real 0.016s	user 0.009s	sys 0.001s
I20260709 12:56:46.853041  1747 raft_consensus.cc:359] T 46402dc7dd5e4df49c6dc702832e6b3a P f1dc25c51c7348599c09859aa8d8bcb5 [term 0 FOLLOWER]: Replica starting. Triggering 0 pending ops. Active config: opid_index: -1 OBSOLETE_local: false peers { permanent_uuid: "1a4a75f972b14d52adf40b7be75484b5" member_type: VOTER last_known_addr { host: "127.0.107.193" port: 35009 } } peers { permanent_uuid: "f1dc25c51c7348599c09859aa8d8bcb5" member_type: VOTER last_known_addr { host: "127.0.107.194" port: 37701 } } peers { permanent_uuid: "556b6e91a7334fe78141ea05345b3d6c" member_type: VOTER last_known_addr { host: "127.0.107.195" port: 43273 } }
I20260709 12:56:46.853794  1747 raft_consensus.cc:385] T 46402dc7dd5e4df49c6dc702832e6b3a P f1dc25c51c7348599c09859aa8d8bcb5 [term 0 FOLLOWER]: Consensus starting up: Expiring failure detector timer to make a prompt election more likely
I20260709 12:56:46.854070  1747 raft_consensus.cc:740] T 46402dc7dd5e4df49c6dc702832e6b3a P f1dc25c51c7348599c09859aa8d8bcb5 [term 0 FOLLOWER]: Becoming Follower/Learner. State: Replica: f1dc25c51c7348599c09859aa8d8bcb5, State: Initialized, Role: FOLLOWER
