I20260709 12:59:41.617622  1245 ts_tablet_manager.cc:1403] T 0391c1a3543e43058684f4160363c7e0 P 048bf1646e534ecba5e460f570dc5013: Time spent bootstrapping tablet: real 0.091s	user 0.009s	sys 0.008s
I20260709 12:59:41.621510  1245 raft_consensus.cc:359] T 0391c1a3543e43058684f4160363c7e0 P 048bf1646e534ecba5e460f570dc5013 [term 0 FOLLOWER]: Replica starting. Triggering 0 pending ops. Active config: opid_index: -1 OBSOLETE_local: false peers { permanent_uuid: "048bf1646e534ecba5e460f570dc5013" member_type: VOTER last_known_addr { host: "127.0.107.193" port: 39471 } } peers { permanent_uuid: "3aadcefda3a64e0d80df771808aa6947" member_type: VOTER last_known_addr { host: "127.0.107.194" port: 45797 } } peers { permanent_uuid: "49434f2367f6417ba0df5cffd27b008e" member_type: VOTER last_known_addr { host: "127.0.107.195" port: 34793 } }
I20260709 12:59:41.622505  1245 raft_consensus.cc:385] T 0391c1a3543e43058684f4160363c7e0 P 048bf1646e534ecba5e460f570dc5013 [term 0 FOLLOWER]: Consensus starting up: Expiring failure detector timer to make a prompt election more likely
I20260709 12:59:41.622891  1245 raft_consensus.cc:740] T 0391c1a3543e43058684f4160363c7e0 P 048bf1646e534ecba5e460f570dc5013 [term 0 FOLLOWER]: Becoming Follower/Learner. State: Replica: 048bf1646e534ecba5e460f570dc5013, State: Initialized, Role: FOLLOWER
I20260709 12:59:41.623941  1245 consensus_queue.cc:260] T 0391c1a3543e43058684f4160363c7e0 P 048bf1646e534ecba5e460f570dc5013 [NON_LEADER]: Queue going to NON_LEADER mode. State: All replicated index: 0, Majority replicated index: 0, Committed index: 0, Last appended: 0.0, Last appended by leader: 0, Current term: 0, Majority size: -1, State: 0, Mode: NON_LEADER, active raft config: opid_index: -1 OBSOLETE_local: false peers { permanent_uuid: "048bf1646e534ecba5e460f570dc5013" member_type: VOTER last_known_addr { host: "127.0.107.193" port: 39471 } } peers { permanent_uuid: "3aadcefda3a64e0d80df771808aa6947" member_type: VOTER last_known_addr { host: "127.0.107.194" port: 45797 } } peers { permanent_uuid: "49434f2367f6417ba0df5cffd27b008e" member_type: VOTER last_known_addr { host: "127.0.107.195" port: 34793 } }
I20260709 12:59:41.632817  1121 tablet_service.cc:1511] Processing CreateTablet for tablet e47f49d463aa4cb7a0b728a46880bb3f (DEFAULT_TABLE table=test-workload [id=aa41d02348134d9c83fa47e4c5b5fa79]), partition=RANGE (key) PARTITION VALUES < 214748364
I20260709 12:59:41.635123  1121 data_dirs.cc:400] Could only allocate 1 dirs of requested 3 for tablet e47f49d463aa4cb7a0b728a46880bb3f. 1 dirs total, 0 dirs full, 0 dirs failed
I20260709 12:59:41.634886  1117 tablet_service.cc:1511] Processing CreateTablet for tablet 84d8a204a8aa47c6838109c5f8f1fc23 (DEFAULT_TABLE table=test-workload [id=aa41d02348134d9c83fa47e4c5b5fa79]), partition=RANGE (key) PARTITION 858993456 <= VALUES < 1073741820
I20260709 12:59:41.636596  1117 data_dirs.cc:400] Could only allocate 1 dirs of requested 3 for tablet 84d8a204a8aa47c6838109c5f8f1fc23. 1 dirs total, 0 dirs full, 0 dirs failed
I20260709 12:59:41.638950  1118 tablet_service.cc:1511] Processing CreateTablet for tablet 0391c1a3543e43058684f4160363c7e0 (DEFAULT_TABLE table=test-workload [id=aa41d02348134d9c83fa47e4c5b5fa79]), partition=RANGE (key) PARTITION 644245092 <= VALUES < 858993456
I20260709 12:59:41.640588  1118 data_dirs.cc:400] Could only allocate 1 dirs of requested 3 for tablet 0391c1a3543e43058684f4160363c7e0. 1 dirs total, 0 dirs full, 0 dirs failed
I20260709 12:59:41.642992  1120 tablet_service.cc:1511] Processing CreateTablet for tablet fd40d77cdbd947008827a23bbb794f24 (DEFAULT_TABLE table=test-workload [id=aa41d02348134d9c83fa47e4c5b5fa79]), partition=RANGE (key) PARTITION 214748364 <= VALUES < 429496728
I20260709 12:59:41.644621  1120 data_dirs.cc:400] Could only allocate 1 dirs of requested 3 for tablet fd40d77cdbd947008827a23bbb794f24. 1 dirs total, 0 dirs full, 0 dirs failed
I20260709 12:59:41.646992  1119 tablet_service.cc:1511] Processing CreateTablet for tablet cd157de73d2042acbe55488d348d71ea (DEFAULT_TABLE table=test-workload [id=aa41d02348134d9c83fa47e4c5b5fa79]), partition=RANGE (key) PARTITION 429496728 <= VALUES < 644245092
I20260709 12:59:41.648702  1119 data_dirs.cc:400] Could only allocate 1 dirs of requested 3 for tablet cd157de73d2042acbe55488d348d71ea. 1 dirs total, 0 dirs full, 0 dirs failed
I20260709 12:59:41.655087  1245 ts_tablet_manager.cc:1434] T 0391c1a3543e43058684f4160363c7e0 P 048bf1646e534ecba5e460f570dc5013: Time spent starting tablet: real 0.037s	user 0.017s	sys 0.013s
I20260709 12:59:41.658888  1081 heartbeater.cc:499] Master 127.0.107.254:46341 was elected leader, sending a full tablet report...
I20260709 12:59:41.659490  1245 tablet_bootstrap.cc:492] T e47f49d463aa4cb7a0b728a46880bb3f P 048bf1646e534ecba5e460f570dc5013: Bootstrap starting.
I20260709 12:59:41.669433  1245 tablet_bootstrap.cc:654] T e47f49d463aa4cb7a0b728a46880bb3f P 048bf1646e534ecba5e460f570dc5013: Neither blocks nor log segments found. Creating new log.
I20260709 12:59:41.680080  1115 tablet_service.cc:1511] Processing CreateTablet for tablet a36666cbabc34e87947069f38c071b66 (DEFAULT_TABLE table=test-workload [id=aa41d02348134d9c83fa47e4c5b5fa79]), partition=RANGE (key) PARTITION 1288490184 <= VALUES < 1503238548
I20260709 12:59:41.680836  1114 tablet_service.cc:1511] Processing CreateTablet for tablet d4c037d356b14037981f6e6aef58dc13 (DEFAULT_TABLE table=test-workload [id=aa41d02348134d9c83fa47e4c5b5fa79]), partition=RANGE (key) PARTITION 1503238548 <= VALUES < 1717986912
I20260709 12:59:41.682722  1116 tablet_service.cc:1511] Processing CreateTablet for tablet 2079cf8aa6ff413ea26ee3529ca15c63 (DEFAULT_TABLE table=test-workload [id=aa41d02348134d9c83fa47e4c5b5fa79]), partition=RANGE (key) PARTITION 1073741820 <= VALUES < 1288490184
I20260709 12:59:41.681453  1115 data_dirs.cc:400] Could only allocate 1 dirs of requested 3 for tablet a36666cbabc34e87947069f38c071b66. 1 dirs total, 0 dirs full, 0 dirs failed
I20260709 12:59:41.683949  1112 tablet_service.cc:1511] Processing CreateTablet for tablet c8a5926847404231b862e4a2ad35a155 (DEFAULT_TABLE table=test-workload [id=aa41d02348134d9c83fa47e4c5b5fa79]), partition=RANGE (key) PARTITION 1932735276 <= VALUES
I20260709 12:59:41.682722  1113 tablet_service.cc:1511] Processing CreateTablet for tablet c0360d89233541858901e3303c95edac (DEFAULT_TABLE table=test-workload [id=aa41d02348134d9c83fa47e4c5b5fa79]), partition=RANGE (key) PARTITION 1717986912 <= VALUES < 1932735276
I20260709 12:59:41.686234  1114 data_dirs.cc:400] Could only allocate 1 dirs of requested 3 for tablet d4c037d356b14037981f6e6aef58dc13. 1 dirs total, 0 dirs full, 0 dirs failed
I20260709 12:59:41.694517  1116 data_dirs.cc:400] Could only allocate 1 dirs of requested 3 for tablet 2079cf8aa6ff413ea26ee3529ca15c63. 1 dirs total, 0 dirs full, 0 dirs failed
I20260709 12:59:41.701203  1112 data_dirs.cc:400] Could only allocate 1 dirs of requested 3 for tablet c8a5926847404231b862e4a2ad35a155. 1 dirs total, 0 dirs full, 0 dirs failed
I20260709 12:59:41.701665  1246 tablet_bootstrap.cc:492] T fd40d77cdbd947008827a23bbb794f24 P 49434f2367f6417ba0df5cffd27b008e: Bootstrap starting.
I20260709 12:59:41.701860  1113 data_dirs.cc:400] Could only allocate 1 dirs of requested 3 for tablet c0360d89233541858901e3303c95edac. 1 dirs total, 0 dirs full, 0 dirs failed
I20260709 12:59:41.719117  1245 tablet_bootstrap.cc:492] T e47f49d463aa4cb7a0b728a46880bb3f P 048bf1646e534ecba5e460f570dc5013: No bootstrap required, opened a new log
I20260709 12:59:41.719683  1245 ts_tablet_manager.cc:1403] T e47f49d463aa4cb7a0b728a46880bb3f P 048bf1646e534ecba5e460f570dc5013: Time spent bootstrapping tablet: real 0.061s	user 0.014s	sys 0.027s
I20260709 12:59:41.722507  1245 raft_consensus.cc:359] T e47f49d463aa4cb7a0b728a46880bb3f P 048bf1646e534ecba5e460f570dc5013 [term 0 FOLLOWER]: Replica starting. Triggering 0 pending ops. Active config: opid_index: -1 OBSOLETE_local: false peers { permanent_uuid: "048bf1646e534ecba5e460f570dc5013" member_type: VOTER last_known_addr { host: "127.0.107.193" port: 39471 } } peers { permanent_uuid: "3aadcefda3a64e0d80df771808aa6947" member_type: VOTER last_known_addr { host: "127.0.107.194" port: 45797 } } peers { permanent_uuid: "49434f2367f6417ba0df5cffd27b008e" member_type: VOTER last_known_addr { host: "127.0.107.195" port: 34793 } }
I20260709 12:59:41.723198  1245 raft_consensus.cc:385] T e47f49d463aa4cb7a0b728a46880bb3f P 048bf1646e534ecba5e460f570dc5013 [term 0 FOLLOWER]: Consensus starting up: Expiring failure detector timer to make a prompt election more likely
I20260709 12:59:41.723479  1245 raft_consensus.cc:740] T e47f49d463aa4cb7a0b728a46880bb3f P 048bf1646e534ecba5e460f570dc5013 [term 0 FOLLOWER]: Becoming Follower/Learner. State: Replica: 048bf1646e534ecba5e460f570dc5013, State: Initialized, Role: FOLLOWER
I20260709 12:59:41.724192  1245 consensus_queue.cc:260] T e47f49d463aa4cb7a0b728a46880bb3f P 048bf1646e534ecba5e460f570dc5013 [NON_LEADER]: Queue going to NON_LEADER mode. State: All replicated index: 0, Majority replicated index: 0, Committed index: 0, Last appended: 0.0, Last appended by leader: 0, Current term: 0, Majority size: -1, State: 0, Mode: NON_LEADER, active raft config: opid_index: -1 OBSOLETE_local: false peers { permanent_uuid: "048bf1646e534ecba5e460f570dc5013" member_type: VOTER last_known_addr { host: "127.0.107.193" port: 39471 } } peers { permanent_uuid: "3aadcefda3a64e0d80df771808aa6947" member_type: VOTER last_known_addr { host: "127.0.107.194" port: 45797 } } peers { permanent_uuid: "49434f2367f6417ba0df5cffd27b008e" member_type: VOTER last_known_addr { host: "127.0.107.195" port: 34793 } }
I20260709 12:59:41.727560  1246 tablet_bootstrap.cc:654] T fd40d77cdbd947008827a23bbb794f24 P 49434f2367f6417ba0df5cffd27b008e: Neither blocks nor log segments found. Creating new log.
I20260709 12:59:41.734565  1245 ts_tablet_manager.cc:1434] T e47f49d463aa4cb7a0b728a46880bb3f P 048bf1646e534ecba5e460f570dc5013: Time spent starting tablet: real 0.015s	user 0.006s	sys 0.000s
I20260709 12:59:41.735834  1245 tablet_bootstrap.cc:492] T cd157de73d2042acbe55488d348d71ea P 048bf1646e534ecba5e460f570dc5013: Bootstrap starting.
I20260709 12:59:41.744318  1245 tablet_bootstrap.cc:654] T cd157de73d2042acbe55488d348d71ea P 048bf1646e534ecba5e460f570dc5013: Neither blocks nor log segments found. Creating new log.
I20260709 12:59:41.763051  1251 tablet_bootstrap.cc:492] T c8a5926847404231b862e4a2ad35a155 P 3aadcefda3a64e0d80df771808aa6947: Bootstrap starting.
I20260709 12:59:41.765625  1245 tablet_bootstrap.cc:492] T cd157de73d2042acbe55488d348d71ea P 048bf1646e534ecba5e460f570dc5013: No bootstrap required, opened a new log
I20260709 12:59:41.766100  1245 ts_tablet_manager.cc:1403] T cd157de73d2042acbe55488d348d71ea P 048bf1646e534ecba5e460f570dc5013: Time spent bootstrapping tablet: real 0.031s	user 0.004s	sys 0.014s
I20260709 12:59:41.766642  1246 tablet_bootstrap.cc:492] T fd40d77cdbd947008827a23bbb794f24 P 49434f2367f6417ba0df5cffd27b008e: No bootstrap required, opened a new log
I20260709 12:59:41.767104  1246 ts_tablet_manager.cc:1403] T fd40d77cdbd947008827a23bbb794f24 P 49434f2367f6417ba0df5cffd27b008e: Time spent bootstrapping tablet: real 0.066s	user 0.003s	sys 0.034s
I20260709 12:59:41.768877  1251 tablet_bootstrap.cc:654] T c8a5926847404231b862e4a2ad35a155 P 3aadcefda3a64e0d80df771808aa6947: Neither blocks nor log segments found. Creating new log.
I20260709 12:59:41.768853  1245 raft_consensus.cc:359] T cd157de73d2042acbe55488d348d71ea P 048bf1646e534ecba5e460f570dc5013 [term 0 FOLLOWER]: Replica starting. Triggering 0 pending ops. Active config: opid_index: -1 OBSOLETE_local: false peers { permanent_uuid: "048bf1646e534ecba5e460f570dc5013" member_type: VOTER last_known_addr { host: "127.0.107.193" port: 39471 } } peers { permanent_uuid: "3aadcefda3a64e0d80df771808aa6947" member_type: VOTER last_known_addr { host: "127.0.107.194" port: 45797 } } peers { permanent_uuid: "49434f2367f6417ba0df5cffd27b008e" member_type: VOTER last_known_addr { host: "127.0.107.195" port: 34793 } }
I20260709 12:59:41.769814  1245 raft_consensus.cc:385] T cd157de73d2042acbe55488d348d71ea P 048bf1646e534ecba5e460f570dc5013 [term 0 FOLLOWER]: Consensus starting up: Expiring failure detector timer to make a prompt election more likely
I20260709 12:59:41.770234  1245 raft_consensus.cc:740] T cd157de73d2042acbe55488d348d71ea P 048bf1646e534ecba5e460f570dc5013 [term 0 FOLLOWER]: Becoming Follower/Learner. State: Replica: 048bf1646e534ecba5e460f570dc5013, State: Initialized, Role: FOLLOWER
I20260709 12:59:41.769831  1246 raft_consensus.cc:359] T fd40d77cdbd947008827a23bbb794f24 P 49434f2367f6417ba0df5cffd27b008e [term 0 FOLLOWER]: Replica starting. Triggering 0 pending ops. Active config: opid_index: -1 OBSOLETE_local: false peers { permanent_uuid: "048bf1646e534ecba5e460f570dc5013" member_type: VOTER last_known_addr { host: "127.0.107.193" port: 39471 } } peers { permanent_uuid: "3aadcefda3a64e0d80df771808aa6947" member_type: VOTER last_known_addr { host: "127.0.107.194" port: 45797 } } peers { permanent_uuid: "49434f2367f6417ba0df5cffd27b008e" member_type: VOTER last_known_addr { host: "127.0.107.195" port: 34793 } }
I20260709 12:59:41.770648  1246 raft_consensus.cc:385] T fd40d77cdbd947008827a23bbb794f24 P 49434f2367f6417ba0df5cffd27b008e [term 0 FOLLOWER]: Consensus starting up: Expiring failure detector timer to make a prompt election more likely
I20260709 12:59:41.770946  1246 raft_consensus.cc:740] T fd40d77cdbd947008827a23bbb794f24 P 49434f2367f6417ba0df5cffd27b008e [term 0 FOLLOWER]: Becoming Follower/Learner. State: Replica: 49434f2367f6417ba0df5cffd27b008e, State: Initialized, Role: FOLLOWER
I20260709 12:59:41.770980  1245 consensus_queue.cc:260] T cd157de73d2042acbe55488d348d71ea P 048bf1646e534ecba5e460f570dc5013 [NON_LEADER]: Queue going to NON_LEADER mode. State: All replicated index: 0, Majority replicated index: 0, Committed index: 0, Last appended: 0.0, Last appended by leader: 0, Current term: 0, Majority size: -1, State: 0, Mode: NON_LEADER, active raft config: opid_index: -1 OBSOLETE_local: false peers { permanent_uuid: "048bf1646e534ecba5e460f570dc5013" member_type: VOTER last_known_addr { host: "127.0.107.193" port: 39471 } } peers { permanent_uuid: "3aadcefda3a64e0d80df771808aa6947" member_type: VOTER last_known_addr { host: "127.0.107.194" port: 45797 } } peers { permanent_uuid: "49434f2367f6417ba0df5cffd27b008e" member_type: VOTER last_known_addr { host: "127.0.107.195" port: 34793 } }
I20260709 12:59:41.771742  1246 consensus_queue.cc:260] T fd40d77cdbd947008827a23bbb794f24 P 49434f2367f6417ba0df5cffd27b008e [NON_LEADER]: Queue going to NON_LEADER mode. State: All replicated index: 0, Majority replicated index: 0, Committed index: 0, Last appended: 0.0, Last appended by leader: 0, Current term: 0, Majority size: -1, State: 0, Mode: NON_LEADER, active raft config: opid_index: -1 OBSOLETE_local: false peers { permanent_uuid: "048bf1646e534ecba5e460f570dc5013" member_type: VOTER last_known_addr { host: "127.0.107.193" port: 39471 } } peers { permanent_uuid: "3aadcefda3a64e0d80df771808aa6947" member_type: VOTER last_known_addr { host: "127.0.107.194" port: 45797 } } peers { permanent_uuid: "49434f2367f6417ba0df5cffd27b008e" member_type: VOTER last_known_addr { host: "127.0.107.195" port: 34793 } }
I20260709 12:59:41.773316  1245 ts_tablet_manager.cc:1434] T cd157de73d2042acbe55488d348d71ea P 048bf1646e534ecba5e460f570dc5013: Time spent starting tablet: real 0.007s	user 0.006s	sys 0.000s
I20260709 12:59:41.774673  1245 tablet_bootstrap.cc:492] T 2079cf8aa6ff413ea26ee3529ca15c63 P 048bf1646e534ecba5e460f570dc5013: Bootstrap starting.
I20260709 12:59:41.783387  1245 tablet_bootstrap.cc:654] T 2079cf8aa6ff413ea26ee3529ca15c63 P 048bf1646e534ecba5e460f570dc5013: Neither blocks nor log segments found. Creating new log.
I20260709 12:59:41.784891  1230 heartbeater.cc:499] Master 127.0.107.254:46341 was elected leader, sending a full tablet report...
I20260709 12:59:41.785491  1246 ts_tablet_manager.cc:1434] T fd40d77cdbd947008827a23bbb794f24 P 49434f2367f6417ba0df5cffd27b008e: Time spent starting tablet: real 0.018s	user 0.008s	sys 0.010s
I20260709 12:59:41.786440  1246 tablet_bootstrap.cc:492] T c8a5926847404231b862e4a2ad35a155 P 49434f2367f6417ba0df5cffd27b008e: Bootstrap starting.
I20260709 12:59:41.789240  1251 tablet_bootstrap.cc:492] T c8a5926847404231b862e4a2ad35a155 P 3aadcefda3a64e0d80df771808aa6947: No bootstrap required, opened a new log
I20260709 12:59:41.789700  1251 ts_tablet_manager.cc:1403] T c8a5926847404231b862e4a2ad35a155 P 3aadcefda3a64e0d80df771808aa6947: Time spent bootstrapping tablet: real 0.027s	user 0.018s	sys 0.004s
I20260709 12:59:41.789705  1245 tablet_bootstrap.cc:492] T 2079cf8aa6ff413ea26ee3529ca15c63 P 048bf1646e534ecba5e460f570dc5013: No bootstrap required, opened a new log
I20260709 12:59:41.790477  1245 ts_tablet_manager.cc:1403] T 2079cf8aa6ff413ea26ee3529ca15c63 P 048bf1646e534ecba5e460f570dc5013: Time spent bootstrapping tablet: real 0.016s	user 0.014s	sys 0.000s
I20260709 12:59:41.792780  1246 tablet_bootstrap.cc:654] T c8a5926847404231b862e4a2ad35a155 P 49434f2367f6417ba0df5cffd27b008e: Neither blocks nor log segments found. Creating new log.
I20260709 12:59:41.792834  1251 raft_consensus.cc:359] T c8a5926847404231b862e4a2ad35a155 P 3aadcefda3a64e0d80df771808aa6947 [term 0 FOLLOWER]: Replica starting. Triggering 0 pending ops. Active config: opid_index: -1 OBSOLETE_local: false peers { permanent_uuid: "048bf1646e534ecba5e460f570dc5013" member_type: VOTER last_known_addr { host: "127.0.107.193" port: 39471 } } peers { permanent_uuid: "3aadcefda3a64e0d80df771808aa6947" member_type: VOTER last_known_addr { host: "127.0.107.194" port: 45797 } } peers { permanent_uuid: "49434f2367f6417ba0df5cffd27b008e" member_type: VOTER last_known_addr { host: "127.0.107.195" port: 34793 } }
I20260709 12:59:41.793267  1245 raft_consensus.cc:359] T 2079cf8aa6ff413ea26ee3529ca15c63 P 048bf1646e534ecba5e460f570dc5013 [term 0 FOLLOWER]: Replica starting. Triggering 0 pending ops. Active config: opid_index: -1 OBSOLETE_local: false peers { permanent_uuid: "048bf1646e534ecba5e460f570dc5013" member_type: VOTER last_known_addr { host: "127.0.107.193" port: 39471 } } peers { permanent_uuid: "3aadcefda3a64e0d80df771808aa6947" member_type: VOTER last_known_addr { host: "127.0.107.194" port: 45797 } } peers { permanent_uuid: "49434f2367f6417ba0df5cffd27b008e" member_type: VOTER last_known_addr { host: "127.0.107.195" port: 34793 } }
I20260709 12:59:41.793723  1251 raft_consensus.cc:385] T c8a5926847404231b862e4a2ad35a155 P 3aadcefda3a64e0d80df771808aa6947 [term 0 FOLLOWER]: Consensus starting up: Expiring failure detector timer to make a prompt election more likely
I20260709 12:59:41.794070  1245 raft_consensus.cc:385] T 2079cf8aa6ff413ea26ee3529ca15c63 P 048bf1646e534ecba5e460f570dc5013 [term 0 FOLLOWER]: Consensus starting up: Expiring failure detector timer to make a prompt election more likely
I20260709 12:59:41.794147  1251 raft_consensus.cc:740] T c8a5926847404231b862e4a2ad35a155 P 3aadcefda3a64e0d80df771808aa6947 [term 0 FOLLOWER]: Becoming Follower/Learner. State: Replica: 3aadcefda3a64e0d80df771808aa6947, State: Initialized, Role: FOLLOWER
I20260709 12:59:41.794467  1245 raft_consensus.cc:740] T 2079cf8aa6ff413ea26ee3529ca15c63 P 048bf1646e534ecba5e460f570dc5013 [term 0 FOLLOWER]: Becoming Follower/Learner. State: Replica: 048bf1646e534ecba5e460f570dc5013, State: Initialized, Role: FOLLOWER
I20260709 12:59:41.795202  1251 consensus_queue.cc:260] T c8a5926847404231b862e4a2ad35a155 P 3aadcefda3a64e0d80df771808aa6947 [NON_LEADER]: Queue going to NON_LEADER mode. State: All replicated index: 0, Majority replicated index: 0, Committed index: 0, Last appended: 0.0, Last appended by leader: 0, Current term: 0, Majority size: -1, State: 0, Mode: NON_LEADER, active raft config: opid_index: -1 OBSOLETE_local: false peers { permanent_uuid: "048bf1646e534ecba5e460f570dc5013" member_type: VOTER last_known_addr { host: "127.0.107.193" port: 39471 } } peers { permanent_uuid: "3aadcefda3a64e0d80df771808aa6947" member_type: VOTER last_known_addr { host: "127.0.107.194" port: 45797 } } peers { permanent_uuid: "49434f2367f6417ba0df5cffd27b008e" member_type: VOTER last_known_addr { host: "127.0.107.195" port: 34793 } }
I20260709 12:59:41.795393  1245 consensus_queue.cc:260] T 2079cf8aa6ff413ea26ee3529ca15c63 P 048bf1646e534ecba5e460f570dc5013 [NON_LEADER]: Queue going to NON_LEADER mode. State: All replicated index: 0, Majority replicated index: 0, Committed index: 0, Last appended: 0.0, Last appended by leader: 0, Current term: 0, Majority size: -1, State: 0, Mode: NON_LEADER, active raft config: opid_index: -1 OBSOLETE_local: false peers { permanent_uuid: "048bf1646e534ecba5e460f570dc5013" member_type: VOTER last_known_addr { host: "127.0.107.193" port: 39471 } } peers { permanent_uuid: "3aadcefda3a64e0d80df771808aa6947" member_type: VOTER last_known_addr { host: "127.0.107.194" port: 45797 } } peers { permanent_uuid: "49434f2367f6417ba0df5cffd27b008e" member_type: VOTER last_known_addr { host: "127.0.107.195" port: 34793 } }
I20260709 12:59:41.800798  1245 ts_tablet_manager.cc:1434] T 2079cf8aa6ff413ea26ee3529ca15c63 P 048bf1646e534ecba5e460f570dc5013: Time spent starting tablet: real 0.010s	user 0.006s	sys 0.000s
I20260709 12:59:41.802119  1245 tablet_bootstrap.cc:492] T fd40d77cdbd947008827a23bbb794f24 P 048bf1646e534ecba5e460f570dc5013: Bootstrap starting.
I20260709 12:59:41.806268  1251 ts_tablet_manager.cc:1434] T c8a5926847404231b862e4a2ad35a155 P 3aadcefda3a64e0d80df771808aa6947: Time spent starting tablet: real 0.016s	user 0.013s	sys 0.000s
I20260709 12:59:41.810704  1245 tablet_bootstrap.cc:654] T fd40d77cdbd947008827a23bbb794f24 P 048bf1646e534ecba5e460f570dc5013: Neither blocks nor log segments found. Creating new log.
I20260709 12:59:41.811384  1156 heartbeater.cc:499] Master 127.0.107.254:46341 was elected leader, sending a full tablet report...
I20260709 12:59:41.817171  1246 tablet_bootstrap.cc:492] T c8a5926847404231b862e4a2ad35a155 P 49434f2367f6417ba0df5cffd27b008e: No bootstrap required, opened a new log
I20260709 12:59:41.817847  1246 ts_tablet_manager.cc:1403] T c8a5926847404231b862e4a2ad35a155 P 49434f2367f6417ba0df5cffd27b008e: Time spent bootstrapping tablet: real 0.032s	user 0.010s	sys 0.021s
I20260709 12:59:41.822199  1251 tablet_bootstrap.cc:492] T 84d8a204a8aa47c6838109c5f8f1fc23 P 3aadcefda3a64e0d80df771808aa6947: Bootstrap starting.
I20260709 12:59:41.821568  1246 raft_consensus.cc:359] T c8a5926847404231b862e4a2ad35a155 P 49434f2367f6417ba0df5cffd27b008e [term 0 FOLLOWER]: Replica starting. Triggering 0 pending ops. Active config: opid_index: -1 OBSOLETE_local: false peers { permanent_uuid: "048bf1646e534ecba5e460f570dc5013" member_type: VOTER last_known_addr { host: "127.0.107.193" port: 39471 } } peers { permanent_uuid: "3aadcefda3a64e0d80df771808aa6947" member_type: VOTER last_known_addr { host: "127.0.107.194" port: 45797 } } peers { permanent_uuid: "49434f2367f6417ba0df5cffd27b008e" member_type: VOTER last_known_addr { host: "127.0.107.195" port: 34793 } }
I20260709 12:59:41.822751  1246 raft_consensus.cc:385] T c8a5926847404231b862e4a2ad35a155 P 49434f2367f6417ba0df5cffd27b008e [term 0 FOLLOWER]: Consensus starting up: Expiring failure detector timer to make a prompt election more likely
I20260709 12:59:41.823182  1246 raft_consensus.cc:740] T c8a5926847404231b862e4a2ad35a155 P 49434f2367f6417ba0df5cffd27b008e [term 0 FOLLOWER]: Becoming Follower/Learner. State: Replica: 49434f2367f6417ba0df5cffd27b008e, State: Initialized, Role: FOLLOWER
I20260709 12:59:41.824193  1246 consensus_queue.cc:260] T c8a5926847404231b862e4a2ad35a155 P 49434f2367f6417ba0df5cffd27b008e [NON_LEADER]: Queue going to NON_LEADER mode. State: All replicated index: 0, Majority replicated index: 0, Committed index: 0, Last appended: 0.0, Last appended by leader: 0, Current term: 0, Majority size: -1, State: 0, Mode: NON_LEADER, active raft config: opid_index: -1 OBSOLETE_local: false peers { permanent_uuid: "048bf1646e534ecba5e460f570dc5013" member_type: VOTER last_known_addr { host: "127.0.107.193" port: 39471 } } peers { permanent_uuid: "3aadcefda3a64e0d80df771808aa6947" member_type: VOTER last_known_addr { host: "127.0.107.194" port: 45797 } } peers { permanent_uuid: "49434f2367f6417ba0df5cffd27b008e" member_type: VOTER last_known_addr { host: "127.0.107.195" port: 34793 } }
I20260709 12:59:41.827437  1246 ts_tablet_manager.cc:1434] T c8a5926847404231b862e4a2ad35a155 P 49434f2367f6417ba0df5cffd27b008e: Time spent starting tablet: real 0.009s	user 0.005s	sys 0.003s
I20260709 12:59:41.828636  1246 tablet_bootstrap.cc:492] T cd157de73d2042acbe55488d348d71ea P 49434f2367f6417ba0df5cffd27b008e: Bootstrap starting.
I20260709 12:59:41.830942  1251 tablet_bootstrap.cc:654] T 84d8a204a8aa47c6838109c5f8f1fc23 P 3aadcefda3a64e0d80df771808aa6947: Neither blocks nor log segments found. Creating new log.
I20260709 12:59:41.832240  1245 tablet_bootstrap.cc:492] T fd40d77cdbd947008827a23bbb794f24 P 048bf1646e534ecba5e460f570dc5013: No bootstrap required, opened a new log
I20260709 12:59:41.832726  1245 ts_tablet_manager.cc:1403] T fd40d77cdbd947008827a23bbb794f24 P 048bf1646e534ecba5e460f570dc5013: Time spent bootstrapping tablet: real 0.031s	user 0.020s	sys 0.008s
I20260709 12:59:41.835196  1246 tablet_bootstrap.cc:654] T cd157de73d2042acbe55488d348d71ea P 49434f2367f6417ba0df5cffd27b008e: Neither blocks nor log segments found. Creating new log.
I20260709 12:59:41.835629  1245 raft_consensus.cc:359] T fd40d77cdbd947008827a23bbb794f24 P 048bf1646e534ecba5e460f570dc5013 [term 0 FOLLOWER]: Replica starting. Triggering 0 pending ops. Active config: opid_index: -1 OBSOLETE_local: false peers { permanent_uuid: "048bf1646e534ecba5e460f570dc5013" member_type: VOTER last_known_addr { host: "127.0.107.193" port: 39471 } } peers { permanent_uuid: "3aadcefda3a64e0d80df771808aa6947" member_type: VOTER last_known_addr { host: "127.0.107.194" port: 45797 } } peers { permanent_uuid: "49434f2367f6417ba0df5cffd27b008e" member_type: VOTER last_known_addr { host: "127.0.107.195" port: 34793 } }
I20260709 12:59:41.836395  1245 raft_consensus.cc:385] T fd40d77cdbd947008827a23bbb794f24 P 048bf1646e534ecba5e460f570dc5013 [term 0 FOLLOWER]: Consensus starting up: Expiring failure detector timer to make a prompt election more likely
I20260709 12:59:41.836704  1245 raft_consensus.cc:740] T fd40d77cdbd947008827a23bbb794f24 P 048bf1646e534ecba5e460f570dc5013 [term 0 FOLLOWER]: Becoming Follower/Learner. State: Replica: 048bf1646e534ecba5e460f570dc5013, State: Initialized, Role: FOLLOWER
I20260709 12:59:41.837545  1245 consensus_queue.cc:260] T fd40d77cdbd947008827a23bbb794f24 P 048bf1646e534ecba5e460f570dc5013 [NON_LEADER]: Queue going to NON_LEADER mode. State: All replicated index: 0, Majority replicated index: 0, Committed index: 0, Last appended: 0.0, Last appended by leader: 0, Current term: 0, Majority size: -1, State: 0, Mode: NON_LEADER, active raft config: opid_index: -1 OBSOLETE_local: false peers { permanent_uuid: "048bf1646e534ecba5e460f570dc5013" member_type: VOTER last_known_addr { host: "127.0.107.193" port: 39471 } } peers { permanent_uuid: "3aadcefda3a64e0d80df771808aa6947" member_type: VOTER last_known_addr { host: "127.0.107.194" port: 45797 } } peers { permanent_uuid: "49434f2367f6417ba0df5cffd27b008e" member_type: VOTER last_known_addr { host: "127.0.107.195" port: 34793 } }
I20260709 12:59:41.843773  1245 ts_tablet_manager.cc:1434] T fd40d77cdbd947008827a23bbb794f24 P 048bf1646e534ecba5e460f570dc5013: Time spent starting tablet: real 0.011s	user 0.008s	sys 0.000s
I20260709 12:59:41.845073  1245 tablet_bootstrap.cc:492] T 84d8a204a8aa47c6838109c5f8f1fc23 P 048bf1646e534ecba5e460f570dc5013: Bootstrap starting.
I20260709 12:59:41.854408  1251 tablet_bootstrap.cc:492] T 84d8a204a8aa47c6838109c5f8f1fc23 P 3aadcefda3a64e0d80df771808aa6947: No bootstrap required, opened a new log
I20260709 12:59:41.854991  1251 ts_tablet_manager.cc:1403] T 84d8a204a8aa47c6838109c5f8f1fc23 P 3aadcefda3a64e0d80df771808aa6947: Time spent bootstrapping tablet: real 0.033s	user 0.013s	sys 0.016s
I20260709 12:59:41.856490  1245 tablet_bootstrap.cc:654] T 84d8a204a8aa47c6838109c5f8f1fc23 P 048bf1646e534ecba5e460f570dc5013: Neither blocks nor log segments found. Creating new log.
I20260709 12:59:41.857993  1251 raft_consensus.cc:359] T 84d8a204a8aa47c6838109c5f8f1fc23 P 3aadcefda3a64e0d80df771808aa6947 [term 0 FOLLOWER]: Replica starting. Triggering 0 pending ops. Active config: opid_index: -1 OBSOLETE_local: false peers { permanent_uuid: "048bf1646e534ecba5e460f570dc5013" member_type: VOTER last_known_addr { host: "127.0.107.193" port: 39471 } } peers { permanent_uuid: "3aadcefda3a64e0d80df771808aa6947" member_type: VOTER last_known_addr { host: "127.0.107.194" port: 45797 } } peers { permanent_uuid: "49434f2367f6417ba0df5cffd27b008e" member_type: VOTER last_known_addr { host: "127.0.107.195" port: 34793 } }
I20260709 12:59:41.858776  1251 raft_consensus.cc:385] T 84d8a204a8aa47c6838109c5f8f1fc23 P 3aadcefda3a64e0d80df771808aa6947 [term 0 FOLLOWER]: Consensus starting up: Expiring failure detector timer to make a prompt election more likely
I20260709 12:59:41.859125  1251 raft_consensus.cc:740] T 84d8a204a8aa47c6838109c5f8f1fc23 P 3aadcefda3a64e0d80df771808aa6947 [term 0 FOLLOWER]: Becoming Follower/Learner. State: Replica: 3aadcefda3a64e0d80df771808aa6947, State: Initialized, Role: FOLLOWER
I20260709 12:59:41.860018  1251 consensus_queue.cc:260] T 84d8a204a8aa47c6838109c5f8f1fc23 P 3aadcefda3a64e0d80df771808aa6947 [NON_LEADER]: Queue going to NON_LEADER mode. State: All replicated index: 0, Majority replicated index: 0, Committed index: 0, Last appended: 0.0, Last appended by leader: 0, Current term: 0, Majority size: -1, State: 0, Mode: NON_LEADER, active raft config: opid_index: -1 OBSOLETE_local: false peers { permanent_uuid: "048bf1646e534ecba5e460f570dc5013" member_type: VOTER last_known_addr { host: "127.0.107.193" port: 39471 } } peers { permanent_uuid: "3aadcefda3a64e0d80df771808aa6947" member_type: VOTER last_known_addr { host: "127.0.107.194" port: 45797 } } peers { permanent_uuid: "49434f2367f6417ba0df5cffd27b008e" member_type: VOTER last_known_addr { host: "127.0.107.195" port: 34793 } }
I20260709 12:59:41.862922  1246 tablet_bootstrap.cc:492] T cd157de73d2042acbe55488d348d71ea P 49434f2367f6417ba0df5cffd27b008e: No bootstrap required, opened a new log
I20260709 12:59:41.862936  1251 ts_tablet_manager.cc:1434] T 84d8a204a8aa47c6838109c5f8f1fc23 P 3aadcefda3a64e0d80df771808aa6947: Time spent starting tablet: real 0.008s	user 0.005s	sys 0.000s
I20260709 12:59:41.863513  1246 ts_tablet_manager.cc:1403] T cd157de73d2042acbe55488d348d71ea P 49434f2367f6417ba0df5cffd27b008e: Time spent bootstrapping tablet: real 0.035s	user 0.017s	sys 0.016s
I20260709 12:59:41.863965  1251 tablet_bootstrap.cc:492] T e47f49d463aa4cb7a0b728a46880bb3f P 3aadcefda3a64e0d80df771808aa6947: Bootstrap starting.
I20260709 12:59:41.866411  1246 raft_consensus.cc:359] T cd157de73d2042acbe55488d348d71ea P 49434f2367f6417ba0df5cffd27b008e [term 0 FOLLOWER]: Replica starting. Triggering 0 pending ops. Active config: opid_index: -1 OBSOLETE_local: false peers { permanent_uuid: "048bf1646e534ecba5e460f570dc5013" member_type: VOTER last_known_addr { host: "127.0.107.193" port: 39471 } } peers { permanent_uuid: "3aadcefda3a64e0d80df771808aa6947" member_type: VOTER last_known_addr { host: "127.0.107.194" port: 45797 } } peers { permanent_uuid: "49434f2367f6417ba0df5cffd27b008e" member_type: VOTER last_known_addr { host: "127.0.107.195" port: 34793 } }
I20260709 12:59:41.867143  1246 raft_consensus.cc:385] T cd157de73d2042acbe55488d348d71ea P 49434f2367f6417ba0df5cffd27b008e [term 0 FOLLOWER]: Consensus starting up: Expiring failure detector timer to make a prompt election more likely
I20260709 12:59:41.867480  1246 raft_consensus.cc:740] T cd157de73d2042acbe55488d348d71ea P 49434f2367f6417ba0df5cffd27b008e [term 0 FOLLOWER]: Becoming Follower/Learner. State: Replica: 49434f2367f6417ba0df5cffd27b008e, State: Initialized, Role: FOLLOWER
I20260709 12:59:41.868194  1246 consensus_queue.cc:260] T cd157de73d2042acbe55488d348d71ea P 49434f2367f6417ba0df5cffd27b008e [NON_LEADER]: Queue going to NON_LEADER mode. State: All replicated index: 0, Majority replicated index: 0, Committed index: 0, Last appended: 0.0, Last appended by leader: 0, Current term: 0, Majority size: -1, State: 0, Mode: NON_LEADER, active raft config: opid_index: -1 OBSOLETE_local: false peers { permanent_uuid: "048bf1646e534ecba5e460f570dc5013" member_type: VOTER last_known_addr { host: "127.0.107.193" port: 39471 } } peers { permanent_uuid: "3aadcefda3a64e0d80df771808aa6947" member_type: VOTER last_known_addr { host: "127.0.107.194" port: 45797 } } peers { permanent_uuid: "49434f2367f6417ba0df5cffd27b008e" member_type: VOTER last_known_addr { host: "127.0.107.195" port: 34793 } }
I20260709 12:59:41.870951  1246 ts_tablet_manager.cc:1434] T cd157de73d2042acbe55488d348d71ea P 49434f2367f6417ba0df5cffd27b008e: Time spent starting tablet: real 0.007s	user 0.007s	sys 0.000s
I20260709 12:59:41.871060  1251 tablet_bootstrap.cc:654] T e47f49d463aa4cb7a0b728a46880bb3f P 3aadcefda3a64e0d80df771808aa6947: Neither blocks nor log segments found. Creating new log.
I20260709 12:59:41.871814  1246 tablet_bootstrap.cc:492] T a36666cbabc34e87947069f38c071b66 P 49434f2367f6417ba0df5cffd27b008e: Bootstrap starting.
I20260709 12:59:41.873312  1245 tablet_bootstrap.cc:492] T 84d8a204a8aa47c6838109c5f8f1fc23 P 048bf1646e534ecba5e460f570dc5013: No bootstrap required, opened a new log
I20260709 12:59:41.873833  1245 ts_tablet_manager.cc:1403] T 84d8a204a8aa47c6838109c5f8f1fc23 P 048bf1646e534ecba5e460f570dc5013: Time spent bootstrapping tablet: real 0.029s	user 0.008s	sys 0.007s
I20260709 12:59:41.877513  1245 raft_consensus.cc:359] T 84d8a204a8aa47c6838109c5f8f1fc23 P 048bf1646e534ecba5e460f570dc5013 [term 0 FOLLOWER]: Replica starting. Triggering 0 pending ops. Active config: opid_index: -1 OBSOLETE_local: false peers { permanent_uuid: "048bf1646e534ecba5e460f570dc5013" member_type: VOTER last_known_addr { host: "127.0.107.193" port: 39471 } } peers { permanent_uuid: "3aadcefda3a64e0d80df771808aa6947" member_type: VOTER last_known_addr { host: "127.0.107.194" port: 45797 } } peers { permanent_uuid: "49434f2367f6417ba0df5cffd27b008e" member_type: VOTER last_known_addr { host: "127.0.107.195" port: 34793 } }
I20260709 12:59:41.878549  1246 tablet_bootstrap.cc:654] T a36666cbabc34e87947069f38c071b66 P 49434f2367f6417ba0df5cffd27b008e: Neither blocks nor log segments found. Creating new log.
I20260709 12:59:41.878423  1245 raft_consensus.cc:385] T 84d8a204a8aa47c6838109c5f8f1fc23 P 048bf1646e534ecba5e460f570dc5013 [term 0 FOLLOWER]: Consensus starting up: Expiring failure detector timer to make a prompt election more likely
I20260709 12:59:41.878980  1245 raft_consensus.cc:740] T 84d8a204a8aa47c6838109c5f8f1fc23 P 048bf1646e534ecba5e460f570dc5013 [term 0 FOLLOWER]: Becoming Follower/Learner. State: Replica: 048bf1646e534ecba5e460f570dc5013, State: Initialized, Role: FOLLOWER
I20260709 12:59:41.879947  1248 raft_consensus.cc:493] T 2079cf8aa6ff413ea26ee3529ca15c63 P 048bf1646e534ecba5e460f570dc5013 [term 0 FOLLOWER]: Starting pre-election (no leader contacted us within the election timeout)
I20260709 12:59:41.879765  1245 consensus_queue.cc:260] T 84d8a204a8aa47c6838109c5f8f1fc23 P 048bf1646e534ecba5e460f570dc5013 [NON_LEADER]: Queue going to NON_LEADER mode. State: All replicated index: 0, Majority replicated index: 0, Committed index: 0, Last appended: 0.0, Last appended by leader: 0, Current term: 0, Majority size: -1, State: 0, Mode: NON_LEADER, active raft config: opid_index: -1 OBSOLETE_local: false peers { permanent_uuid: "048bf1646e534ecba5e460f570dc5013" member_type: VOTER last_known_addr { host: "127.0.107.193" port: 39471 } } peers { permanent_uuid: "3aadcefda3a64e0d80df771808aa6947" member_type: VOTER last_known_addr { host: "127.0.107.194" port: 45797 } } peers { permanent_uuid: "49434f2367f6417ba0df5cffd27b008e" member_type: VOTER last_known_addr { host: "127.0.107.195" port: 34793 } }
I20260709 12:59:41.880343  1248 raft_consensus.cc:515] T 2079cf8aa6ff413ea26ee3529ca15c63 P 048bf1646e534ecba5e460f570dc5013 [term 0 FOLLOWER]: Starting pre-election with config: opid_index: -1 OBSOLETE_local: false peers { permanent_uuid: "048bf1646e534ecba5e460f570dc5013" member_type: VOTER last_known_addr { host: "127.0.107.193" port: 39471 } } peers { permanent_uuid: "3aadcefda3a64e0d80df771808aa6947" member_type: VOTER last_known_addr { host: "127.0.107.194" port: 45797 } } peers { permanent_uuid: "49434f2367f6417ba0df5cffd27b008e" member_type: VOTER last_known_addr { host: "127.0.107.195" port: 34793 } }
I20260709 12:59:41.884728  1248 leader_election.cc:290] T 2079cf8aa6ff413ea26ee3529ca15c63 P 048bf1646e534ecba5e460f570dc5013 [CANDIDATE]: Term 1 pre-election: Requested pre-vote from peers 3aadcefda3a64e0d80df771808aa6947 (127.0.107.194:45797), 49434f2367f6417ba0df5cffd27b008e (127.0.107.195:34793)
I20260709 12:59:41.886137  1263 raft_consensus.cc:493] T cd157de73d2042acbe55488d348d71ea P 048bf1646e534ecba5e460f570dc5013 [term 0 FOLLOWER]: Starting pre-election (no leader contacted us within the election timeout)
I20260709 12:59:41.886353  1257 raft_consensus.cc:493] T 84d8a204a8aa47c6838109c5f8f1fc23 P 3aadcefda3a64e0d80df771808aa6947 [term 0 FOLLOWER]: Starting pre-election (no leader contacted us within the election timeout)
I20260709 12:59:41.886601  1263 raft_consensus.cc:515] T cd157de73d2042acbe55488d348d71ea P 048bf1646e534ecba5e460f570dc5013 [term 0 FOLLOWER]: Starting pre-election with config: opid_index: -1 OBSOLETE_local: false peers { permanent_uuid: "048bf1646e534ecba5e460f570dc5013" member_type: VOTER last_known_addr { host: "127.0.107.193" port: 39471 } } peers { permanent_uuid: "3aadcefda3a64e0d80df771808aa6947" member_type: VOTER last_known_addr { host: "127.0.107.194" port: 45797 } } peers { permanent_uuid: "49434f2367f6417ba0df5cffd27b008e" member_type: VOTER last_known_addr { host: "127.0.107.195" port: 34793 } }
I20260709 12:59:41.886972  1257 raft_consensus.cc:515] T 84d8a204a8aa47c6838109c5f8f1fc23 P 3aadcefda3a64e0d80df771808aa6947 [term 0 FOLLOWER]: Starting pre-election with config: opid_index: -1 OBSOLETE_local: false peers { permanent_uuid: "048bf1646e534ecba5e460f570dc5013" member_type: VOTER last_known_addr { host: "127.0.107.193" port: 39471 } } peers { permanent_uuid: "3aadcefda3a64e0d80df771808aa6947" member_type: VOTER last_known_addr { host: "127.0.107.194" port: 45797 } } peers { permanent_uuid: "49434f2367f6417ba0df5cffd27b008e" member_type: VOTER last_known_addr { host: "127.0.107.195" port: 34793 } }
I20260709 12:59:41.889480  1245 ts_tablet_manager.cc:1434] T 84d8a204a8aa47c6838109c5f8f1fc23 P 048bf1646e534ecba5e460f570dc5013: Time spent starting tablet: real 0.015s	user 0.006s	sys 0.004s
I20260709 12:59:41.890789  1245 tablet_bootstrap.cc:492] T d4c037d356b14037981f6e6aef58dc13 P 048bf1646e534ecba5e460f570dc5013: Bootstrap starting.
I20260709 12:59:41.897830  1251 tablet_bootstrap.cc:492] T e47f49d463aa4cb7a0b728a46880bb3f P 3aadcefda3a64e0d80df771808aa6947: No bootstrap required, opened a new log
I20260709 12:59:41.898366  1257 leader_election.cc:290] T 84d8a204a8aa47c6838109c5f8f1fc23 P 3aadcefda3a64e0d80df771808aa6947 [CANDIDATE]: Term 1 pre-election: Requested pre-vote from peers 048bf1646e534ecba5e460f570dc5013 (127.0.107.193:39471), 49434f2367f6417ba0df5cffd27b008e (127.0.107.195:34793)
I20260709 12:59:41.898348  1251 ts_tablet_manager.cc:1403] T e47f49d463aa4cb7a0b728a46880bb3f P 3aadcefda3a64e0d80df771808aa6947: Time spent bootstrapping tablet: real 0.035s	user 0.015s	sys 0.004s
I20260709 12:59:41.901775  1251 raft_consensus.cc:359] T e47f49d463aa4cb7a0b728a46880bb3f P 3aadcefda3a64e0d80df771808aa6947 [term 0 FOLLOWER]: Replica starting. Triggering 0 pending ops. Active config: opid_index: -1 OBSOLETE_local: false peers { permanent_uuid: "048bf1646e534ecba5e460f570dc5013" member_type: VOTER last_known_addr { host: "127.0.107.193" port: 39471 } } peers { permanent_uuid: "3aadcefda3a64e0d80df771808aa6947" member_type: VOTER last_known_addr { host: "127.0.107.194" port: 45797 } } peers { permanent_uuid: "49434f2367f6417ba0df5cffd27b008e" member_type: VOTER last_known_addr { host: "127.0.107.195" port: 34793 } }
I20260709 12:59:41.902477  1251 raft_consensus.cc:385] T e47f49d463aa4cb7a0b728a46880bb3f P 3aadcefda3a64e0d80df771808aa6947 [term 0 FOLLOWER]: Consensus starting up: Expiring failure detector timer to make a prompt election more likely
I20260709 12:59:41.902766  1251 raft_consensus.cc:740] T e47f49d463aa4cb7a0b728a46880bb3f P 3aadcefda3a64e0d80df771808aa6947 [term 0 FOLLOWER]: Becoming Follower/Learner. State: Replica: 3aadcefda3a64e0d80df771808aa6947, State: Initialized, Role: FOLLOWER
I20260709 12:59:41.903465  1251 consensus_queue.cc:260] T e47f49d463aa4cb7a0b728a46880bb3f P 3aadcefda3a64e0d80df771808aa6947 [NON_LEADER]: Queue going to NON_LEADER mode. State: All replicated index: 0, Majority replicated index: 0, Committed index: 0, Last appended: 0.0, Last appended by leader: 0, Current term: 0, Majority size: -1, State: 0, Mode: NON_LEADER, active raft config: opid_index: -1 OBSOLETE_local: false peers { permanent_uuid: "048bf1646e534ecba5e460f570dc5013" member_type: VOTER last_known_addr { host: "127.0.107.193" port: 39471 } } peers { permanent_uuid: "3aadcefda3a64e0d80df771808aa6947" member_type: VOTER last_known_addr { host: "127.0.107.194" port: 45797 } } peers { permanent_uuid: "49434f2367f6417ba0df5cffd27b008e" member_type: VOTER last_known_addr { host: "127.0.107.195" port: 34793 } }
I20260709 12:59:41.905676  1263 leader_election.cc:290] T cd157de73d2042acbe55488d348d71ea P 048bf1646e534ecba5e460f570dc5013 [CANDIDATE]: Term 1 pre-election: Requested pre-vote from peers 3aadcefda3a64e0d80df771808aa6947 (127.0.107.194:45797), 49434f2367f6417ba0df5cffd27b008e (127.0.107.195:34793)
I20260709 12:59:41.905843  1251 ts_tablet_manager.cc:1434] T e47f49d463aa4cb7a0b728a46880bb3f P 3aadcefda3a64e0d80df771808aa6947: Time spent starting tablet: real 0.007s	user 0.007s	sys 0.000s
I20260709 12:59:41.907002  1251 tablet_bootstrap.cc:492] T d4c037d356b14037981f6e6aef58dc13 P 3aadcefda3a64e0d80df771808aa6947: Bootstrap starting.
I20260709 12:59:41.903469  1245 tablet_bootstrap.cc:654] T d4c037d356b14037981f6e6aef58dc13 P 048bf1646e534ecba5e460f570dc5013: Neither blocks nor log segments found. Creating new log.
I20260709 12:59:41.916786  1263 raft_consensus.cc:493] T 84d8a204a8aa47c6838109c5f8f1fc23 P 048bf1646e534ecba5e460f570dc5013 [term 0 FOLLOWER]: Starting pre-election (no leader contacted us within the election timeout)
I20260709 12:59:41.919590  1204 tablet_service.cc:1917] Received RequestConsensusVote() RPC: tablet_id: "cd157de73d2042acbe55488d348d71ea" candidate_uuid: "048bf1646e534ecba5e460f570dc5013" candidate_term: 1 candidate_status { last_received { term: 0 index: 0 } } ignore_live_leader: false dest_uuid: "49434f2367f6417ba0df5cffd27b008e" is_pre_election: true
I20260709 12:59:41.919564  1263 raft_consensus.cc:515] T 84d8a204a8aa47c6838109c5f8f1fc23 P 048bf1646e534ecba5e460f570dc5013 [term 0 FOLLOWER]: Starting pre-election with config: opid_index: -1 OBSOLETE_local: false peers { permanent_uuid: "048bf1646e534ecba5e460f570dc5013" member_type: VOTER last_known_addr { host: "127.0.107.193" port: 39471 } } peers { permanent_uuid: "3aadcefda3a64e0d80df771808aa6947" member_type: VOTER last_known_addr { host: "127.0.107.194" port: 45797 } } peers { permanent_uuid: "49434f2367f6417ba0df5cffd27b008e" member_type: VOTER last_known_addr { host: "127.0.107.195" port: 34793 } }
I20260709 12:59:41.920318  1204 raft_consensus.cc:2468] T cd157de73d2042acbe55488d348d71ea P 49434f2367f6417ba0df5cffd27b008e [term 0 FOLLOWER]: Leader pre-election vote request: Granting yes vote for candidate 048bf1646e534ecba5e460f570dc5013 in term 0.
I20260709 12:59:41.921794  1019 leader_election.cc:304] T cd157de73d2042acbe55488d348d71ea P 048bf1646e534ecba5e460f570dc5013 [CANDIDATE]: Term 1 pre-election: Election decided. Result: candidate won. Election summary: received 2 responses out of 3 voters: 2 yes votes; 0 no votes. yes voters: 048bf1646e534ecba5e460f570dc5013, 49434f2367f6417ba0df5cffd27b008e; no voters: 
I20260709 12:59:41.922845  1248 raft_consensus.cc:2804] T cd157de73d2042acbe55488d348d71ea P 048bf1646e534ecba5e460f570dc5013 [term 0 FOLLOWER]: Leader pre-election won for term 1
I20260709 12:59:41.923277  1248 raft_consensus.cc:493] T cd157de73d2042acbe55488d348d71ea P 048bf1646e534ecba5e460f570dc5013 [term 0 FOLLOWER]: Starting leader election (no leader contacted us within the election timeout)
I20260709 12:59:41.923700  1248 raft_consensus.cc:3060] T cd157de73d2042acbe55488d348d71ea P 048bf1646e534ecba5e460f570dc5013 [term 0 FOLLOWER]: Advancing to term 1
I20260709 12:59:41.923933  1251 tablet_bootstrap.cc:654] T d4c037d356b14037981f6e6aef58dc13 P 3aadcefda3a64e0d80df771808aa6947: Neither blocks nor log segments found. Creating new log.
I20260709 12:59:41.916730  1205 tablet_service.cc:1917] Received RequestConsensusVote() RPC: tablet_id: "2079cf8aa6ff413ea26ee3529ca15c63" candidate_uuid: "048bf1646e534ecba5e460f570dc5013" candidate_term: 1 candidate_status { last_received { term: 0 index: 0 } } ignore_live_leader: false dest_uuid: "49434f2367f6417ba0df5cffd27b008e" is_pre_election: true
I20260709 12:59:41.926602  1263 leader_election.cc:290] T 84d8a204a8aa47c6838109c5f8f1fc23 P 048bf1646e534ecba5e460f570dc5013 [CANDIDATE]: Term 1 pre-election: Requested pre-vote from peers 3aadcefda3a64e0d80df771808aa6947 (127.0.107.194:45797), 49434f2367f6417ba0df5cffd27b008e (127.0.107.195:34793)
W20260709 12:59:41.926815  1019 leader_election.cc:343] T 2079cf8aa6ff413ea26ee3529ca15c63 P 048bf1646e534ecba5e460f570dc5013 [CANDIDATE]: Term 1 pre-election: Tablet error from VoteRequest() call to peer 49434f2367f6417ba0df5cffd27b008e (127.0.107.195:34793): Illegal state: must be running to vote when last-logged opid is not known
I20260709 12:59:41.928851  1205 tablet_service.cc:1917] Received RequestConsensusVote() RPC: tablet_id: "84d8a204a8aa47c6838109c5f8f1fc23" candidate_uuid: "048bf1646e534ecba5e460f570dc5013" candidate_term: 1 candidate_status { last_received { term: 0 index: 0 } } ignore_live_leader: false dest_uuid: "49434f2367f6417ba0df5cffd27b008e" is_pre_election: true
W20260709 12:59:41.930148  1019 leader_election.cc:343] T 84d8a204a8aa47c6838109c5f8f1fc23 P 048bf1646e534ecba5e460f570dc5013 [CANDIDATE]: Term 1 pre-election: Tablet error from VoteRequest() call to peer 49434f2367f6417ba0df5cffd27b008e (127.0.107.195:34793): Illegal state: must be running to vote when last-logged opid is not known
I20260709 12:59:41.934885  1248 raft_consensus.cc:515] T cd157de73d2042acbe55488d348d71ea P 048bf1646e534ecba5e460f570dc5013 [term 1 FOLLOWER]: Starting leader election with config: opid_index: -1 OBSOLETE_local: false peers { permanent_uuid: "048bf1646e534ecba5e460f570dc5013" member_type: VOTER last_known_addr { host: "127.0.107.193" port: 39471 } } peers { permanent_uuid: "3aadcefda3a64e0d80df771808aa6947" member_type: VOTER last_known_addr { host: "127.0.107.194" port: 45797 } } peers { permanent_uuid: "49434f2367f6417ba0df5cffd27b008e" member_type: VOTER last_known_addr { host: "127.0.107.195" port: 34793 } }
I20260709 12:59:41.939532  1205 tablet_service.cc:1917] Received RequestConsensusVote() RPC: tablet_id: "cd157de73d2042acbe55488d348d71ea" candidate_uuid: "048bf1646e534ecba5e460f570dc5013" candidate_term: 1 candidate_status { last_received { term: 0 index: 0 } } ignore_live_leader: false dest_uuid: "49434f2367f6417ba0df5cffd27b008e"
I20260709 12:59:41.940147  1205 raft_consensus.cc:3060] T cd157de73d2042acbe55488d348d71ea P 49434f2367f6417ba0df5cffd27b008e [term 0 FOLLOWER]: Advancing to term 1
I20260709 12:59:41.941246  1248 leader_election.cc:290] T cd157de73d2042acbe55488d348d71ea P 048bf1646e534ecba5e460f570dc5013 [CANDIDATE]: Term 1 election: Requested vote from peers 3aadcefda3a64e0d80df771808aa6947 (127.0.107.194:45797), 49434f2367f6417ba0df5cffd27b008e (127.0.107.195:34793)
I20260709 12:59:41.947149  1204 tablet_service.cc:1917] Received RequestConsensusVote() RPC: tablet_id: "84d8a204a8aa47c6838109c5f8f1fc23" candidate_uuid: "3aadcefda3a64e0d80df771808aa6947" candidate_term: 1 candidate_status { last_received { term: 0 index: 0 } } ignore_live_leader: false dest_uuid: "49434f2367f6417ba0df5cffd27b008e" is_pre_election: true
I20260709 12:59:41.952432  1205 raft_consensus.cc:2468] T cd157de73d2042acbe55488d348d71ea P 49434f2367f6417ba0df5cffd27b008e [term 1 FOLLOWER]: Leader election vote request: Granting yes vote for candidate 048bf1646e534ecba5e460f570dc5013 in term 1.
I20260709 12:59:41.952908  1246 tablet_bootstrap.cc:492] T a36666cbabc34e87947069f38c071b66 P 49434f2367f6417ba0df5cffd27b008e: No bootstrap required, opened a new log
W20260709 12:59:41.952910  1094 leader_election.cc:343] T 84d8a204a8aa47c6838109c5f8f1fc23 P 3aadcefda3a64e0d80df771808aa6947 [CANDIDATE]: Term 1 pre-election: Tablet error from VoteRequest() call to peer 49434f2367f6417ba0df5cffd27b008e (127.0.107.195:34793): Illegal state: must be running to vote when last-logged opid is not known
I20260709 12:59:41.953511  1246 ts_tablet_manager.cc:1403] T a36666cbabc34e87947069f38c071b66 P 49434f2367f6417ba0df5cffd27b008e: Time spent bootstrapping tablet: real 0.082s	user 0.018s	sys 0.027s
