I20260709 12:59:46.368938  1204 leader_election.cc:290] T 84d8a204a8aa47c6838109c5f8f1fc23 P 49434f2367f6417ba0df5cffd27b008e [CANDIDATE]: Term 2 election: Requested vote from peers 048bf1646e534ecba5e460f570dc5013 (127.0.107.193:39471), 3aadcefda3a64e0d80df771808aa6947 (127.0.107.194:45797)
I20260709 12:59:46.368966  1264 raft_consensus.cc:1081] T e47f49d463aa4cb7a0b728a46880bb3f P 048bf1646e534ecba5e460f570dc5013 [term 1 LEADER]: Signalling peer 49434f2367f6417ba0df5cffd27b008e to start an election
I20260709 12:59:46.369187  1056 tablet_service.cc:1917] Received RequestConsensusVote() RPC: tablet_id: "84d8a204a8aa47c6838109c5f8f1fc23" candidate_uuid: "49434f2367f6417ba0df5cffd27b008e" candidate_term: 2 candidate_status { last_received { term: 1 index: 1 } } ignore_live_leader: true dest_uuid: "048bf1646e534ecba5e460f570dc5013"
I20260709 12:59:46.369832  1056 raft_consensus.cc:3055] T 84d8a204a8aa47c6838109c5f8f1fc23 P 048bf1646e534ecba5e460f570dc5013 [term 1 LEADER]: Stepping down as leader of term 1
I20260709 12:59:46.369890  1130 tablet_service.cc:1917] Received RequestConsensusVote() RPC: tablet_id: "84d8a204a8aa47c6838109c5f8f1fc23" candidate_uuid: "49434f2367f6417ba0df5cffd27b008e" candidate_term: 2 candidate_status { last_received { term: 1 index: 1 } } ignore_live_leader: true dest_uuid: "3aadcefda3a64e0d80df771808aa6947"
I20260709 12:59:46.370241  1056 raft_consensus.cc:740] T 84d8a204a8aa47c6838109c5f8f1fc23 P 048bf1646e534ecba5e460f570dc5013 [term 1 LEADER]: Becoming Follower/Learner. State: Replica: 048bf1646e534ecba5e460f570dc5013, State: Running, Role: LEADER
I20260709 12:59:46.370453  1130 raft_consensus.cc:3060] T 84d8a204a8aa47c6838109c5f8f1fc23 P 3aadcefda3a64e0d80df771808aa6947 [term 1 FOLLOWER]: Advancing to term 2
I20260709 12:59:46.370888  1204 tablet_service.cc:2044] Received Run Leader Election RPC: tablet_id: "e47f49d463aa4cb7a0b728a46880bb3f"
dest_uuid: "49434f2367f6417ba0df5cffd27b008e"
 from {username='slave'} at 127.0.0.1:52052
I20260709 12:59:46.371412  1204 raft_consensus.cc:493] T e47f49d463aa4cb7a0b728a46880bb3f P 49434f2367f6417ba0df5cffd27b008e [term 1 FOLLOWER]: Starting forced leader election (received explicit request)
I20260709 12:59:46.371037  1056 consensus_queue.cc:260] T 84d8a204a8aa47c6838109c5f8f1fc23 P 048bf1646e534ecba5e460f570dc5013 [NON_LEADER]: Queue going to NON_LEADER mode. State: All replicated index: 0, Majority replicated index: 1, Committed index: 1, Last appended: 1.1, Last appended by leader: 1, Current term: 1, Majority size: -1, State: 0, Mode: NON_LEADER, active raft config: opid_index: -1 OBSOLETE_local: false peers { permanent_uuid: "048bf1646e534ecba5e460f570dc5013" member_type: VOTER last_known_addr { host: "127.0.107.193" port: 39471 } } peers { permanent_uuid: "3aadcefda3a64e0d80df771808aa6947" member_type: VOTER last_known_addr { host: "127.0.107.194" port: 45797 } } peers { permanent_uuid: "49434f2367f6417ba0df5cffd27b008e" member_type: VOTER last_known_addr { host: "127.0.107.195" port: 34793 } }
I20260709 12:59:46.371795  1204 raft_consensus.cc:3060] T e47f49d463aa4cb7a0b728a46880bb3f P 49434f2367f6417ba0df5cffd27b008e [term 1 FOLLOWER]: Advancing to term 2
I20260709 12:59:46.372265  1056 raft_consensus.cc:3060] T 84d8a204a8aa47c6838109c5f8f1fc23 P 048bf1646e534ecba5e460f570dc5013 [term 1 FOLLOWER]: Advancing to term 2
I20260709 12:59:46.375658  1130 raft_consensus.cc:2468] T 84d8a204a8aa47c6838109c5f8f1fc23 P 3aadcefda3a64e0d80df771808aa6947 [term 2 FOLLOWER]: Leader election vote request: Granting yes vote for candidate 49434f2367f6417ba0df5cffd27b008e in term 2.
I20260709 12:59:46.377122  1170 leader_election.cc:304] T 84d8a204a8aa47c6838109c5f8f1fc23 P 49434f2367f6417ba0df5cffd27b008e [CANDIDATE]: Term 2 election: Election decided. Result: candidate won. Election summary: received 2 responses out of 3 voters: 2 yes votes; 0 no votes. yes voters: 3aadcefda3a64e0d80df771808aa6947, 49434f2367f6417ba0df5cffd27b008e; no voters: 
I20260709 12:59:46.377882  1289 raft_consensus.cc:2804] T 84d8a204a8aa47c6838109c5f8f1fc23 P 49434f2367f6417ba0df5cffd27b008e [term 2 FOLLOWER]: Leader election won for term 2
I20260709 12:59:46.379021  1056 raft_consensus.cc:2468] T 84d8a204a8aa47c6838109c5f8f1fc23 P 048bf1646e534ecba5e460f570dc5013 [term 2 FOLLOWER]: Leader election vote request: Granting yes vote for candidate 49434f2367f6417ba0df5cffd27b008e in term 2.
I20260709 12:59:46.379364  1204 raft_consensus.cc:515] T e47f49d463aa4cb7a0b728a46880bb3f P 49434f2367f6417ba0df5cffd27b008e [term 2 FOLLOWER]: Starting forced leader election with config: opid_index: -1 OBSOLETE_local: false peers { permanent_uuid: "048bf1646e534ecba5e460f570dc5013" member_type: VOTER last_known_addr { host: "127.0.107.193" port: 39471 } } peers { permanent_uuid: "3aadcefda3a64e0d80df771808aa6947" member_type: VOTER last_known_addr { host: "127.0.107.194" port: 45797 } } peers { permanent_uuid: "49434f2367f6417ba0df5cffd27b008e" member_type: VOTER last_known_addr { host: "127.0.107.195" port: 34793 } }
I20260709 12:59:46.379887  1289 raft_consensus.cc:697] T 84d8a204a8aa47c6838109c5f8f1fc23 P 49434f2367f6417ba0df5cffd27b008e [term 2 LEADER]: Becoming Leader. State: Replica: 49434f2367f6417ba0df5cffd27b008e, State: Running, Role: LEADER
I20260709 12:59:46.380759  1289 consensus_queue.cc:237] T 84d8a204a8aa47c6838109c5f8f1fc23 P 49434f2367f6417ba0df5cffd27b008e [LEADER]: Queue going to LEADER mode. State: All replicated index: 0, Majority replicated index: 1, Committed index: 1, Last appended: 1.1, Last appended by leader: 1, Current term: 2, Majority size: 2, State: 0, Mode: LEADER, active raft config: opid_index: -1 OBSOLETE_local: false peers { permanent_uuid: "048bf1646e534ecba5e460f570dc5013" member_type: VOTER last_known_addr { host: "127.0.107.193" port: 39471 } } peers { permanent_uuid: "3aadcefda3a64e0d80df771808aa6947" member_type: VOTER last_known_addr { host: "127.0.107.194" port: 45797 } } peers { permanent_uuid: "49434f2367f6417ba0df5cffd27b008e" member_type: VOTER last_known_addr { host: "127.0.107.195" port: 34793 } }
I20260709 12:59:46.381889  1204 leader_election.cc:290] T e47f49d463aa4cb7a0b728a46880bb3f P 49434f2367f6417ba0df5cffd27b008e [CANDIDATE]: Term 2 election: Requested vote from peers 048bf1646e534ecba5e460f570dc5013 (127.0.107.193:39471), 3aadcefda3a64e0d80df771808aa6947 (127.0.107.194:45797)
I20260709 12:59:46.382088  1056 tablet_service.cc:1917] Received RequestConsensusVote() RPC: tablet_id: "e47f49d463aa4cb7a0b728a46880bb3f" candidate_uuid: "49434f2367f6417ba0df5cffd27b008e" candidate_term: 2 candidate_status { last_received { term: 1 index: 1 } } ignore_live_leader: true dest_uuid: "048bf1646e534ecba5e460f570dc5013"
I20260709 12:59:46.382550  1130 tablet_service.cc:1917] Received RequestConsensusVote() RPC: tablet_id: "e47f49d463aa4cb7a0b728a46880bb3f" candidate_uuid: "49434f2367f6417ba0df5cffd27b008e" candidate_term: 2 candidate_status { last_received { term: 1 index: 1 } } ignore_live_leader: true dest_uuid: "3aadcefda3a64e0d80df771808aa6947"
I20260709 12:59:46.382642  1056 raft_consensus.cc:3055] T e47f49d463aa4cb7a0b728a46880bb3f P 048bf1646e534ecba5e460f570dc5013 [term 1 LEADER]: Stepping down as leader of term 1
I20260709 12:59:46.383132  1130 raft_consensus.cc:3060] T e47f49d463aa4cb7a0b728a46880bb3f P 3aadcefda3a64e0d80df771808aa6947 [term 1 FOLLOWER]: Advancing to term 2
I20260709 12:59:46.383087  1056 raft_consensus.cc:740] T e47f49d463aa4cb7a0b728a46880bb3f P 048bf1646e534ecba5e460f570dc5013 [term 1 LEADER]: Becoming Follower/Learner. State: Replica: 048bf1646e534ecba5e460f570dc5013, State: Running, Role: LEADER
I20260709 12:59:46.384496  1056 consensus_queue.cc:260] T e47f49d463aa4cb7a0b728a46880bb3f P 048bf1646e534ecba5e460f570dc5013 [NON_LEADER]: Queue going to NON_LEADER mode. State: All replicated index: 0, Majority replicated index: 1, Committed index: 1, Last appended: 1.1, Last appended by leader: 1, Current term: 1, Majority size: -1, State: 0, Mode: NON_LEADER, active raft config: opid_index: -1 OBSOLETE_local: false peers { permanent_uuid: "048bf1646e534ecba5e460f570dc5013" member_type: VOTER last_known_addr { host: "127.0.107.193" port: 39471 } } peers { permanent_uuid: "3aadcefda3a64e0d80df771808aa6947" member_type: VOTER last_known_addr { host: "127.0.107.194" port: 45797 } } peers { permanent_uuid: "49434f2367f6417ba0df5cffd27b008e" member_type: VOTER last_known_addr { host: "127.0.107.195" port: 34793 } }
I20260709 12:59:46.385735  1056 raft_consensus.cc:3060] T e47f49d463aa4cb7a0b728a46880bb3f P 048bf1646e534ecba5e460f570dc5013 [term 1 FOLLOWER]: Advancing to term 2
I20260709 12:59:46.390415  1130 raft_consensus.cc:2468] T e47f49d463aa4cb7a0b728a46880bb3f P 3aadcefda3a64e0d80df771808aa6947 [term 2 FOLLOWER]: Leader election vote request: Granting yes vote for candidate 49434f2367f6417ba0df5cffd27b008e in term 2.
I20260709 12:59:46.390674   954 catalog_manager.cc:5697] T 84d8a204a8aa47c6838109c5f8f1fc23 P 49434f2367f6417ba0df5cffd27b008e reported cstate change: term changed from 1 to 2, leader changed from 048bf1646e534ecba5e460f570dc5013 (127.0.107.193) to 49434f2367f6417ba0df5cffd27b008e (127.0.107.195). New cstate: current_term: 2 leader_uuid: "49434f2367f6417ba0df5cffd27b008e" committed_config { opid_index: -1 OBSOLETE_local: false peers { permanent_uuid: "048bf1646e534ecba5e460f570dc5013" member_type: VOTER last_known_addr { host: "127.0.107.193" port: 39471 } health_report { overall_health: UNKNOWN } } peers { permanent_uuid: "3aadcefda3a64e0d80df771808aa6947" member_type: VOTER last_known_addr { host: "127.0.107.194" port: 45797 } health_report { overall_health: UNKNOWN } } peers { permanent_uuid: "49434f2367f6417ba0df5cffd27b008e" member_type: VOTER last_known_addr { host: "127.0.107.195" port: 34793 } health_report { overall_health: HEALTHY } } }
I20260709 12:59:46.391458  1170 leader_election.cc:304] T e47f49d463aa4cb7a0b728a46880bb3f P 49434f2367f6417ba0df5cffd27b008e [CANDIDATE]: Term 2 election: Election decided. Result: candidate won. Election summary: received 2 responses out of 3 voters: 2 yes votes; 0 no votes. yes voters: 3aadcefda3a64e0d80df771808aa6947, 49434f2367f6417ba0df5cffd27b008e; no voters: 
I20260709 12:59:46.392216  1289 raft_consensus.cc:2804] T e47f49d463aa4cb7a0b728a46880bb3f P 49434f2367f6417ba0df5cffd27b008e [term 2 FOLLOWER]: Leader election won for term 2
I20260709 12:59:46.392437  1056 raft_consensus.cc:2468] T e47f49d463aa4cb7a0b728a46880bb3f P 048bf1646e534ecba5e460f570dc5013 [term 2 FOLLOWER]: Leader election vote request: Granting yes vote for candidate 49434f2367f6417ba0df5cffd27b008e in term 2.
I20260709 12:59:46.392674  1289 raft_consensus.cc:697] T e47f49d463aa4cb7a0b728a46880bb3f P 49434f2367f6417ba0df5cffd27b008e [term 2 LEADER]: Becoming Leader. State: Replica: 49434f2367f6417ba0df5cffd27b008e, State: Running, Role: LEADER
I20260709 12:59:46.393461  1289 consensus_queue.cc:237] T e47f49d463aa4cb7a0b728a46880bb3f P 49434f2367f6417ba0df5cffd27b008e [LEADER]: Queue going to LEADER mode. State: All replicated index: 0, Majority replicated index: 1, Committed index: 1, Last appended: 1.1, Last appended by leader: 1, Current term: 2, Majority size: 2, State: 0, Mode: LEADER, active raft config: opid_index: -1 OBSOLETE_local: false peers { permanent_uuid: "048bf1646e534ecba5e460f570dc5013" member_type: VOTER last_known_addr { host: "127.0.107.193" port: 39471 } } peers { permanent_uuid: "3aadcefda3a64e0d80df771808aa6947" member_type: VOTER last_known_addr { host: "127.0.107.194" port: 45797 } } peers { permanent_uuid: "49434f2367f6417ba0df5cffd27b008e" member_type: VOTER last_known_addr { host: "127.0.107.195" port: 34793 } }
I20260709 12:59:46.408449   954 catalog_manager.cc:5697] T e47f49d463aa4cb7a0b728a46880bb3f P 49434f2367f6417ba0df5cffd27b008e reported cstate change: term changed from 1 to 2, leader changed from 048bf1646e534ecba5e460f570dc5013 (127.0.107.193) to 49434f2367f6417ba0df5cffd27b008e (127.0.107.195). New cstate: current_term: 2 leader_uuid: "49434f2367f6417ba0df5cffd27b008e" committed_config { opid_index: -1 OBSOLETE_local: false peers { permanent_uuid: "048bf1646e534ecba5e460f570dc5013" member_type: VOTER last_known_addr { host: "127.0.107.193" port: 39471 } health_report { overall_health: UNKNOWN } } peers { permanent_uuid: "3aadcefda3a64e0d80df771808aa6947" member_type: VOTER last_known_addr { host: "127.0.107.194" port: 45797 } health_report { overall_health: UNKNOWN } } peers { permanent_uuid: "49434f2367f6417ba0df5cffd27b008e" member_type: VOTER last_known_addr { host: "127.0.107.195" port: 34793 } health_report { overall_health: HEALTHY } } }
I20260709 12:59:46.872807  1130 raft_consensus.cc:1275] T e47f49d463aa4cb7a0b728a46880bb3f P 3aadcefda3a64e0d80df771808aa6947 [term 2 FOLLOWER]: Refusing update from remote peer 49434f2367f6417ba0df5cffd27b008e: Log matching property violated. Preceding OpId in replica: term: 1 index: 1. Preceding OpId from leader: term: 2 index: 2. (index mismatch)
I20260709 12:59:46.874020  1289 consensus_queue.cc:1048] T e47f49d463aa4cb7a0b728a46880bb3f P 49434f2367f6417ba0df5cffd27b008e [LEADER]: Connected to new peer: Peer: permanent_uuid: "3aadcefda3a64e0d80df771808aa6947" member_type: VOTER last_known_addr { host: "127.0.107.194" port: 45797 }, Status: LMP_MISMATCH, Last received: 0.0, Next index: 2, Last known committed idx: 1, Time since last communication: 0.000s
I20260709 12:59:46.884307  1056 raft_consensus.cc:1275] T e47f49d463aa4cb7a0b728a46880bb3f P 048bf1646e534ecba5e460f570dc5013 [term 2 FOLLOWER]: Refusing update from remote peer 49434f2367f6417ba0df5cffd27b008e: Log matching property violated. Preceding OpId in replica: term: 1 index: 1. Preceding OpId from leader: term: 2 index: 2. (index mismatch)
I20260709 12:59:46.885752  1347 consensus_queue.cc:1048] T e47f49d463aa4cb7a0b728a46880bb3f P 49434f2367f6417ba0df5cffd27b008e [LEADER]: Connected to new peer: Peer: permanent_uuid: "048bf1646e534ecba5e460f570dc5013" member_type: VOTER last_known_addr { host: "127.0.107.193" port: 39471 }, Status: LMP_MISMATCH, Last received: 0.0, Next index: 2, Last known committed idx: 1, Time since last communication: 0.000s
I20260709 12:59:46.931164  1056 raft_consensus.cc:1275] T 84d8a204a8aa47c6838109c5f8f1fc23 P 048bf1646e534ecba5e460f570dc5013 [term 2 FOLLOWER]: Refusing update from remote peer 49434f2367f6417ba0df5cffd27b008e: Log matching property violated. Preceding OpId in replica: term: 1 index: 1. Preceding OpId from leader: term: 2 index: 2. (index mismatch)
I20260709 12:59:46.932323  1347 consensus_queue.cc:1048] T 84d8a204a8aa47c6838109c5f8f1fc23 P 49434f2367f6417ba0df5cffd27b008e [LEADER]: Connected to new peer: Peer: permanent_uuid: "048bf1646e534ecba5e460f570dc5013" member_type: VOTER last_known_addr { host: "127.0.107.193" port: 39471 }, Status: LMP_MISMATCH, Last received: 0.0, Next index: 2, Last known committed idx: 1, Time since last communication: 0.000s
I20260709 12:59:46.942508  1130 raft_consensus.cc:1275] T 84d8a204a8aa47c6838109c5f8f1fc23 P 3aadcefda3a64e0d80df771808aa6947 [term 2 FOLLOWER]: Refusing update from remote peer 49434f2367f6417ba0df5cffd27b008e: Log matching property violated. Preceding OpId in replica: term: 1 index: 1. Preceding OpId from leader: term: 2 index: 2. (index mismatch)
I20260709 12:59:46.943719  1289 consensus_queue.cc:1048] T 84d8a204a8aa47c6838109c5f8f1fc23 P 49434f2367f6417ba0df5cffd27b008e [LEADER]: Connected to new peer: Peer: permanent_uuid: "3aadcefda3a64e0d80df771808aa6947" member_type: VOTER last_known_addr { host: "127.0.107.194" port: 45797 }, Status: LMP_MISMATCH, Last received: 0.0, Next index: 2, Last known committed idx: 1, Time since last communication: 0.000s
I20260709 12:59:46.996212   431 auto_leader_rebalancer.cc:141] leader rebalance for table test-workload
I20260709 12:59:47.005656  1204 tablet_service.cc:2072] Received LeaderStepDown RPC: tablet_id: "e47f49d463aa4cb7a0b728a46880bb3f"
dest_uuid: "49434f2367f6417ba0df5cffd27b008e"
mode: GRACEFUL
new_leader_uuid: "048bf1646e534ecba5e460f570dc5013"
 from {username='slave'} at 127.0.0.1:52060
I20260709 12:59:47.006160  1204 raft_consensus.cc:606] T e47f49d463aa4cb7a0b728a46880bb3f P 49434f2367f6417ba0df5cffd27b008e [term 2 LEADER]: Received request to transfer leadership to TS 048bf1646e534ecba5e460f570dc5013
I20260709 12:59:47.018178  1204 tablet_service.cc:2072] Received LeaderStepDown RPC: tablet_id: "84d8a204a8aa47c6838109c5f8f1fc23"
dest_uuid: "49434f2367f6417ba0df5cffd27b008e"
mode: GRACEFUL
new_leader_uuid: "048bf1646e534ecba5e460f570dc5013"
 from {username='slave'} at 127.0.0.1:52060
I20260709 12:59:47.018873  1204 raft_consensus.cc:606] T 84d8a204a8aa47c6838109c5f8f1fc23 P 49434f2367f6417ba0df5cffd27b008e [term 2 LEADER]: Received request to transfer leadership to TS 048bf1646e534ecba5e460f570dc5013
I20260709 12:59:47.023468  1129 tablet_service.cc:2072] Received LeaderStepDown RPC: tablet_id: "2079cf8aa6ff413ea26ee3529ca15c63"
dest_uuid: "3aadcefda3a64e0d80df771808aa6947"
mode: GRACEFUL
new_leader_uuid: "048bf1646e534ecba5e460f570dc5013"
 from {username='slave'} at 127.0.0.1:58266
I20260709 12:59:47.023984  1129 raft_consensus.cc:606] T 2079cf8aa6ff413ea26ee3529ca15c63 P 3aadcefda3a64e0d80df771808aa6947 [term 1 LEADER]: Received request to transfer leadership to TS 048bf1646e534ecba5e460f570dc5013
I20260709 12:59:47.028334  1129 tablet_service.cc:2072] Received LeaderStepDown RPC: tablet_id: "a36666cbabc34e87947069f38c071b66"
dest_uuid: "3aadcefda3a64e0d80df771808aa6947"
mode: GRACEFUL
new_leader_uuid: "048bf1646e534ecba5e460f570dc5013"
 from {username='slave'} at 127.0.0.1:58266
I20260709 12:59:47.028887  1129 raft_consensus.cc:606] T a36666cbabc34e87947069f38c071b66 P 3aadcefda3a64e0d80df771808aa6947 [term 2 LEADER]: Received request to transfer leadership to TS 048bf1646e534ecba5e460f570dc5013
I20260709 12:59:47.032827  1129 tablet_service.cc:2072] Received LeaderStepDown RPC: tablet_id: "d4c037d356b14037981f6e6aef58dc13"
dest_uuid: "3aadcefda3a64e0d80df771808aa6947"
mode: GRACEFUL
new_leader_uuid: "048bf1646e534ecba5e460f570dc5013"
 from {username='slave'} at 127.0.0.1:58266
I20260709 12:59:47.033231  1129 raft_consensus.cc:606] T d4c037d356b14037981f6e6aef58dc13 P 3aadcefda3a64e0d80df771808aa6947 [term 2 LEADER]: Received request to transfer leadership to TS 048bf1646e534ecba5e460f570dc5013
I20260709 12:59:47.149260  1344 raft_consensus.cc:993] T 2079cf8aa6ff413ea26ee3529ca15c63 P 3aadcefda3a64e0d80df771808aa6947: : Instructing follower 048bf1646e534ecba5e460f570dc5013 to start an election
I20260709 12:59:47.149734  1361 raft_consensus.cc:1081] T 2079cf8aa6ff413ea26ee3529ca15c63 P 3aadcefda3a64e0d80df771808aa6947 [term 1 LEADER]: Signalling peer 048bf1646e534ecba5e460f570dc5013 to start an election
I20260709 12:59:47.151110  1056 tablet_service.cc:2044] Received Run Leader Election RPC: tablet_id: "2079cf8aa6ff413ea26ee3529ca15c63"
dest_uuid: "048bf1646e534ecba5e460f570dc5013"
 from {username='slave'} at 127.0.0.1:45854
I20260709 12:59:47.151486  1056 raft_consensus.cc:493] T 2079cf8aa6ff413ea26ee3529ca15c63 P 048bf1646e534ecba5e460f570dc5013 [term 1 FOLLOWER]: Starting forced leader election (received explicit request)
I20260709 12:59:47.151734  1056 raft_consensus.cc:3060] T 2079cf8aa6ff413ea26ee3529ca15c63 P 048bf1646e534ecba5e460f570dc5013 [term 1 FOLLOWER]: Advancing to term 2
I20260709 12:59:47.155676  1056 raft_consensus.cc:515] T 2079cf8aa6ff413ea26ee3529ca15c63 P 048bf1646e534ecba5e460f570dc5013 [term 2 FOLLOWER]: Starting forced leader election with config: opid_index: -1 OBSOLETE_local: false peers { permanent_uuid: "048bf1646e534ecba5e460f570dc5013" member_type: VOTER last_known_addr { host: "127.0.107.193" port: 39471 } } peers { permanent_uuid: "3aadcefda3a64e0d80df771808aa6947" member_type: VOTER last_known_addr { host: "127.0.107.194" port: 45797 } } peers { permanent_uuid: "49434f2367f6417ba0df5cffd27b008e" member_type: VOTER last_known_addr { host: "127.0.107.195" port: 34793 } }
I20260709 12:59:47.156955  1056 leader_election.cc:290] T 2079cf8aa6ff413ea26ee3529ca15c63 P 048bf1646e534ecba5e460f570dc5013 [CANDIDATE]: Term 2 election: Requested vote from peers 3aadcefda3a64e0d80df771808aa6947 (127.0.107.194:45797), 49434f2367f6417ba0df5cffd27b008e (127.0.107.195:34793)
I20260709 12:59:47.157786  1129 tablet_service.cc:1917] Received RequestConsensusVote() RPC: tablet_id: "2079cf8aa6ff413ea26ee3529ca15c63" candidate_uuid: "048bf1646e534ecba5e460f570dc5013" candidate_term: 2 candidate_status { last_received { term: 1 index: 1 } } ignore_live_leader: true dest_uuid: "3aadcefda3a64e0d80df771808aa6947"
I20260709 12:59:47.158006  1204 tablet_service.cc:1917] Received RequestConsensusVote() RPC: tablet_id: "2079cf8aa6ff413ea26ee3529ca15c63" candidate_uuid: "048bf1646e534ecba5e460f570dc5013" candidate_term: 2 candidate_status { last_received { term: 1 index: 1 } } ignore_live_leader: true dest_uuid: "49434f2367f6417ba0df5cffd27b008e"
I20260709 12:59:47.158335  1129 raft_consensus.cc:3055] T 2079cf8aa6ff413ea26ee3529ca15c63 P 3aadcefda3a64e0d80df771808aa6947 [term 1 LEADER]: Stepping down as leader of term 1
I20260709 12:59:47.158514  1204 raft_consensus.cc:3060] T 2079cf8aa6ff413ea26ee3529ca15c63 P 49434f2367f6417ba0df5cffd27b008e [term 1 FOLLOWER]: Advancing to term 2
I20260709 12:59:47.158695  1129 raft_consensus.cc:740] T 2079cf8aa6ff413ea26ee3529ca15c63 P 3aadcefda3a64e0d80df771808aa6947 [term 1 LEADER]: Becoming Follower/Learner. State: Replica: 3aadcefda3a64e0d80df771808aa6947, State: Running, Role: LEADER
I20260709 12:59:47.159406  1129 consensus_queue.cc:260] T 2079cf8aa6ff413ea26ee3529ca15c63 P 3aadcefda3a64e0d80df771808aa6947 [NON_LEADER]: Queue going to NON_LEADER mode. State: All replicated index: 0, Majority replicated index: 1, Committed index: 1, Last appended: 1.1, Last appended by leader: 1, Current term: 1, Majority size: -1, State: 0, Mode: NON_LEADER, active raft config: opid_index: -1 OBSOLETE_local: false peers { permanent_uuid: "048bf1646e534ecba5e460f570dc5013" member_type: VOTER last_known_addr { host: "127.0.107.193" port: 39471 } } peers { permanent_uuid: "3aadcefda3a64e0d80df771808aa6947" member_type: VOTER last_known_addr { host: "127.0.107.194" port: 45797 } } peers { permanent_uuid: "49434f2367f6417ba0df5cffd27b008e" member_type: VOTER last_known_addr { host: "127.0.107.195" port: 34793 } }
I20260709 12:59:47.160246  1129 raft_consensus.cc:3060] T 2079cf8aa6ff413ea26ee3529ca15c63 P 3aadcefda3a64e0d80df771808aa6947 [term 1 FOLLOWER]: Advancing to term 2
I20260709 12:59:47.163295  1204 raft_consensus.cc:2468] T 2079cf8aa6ff413ea26ee3529ca15c63 P 49434f2367f6417ba0df5cffd27b008e [term 2 FOLLOWER]: Leader election vote request: Granting yes vote for candidate 048bf1646e534ecba5e460f570dc5013 in term 2.
I20260709 12:59:47.164271  1019 leader_election.cc:304] T 2079cf8aa6ff413ea26ee3529ca15c63 P 048bf1646e534ecba5e460f570dc5013 [CANDIDATE]: Term 2 election: Election decided. Result: candidate won. Election summary: received 2 responses out of 3 voters: 2 yes votes; 0 no votes. yes voters: 048bf1646e534ecba5e460f570dc5013, 49434f2367f6417ba0df5cffd27b008e; no voters: 
I20260709 12:59:47.164909  1264 raft_consensus.cc:2804] T 2079cf8aa6ff413ea26ee3529ca15c63 P 048bf1646e534ecba5e460f570dc5013 [term 2 FOLLOWER]: Leader election won for term 2
I20260709 12:59:47.165271  1129 raft_consensus.cc:2468] T 2079cf8aa6ff413ea26ee3529ca15c63 P 3aadcefda3a64e0d80df771808aa6947 [term 2 FOLLOWER]: Leader election vote request: Granting yes vote for candidate 048bf1646e534ecba5e460f570dc5013 in term 2.
I20260709 12:59:47.165912  1264 raft_consensus.cc:697] T 2079cf8aa6ff413ea26ee3529ca15c63 P 048bf1646e534ecba5e460f570dc5013 [term 2 LEADER]: Becoming Leader. State: Replica: 048bf1646e534ecba5e460f570dc5013, State: Running, Role: LEADER
I20260709 12:59:47.166749  1264 consensus_queue.cc:237] T 2079cf8aa6ff413ea26ee3529ca15c63 P 048bf1646e534ecba5e460f570dc5013 [LEADER]: Queue going to LEADER mode. State: All replicated index: 0, Majority replicated index: 1, Committed index: 1, Last appended: 1.1, Last appended by leader: 1, Current term: 2, Majority size: 2, State: 0, Mode: LEADER, active raft config: opid_index: -1 OBSOLETE_local: false peers { permanent_uuid: "048bf1646e534ecba5e460f570dc5013" member_type: VOTER last_known_addr { host: "127.0.107.193" port: 39471 } } peers { permanent_uuid: "3aadcefda3a64e0d80df771808aa6947" member_type: VOTER last_known_addr { host: "127.0.107.194" port: 45797 } } peers { permanent_uuid: "49434f2367f6417ba0df5cffd27b008e" member_type: VOTER last_known_addr { host: "127.0.107.195" port: 34793 } }
I20260709 12:59:47.173563   952 catalog_manager.cc:5697] T 2079cf8aa6ff413ea26ee3529ca15c63 P 048bf1646e534ecba5e460f570dc5013 reported cstate change: term changed from 1 to 2, leader changed from 3aadcefda3a64e0d80df771808aa6947 (127.0.107.194) to 048bf1646e534ecba5e460f570dc5013 (127.0.107.193). New cstate: current_term: 2 leader_uuid: "048bf1646e534ecba5e460f570dc5013" committed_config { opid_index: -1 OBSOLETE_local: false peers { permanent_uuid: "048bf1646e534ecba5e460f570dc5013" member_type: VOTER last_known_addr { host: "127.0.107.193" port: 39471 } health_report { overall_health: HEALTHY } } peers { permanent_uuid: "3aadcefda3a64e0d80df771808aa6947" member_type: VOTER last_known_addr { host: "127.0.107.194" port: 45797 } health_report { overall_health: UNKNOWN } } peers { permanent_uuid: "49434f2367f6417ba0df5cffd27b008e" member_type: VOTER last_known_addr { host: "127.0.107.195" port: 34793 } health_report { overall_health: UNKNOWN } } }
I20260709 12:59:47.337370  1361 raft_consensus.cc:993] T d4c037d356b14037981f6e6aef58dc13 P 3aadcefda3a64e0d80df771808aa6947: : Instructing follower 048bf1646e534ecba5e460f570dc5013 to start an election
I20260709 12:59:47.337826  1344 raft_consensus.cc:1081] T d4c037d356b14037981f6e6aef58dc13 P 3aadcefda3a64e0d80df771808aa6947 [term 2 LEADER]: Signalling peer 048bf1646e534ecba5e460f570dc5013 to start an election
I20260709 12:59:47.339284  1056 tablet_service.cc:2044] Received Run Leader Election RPC: tablet_id: "d4c037d356b14037981f6e6aef58dc13"
dest_uuid: "048bf1646e534ecba5e460f570dc5013"
 from {username='slave'} at 127.0.0.1:45854
I20260709 12:59:47.339784  1056 raft_consensus.cc:493] T d4c037d356b14037981f6e6aef58dc13 P 048bf1646e534ecba5e460f570dc5013 [term 2 FOLLOWER]: Starting forced leader election (received explicit request)
I20260709 12:59:47.340080  1056 raft_consensus.cc:3060] T d4c037d356b14037981f6e6aef58dc13 P 048bf1646e534ecba5e460f570dc5013 [term 2 FOLLOWER]: Advancing to term 3
I20260709 12:59:47.344435  1056 raft_consensus.cc:515] T d4c037d356b14037981f6e6aef58dc13 P 048bf1646e534ecba5e460f570dc5013 [term 3 FOLLOWER]: Starting forced leader election with config: opid_index: -1 OBSOLETE_local: false peers { permanent_uuid: "048bf1646e534ecba5e460f570dc5013" member_type: VOTER last_known_addr { host: "127.0.107.193" port: 39471 } } peers { permanent_uuid: "3aadcefda3a64e0d80df771808aa6947" member_type: VOTER last_known_addr { host: "127.0.107.194" port: 45797 } } peers { permanent_uuid: "49434f2367f6417ba0df5cffd27b008e" member_type: VOTER last_known_addr { host: "127.0.107.195" port: 34793 } }
I20260709 12:59:47.346071  1056 leader_election.cc:290] T d4c037d356b14037981f6e6aef58dc13 P 048bf1646e534ecba5e460f570dc5013 [CANDIDATE]: Term 3 election: Requested vote from peers 3aadcefda3a64e0d80df771808aa6947 (127.0.107.194:45797), 49434f2367f6417ba0df5cffd27b008e (127.0.107.195:34793)
I20260709 12:59:47.346765  1129 tablet_service.cc:1917] Received RequestConsensusVote() RPC: tablet_id: "d4c037d356b14037981f6e6aef58dc13" candidate_uuid: "048bf1646e534ecba5e460f570dc5013" candidate_term: 3 candidate_status { last_received { term: 2 index: 2 } } ignore_live_leader: true dest_uuid: "3aadcefda3a64e0d80df771808aa6947"
I20260709 12:59:47.347219  1204 tablet_service.cc:1917] Received RequestConsensusVote() RPC: tablet_id: "d4c037d356b14037981f6e6aef58dc13" candidate_uuid: "048bf1646e534ecba5e460f570dc5013" candidate_term: 3 candidate_status { last_received { term: 2 index: 2 } } ignore_live_leader: true dest_uuid: "49434f2367f6417ba0df5cffd27b008e"
I20260709 12:59:47.347306  1129 raft_consensus.cc:3055] T d4c037d356b14037981f6e6aef58dc13 P 3aadcefda3a64e0d80df771808aa6947 [term 2 LEADER]: Stepping down as leader of term 2
I20260709 12:59:47.347723  1129 raft_consensus.cc:740] T d4c037d356b14037981f6e6aef58dc13 P 3aadcefda3a64e0d80df771808aa6947 [term 2 LEADER]: Becoming Follower/Learner. State: Replica: 3aadcefda3a64e0d80df771808aa6947, State: Running, Role: LEADER
I20260709 12:59:47.347770  1204 raft_consensus.cc:3060] T d4c037d356b14037981f6e6aef58dc13 P 49434f2367f6417ba0df5cffd27b008e [term 2 FOLLOWER]: Advancing to term 3
I20260709 12:59:47.348392  1129 consensus_queue.cc:260] T d4c037d356b14037981f6e6aef58dc13 P 3aadcefda3a64e0d80df771808aa6947 [NON_LEADER]: Queue going to NON_LEADER mode. State: All replicated index: 0, Majority replicated index: 2, Committed index: 2, Last appended: 2.2, Last appended by leader: 2, Current term: 2, Majority size: -1, State: 0, Mode: NON_LEADER, active raft config: opid_index: -1 OBSOLETE_local: false peers { permanent_uuid: "048bf1646e534ecba5e460f570dc5013" member_type: VOTER last_known_addr { host: "127.0.107.193" port: 39471 } } peers { permanent_uuid: "3aadcefda3a64e0d80df771808aa6947" member_type: VOTER last_known_addr { host: "127.0.107.194" port: 45797 } } peers { permanent_uuid: "49434f2367f6417ba0df5cffd27b008e" member_type: VOTER last_known_addr { host: "127.0.107.195" port: 34793 } }
I20260709 12:59:47.349246  1129 raft_consensus.cc:3060] T d4c037d356b14037981f6e6aef58dc13 P 3aadcefda3a64e0d80df771808aa6947 [term 2 FOLLOWER]: Advancing to term 3
I20260709 12:59:47.353005  1204 raft_consensus.cc:2468] T d4c037d356b14037981f6e6aef58dc13 P 49434f2367f6417ba0df5cffd27b008e [term 3 FOLLOWER]: Leader election vote request: Granting yes vote for candidate 048bf1646e534ecba5e460f570dc5013 in term 3.
I20260709 12:59:47.353660  1129 raft_consensus.cc:2468] T d4c037d356b14037981f6e6aef58dc13 P 3aadcefda3a64e0d80df771808aa6947 [term 3 FOLLOWER]: Leader election vote request: Granting yes vote for candidate 048bf1646e534ecba5e460f570dc5013 in term 3.
I20260709 12:59:47.354142  1019 leader_election.cc:304] T d4c037d356b14037981f6e6aef58dc13 P 048bf1646e534ecba5e460f570dc5013 [CANDIDATE]: Term 3 election: Election decided. Result: candidate won. Election summary: received 2 responses out of 3 voters: 2 yes votes; 0 no votes. yes voters: 048bf1646e534ecba5e460f570dc5013, 49434f2367f6417ba0df5cffd27b008e; no voters: 
I20260709 12:59:47.354897  1264 raft_consensus.cc:2804] T d4c037d356b14037981f6e6aef58dc13 P 048bf1646e534ecba5e460f570dc5013 [term 3 FOLLOWER]: Leader election won for term 3
I20260709 12:59:47.355391  1264 raft_consensus.cc:697] T d4c037d356b14037981f6e6aef58dc13 P 048bf1646e534ecba5e460f570dc5013 [term 3 LEADER]: Becoming Leader. State: Replica: 048bf1646e534ecba5e460f570dc5013, State: Running, Role: LEADER
I20260709 12:59:47.356148  1264 consensus_queue.cc:237] T d4c037d356b14037981f6e6aef58dc13 P 048bf1646e534ecba5e460f570dc5013 [LEADER]: Queue going to LEADER mode. State: All replicated index: 0, Majority replicated index: 2, Committed index: 2, Last appended: 2.2, Last appended by leader: 2, Current term: 3, Majority size: 2, State: 0, Mode: LEADER, active raft config: opid_index: -1 OBSOLETE_local: false peers { permanent_uuid: "048bf1646e534ecba5e460f570dc5013" member_type: VOTER last_known_addr { host: "127.0.107.193" port: 39471 } } peers { permanent_uuid: "3aadcefda3a64e0d80df771808aa6947" member_type: VOTER last_known_addr { host: "127.0.107.194" port: 45797 } } peers { permanent_uuid: "49434f2367f6417ba0df5cffd27b008e" member_type: VOTER last_known_addr { host: "127.0.107.195" port: 34793 } }
I20260709 12:59:47.362742   952 catalog_manager.cc:5697] T d4c037d356b14037981f6e6aef58dc13 P 048bf1646e534ecba5e460f570dc5013 reported cstate change: term changed from 2 to 3, leader changed from 3aadcefda3a64e0d80df771808aa6947 (127.0.107.194) to 048bf1646e534ecba5e460f570dc5013 (127.0.107.193). New cstate: current_term: 3 leader_uuid: "048bf1646e534ecba5e460f570dc5013" committed_config { opid_index: -1 OBSOLETE_local: false peers { permanent_uuid: "048bf1646e534ecba5e460f570dc5013" member_type: VOTER last_known_addr { host: "127.0.107.193" port: 39471 } health_report { overall_health: HEALTHY } } peers { permanent_uuid: "3aadcefda3a64e0d80df771808aa6947" member_type: VOTER last_known_addr { host: "127.0.107.194" port: 45797 } health_report { overall_health: UNKNOWN } } peers { permanent_uuid: "49434f2367f6417ba0df5cffd27b008e" member_type: VOTER last_known_addr { host: "127.0.107.195" port: 34793 } health_report { overall_health: UNKNOWN } } }
I20260709 12:59:47.426229  1347 raft_consensus.cc:993] T e47f49d463aa4cb7a0b728a46880bb3f P 49434f2367f6417ba0df5cffd27b008e: : Instructing follower 048bf1646e534ecba5e460f570dc5013 to start an election
I20260709 12:59:47.426678  1368 raft_consensus.cc:1081] T e47f49d463aa4cb7a0b728a46880bb3f P 49434f2367f6417ba0df5cffd27b008e [term 2 LEADER]: Signalling peer 048bf1646e534ecba5e460f570dc5013 to start an election
I20260709 12:59:47.428066  1056 tablet_service.cc:2044] Received Run Leader Election RPC: tablet_id: "e47f49d463aa4cb7a0b728a46880bb3f"
dest_uuid: "048bf1646e534ecba5e460f570dc5013"
 from {username='slave'} at 127.0.0.1:45864
I20260709 12:59:47.428522  1056 raft_consensus.cc:493] T e47f49d463aa4cb7a0b728a46880bb3f P 048bf1646e534ecba5e460f570dc5013 [term 2 FOLLOWER]: Starting forced leader election (received explicit request)
I20260709 12:59:47.428880  1056 raft_consensus.cc:3060] T e47f49d463aa4cb7a0b728a46880bb3f P 048bf1646e534ecba5e460f570dc5013 [term 2 FOLLOWER]: Advancing to term 3
I20260709 12:59:47.432670  1056 raft_consensus.cc:515] T e47f49d463aa4cb7a0b728a46880bb3f P 048bf1646e534ecba5e460f570dc5013 [term 3 FOLLOWER]: Starting forced leader election with config: opid_index: -1 OBSOLETE_local: false peers { permanent_uuid: "048bf1646e534ecba5e460f570dc5013" member_type: VOTER last_known_addr { host: "127.0.107.193" port: 39471 } } peers { permanent_uuid: "3aadcefda3a64e0d80df771808aa6947" member_type: VOTER last_known_addr { host: "127.0.107.194" port: 45797 } } peers { permanent_uuid: "49434f2367f6417ba0df5cffd27b008e" member_type: VOTER last_known_addr { host: "127.0.107.195" port: 34793 } }
I20260709 12:59:47.434162  1056 leader_election.cc:290] T e47f49d463aa4cb7a0b728a46880bb3f P 048bf1646e534ecba5e460f570dc5013 [CANDIDATE]: Term 3 election: Requested vote from peers 3aadcefda3a64e0d80df771808aa6947 (127.0.107.194:45797), 49434f2367f6417ba0df5cffd27b008e (127.0.107.195:34793)
I20260709 12:59:47.434932  1129 tablet_service.cc:1917] Received RequestConsensusVote() RPC: tablet_id: "e47f49d463aa4cb7a0b728a46880bb3f" candidate_uuid: "048bf1646e534ecba5e460f570dc5013" candidate_term: 3 candidate_status { last_received { term: 2 index: 2 } } ignore_live_leader: true dest_uuid: "3aadcefda3a64e0d80df771808aa6947"
I20260709 12:59:47.435165  1204 tablet_service.cc:1917] Received RequestConsensusVote() RPC: tablet_id: "e47f49d463aa4cb7a0b728a46880bb3f" candidate_uuid: "048bf1646e534ecba5e460f570dc5013" candidate_term: 3 candidate_status { last_received { term: 2 index: 2 } } ignore_live_leader: true dest_uuid: "49434f2367f6417ba0df5cffd27b008e"
I20260709 12:59:47.435484  1129 raft_consensus.cc:3060] T e47f49d463aa4cb7a0b728a46880bb3f P 3aadcefda3a64e0d80df771808aa6947 [term 2 FOLLOWER]: Advancing to term 3
I20260709 12:59:47.435730  1204 raft_consensus.cc:3055] T e47f49d463aa4cb7a0b728a46880bb3f P 49434f2367f6417ba0df5cffd27b008e [term 2 LEADER]: Stepping down as leader of term 2
I20260709 12:59:47.436096  1204 raft_consensus.cc:740] T e47f49d463aa4cb7a0b728a46880bb3f P 49434f2367f6417ba0df5cffd27b008e [term 2 LEADER]: Becoming Follower/Learner. State: Replica: 49434f2367f6417ba0df5cffd27b008e, State: Running, Role: LEADER
I20260709 12:59:47.436811  1204 consensus_queue.cc:260] T e47f49d463aa4cb7a0b728a46880bb3f P 49434f2367f6417ba0df5cffd27b008e [NON_LEADER]: Queue going to NON_LEADER mode. State: All replicated index: 0, Majority replicated index: 2, Committed index: 2, Last appended: 2.2, Last appended by leader: 2, Current term: 2, Majority size: -1, State: 0, Mode: NON_LEADER, active raft config: opid_index: -1 OBSOLETE_local: false peers { permanent_uuid: "048bf1646e534ecba5e460f570dc5013" member_type: VOTER last_known_addr { host: "127.0.107.193" port: 39471 } } peers { permanent_uuid: "3aadcefda3a64e0d80df771808aa6947" member_type: VOTER last_known_addr { host: "127.0.107.194" port: 45797 } } peers { permanent_uuid: "49434f2367f6417ba0df5cffd27b008e" member_type: VOTER last_known_addr { host: "127.0.107.195" port: 34793 } }
I20260709 12:59:47.438158  1204 raft_consensus.cc:3060] T e47f49d463aa4cb7a0b728a46880bb3f P 49434f2367f6417ba0df5cffd27b008e [term 2 FOLLOWER]: Advancing to term 3
I20260709 12:59:47.440778  1129 raft_consensus.cc:2468] T e47f49d463aa4cb7a0b728a46880bb3f P 3aadcefda3a64e0d80df771808aa6947 [term 3 FOLLOWER]: Leader election vote request: Granting yes vote for candidate 048bf1646e534ecba5e460f570dc5013 in term 3.
I20260709 12:59:47.441944  1021 leader_election.cc:304] T e47f49d463aa4cb7a0b728a46880bb3f P 048bf1646e534ecba5e460f570dc5013 [CANDIDATE]: Term 3 election: Election decided. Result: candidate won. Election summary: received 2 responses out of 3 voters: 2 yes votes; 0 no votes. yes voters: 048bf1646e534ecba5e460f570dc5013, 3aadcefda3a64e0d80df771808aa6947; no voters: 
I20260709 12:59:47.442631  1264 raft_consensus.cc:2804] T e47f49d463aa4cb7a0b728a46880bb3f P 048bf1646e534ecba5e460f570dc5013 [term 3 FOLLOWER]: Leader election won for term 3
I20260709 12:59:47.442878  1204 raft_consensus.cc:2468] T e47f49d463aa4cb7a0b728a46880bb3f P 49434f2367f6417ba0df5cffd27b008e [term 3 FOLLOWER]: Leader election vote request: Granting yes vote for candidate 048bf1646e534ecba5e460f570dc5013 in term 3.
I20260709 12:59:47.443078  1264 raft_consensus.cc:697] T e47f49d463aa4cb7a0b728a46880bb3f P 048bf1646e534ecba5e460f570dc5013 [term 3 LEADER]: Becoming Leader. State: Replica: 048bf1646e534ecba5e460f570dc5013, State: Running, Role: LEADER
I20260709 12:59:47.443998  1264 consensus_queue.cc:237] T e47f49d463aa4cb7a0b728a46880bb3f P 048bf1646e534ecba5e460f570dc5013 [LEADER]: Queue going to LEADER mode. State: All replicated index: 0, Majority replicated index: 2, Committed index: 2, Last appended: 2.2, Last appended by leader: 2, Current term: 3, Majority size: 2, State: 0, Mode: LEADER, active raft config: opid_index: -1 OBSOLETE_local: false peers { permanent_uuid: "048bf1646e534ecba5e460f570dc5013" member_type: VOTER last_known_addr { host: "127.0.107.193" port: 39471 } } peers { permanent_uuid: "3aadcefda3a64e0d80df771808aa6947" member_type: VOTER last_known_addr { host: "127.0.107.194" port: 45797 } } peers { permanent_uuid: "49434f2367f6417ba0df5cffd27b008e" member_type: VOTER last_known_addr { host: "127.0.107.195" port: 34793 } }
I20260709 12:59:47.449872   952 catalog_manager.cc:5697] T e47f49d463aa4cb7a0b728a46880bb3f P 048bf1646e534ecba5e460f570dc5013 reported cstate change: term changed from 2 to 3, leader changed from 49434f2367f6417ba0df5cffd27b008e (127.0.107.195) to 048bf1646e534ecba5e460f570dc5013 (127.0.107.193). New cstate: current_term: 3 leader_uuid: "048bf1646e534ecba5e460f570dc5013" committed_config { opid_index: -1 OBSOLETE_local: false peers { permanent_uuid: "048bf1646e534ecba5e460f570dc5013" member_type: VOTER last_known_addr { host: "127.0.107.193" port: 39471 } health_report { overall_health: HEALTHY } } peers { permanent_uuid: "3aadcefda3a64e0d80df771808aa6947" member_type: VOTER last_known_addr { host: "127.0.107.194" port: 45797 } health_report { overall_health: UNKNOWN } } peers { permanent_uuid: "49434f2367f6417ba0df5cffd27b008e" member_type: VOTER last_known_addr { host: "127.0.107.195" port: 34793 } health_report { overall_health: UNKNOWN } } }
I20260709 12:59:47.460204  1347 raft_consensus.cc:993] T 84d8a204a8aa47c6838109c5f8f1fc23 P 49434f2367f6417ba0df5cffd27b008e: : Instructing follower 048bf1646e534ecba5e460f570dc5013 to start an election
I20260709 12:59:47.460572  1368 raft_consensus.cc:1081] T 84d8a204a8aa47c6838109c5f8f1fc23 P 49434f2367f6417ba0df5cffd27b008e [term 2 LEADER]: Signalling peer 048bf1646e534ecba5e460f570dc5013 to start an election
I20260709 12:59:47.461848  1056 tablet_service.cc:2044] Received Run Leader Election RPC: tablet_id: "84d8a204a8aa47c6838109c5f8f1fc23"
dest_uuid: "048bf1646e534ecba5e460f570dc5013"
 from {username='slave'} at 127.0.0.1:45864
I20260709 12:59:47.462244  1056 raft_consensus.cc:493] T 84d8a204a8aa47c6838109c5f8f1fc23 P 048bf1646e534ecba5e460f570dc5013 [term 2 FOLLOWER]: Starting forced leader election (received explicit request)
I20260709 12:59:47.462461  1056 raft_consensus.cc:3060] T 84d8a204a8aa47c6838109c5f8f1fc23 P 048bf1646e534ecba5e460f570dc5013 [term 2 FOLLOWER]: Advancing to term 3
I20260709 12:59:47.466928  1056 raft_consensus.cc:515] T 84d8a204a8aa47c6838109c5f8f1fc23 P 048bf1646e534ecba5e460f570dc5013 [term 3 FOLLOWER]: Starting forced leader election with config: opid_index: -1 OBSOLETE_local: false peers { permanent_uuid: "048bf1646e534ecba5e460f570dc5013" member_type: VOTER last_known_addr { host: "127.0.107.193" port: 39471 } } peers { permanent_uuid: "3aadcefda3a64e0d80df771808aa6947" member_type: VOTER last_known_addr { host: "127.0.107.194" port: 45797 } } peers { permanent_uuid: "49434f2367f6417ba0df5cffd27b008e" member_type: VOTER last_known_addr { host: "127.0.107.195" port: 34793 } }
I20260709 12:59:47.468114  1056 leader_election.cc:290] T 84d8a204a8aa47c6838109c5f8f1fc23 P 048bf1646e534ecba5e460f570dc5013 [CANDIDATE]: Term 3 election: Requested vote from peers 3aadcefda3a64e0d80df771808aa6947 (127.0.107.194:45797), 49434f2367f6417ba0df5cffd27b008e (127.0.107.195:34793)
I20260709 12:59:47.468874  1129 tablet_service.cc:1917] Received RequestConsensusVote() RPC: tablet_id: "84d8a204a8aa47c6838109c5f8f1fc23" candidate_uuid: "048bf1646e534ecba5e460f570dc5013" candidate_term: 3 candidate_status { last_received { term: 2 index: 2 } } ignore_live_leader: true dest_uuid: "3aadcefda3a64e0d80df771808aa6947"
I20260709 12:59:47.469081  1204 tablet_service.cc:1917] Received RequestConsensusVote() RPC: tablet_id: "84d8a204a8aa47c6838109c5f8f1fc23" candidate_uuid: "048bf1646e534ecba5e460f570dc5013" candidate_term: 3 candidate_status { last_received { term: 2 index: 2 } } ignore_live_leader: true dest_uuid: "49434f2367f6417ba0df5cffd27b008e"
I20260709 12:59:47.469534  1129 raft_consensus.cc:3060] T 84d8a204a8aa47c6838109c5f8f1fc23 P 3aadcefda3a64e0d80df771808aa6947 [term 2 FOLLOWER]: Advancing to term 3
I20260709 12:59:47.469626  1204 raft_consensus.cc:3055] T 84d8a204a8aa47c6838109c5f8f1fc23 P 49434f2367f6417ba0df5cffd27b008e [term 2 LEADER]: Stepping down as leader of term 2
I20260709 12:59:47.470016  1204 raft_consensus.cc:740] T 84d8a204a8aa47c6838109c5f8f1fc23 P 49434f2367f6417ba0df5cffd27b008e [term 2 LEADER]: Becoming Follower/Learner. State: Replica: 49434f2367f6417ba0df5cffd27b008e, State: Running, Role: LEADER
I20260709 12:59:47.470628  1204 consensus_queue.cc:260] T 84d8a204a8aa47c6838109c5f8f1fc23 P 49434f2367f6417ba0df5cffd27b008e [NON_LEADER]: Queue going to NON_LEADER mode. State: All replicated index: 0, Majority replicated index: 2, Committed index: 2, Last appended: 2.2, Last appended by leader: 2, Current term: 2, Majority size: -1, State: 0, Mode: NON_LEADER, active raft config: opid_index: -1 OBSOLETE_local: false peers { permanent_uuid: "048bf1646e534ecba5e460f570dc5013" member_type: VOTER last_known_addr { host: "127.0.107.193" port: 39471 } } peers { permanent_uuid: "3aadcefda3a64e0d80df771808aa6947" member_type: VOTER last_known_addr { host: "127.0.107.194" port: 45797 } } peers { permanent_uuid: "49434f2367f6417ba0df5cffd27b008e" member_type: VOTER last_known_addr { host: "127.0.107.195" port: 34793 } }
I20260709 12:59:47.471474  1204 raft_consensus.cc:3060] T 84d8a204a8aa47c6838109c5f8f1fc23 P 49434f2367f6417ba0df5cffd27b008e [term 2 FOLLOWER]: Advancing to term 3
I20260709 12:59:47.474622  1129 raft_consensus.cc:2468] T 84d8a204a8aa47c6838109c5f8f1fc23 P 3aadcefda3a64e0d80df771808aa6947 [term 3 FOLLOWER]: Leader election vote request: Granting yes vote for candidate 048bf1646e534ecba5e460f570dc5013 in term 3.
I20260709 12:59:47.475590  1021 leader_election.cc:304] T 84d8a204a8aa47c6838109c5f8f1fc23 P 048bf1646e534ecba5e460f570dc5013 [CANDIDATE]: Term 3 election: Election decided. Result: candidate won. Election summary: received 2 responses out of 3 voters: 2 yes votes; 0 no votes. yes voters: 048bf1646e534ecba5e460f570dc5013, 3aadcefda3a64e0d80df771808aa6947; no voters: 
I20260709 12:59:47.476032  1204 raft_consensus.cc:2468] T 84d8a204a8aa47c6838109c5f8f1fc23 P 49434f2367f6417ba0df5cffd27b008e [term 3 FOLLOWER]: Leader election vote request: Granting yes vote for candidate 048bf1646e534ecba5e460f570dc5013 in term 3.
I20260709 12:59:47.476236  1264 raft_consensus.cc:2804] T 84d8a204a8aa47c6838109c5f8f1fc23 P 048bf1646e534ecba5e460f570dc5013 [term 3 FOLLOWER]: Leader election won for term 3
I20260709 12:59:47.477152  1264 raft_consensus.cc:697] T 84d8a204a8aa47c6838109c5f8f1fc23 P 048bf1646e534ecba5e460f570dc5013 [term 3 LEADER]: Becoming Leader. State: Replica: 048bf1646e534ecba5e460f570dc5013, State: Running, Role: LEADER
I20260709 12:59:47.477865  1264 consensus_queue.cc:237] T 84d8a204a8aa47c6838109c5f8f1fc23 P 048bf1646e534ecba5e460f570dc5013 [LEADER]: Queue going to LEADER mode. State: All replicated index: 0, Majority replicated index: 2, Committed index: 2, Last appended: 2.2, Last appended by leader: 2, Current term: 3, Majority size: 2, State: 0, Mode: LEADER, active raft config: opid_index: -1 OBSOLETE_local: false peers { permanent_uuid: "048bf1646e534ecba5e460f570dc5013" member_type: VOTER last_known_addr { host: "127.0.107.193" port: 39471 } } peers { permanent_uuid: "3aadcefda3a64e0d80df771808aa6947" member_type: VOTER last_known_addr { host: "127.0.107.194" port: 45797 } } peers { permanent_uuid: "49434f2367f6417ba0df5cffd27b008e" member_type: VOTER last_known_addr { host: "127.0.107.195" port: 34793 } }
I20260709 12:59:47.482941   952 catalog_manager.cc:5697] T 84d8a204a8aa47c6838109c5f8f1fc23 P 048bf1646e534ecba5e460f570dc5013 reported cstate change: term changed from 2 to 3, leader changed from 49434f2367f6417ba0df5cffd27b008e (127.0.107.195) to 048bf1646e534ecba5e460f570dc5013 (127.0.107.193). New cstate: current_term: 3 leader_uuid: "048bf1646e534ecba5e460f570dc5013" committed_config { opid_index: -1 OBSOLETE_local: false peers { permanent_uuid: "048bf1646e534ecba5e460f570dc5013" member_type: VOTER last_known_addr { host: "127.0.107.193" port: 39471 } health_report { overall_health: HEALTHY } } peers { permanent_uuid: "3aadcefda3a64e0d80df771808aa6947" member_type: VOTER last_known_addr { host: "127.0.107.194" port: 45797 } health_report { overall_health: UNKNOWN } } peers { permanent_uuid: "49434f2367f6417ba0df5cffd27b008e" member_type: VOTER last_known_addr { host: "127.0.107.195" port: 34793 } health_report { overall_health: UNKNOWN } } }
I20260709 12:59:47.539952  1361 raft_consensus.cc:993] T a36666cbabc34e87947069f38c071b66 P 3aadcefda3a64e0d80df771808aa6947: : Instructing follower 048bf1646e534ecba5e460f570dc5013 to start an election
I20260709 12:59:47.540385  1344 raft_consensus.cc:1081] T a36666cbabc34e87947069f38c071b66 P 3aadcefda3a64e0d80df771808aa6947 [term 2 LEADER]: Signalling peer 048bf1646e534ecba5e460f570dc5013 to start an election
I20260709 12:59:47.541669  1056 tablet_service.cc:2044] Received Run Leader Election RPC: tablet_id: "a36666cbabc34e87947069f38c071b66"
dest_uuid: "048bf1646e534ecba5e460f570dc5013"
 from {username='slave'} at 127.0.0.1:45854
I20260709 12:59:47.542086  1056 raft_consensus.cc:493] T a36666cbabc34e87947069f38c071b66 P 048bf1646e534ecba5e460f570dc5013 [term 2 FOLLOWER]: Starting forced leader election (received explicit request)
I20260709 12:59:47.542313  1056 raft_consensus.cc:3060] T a36666cbabc34e87947069f38c071b66 P 048bf1646e534ecba5e460f570dc5013 [term 2 FOLLOWER]: Advancing to term 3
I20260709 12:59:47.546329  1056 raft_consensus.cc:515] T a36666cbabc34e87947069f38c071b66 P 048bf1646e534ecba5e460f570dc5013 [term 3 FOLLOWER]: Starting forced leader election with config: opid_index: -1 OBSOLETE_local: false peers { permanent_uuid: "048bf1646e534ecba5e460f570dc5013" member_type: VOTER last_known_addr { host: "127.0.107.193" port: 39471 } } peers { permanent_uuid: "3aadcefda3a64e0d80df771808aa6947" member_type: VOTER last_known_addr { host: "127.0.107.194" port: 45797 } } peers { permanent_uuid: "49434f2367f6417ba0df5cffd27b008e" member_type: VOTER last_known_addr { host: "127.0.107.195" port: 34793 } }
I20260709 12:59:47.547564  1056 leader_election.cc:290] T a36666cbabc34e87947069f38c071b66 P 048bf1646e534ecba5e460f570dc5013 [CANDIDATE]: Term 3 election: Requested vote from peers 3aadcefda3a64e0d80df771808aa6947 (127.0.107.194:45797), 49434f2367f6417ba0df5cffd27b008e (127.0.107.195:34793)
I20260709 12:59:47.548311  1129 tablet_service.cc:1917] Received RequestConsensusVote() RPC: tablet_id: "a36666cbabc34e87947069f38c071b66" candidate_uuid: "048bf1646e534ecba5e460f570dc5013" candidate_term: 3 candidate_status { last_received { term: 2 index: 2 } } ignore_live_leader: true dest_uuid: "3aadcefda3a64e0d80df771808aa6947"
I20260709 12:59:47.548518  1204 tablet_service.cc:1917] Received RequestConsensusVote() RPC: tablet_id: "a36666cbabc34e87947069f38c071b66" candidate_uuid: "048bf1646e534ecba5e460f570dc5013" candidate_term: 3 candidate_status { last_received { term: 2 index: 2 } } ignore_live_leader: true dest_uuid: "49434f2367f6417ba0df5cffd27b008e"
