I20260709 12:59:51.204998  1728 raft_consensus.cc:359] T 69eb6d8beed24393837365a95d0b2472 P 510a03798aa742118d71c5a0f7fd1164 [term 0 FOLLOWER]: Replica starting. Triggering 0 pending ops. Active config: opid_index: -1 OBSOLETE_local: false peers { permanent_uuid: "9b3b52d1c979458985670162ffbfc712" member_type: VOTER last_known_addr { host: "127.0.107.193" port: 41313 } } peers { permanent_uuid: "510a03798aa742118d71c5a0f7fd1164" member_type: VOTER last_known_addr { host: "127.0.107.194" port: 38591 } } peers { permanent_uuid: "f27e660328924f0c92d7c865441e3da6" member_type: VOTER last_known_addr { host: "127.0.107.195" port: 37865 } }
I20260709 12:59:51.206053  1728 raft_consensus.cc:385] T 69eb6d8beed24393837365a95d0b2472 P 510a03798aa742118d71c5a0f7fd1164 [term 0 FOLLOWER]: Consensus starting up: Expiring failure detector timer to make a prompt election more likely
I20260709 12:59:51.206329  1728 raft_consensus.cc:740] T 69eb6d8beed24393837365a95d0b2472 P 510a03798aa742118d71c5a0f7fd1164 [term 0 FOLLOWER]: Becoming Follower/Learner. State: Replica: 510a03798aa742118d71c5a0f7fd1164, State: Initialized, Role: FOLLOWER
I20260709 12:59:51.207046  1728 consensus_queue.cc:260] T 69eb6d8beed24393837365a95d0b2472 P 510a03798aa742118d71c5a0f7fd1164 [NON_LEADER]: Queue going to NON_LEADER mode. State: All replicated index: 0, Majority replicated index: 0, Committed index: 0, Last appended: 0.0, Last appended by leader: 0, Current term: 0, Majority size: -1, State: 0, Mode: NON_LEADER, active raft config: opid_index: -1 OBSOLETE_local: false peers { permanent_uuid: "9b3b52d1c979458985670162ffbfc712" member_type: VOTER last_known_addr { host: "127.0.107.193" port: 41313 } } peers { permanent_uuid: "510a03798aa742118d71c5a0f7fd1164" member_type: VOTER last_known_addr { host: "127.0.107.194" port: 38591 } } peers { permanent_uuid: "f27e660328924f0c92d7c865441e3da6" member_type: VOTER last_known_addr { host: "127.0.107.195" port: 37865 } }
I20260709 12:59:51.209039  1726 tablet_bootstrap.cc:654] T 7b43aed3cb844533b8eb8dc05ece178c P f27e660328924f0c92d7c865441e3da6: Neither blocks nor log segments found. Creating new log.
I20260709 12:59:51.209735  1729 tablet_bootstrap.cc:492] T 9847a17710e64bd29395b04a72c3368c P 9b3b52d1c979458985670162ffbfc712: No bootstrap required, opened a new log
I20260709 12:59:51.210208  1729 ts_tablet_manager.cc:1403] T 9847a17710e64bd29395b04a72c3368c P 9b3b52d1c979458985670162ffbfc712: Time spent bootstrapping tablet: real 0.016s	user 0.005s	sys 0.009s
I20260709 12:59:51.212576  1728 ts_tablet_manager.cc:1434] T 69eb6d8beed24393837365a95d0b2472 P 510a03798aa742118d71c5a0f7fd1164: Time spent starting tablet: real 0.014s	user 0.006s	sys 0.000s
I20260709 12:59:51.213430  1728 tablet_bootstrap.cc:492] T 26a01791621b44e5902274975e93ba19 P 510a03798aa742118d71c5a0f7fd1164: Bootstrap starting.
I20260709 12:59:51.213254  1729 raft_consensus.cc:359] T 9847a17710e64bd29395b04a72c3368c P 9b3b52d1c979458985670162ffbfc712 [term 0 FOLLOWER]: Replica starting. Triggering 0 pending ops. Active config: opid_index: -1 OBSOLETE_local: false peers { permanent_uuid: "9b3b52d1c979458985670162ffbfc712" member_type: VOTER last_known_addr { host: "127.0.107.193" port: 41313 } } peers { permanent_uuid: "510a03798aa742118d71c5a0f7fd1164" member_type: VOTER last_known_addr { host: "127.0.107.194" port: 38591 } } peers { permanent_uuid: "f27e660328924f0c92d7c865441e3da6" member_type: VOTER last_known_addr { host: "127.0.107.195" port: 37865 } }
I20260709 12:59:51.214128  1729 raft_consensus.cc:385] T 9847a17710e64bd29395b04a72c3368c P 9b3b52d1c979458985670162ffbfc712 [term 0 FOLLOWER]: Consensus starting up: Expiring failure detector timer to make a prompt election more likely
I20260709 12:59:51.214480  1729 raft_consensus.cc:740] T 9847a17710e64bd29395b04a72c3368c P 9b3b52d1c979458985670162ffbfc712 [term 0 FOLLOWER]: Becoming Follower/Learner. State: Replica: 9b3b52d1c979458985670162ffbfc712, State: Initialized, Role: FOLLOWER
I20260709 12:59:51.215503  1729 consensus_queue.cc:260] T 9847a17710e64bd29395b04a72c3368c P 9b3b52d1c979458985670162ffbfc712 [NON_LEADER]: Queue going to NON_LEADER mode. State: All replicated index: 0, Majority replicated index: 0, Committed index: 0, Last appended: 0.0, Last appended by leader: 0, Current term: 0, Majority size: -1, State: 0, Mode: NON_LEADER, active raft config: opid_index: -1 OBSOLETE_local: false peers { permanent_uuid: "9b3b52d1c979458985670162ffbfc712" member_type: VOTER last_known_addr { host: "127.0.107.193" port: 41313 } } peers { permanent_uuid: "510a03798aa742118d71c5a0f7fd1164" member_type: VOTER last_known_addr { host: "127.0.107.194" port: 38591 } } peers { permanent_uuid: "f27e660328924f0c92d7c865441e3da6" member_type: VOTER last_known_addr { host: "127.0.107.195" port: 37865 } }
I20260709 12:59:51.219204  1729 ts_tablet_manager.cc:1434] T 9847a17710e64bd29395b04a72c3368c P 9b3b52d1c979458985670162ffbfc712: Time spent starting tablet: real 0.009s	user 0.008s	sys 0.000s
I20260709 12:59:51.219930  1728 tablet_bootstrap.cc:654] T 26a01791621b44e5902274975e93ba19 P 510a03798aa742118d71c5a0f7fd1164: Neither blocks nor log segments found. Creating new log.
I20260709 12:59:51.220077  1729 tablet_bootstrap.cc:492] T 6c597451ad9d4defa307d113572a19ac P 9b3b52d1c979458985670162ffbfc712: Bootstrap starting.
I20260709 12:59:51.221202  1726 tablet_bootstrap.cc:492] T 7b43aed3cb844533b8eb8dc05ece178c P f27e660328924f0c92d7c865441e3da6: No bootstrap required, opened a new log
I20260709 12:59:51.221659  1726 ts_tablet_manager.cc:1403] T 7b43aed3cb844533b8eb8dc05ece178c P f27e660328924f0c92d7c865441e3da6: Time spent bootstrapping tablet: real 0.022s	user 0.005s	sys 0.013s
I20260709 12:59:51.224359  1741 raft_consensus.cc:493] T dcbe3658d93f45e5a08b8e34d3133448 P f27e660328924f0c92d7c865441e3da6 [term 0 FOLLOWER]: Starting pre-election (no leader contacted us within the election timeout)
I20260709 12:59:51.224779  1741 raft_consensus.cc:515] T dcbe3658d93f45e5a08b8e34d3133448 P f27e660328924f0c92d7c865441e3da6 [term 0 FOLLOWER]: Starting pre-election with config: opid_index: -1 OBSOLETE_local: false peers { permanent_uuid: "9b3b52d1c979458985670162ffbfc712" member_type: VOTER last_known_addr { host: "127.0.107.193" port: 41313 } } peers { permanent_uuid: "510a03798aa742118d71c5a0f7fd1164" member_type: VOTER last_known_addr { host: "127.0.107.194" port: 38591 } } peers { permanent_uuid: "f27e660328924f0c92d7c865441e3da6" member_type: VOTER last_known_addr { host: "127.0.107.195" port: 37865 } }
I20260709 12:59:51.226331  1729 tablet_bootstrap.cc:654] T 6c597451ad9d4defa307d113572a19ac P 9b3b52d1c979458985670162ffbfc712: Neither blocks nor log segments found. Creating new log.
I20260709 12:59:51.226904  1741 leader_election.cc:290] T dcbe3658d93f45e5a08b8e34d3133448 P f27e660328924f0c92d7c865441e3da6 [CANDIDATE]: Term 1 pre-election: Requested pre-vote from peers 9b3b52d1c979458985670162ffbfc712 (127.0.107.193:41313), 510a03798aa742118d71c5a0f7fd1164 (127.0.107.194:38591)
I20260709 12:59:51.228003  1609 tablet_service.cc:1917] Received RequestConsensusVote() RPC: tablet_id: "dcbe3658d93f45e5a08b8e34d3133448" candidate_uuid: "f27e660328924f0c92d7c865441e3da6" candidate_term: 1 candidate_status { last_received { term: 0 index: 0 } } ignore_live_leader: false dest_uuid: "510a03798aa742118d71c5a0f7fd1164" is_pre_election: true
I20260709 12:59:51.228936  1533 tablet_service.cc:1917] Received RequestConsensusVote() RPC: tablet_id: "dcbe3658d93f45e5a08b8e34d3133448" candidate_uuid: "f27e660328924f0c92d7c865441e3da6" candidate_term: 1 candidate_status { last_received { term: 0 index: 0 } } ignore_live_leader: false dest_uuid: "9b3b52d1c979458985670162ffbfc712" is_pre_election: true
W20260709 12:59:51.229307  1652 leader_election.cc:343] T dcbe3658d93f45e5a08b8e34d3133448 P f27e660328924f0c92d7c865441e3da6 [CANDIDATE]: Term 1 pre-election: Tablet error from VoteRequest() call to peer 510a03798aa742118d71c5a0f7fd1164 (127.0.107.194:38591): Illegal state: must be running to vote when last-logged opid is not known
W20260709 12:59:51.230357  1651 leader_election.cc:343] T dcbe3658d93f45e5a08b8e34d3133448 P f27e660328924f0c92d7c865441e3da6 [CANDIDATE]: Term 1 pre-election: Tablet error from VoteRequest() call to peer 9b3b52d1c979458985670162ffbfc712 (127.0.107.193:41313): Illegal state: must be running to vote when last-logged opid is not known
I20260709 12:59:51.230803  1651 leader_election.cc:304] T dcbe3658d93f45e5a08b8e34d3133448 P f27e660328924f0c92d7c865441e3da6 [CANDIDATE]: Term 1 pre-election: Election decided. Result: candidate lost. Election summary: received 3 responses out of 3 voters: 1 yes votes; 2 no votes. yes voters: f27e660328924f0c92d7c865441e3da6; no voters: 510a03798aa742118d71c5a0f7fd1164, 9b3b52d1c979458985670162ffbfc712
I20260709 12:59:51.231849  1741 raft_consensus.cc:2749] T dcbe3658d93f45e5a08b8e34d3133448 P f27e660328924f0c92d7c865441e3da6 [term 0 FOLLOWER]: Leader pre-election lost for term 1. Reason: could not achieve majority
I20260709 12:59:51.224736  1726 raft_consensus.cc:359] T 7b43aed3cb844533b8eb8dc05ece178c P f27e660328924f0c92d7c865441e3da6 [term 0 FOLLOWER]: Replica starting. Triggering 0 pending ops. Active config: opid_index: -1 OBSOLETE_local: false peers { permanent_uuid: "510a03798aa742118d71c5a0f7fd1164" member_type: VOTER last_known_addr { host: "127.0.107.194" port: 38591 } } peers { permanent_uuid: "9b3b52d1c979458985670162ffbfc712" member_type: VOTER last_known_addr { host: "127.0.107.193" port: 41313 } } peers { permanent_uuid: "f27e660328924f0c92d7c865441e3da6" member_type: VOTER last_known_addr { host: "127.0.107.195" port: 37865 } }
I20260709 12:59:51.233755  1726 raft_consensus.cc:385] T 7b43aed3cb844533b8eb8dc05ece178c P f27e660328924f0c92d7c865441e3da6 [term 0 FOLLOWER]: Consensus starting up: Expiring failure detector timer to make a prompt election more likely
I20260709 12:59:51.234314  1726 raft_consensus.cc:740] T 7b43aed3cb844533b8eb8dc05ece178c P f27e660328924f0c92d7c865441e3da6 [term 0 FOLLOWER]: Becoming Follower/Learner. State: Replica: f27e660328924f0c92d7c865441e3da6, State: Initialized, Role: FOLLOWER
I20260709 12:59:51.234879  1728 tablet_bootstrap.cc:492] T 26a01791621b44e5902274975e93ba19 P 510a03798aa742118d71c5a0f7fd1164: No bootstrap required, opened a new log
I20260709 12:59:51.235319  1728 ts_tablet_manager.cc:1403] T 26a01791621b44e5902274975e93ba19 P 510a03798aa742118d71c5a0f7fd1164: Time spent bootstrapping tablet: real 0.022s	user 0.012s	sys 0.008s
I20260709 12:59:51.235450  1726 consensus_queue.cc:260] T 7b43aed3cb844533b8eb8dc05ece178c P f27e660328924f0c92d7c865441e3da6 [NON_LEADER]: Queue going to NON_LEADER mode. State: All replicated index: 0, Majority replicated index: 0, Committed index: 0, Last appended: 0.0, Last appended by leader: 0, Current term: 0, Majority size: -1, State: 0, Mode: NON_LEADER, active raft config: opid_index: -1 OBSOLETE_local: false peers { permanent_uuid: "510a03798aa742118d71c5a0f7fd1164" member_type: VOTER last_known_addr { host: "127.0.107.194" port: 38591 } } peers { permanent_uuid: "9b3b52d1c979458985670162ffbfc712" member_type: VOTER last_known_addr { host: "127.0.107.193" port: 41313 } } peers { permanent_uuid: "f27e660328924f0c92d7c865441e3da6" member_type: VOTER last_known_addr { host: "127.0.107.195" port: 37865 } }
I20260709 12:59:51.237917  1728 raft_consensus.cc:359] T 26a01791621b44e5902274975e93ba19 P 510a03798aa742118d71c5a0f7fd1164 [term 0 FOLLOWER]: Replica starting. Triggering 0 pending ops. Active config: opid_index: -1 OBSOLETE_local: false peers { permanent_uuid: "9b3b52d1c979458985670162ffbfc712" member_type: VOTER last_known_addr { host: "127.0.107.193" port: 41313 } } peers { permanent_uuid: "510a03798aa742118d71c5a0f7fd1164" member_type: VOTER last_known_addr { host: "127.0.107.194" port: 38591 } } peers { permanent_uuid: "f27e660328924f0c92d7c865441e3da6" member_type: VOTER last_known_addr { host: "127.0.107.195" port: 37865 } }
I20260709 12:59:51.238922  1728 raft_consensus.cc:385] T 26a01791621b44e5902274975e93ba19 P 510a03798aa742118d71c5a0f7fd1164 [term 0 FOLLOWER]: Consensus starting up: Expiring failure detector timer to make a prompt election more likely
I20260709 12:59:51.239161  1728 raft_consensus.cc:740] T 26a01791621b44e5902274975e93ba19 P 510a03798aa742118d71c5a0f7fd1164 [term 0 FOLLOWER]: Becoming Follower/Learner. State: Replica: 510a03798aa742118d71c5a0f7fd1164, State: Initialized, Role: FOLLOWER
I20260709 12:59:51.239856  1728 consensus_queue.cc:260] T 26a01791621b44e5902274975e93ba19 P 510a03798aa742118d71c5a0f7fd1164 [NON_LEADER]: Queue going to NON_LEADER mode. State: All replicated index: 0, Majority replicated index: 0, Committed index: 0, Last appended: 0.0, Last appended by leader: 0, Current term: 0, Majority size: -1, State: 0, Mode: NON_LEADER, active raft config: opid_index: -1 OBSOLETE_local: false peers { permanent_uuid: "9b3b52d1c979458985670162ffbfc712" member_type: VOTER last_known_addr { host: "127.0.107.193" port: 41313 } } peers { permanent_uuid: "510a03798aa742118d71c5a0f7fd1164" member_type: VOTER last_known_addr { host: "127.0.107.194" port: 38591 } } peers { permanent_uuid: "f27e660328924f0c92d7c865441e3da6" member_type: VOTER last_known_addr { host: "127.0.107.195" port: 37865 } }
I20260709 12:59:51.242069  1728 ts_tablet_manager.cc:1434] T 26a01791621b44e5902274975e93ba19 P 510a03798aa742118d71c5a0f7fd1164: Time spent starting tablet: real 0.006s	user 0.008s	sys 0.000s
I20260709 12:59:51.243531  1805 raft_consensus.cc:493] T da0f74ed087b435aa17f7a412c51dd97 P 9b3b52d1c979458985670162ffbfc712 [term 0 FOLLOWER]: Starting pre-election (no leader contacted us within the election timeout)
I20260709 12:59:51.244028  1805 raft_consensus.cc:515] T da0f74ed087b435aa17f7a412c51dd97 P 9b3b52d1c979458985670162ffbfc712 [term 0 FOLLOWER]: Starting pre-election with config: opid_index: -1 OBSOLETE_local: false peers { permanent_uuid: "9b3b52d1c979458985670162ffbfc712" member_type: VOTER last_known_addr { host: "127.0.107.193" port: 41313 } } peers { permanent_uuid: "510a03798aa742118d71c5a0f7fd1164" member_type: VOTER last_known_addr { host: "127.0.107.194" port: 38591 } } peers { permanent_uuid: "f27e660328924f0c92d7c865441e3da6" member_type: VOTER last_known_addr { host: "127.0.107.195" port: 37865 } }
I20260709 12:59:51.244648  1728 tablet_bootstrap.cc:492] T 4ed2b396e84e468e995ca7dc9693a53f P 510a03798aa742118d71c5a0f7fd1164: Bootstrap starting.
I20260709 12:59:51.246451  1805 leader_election.cc:290] T da0f74ed087b435aa17f7a412c51dd97 P 9b3b52d1c979458985670162ffbfc712 [CANDIDATE]: Term 1 pre-election: Requested pre-vote from peers 510a03798aa742118d71c5a0f7fd1164 (127.0.107.194:38591), f27e660328924f0c92d7c865441e3da6 (127.0.107.195:37865)
I20260709 12:59:51.247491  1609 tablet_service.cc:1917] Received RequestConsensusVote() RPC: tablet_id: "da0f74ed087b435aa17f7a412c51dd97" candidate_uuid: "9b3b52d1c979458985670162ffbfc712" candidate_term: 1 candidate_status { last_received { term: 0 index: 0 } } ignore_live_leader: false dest_uuid: "510a03798aa742118d71c5a0f7fd1164" is_pre_election: true
I20260709 12:59:51.248131  1609 raft_consensus.cc:2468] T da0f74ed087b435aa17f7a412c51dd97 P 510a03798aa742118d71c5a0f7fd1164 [term 0 FOLLOWER]: Leader pre-election vote request: Granting yes vote for candidate 9b3b52d1c979458985670162ffbfc712 in term 0.
I20260709 12:59:51.249578  1685 tablet_service.cc:1917] Received RequestConsensusVote() RPC: tablet_id: "da0f74ed087b435aa17f7a412c51dd97" candidate_uuid: "9b3b52d1c979458985670162ffbfc712" candidate_term: 1 candidate_status { last_received { term: 0 index: 0 } } ignore_live_leader: false dest_uuid: "f27e660328924f0c92d7c865441e3da6" is_pre_election: true
I20260709 12:59:51.250079  1503 leader_election.cc:304] T da0f74ed087b435aa17f7a412c51dd97 P 9b3b52d1c979458985670162ffbfc712 [CANDIDATE]: Term 1 pre-election: Election decided. Result: candidate won. Election summary: received 2 responses out of 3 voters: 2 yes votes; 0 no votes. yes voters: 510a03798aa742118d71c5a0f7fd1164, 9b3b52d1c979458985670162ffbfc712; no voters: 
I20260709 12:59:51.250161  1685 raft_consensus.cc:2468] T da0f74ed087b435aa17f7a412c51dd97 P f27e660328924f0c92d7c865441e3da6 [term 0 FOLLOWER]: Leader pre-election vote request: Granting yes vote for candidate 9b3b52d1c979458985670162ffbfc712 in term 0.
I20260709 12:59:51.251261  1805 raft_consensus.cc:2804] T da0f74ed087b435aa17f7a412c51dd97 P 9b3b52d1c979458985670162ffbfc712 [term 0 FOLLOWER]: Leader pre-election won for term 1
I20260709 12:59:51.251622  1805 raft_consensus.cc:493] T da0f74ed087b435aa17f7a412c51dd97 P 9b3b52d1c979458985670162ffbfc712 [term 0 FOLLOWER]: Starting leader election (no leader contacted us within the election timeout)
I20260709 12:59:51.251770  1726 ts_tablet_manager.cc:1434] T 7b43aed3cb844533b8eb8dc05ece178c P f27e660328924f0c92d7c865441e3da6: Time spent starting tablet: real 0.030s	user 0.007s	sys 0.000s
I20260709 12:59:51.251917  1728 tablet_bootstrap.cc:654] T 4ed2b396e84e468e995ca7dc9693a53f P 510a03798aa742118d71c5a0f7fd1164: Neither blocks nor log segments found. Creating new log.
I20260709 12:59:51.252009  1805 raft_consensus.cc:3060] T da0f74ed087b435aa17f7a412c51dd97 P 9b3b52d1c979458985670162ffbfc712 [term 0 FOLLOWER]: Advancing to term 1
I20260709 12:59:51.260520  1726 tablet_bootstrap.cc:492] T 6aa4c3bd65c4482d9935c66387c1964e P f27e660328924f0c92d7c865441e3da6: Bootstrap starting.
I20260709 12:59:51.260404  1805 raft_consensus.cc:515] T da0f74ed087b435aa17f7a412c51dd97 P 9b3b52d1c979458985670162ffbfc712 [term 1 FOLLOWER]: Starting leader election with config: opid_index: -1 OBSOLETE_local: false peers { permanent_uuid: "9b3b52d1c979458985670162ffbfc712" member_type: VOTER last_known_addr { host: "127.0.107.193" port: 41313 } } peers { permanent_uuid: "510a03798aa742118d71c5a0f7fd1164" member_type: VOTER last_known_addr { host: "127.0.107.194" port: 38591 } } peers { permanent_uuid: "f27e660328924f0c92d7c865441e3da6" member_type: VOTER last_known_addr { host: "127.0.107.195" port: 37865 } }
I20260709 12:59:51.262905  1609 tablet_service.cc:1917] Received RequestConsensusVote() RPC: tablet_id: "da0f74ed087b435aa17f7a412c51dd97" candidate_uuid: "9b3b52d1c979458985670162ffbfc712" candidate_term: 1 candidate_status { last_received { term: 0 index: 0 } } ignore_live_leader: false dest_uuid: "510a03798aa742118d71c5a0f7fd1164"
I20260709 12:59:51.263441  1609 raft_consensus.cc:3060] T da0f74ed087b435aa17f7a412c51dd97 P 510a03798aa742118d71c5a0f7fd1164 [term 0 FOLLOWER]: Advancing to term 1
I20260709 12:59:51.266955  1726 tablet_bootstrap.cc:654] T 6aa4c3bd65c4482d9935c66387c1964e P f27e660328924f0c92d7c865441e3da6: Neither blocks nor log segments found. Creating new log.
I20260709 12:59:51.268535  1805 leader_election.cc:290] T da0f74ed087b435aa17f7a412c51dd97 P 9b3b52d1c979458985670162ffbfc712 [CANDIDATE]: Term 1 election: Requested vote from peers 510a03798aa742118d71c5a0f7fd1164 (127.0.107.194:38591), f27e660328924f0c92d7c865441e3da6 (127.0.107.195:37865)
I20260709 12:59:51.269626  1685 tablet_service.cc:1917] Received RequestConsensusVote() RPC: tablet_id: "da0f74ed087b435aa17f7a412c51dd97" candidate_uuid: "9b3b52d1c979458985670162ffbfc712" candidate_term: 1 candidate_status { last_received { term: 0 index: 0 } } ignore_live_leader: false dest_uuid: "f27e660328924f0c92d7c865441e3da6"
I20260709 12:59:51.270339  1685 raft_consensus.cc:3060] T da0f74ed087b435aa17f7a412c51dd97 P f27e660328924f0c92d7c865441e3da6 [term 0 FOLLOWER]: Advancing to term 1
I20260709 12:59:51.271219  1729 tablet_bootstrap.cc:492] T 6c597451ad9d4defa307d113572a19ac P 9b3b52d1c979458985670162ffbfc712: No bootstrap required, opened a new log
I20260709 12:59:51.271433  1609 raft_consensus.cc:2468] T da0f74ed087b435aa17f7a412c51dd97 P 510a03798aa742118d71c5a0f7fd1164 [term 1 FOLLOWER]: Leader election vote request: Granting yes vote for candidate 9b3b52d1c979458985670162ffbfc712 in term 1.
I20260709 12:59:51.271648  1729 ts_tablet_manager.cc:1403] T 6c597451ad9d4defa307d113572a19ac P 9b3b52d1c979458985670162ffbfc712: Time spent bootstrapping tablet: real 0.052s	user 0.006s	sys 0.017s
I20260709 12:59:51.272475  1503 leader_election.cc:304] T da0f74ed087b435aa17f7a412c51dd97 P 9b3b52d1c979458985670162ffbfc712 [CANDIDATE]: Term 1 election: Election decided. Result: candidate won. Election summary: received 2 responses out of 3 voters: 2 yes votes; 0 no votes. yes voters: 510a03798aa742118d71c5a0f7fd1164, 9b3b52d1c979458985670162ffbfc712; no voters: 
I20260709 12:59:51.273190  1794 raft_consensus.cc:2804] T da0f74ed087b435aa17f7a412c51dd97 P 9b3b52d1c979458985670162ffbfc712 [term 1 FOLLOWER]: Leader election won for term 1
I20260709 12:59:51.273600  1794 raft_consensus.cc:697] T da0f74ed087b435aa17f7a412c51dd97 P 9b3b52d1c979458985670162ffbfc712 [term 1 LEADER]: Becoming Leader. State: Replica: 9b3b52d1c979458985670162ffbfc712, State: Running, Role: LEADER
I20260709 12:59:51.274386  1794 consensus_queue.cc:237] T da0f74ed087b435aa17f7a412c51dd97 P 9b3b52d1c979458985670162ffbfc712 [LEADER]: Queue going to LEADER mode. State: All replicated index: 0, Majority replicated index: 0, Committed index: 0, Last appended: 0.0, Last appended by leader: 0, Current term: 1, Majority size: 2, State: 0, Mode: LEADER, active raft config: opid_index: -1 OBSOLETE_local: false peers { permanent_uuid: "9b3b52d1c979458985670162ffbfc712" member_type: VOTER last_known_addr { host: "127.0.107.193" port: 41313 } } peers { permanent_uuid: "510a03798aa742118d71c5a0f7fd1164" member_type: VOTER last_known_addr { host: "127.0.107.194" port: 38591 } } peers { permanent_uuid: "f27e660328924f0c92d7c865441e3da6" member_type: VOTER last_known_addr { host: "127.0.107.195" port: 37865 } }
I20260709 12:59:51.275810  1729 raft_consensus.cc:359] T 6c597451ad9d4defa307d113572a19ac P 9b3b52d1c979458985670162ffbfc712 [term 0 FOLLOWER]: Replica starting. Triggering 0 pending ops. Active config: opid_index: -1 OBSOLETE_local: false peers { permanent_uuid: "9b3b52d1c979458985670162ffbfc712" member_type: VOTER last_known_addr { host: "127.0.107.193" port: 41313 } } peers { permanent_uuid: "510a03798aa742118d71c5a0f7fd1164" member_type: VOTER last_known_addr { host: "127.0.107.194" port: 38591 } } peers { permanent_uuid: "f27e660328924f0c92d7c865441e3da6" member_type: VOTER last_known_addr { host: "127.0.107.195" port: 37865 } }
I20260709 12:59:51.276443  1729 raft_consensus.cc:385] T 6c597451ad9d4defa307d113572a19ac P 9b3b52d1c979458985670162ffbfc712 [term 0 FOLLOWER]: Consensus starting up: Expiring failure detector timer to make a prompt election more likely
I20260709 12:59:51.276702  1729 raft_consensus.cc:740] T 6c597451ad9d4defa307d113572a19ac P 9b3b52d1c979458985670162ffbfc712 [term 0 FOLLOWER]: Becoming Follower/Learner. State: Replica: 9b3b52d1c979458985670162ffbfc712, State: Initialized, Role: FOLLOWER
I20260709 12:59:51.277279  1729 consensus_queue.cc:260] T 6c597451ad9d4defa307d113572a19ac P 9b3b52d1c979458985670162ffbfc712 [NON_LEADER]: Queue going to NON_LEADER mode. State: All replicated index: 0, Majority replicated index: 0, Committed index: 0, Last appended: 0.0, Last appended by leader: 0, Current term: 0, Majority size: -1, State: 0, Mode: NON_LEADER, active raft config: opid_index: -1 OBSOLETE_local: false peers { permanent_uuid: "9b3b52d1c979458985670162ffbfc712" member_type: VOTER last_known_addr { host: "127.0.107.193" port: 41313 } } peers { permanent_uuid: "510a03798aa742118d71c5a0f7fd1164" member_type: VOTER last_known_addr { host: "127.0.107.194" port: 38591 } } peers { permanent_uuid: "f27e660328924f0c92d7c865441e3da6" member_type: VOTER last_known_addr { host: "127.0.107.195" port: 37865 } }
I20260709 12:59:51.279877  1729 ts_tablet_manager.cc:1434] T 6c597451ad9d4defa307d113572a19ac P 9b3b52d1c979458985670162ffbfc712: Time spent starting tablet: real 0.008s	user 0.006s	sys 0.000s
I20260709 12:59:51.279973  1685 raft_consensus.cc:2468] T da0f74ed087b435aa17f7a412c51dd97 P f27e660328924f0c92d7c865441e3da6 [term 1 FOLLOWER]: Leader election vote request: Granting yes vote for candidate 9b3b52d1c979458985670162ffbfc712 in term 1.
I20260709 12:59:51.280887  1729 tablet_bootstrap.cc:492] T 26a01791621b44e5902274975e93ba19 P 9b3b52d1c979458985670162ffbfc712: Bootstrap starting.
I20260709 12:59:51.284199  1728 tablet_bootstrap.cc:492] T 4ed2b396e84e468e995ca7dc9693a53f P 510a03798aa742118d71c5a0f7fd1164: No bootstrap required, opened a new log
I20260709 12:59:51.284608  1728 ts_tablet_manager.cc:1403] T 4ed2b396e84e468e995ca7dc9693a53f P 510a03798aa742118d71c5a0f7fd1164: Time spent bootstrapping tablet: real 0.040s	user 0.024s	sys 0.012s
I20260709 12:59:51.286404  1728 raft_consensus.cc:359] T 4ed2b396e84e468e995ca7dc9693a53f P 510a03798aa742118d71c5a0f7fd1164 [term 0 FOLLOWER]: Replica starting. Triggering 0 pending ops. Active config: opid_index: -1 OBSOLETE_local: false peers { permanent_uuid: "9b3b52d1c979458985670162ffbfc712" member_type: VOTER last_known_addr { host: "127.0.107.193" port: 41313 } } peers { permanent_uuid: "510a03798aa742118d71c5a0f7fd1164" member_type: VOTER last_known_addr { host: "127.0.107.194" port: 38591 } } peers { permanent_uuid: "f27e660328924f0c92d7c865441e3da6" member_type: VOTER last_known_addr { host: "127.0.107.195" port: 37865 } }
I20260709 12:59:51.286851  1728 raft_consensus.cc:385] T 4ed2b396e84e468e995ca7dc9693a53f P 510a03798aa742118d71c5a0f7fd1164 [term 0 FOLLOWER]: Consensus starting up: Expiring failure detector timer to make a prompt election more likely
I20260709 12:59:51.287117  1728 raft_consensus.cc:740] T 4ed2b396e84e468e995ca7dc9693a53f P 510a03798aa742118d71c5a0f7fd1164 [term 0 FOLLOWER]: Becoming Follower/Learner. State: Replica: 510a03798aa742118d71c5a0f7fd1164, State: Initialized, Role: FOLLOWER
I20260709 12:59:51.287878  1728 consensus_queue.cc:260] T 4ed2b396e84e468e995ca7dc9693a53f P 510a03798aa742118d71c5a0f7fd1164 [NON_LEADER]: Queue going to NON_LEADER mode. State: All replicated index: 0, Majority replicated index: 0, Committed index: 0, Last appended: 0.0, Last appended by leader: 0, Current term: 0, Majority size: -1, State: 0, Mode: NON_LEADER, active raft config: opid_index: -1 OBSOLETE_local: false peers { permanent_uuid: "9b3b52d1c979458985670162ffbfc712" member_type: VOTER last_known_addr { host: "127.0.107.193" port: 41313 } } peers { permanent_uuid: "510a03798aa742118d71c5a0f7fd1164" member_type: VOTER last_known_addr { host: "127.0.107.194" port: 38591 } } peers { permanent_uuid: "f27e660328924f0c92d7c865441e3da6" member_type: VOTER last_known_addr { host: "127.0.107.195" port: 37865 } }
I20260709 12:59:51.290544  1729 tablet_bootstrap.cc:654] T 26a01791621b44e5902274975e93ba19 P 9b3b52d1c979458985670162ffbfc712: Neither blocks nor log segments found. Creating new log.
I20260709 12:59:51.292965  1728 ts_tablet_manager.cc:1434] T 4ed2b396e84e468e995ca7dc9693a53f P 510a03798aa742118d71c5a0f7fd1164: Time spent starting tablet: real 0.008s	user 0.005s	sys 0.000s
I20260709 12:59:51.294391  1728 tablet_bootstrap.cc:492] T 8b6d73e2843849dc9dc4f46ac977e036 P 510a03798aa742118d71c5a0f7fd1164: Bootstrap starting.
I20260709 12:59:51.301646  1728 tablet_bootstrap.cc:654] T 8b6d73e2843849dc9dc4f46ac977e036 P 510a03798aa742118d71c5a0f7fd1164: Neither blocks nor log segments found. Creating new log.
I20260709 12:59:51.309818  1729 tablet_bootstrap.cc:492] T 26a01791621b44e5902274975e93ba19 P 9b3b52d1c979458985670162ffbfc712: No bootstrap required, opened a new log
I20260709 12:59:51.309916  1728 tablet_bootstrap.cc:492] T 8b6d73e2843849dc9dc4f46ac977e036 P 510a03798aa742118d71c5a0f7fd1164: No bootstrap required, opened a new log
I20260709 12:59:51.310228  1729 ts_tablet_manager.cc:1403] T 26a01791621b44e5902274975e93ba19 P 9b3b52d1c979458985670162ffbfc712: Time spent bootstrapping tablet: real 0.030s	user 0.016s	sys 0.007s
I20260709 12:59:51.310364  1728 ts_tablet_manager.cc:1403] T 8b6d73e2843849dc9dc4f46ac977e036 P 510a03798aa742118d71c5a0f7fd1164: Time spent bootstrapping tablet: real 0.016s	user 0.009s	sys 0.004s
I20260709 12:59:51.311667  1734 consensus_queue.cc:1048] T 5fc86351debb419eb688285be21a0048 P 510a03798aa742118d71c5a0f7fd1164 [LEADER]: Connected to new peer: Peer: permanent_uuid: "9b3b52d1c979458985670162ffbfc712" member_type: VOTER last_known_addr { host: "127.0.107.193" port: 41313 }, Status: LMP_MISMATCH, Last received: 0.0, Next index: 1, Last known committed idx: 0, Time since last communication: 0.000s
I20260709 12:59:51.313207  1728 raft_consensus.cc:359] T 8b6d73e2843849dc9dc4f46ac977e036 P 510a03798aa742118d71c5a0f7fd1164 [term 0 FOLLOWER]: Replica starting. Triggering 0 pending ops. Active config: opid_index: -1 OBSOLETE_local: false peers { permanent_uuid: "9b3b52d1c979458985670162ffbfc712" member_type: VOTER last_known_addr { host: "127.0.107.193" port: 41313 } } peers { permanent_uuid: "510a03798aa742118d71c5a0f7fd1164" member_type: VOTER last_known_addr { host: "127.0.107.194" port: 38591 } } peers { permanent_uuid: "f27e660328924f0c92d7c865441e3da6" member_type: VOTER last_known_addr { host: "127.0.107.195" port: 37865 } }
I20260709 12:59:51.313894  1728 raft_consensus.cc:385] T 8b6d73e2843849dc9dc4f46ac977e036 P 510a03798aa742118d71c5a0f7fd1164 [term 0 FOLLOWER]: Consensus starting up: Expiring failure detector timer to make a prompt election more likely
I20260709 12:59:51.314222  1728 raft_consensus.cc:740] T 8b6d73e2843849dc9dc4f46ac977e036 P 510a03798aa742118d71c5a0f7fd1164 [term 0 FOLLOWER]: Becoming Follower/Learner. State: Replica: 510a03798aa742118d71c5a0f7fd1164, State: Initialized, Role: FOLLOWER
I20260709 12:59:51.314888  1728 consensus_queue.cc:260] T 8b6d73e2843849dc9dc4f46ac977e036 P 510a03798aa742118d71c5a0f7fd1164 [NON_LEADER]: Queue going to NON_LEADER mode. State: All replicated index: 0, Majority replicated index: 0, Committed index: 0, Last appended: 0.0, Last appended by leader: 0, Current term: 0, Majority size: -1, State: 0, Mode: NON_LEADER, active raft config: opid_index: -1 OBSOLETE_local: false peers { permanent_uuid: "9b3b52d1c979458985670162ffbfc712" member_type: VOTER last_known_addr { host: "127.0.107.193" port: 41313 } } peers { permanent_uuid: "510a03798aa742118d71c5a0f7fd1164" member_type: VOTER last_known_addr { host: "127.0.107.194" port: 38591 } } peers { permanent_uuid: "f27e660328924f0c92d7c865441e3da6" member_type: VOTER last_known_addr { host: "127.0.107.195" port: 37865 } }
I20260709 12:59:51.315938  1431 catalog_manager.cc:5697] T da0f74ed087b435aa17f7a412c51dd97 P 9b3b52d1c979458985670162ffbfc712 reported cstate change: term changed from 0 to 1, leader changed from <none> to 9b3b52d1c979458985670162ffbfc712 (127.0.107.193). New cstate: current_term: 1 leader_uuid: "9b3b52d1c979458985670162ffbfc712" committed_config { opid_index: -1 OBSOLETE_local: false peers { permanent_uuid: "9b3b52d1c979458985670162ffbfc712" member_type: VOTER last_known_addr { host: "127.0.107.193" port: 41313 } health_report { overall_health: HEALTHY } } peers { permanent_uuid: "510a03798aa742118d71c5a0f7fd1164" member_type: VOTER last_known_addr { host: "127.0.107.194" port: 38591 } health_report { overall_health: UNKNOWN } } peers { permanent_uuid: "f27e660328924f0c92d7c865441e3da6" member_type: VOTER last_known_addr { host: "127.0.107.195" port: 37865 } health_report { overall_health: UNKNOWN } } }
I20260709 12:59:51.317530  1728 ts_tablet_manager.cc:1434] T 8b6d73e2843849dc9dc4f46ac977e036 P 510a03798aa742118d71c5a0f7fd1164: Time spent starting tablet: real 0.007s	user 0.005s	sys 0.000s
I20260709 12:59:51.319329  1729 raft_consensus.cc:359] T 26a01791621b44e5902274975e93ba19 P 9b3b52d1c979458985670162ffbfc712 [term 0 FOLLOWER]: Replica starting. Triggering 0 pending ops. Active config: opid_index: -1 OBSOLETE_local: false peers { permanent_uuid: "9b3b52d1c979458985670162ffbfc712" member_type: VOTER last_known_addr { host: "127.0.107.193" port: 41313 } } peers { permanent_uuid: "510a03798aa742118d71c5a0f7fd1164" member_type: VOTER last_known_addr { host: "127.0.107.194" port: 38591 } } peers { permanent_uuid: "f27e660328924f0c92d7c865441e3da6" member_type: VOTER last_known_addr { host: "127.0.107.195" port: 37865 } }
I20260709 12:59:51.320206  1729 raft_consensus.cc:385] T 26a01791621b44e5902274975e93ba19 P 9b3b52d1c979458985670162ffbfc712 [term 0 FOLLOWER]: Consensus starting up: Expiring failure detector timer to make a prompt election more likely
I20260709 12:59:51.320534  1729 raft_consensus.cc:740] T 26a01791621b44e5902274975e93ba19 P 9b3b52d1c979458985670162ffbfc712 [term 0 FOLLOWER]: Becoming Follower/Learner. State: Replica: 9b3b52d1c979458985670162ffbfc712, State: Initialized, Role: FOLLOWER
I20260709 12:59:51.322032  1728 tablet_bootstrap.cc:492] T 40e079d9a8634066bde4d0856667233f P 510a03798aa742118d71c5a0f7fd1164: Bootstrap starting.
I20260709 12:59:51.326550  1729 consensus_queue.cc:260] T 26a01791621b44e5902274975e93ba19 P 9b3b52d1c979458985670162ffbfc712 [NON_LEADER]: Queue going to NON_LEADER mode. State: All replicated index: 0, Majority replicated index: 0, Committed index: 0, Last appended: 0.0, Last appended by leader: 0, Current term: 0, Majority size: -1, State: 0, Mode: NON_LEADER, active raft config: opid_index: -1 OBSOLETE_local: false peers { permanent_uuid: "9b3b52d1c979458985670162ffbfc712" member_type: VOTER last_known_addr { host: "127.0.107.193" port: 41313 } } peers { permanent_uuid: "510a03798aa742118d71c5a0f7fd1164" member_type: VOTER last_known_addr { host: "127.0.107.194" port: 38591 } } peers { permanent_uuid: "f27e660328924f0c92d7c865441e3da6" member_type: VOTER last_known_addr { host: "127.0.107.195" port: 37865 } }
I20260709 12:59:51.328935  1729 ts_tablet_manager.cc:1434] T 26a01791621b44e5902274975e93ba19 P 9b3b52d1c979458985670162ffbfc712: Time spent starting tablet: real 0.018s	user 0.007s	sys 0.001s
I20260709 12:59:51.331254  1726 tablet_bootstrap.cc:492] T 6aa4c3bd65c4482d9935c66387c1964e P f27e660328924f0c92d7c865441e3da6: No bootstrap required, opened a new log
I20260709 12:59:51.331447  1728 tablet_bootstrap.cc:654] T 40e079d9a8634066bde4d0856667233f P 510a03798aa742118d71c5a0f7fd1164: Neither blocks nor log segments found. Creating new log.
I20260709 12:59:51.331689  1726 ts_tablet_manager.cc:1403] T 6aa4c3bd65c4482d9935c66387c1964e P f27e660328924f0c92d7c865441e3da6: Time spent bootstrapping tablet: real 0.071s	user 0.015s	sys 0.023s
I20260709 12:59:51.334573  1685 raft_consensus.cc:3060] T 5fc86351debb419eb688285be21a0048 P f27e660328924f0c92d7c865441e3da6 [term 0 FOLLOWER]: Advancing to term 1
I20260709 12:59:51.334573  1533 raft_consensus.cc:3060] T 9847a17710e64bd29395b04a72c3368c P 9b3b52d1c979458985670162ffbfc712 [term 0 FOLLOWER]: Advancing to term 1
I20260709 12:59:51.337503  1726 raft_consensus.cc:359] T 6aa4c3bd65c4482d9935c66387c1964e P f27e660328924f0c92d7c865441e3da6 [term 0 FOLLOWER]: Replica starting. Triggering 0 pending ops. Active config: opid_index: -1 OBSOLETE_local: false peers { permanent_uuid: "9b3b52d1c979458985670162ffbfc712" member_type: VOTER last_known_addr { host: "127.0.107.193" port: 41313 } } peers { permanent_uuid: "510a03798aa742118d71c5a0f7fd1164" member_type: VOTER last_known_addr { host: "127.0.107.194" port: 38591 } } peers { permanent_uuid: "f27e660328924f0c92d7c865441e3da6" member_type: VOTER last_known_addr { host: "127.0.107.195" port: 37865 } }
I20260709 12:59:51.338142  1726 raft_consensus.cc:385] T 6aa4c3bd65c4482d9935c66387c1964e P f27e660328924f0c92d7c865441e3da6 [term 0 FOLLOWER]: Consensus starting up: Expiring failure detector timer to make a prompt election more likely
I20260709 12:59:51.338415  1726 raft_consensus.cc:740] T 6aa4c3bd65c4482d9935c66387c1964e P f27e660328924f0c92d7c865441e3da6 [term 0 FOLLOWER]: Becoming Follower/Learner. State: Replica: f27e660328924f0c92d7c865441e3da6, State: Initialized, Role: FOLLOWER
I20260709 12:59:51.346199  1734 consensus_queue.cc:1048] T 5fc86351debb419eb688285be21a0048 P 510a03798aa742118d71c5a0f7fd1164 [LEADER]: Connected to new peer: Peer: permanent_uuid: "f27e660328924f0c92d7c865441e3da6" member_type: VOTER last_known_addr { host: "127.0.107.195" port: 37865 }, Status: LMP_MISMATCH, Last received: 0.0, Next index: 1, Last known committed idx: 0, Time since last communication: 0.000s
I20260709 12:59:51.346078  1726 consensus_queue.cc:260] T 6aa4c3bd65c4482d9935c66387c1964e P f27e660328924f0c92d7c865441e3da6 [NON_LEADER]: Queue going to NON_LEADER mode. State: All replicated index: 0, Majority replicated index: 0, Committed index: 0, Last appended: 0.0, Last appended by leader: 0, Current term: 0, Majority size: -1, State: 0, Mode: NON_LEADER, active raft config: opid_index: -1 OBSOLETE_local: false peers { permanent_uuid: "9b3b52d1c979458985670162ffbfc712" member_type: VOTER last_known_addr { host: "127.0.107.193" port: 41313 } } peers { permanent_uuid: "510a03798aa742118d71c5a0f7fd1164" member_type: VOTER last_known_addr { host: "127.0.107.194" port: 38591 } } peers { permanent_uuid: "f27e660328924f0c92d7c865441e3da6" member_type: VOTER last_known_addr { host: "127.0.107.195" port: 37865 } }
I20260709 12:59:51.351903  1726 ts_tablet_manager.cc:1434] T 6aa4c3bd65c4482d9935c66387c1964e P f27e660328924f0c92d7c865441e3da6: Time spent starting tablet: real 0.020s	user 0.003s	sys 0.003s
I20260709 12:59:51.352767  1726 tablet_bootstrap.cc:492] T 26a01791621b44e5902274975e93ba19 P f27e660328924f0c92d7c865441e3da6: Bootstrap starting.
I20260709 12:59:51.356110  1729 tablet_bootstrap.cc:492] T 6ec00118147c4449bdf888fc48317bca P 9b3b52d1c979458985670162ffbfc712: Bootstrap starting.
I20260709 12:59:51.362552  1726 tablet_bootstrap.cc:654] T 26a01791621b44e5902274975e93ba19 P f27e660328924f0c92d7c865441e3da6: Neither blocks nor log segments found. Creating new log.
I20260709 12:59:51.364074  1794 raft_consensus.cc:493] T fe760cc23cf1465a869f8fafb1caa447 P 9b3b52d1c979458985670162ffbfc712 [term 0 FOLLOWER]: Starting pre-election (no leader contacted us within the election timeout)
I20260709 12:59:51.364562  1794 raft_consensus.cc:515] T fe760cc23cf1465a869f8fafb1caa447 P 9b3b52d1c979458985670162ffbfc712 [term 0 FOLLOWER]: Starting pre-election with config: opid_index: -1 OBSOLETE_local: false peers { permanent_uuid: "9b3b52d1c979458985670162ffbfc712" member_type: VOTER last_known_addr { host: "127.0.107.193" port: 41313 } } peers { permanent_uuid: "510a03798aa742118d71c5a0f7fd1164" member_type: VOTER last_known_addr { host: "127.0.107.194" port: 38591 } } peers { permanent_uuid: "f27e660328924f0c92d7c865441e3da6" member_type: VOTER last_known_addr { host: "127.0.107.195" port: 37865 } }
I20260709 12:59:51.366926  1794 leader_election.cc:290] T fe760cc23cf1465a869f8fafb1caa447 P 9b3b52d1c979458985670162ffbfc712 [CANDIDATE]: Term 1 pre-election: Requested pre-vote from peers 510a03798aa742118d71c5a0f7fd1164 (127.0.107.194:38591), f27e660328924f0c92d7c865441e3da6 (127.0.107.195:37865)
I20260709 12:59:51.368058  1729 tablet_bootstrap.cc:654] T 6ec00118147c4449bdf888fc48317bca P 9b3b52d1c979458985670162ffbfc712: Neither blocks nor log segments found. Creating new log.
I20260709 12:59:51.369256  1685 tablet_service.cc:1917] Received RequestConsensusVote() RPC: tablet_id: "fe760cc23cf1465a869f8fafb1caa447" candidate_uuid: "9b3b52d1c979458985670162ffbfc712" candidate_term: 1 candidate_status { last_received { term: 0 index: 0 } } ignore_live_leader: false dest_uuid: "f27e660328924f0c92d7c865441e3da6" is_pre_election: true
I20260709 12:59:51.370406  1685 raft_consensus.cc:2468] T fe760cc23cf1465a869f8fafb1caa447 P f27e660328924f0c92d7c865441e3da6 [term 0 FOLLOWER]: Leader pre-election vote request: Granting yes vote for candidate 9b3b52d1c979458985670162ffbfc712 in term 0.
I20260709 12:59:51.372275  1609 tablet_service.cc:1917] Received RequestConsensusVote() RPC: tablet_id: "fe760cc23cf1465a869f8fafb1caa447" candidate_uuid: "9b3b52d1c979458985670162ffbfc712" candidate_term: 1 candidate_status { last_received { term: 0 index: 0 } } ignore_live_leader: false dest_uuid: "510a03798aa742118d71c5a0f7fd1164" is_pre_election: true
I20260709 12:59:51.373414  1503 leader_election.cc:304] T fe760cc23cf1465a869f8fafb1caa447 P 9b3b52d1c979458985670162ffbfc712 [CANDIDATE]: Term 1 pre-election: Election decided. Result: candidate won. Election summary: received 2 responses out of 3 voters: 2 yes votes; 0 no votes. yes voters: 9b3b52d1c979458985670162ffbfc712, f27e660328924f0c92d7c865441e3da6; no voters: 
I20260709 12:59:51.374192  1805 raft_consensus.cc:2804] T fe760cc23cf1465a869f8fafb1caa447 P 9b3b52d1c979458985670162ffbfc712 [term 0 FOLLOWER]: Leader pre-election won for term 1
I20260709 12:59:51.374532  1805 raft_consensus.cc:493] T fe760cc23cf1465a869f8fafb1caa447 P 9b3b52d1c979458985670162ffbfc712 [term 0 FOLLOWER]: Starting leader election (no leader contacted us within the election timeout)
I20260709 12:59:51.374845  1805 raft_consensus.cc:3060] T fe760cc23cf1465a869f8fafb1caa447 P 9b3b52d1c979458985670162ffbfc712 [term 0 FOLLOWER]: Advancing to term 1
W20260709 12:59:51.377674  1503 leader_election.cc:343] T fe760cc23cf1465a869f8fafb1caa447 P 9b3b52d1c979458985670162ffbfc712 [CANDIDATE]: Term 1 pre-election: Tablet error from VoteRequest() call to peer 510a03798aa742118d71c5a0f7fd1164 (127.0.107.194:38591): Illegal state: must be running to vote when last-logged opid is not known
I20260709 12:59:51.385265  1805 raft_consensus.cc:515] T fe760cc23cf1465a869f8fafb1caa447 P 9b3b52d1c979458985670162ffbfc712 [term 1 FOLLOWER]: Starting leader election with config: opid_index: -1 OBSOLETE_local: false peers { permanent_uuid: "9b3b52d1c979458985670162ffbfc712" member_type: VOTER last_known_addr { host: "127.0.107.193" port: 41313 } } peers { permanent_uuid: "510a03798aa742118d71c5a0f7fd1164" member_type: VOTER last_known_addr { host: "127.0.107.194" port: 38591 } } peers { permanent_uuid: "f27e660328924f0c92d7c865441e3da6" member_type: VOTER last_known_addr { host: "127.0.107.195" port: 37865 } }
I20260709 12:59:51.389290  1794 raft_consensus.cc:493] T 9847a17710e64bd29395b04a72c3368c P 9b3b52d1c979458985670162ffbfc712 [term 1 FOLLOWER]: Starting pre-election (no leader contacted us within the election timeout)
I20260709 12:59:51.391016  1741 consensus_queue.cc:1048] T 9847a17710e64bd29395b04a72c3368c P f27e660328924f0c92d7c865441e3da6 [LEADER]: Connected to new peer: Peer: permanent_uuid: "9b3b52d1c979458985670162ffbfc712" member_type: VOTER last_known_addr { host: "127.0.107.193" port: 41313 }, Status: LMP_MISMATCH, Last received: 0.0, Next index: 1, Last known committed idx: 0, Time since last communication: 0.001s
I20260709 12:59:51.392695  1728 tablet_bootstrap.cc:492] T 40e079d9a8634066bde4d0856667233f P 510a03798aa742118d71c5a0f7fd1164: No bootstrap required, opened a new log
I20260709 12:59:51.393841  1728 ts_tablet_manager.cc:1403] T 40e079d9a8634066bde4d0856667233f P 510a03798aa742118d71c5a0f7fd1164: Time spent bootstrapping tablet: real 0.072s	user 0.027s	sys 0.022s
I20260709 12:59:51.396507  1728 raft_consensus.cc:359] T 40e079d9a8634066bde4d0856667233f P 510a03798aa742118d71c5a0f7fd1164 [term 0 FOLLOWER]: Replica starting. Triggering 0 pending ops. Active config: opid_index: -1 OBSOLETE_local: false peers { permanent_uuid: "9b3b52d1c979458985670162ffbfc712" member_type: VOTER last_known_addr { host: "127.0.107.193" port: 41313 } } peers { permanent_uuid: "510a03798aa742118d71c5a0f7fd1164" member_type: VOTER last_known_addr { host: "127.0.107.194" port: 38591 } } peers { permanent_uuid: "f27e660328924f0c92d7c865441e3da6" member_type: VOTER last_known_addr { host: "127.0.107.195" port: 37865 } }
I20260709 12:59:51.397006  1728 raft_consensus.cc:385] T 40e079d9a8634066bde4d0856667233f P 510a03798aa742118d71c5a0f7fd1164 [term 0 FOLLOWER]: Consensus starting up: Expiring failure detector timer to make a prompt election more likely
I20260709 12:59:51.397238  1728 raft_consensus.cc:740] T 40e079d9a8634066bde4d0856667233f P 510a03798aa742118d71c5a0f7fd1164 [term 0 FOLLOWER]: Becoming Follower/Learner. State: Replica: 510a03798aa742118d71c5a0f7fd1164, State: Initialized, Role: FOLLOWER
I20260709 12:59:51.397814  1728 consensus_queue.cc:260] T 40e079d9a8634066bde4d0856667233f P 510a03798aa742118d71c5a0f7fd1164 [NON_LEADER]: Queue going to NON_LEADER mode. State: All replicated index: 0, Majority replicated index: 0, Committed index: 0, Last appended: 0.0, Last appended by leader: 0, Current term: 0, Majority size: -1, State: 0, Mode: NON_LEADER, active raft config: opid_index: -1 OBSOLETE_local: false peers { permanent_uuid: "9b3b52d1c979458985670162ffbfc712" member_type: VOTER last_known_addr { host: "127.0.107.193" port: 41313 } } peers { permanent_uuid: "510a03798aa742118d71c5a0f7fd1164" member_type: VOTER last_known_addr { host: "127.0.107.194" port: 38591 } } peers { permanent_uuid: "f27e660328924f0c92d7c865441e3da6" member_type: VOTER last_known_addr { host: "127.0.107.195" port: 37865 } }
I20260709 12:59:51.399523  1728 ts_tablet_manager.cc:1434] T 40e079d9a8634066bde4d0856667233f P 510a03798aa742118d71c5a0f7fd1164: Time spent starting tablet: real 0.005s	user 0.002s	sys 0.000s
I20260709 12:59:51.400686  1794 raft_consensus.cc:515] T 9847a17710e64bd29395b04a72c3368c P 9b3b52d1c979458985670162ffbfc712 [term 1 FOLLOWER]: Starting pre-election with config: opid_index: -1 OBSOLETE_local: false peers { permanent_uuid: "9b3b52d1c979458985670162ffbfc712" member_type: VOTER last_known_addr { host: "127.0.107.193" port: 41313 } } peers { permanent_uuid: "510a03798aa742118d71c5a0f7fd1164" member_type: VOTER last_known_addr { host: "127.0.107.194" port: 38591 } } peers { permanent_uuid: "f27e660328924f0c92d7c865441e3da6" member_type: VOTER last_known_addr { host: "127.0.107.195" port: 37865 } }
I20260709 12:59:51.403492  1728 tablet_bootstrap.cc:492] T 6c597451ad9d4defa307d113572a19ac P 510a03798aa742118d71c5a0f7fd1164: Bootstrap starting.
I20260709 12:59:51.405582  1794 leader_election.cc:290] T 9847a17710e64bd29395b04a72c3368c P 9b3b52d1c979458985670162ffbfc712 [CANDIDATE]: Term 2 pre-election: Requested pre-vote from peers 510a03798aa742118d71c5a0f7fd1164 (127.0.107.194:38591), f27e660328924f0c92d7c865441e3da6 (127.0.107.195:37865)
I20260709 12:59:51.409605  1683 tablet_service.cc:1917] Received RequestConsensusVote() RPC: tablet_id: "9847a17710e64bd29395b04a72c3368c" candidate_uuid: "9b3b52d1c979458985670162ffbfc712" candidate_term: 2 candidate_status { last_received { term: 0 index: 0 } } ignore_live_leader: false dest_uuid: "f27e660328924f0c92d7c865441e3da6" is_pre_election: true
I20260709 12:59:51.410108  1609 tablet_service.cc:1917] Received RequestConsensusVote() RPC: tablet_id: "9847a17710e64bd29395b04a72c3368c" candidate_uuid: "9b3b52d1c979458985670162ffbfc712" candidate_term: 2 candidate_status { last_received { term: 0 index: 0 } } ignore_live_leader: false dest_uuid: "510a03798aa742118d71c5a0f7fd1164" is_pre_election: true
I20260709 12:59:51.410364  1726 tablet_bootstrap.cc:492] T 26a01791621b44e5902274975e93ba19 P f27e660328924f0c92d7c865441e3da6: No bootstrap required, opened a new log
I20260709 12:59:51.410775  1726 ts_tablet_manager.cc:1403] T 26a01791621b44e5902274975e93ba19 P f27e660328924f0c92d7c865441e3da6: Time spent bootstrapping tablet: real 0.058s	user 0.005s	sys 0.005s
I20260709 12:59:51.410671  1609 raft_consensus.cc:2468] T 9847a17710e64bd29395b04a72c3368c P 510a03798aa742118d71c5a0f7fd1164 [term 1 FOLLOWER]: Leader pre-election vote request: Granting yes vote for candidate 9b3b52d1c979458985670162ffbfc712 in term 1.
I20260709 12:59:51.411998  1728 tablet_bootstrap.cc:654] T 6c597451ad9d4defa307d113572a19ac P 510a03798aa742118d71c5a0f7fd1164: Neither blocks nor log segments found. Creating new log.
I20260709 12:59:51.412372  1503 leader_election.cc:304] T 9847a17710e64bd29395b04a72c3368c P 9b3b52d1c979458985670162ffbfc712 [CANDIDATE]: Term 2 pre-election: Election decided. Result: candidate won. Election summary: received 3 responses out of 3 voters: 2 yes votes; 1 no votes. yes voters: 510a03798aa742118d71c5a0f7fd1164, 9b3b52d1c979458985670162ffbfc712; no voters: f27e660328924f0c92d7c865441e3da6
I20260709 12:59:51.413103  1726 raft_consensus.cc:359] T 26a01791621b44e5902274975e93ba19 P f27e660328924f0c92d7c865441e3da6 [term 0 FOLLOWER]: Replica starting. Triggering 0 pending ops. Active config: opid_index: -1 OBSOLETE_local: false peers { permanent_uuid: "9b3b52d1c979458985670162ffbfc712" member_type: VOTER last_known_addr { host: "127.0.107.193" port: 41313 } } peers { permanent_uuid: "510a03798aa742118d71c5a0f7fd1164" member_type: VOTER last_known_addr { host: "127.0.107.194" port: 38591 } } peers { permanent_uuid: "f27e660328924f0c92d7c865441e3da6" member_type: VOTER last_known_addr { host: "127.0.107.195" port: 37865 } }
I20260709 12:59:51.413725  1726 raft_consensus.cc:385] T 26a01791621b44e5902274975e93ba19 P f27e660328924f0c92d7c865441e3da6 [term 0 FOLLOWER]: Consensus starting up: Expiring failure detector timer to make a prompt election more likely
I20260709 12:59:51.413985  1726 raft_consensus.cc:740] T 26a01791621b44e5902274975e93ba19 P f27e660328924f0c92d7c865441e3da6 [term 0 FOLLOWER]: Becoming Follower/Learner. State: Replica: f27e660328924f0c92d7c865441e3da6, State: Initialized, Role: FOLLOWER
I20260709 12:59:51.417184  1609 tablet_service.cc:1917] Received RequestConsensusVote() RPC: tablet_id: "fe760cc23cf1465a869f8fafb1caa447" candidate_uuid: "9b3b52d1c979458985670162ffbfc712" candidate_term: 1 candidate_status { last_received { term: 0 index: 0 } } ignore_live_leader: false dest_uuid: "510a03798aa742118d71c5a0f7fd1164"
I20260709 12:59:51.418535  1805 leader_election.cc:290] T fe760cc23cf1465a869f8fafb1caa447 P 9b3b52d1c979458985670162ffbfc712 [CANDIDATE]: Term 1 election: Requested vote from peers 510a03798aa742118d71c5a0f7fd1164 (127.0.107.194:38591), f27e660328924f0c92d7c865441e3da6 (127.0.107.195:37865)
