I20260709 12:59:35.653472  1244 ts_tablet_manager.cc:1434] T ba1e4d8e9d3449d09bba569edde9b7fe P b193f841e3524178ad143d805d93a7fe: Time spent starting tablet: real 0.007s	user 0.007s	sys 0.000s
I20260709 12:59:35.654430  1244 tablet_bootstrap.cc:492] T 6290cc48048a4e06abd5de4ad794cad3 P b193f841e3524178ad143d805d93a7fe: Bootstrap starting.
I20260709 12:59:35.656653  1245 ts_tablet_manager.cc:1434] T 6290cc48048a4e06abd5de4ad794cad3 P c8f55a3a8fb1496a86654aaeb5ac6a10: Time spent starting tablet: real 0.020s	user 0.005s	sys 0.001s
I20260709 12:59:35.659216  1246 tablet_bootstrap.cc:654] T 6290cc48048a4e06abd5de4ad794cad3 P f3c5317f3ebf4d59a97faa703c5c3957: Neither blocks nor log segments found. Creating new log.
I20260709 12:59:35.660566  1244 tablet_bootstrap.cc:654] T 6290cc48048a4e06abd5de4ad794cad3 P b193f841e3524178ad143d805d93a7fe: Neither blocks nor log segments found. Creating new log.
I20260709 12:59:35.668627  1245 tablet_bootstrap.cc:492] T 08bcde687e8545188e6404f32d870e38 P c8f55a3a8fb1496a86654aaeb5ac6a10: Bootstrap starting.
I20260709 12:59:35.676503  1245 tablet_bootstrap.cc:654] T 08bcde687e8545188e6404f32d870e38 P c8f55a3a8fb1496a86654aaeb5ac6a10: Neither blocks nor log segments found. Creating new log.
I20260709 12:59:35.680873  1244 tablet_bootstrap.cc:492] T 6290cc48048a4e06abd5de4ad794cad3 P b193f841e3524178ad143d805d93a7fe: No bootstrap required, opened a new log
I20260709 12:59:35.681473  1244 ts_tablet_manager.cc:1403] T 6290cc48048a4e06abd5de4ad794cad3 P b193f841e3524178ad143d805d93a7fe: Time spent bootstrapping tablet: real 0.027s	user 0.014s	sys 0.013s
I20260709 12:59:35.684228  1244 raft_consensus.cc:359] T 6290cc48048a4e06abd5de4ad794cad3 P b193f841e3524178ad143d805d93a7fe [term 0 FOLLOWER]: Replica starting. Triggering 0 pending ops. Active config: opid_index: -1 OBSOLETE_local: false peers { permanent_uuid: "f3c5317f3ebf4d59a97faa703c5c3957" member_type: VOTER last_known_addr { host: "127.0.107.193" port: 36521 } } peers { permanent_uuid: "b193f841e3524178ad143d805d93a7fe" member_type: VOTER last_known_addr { host: "127.0.107.194" port: 41803 } } peers { permanent_uuid: "c8f55a3a8fb1496a86654aaeb5ac6a10" member_type: VOTER last_known_addr { host: "127.0.107.195" port: 41765 } }
I20260709 12:59:35.683862   952 catalog_manager.cc:5697] T 045a2ac26911414799bf4d87c6cc0f06 P f3c5317f3ebf4d59a97faa703c5c3957 reported cstate change: term changed from 0 to 1, leader changed from <none> to f3c5317f3ebf4d59a97faa703c5c3957 (127.0.107.193). New cstate: current_term: 1 leader_uuid: "f3c5317f3ebf4d59a97faa703c5c3957" committed_config { opid_index: -1 OBSOLETE_local: false peers { permanent_uuid: "b193f841e3524178ad143d805d93a7fe" member_type: VOTER last_known_addr { host: "127.0.107.194" port: 41803 } health_report { overall_health: UNKNOWN } } peers { permanent_uuid: "f3c5317f3ebf4d59a97faa703c5c3957" member_type: VOTER last_known_addr { host: "127.0.107.193" port: 36521 } health_report { overall_health: HEALTHY } } peers { permanent_uuid: "c8f55a3a8fb1496a86654aaeb5ac6a10" member_type: VOTER last_known_addr { host: "127.0.107.195" port: 41765 } health_report { overall_health: UNKNOWN } } }
I20260709 12:59:35.684893  1244 raft_consensus.cc:385] T 6290cc48048a4e06abd5de4ad794cad3 P b193f841e3524178ad143d805d93a7fe [term 0 FOLLOWER]: Consensus starting up: Expiring failure detector timer to make a prompt election more likely
I20260709 12:59:35.685216  1244 raft_consensus.cc:740] T 6290cc48048a4e06abd5de4ad794cad3 P b193f841e3524178ad143d805d93a7fe [term 0 FOLLOWER]: Becoming Follower/Learner. State: Replica: b193f841e3524178ad143d805d93a7fe, State: Initialized, Role: FOLLOWER
I20260709 12:59:35.685897  1244 consensus_queue.cc:260] T 6290cc48048a4e06abd5de4ad794cad3 P b193f841e3524178ad143d805d93a7fe [NON_LEADER]: Queue going to NON_LEADER mode. State: All replicated index: 0, Majority replicated index: 0, Committed index: 0, Last appended: 0.0, Last appended by leader: 0, Current term: 0, Majority size: -1, State: 0, Mode: NON_LEADER, active raft config: opid_index: -1 OBSOLETE_local: false peers { permanent_uuid: "f3c5317f3ebf4d59a97faa703c5c3957" member_type: VOTER last_known_addr { host: "127.0.107.193" port: 36521 } } peers { permanent_uuid: "b193f841e3524178ad143d805d93a7fe" member_type: VOTER last_known_addr { host: "127.0.107.194" port: 41803 } } peers { permanent_uuid: "c8f55a3a8fb1496a86654aaeb5ac6a10" member_type: VOTER last_known_addr { host: "127.0.107.195" port: 41765 } }
I20260709 12:59:35.688069  1244 ts_tablet_manager.cc:1434] T 6290cc48048a4e06abd5de4ad794cad3 P b193f841e3524178ad143d805d93a7fe: Time spent starting tablet: real 0.006s	user 0.003s	sys 0.003s
I20260709 12:59:35.688655  1246 tablet_bootstrap.cc:492] T 6290cc48048a4e06abd5de4ad794cad3 P f3c5317f3ebf4d59a97faa703c5c3957: No bootstrap required, opened a new log
I20260709 12:59:35.689211  1245 tablet_bootstrap.cc:492] T 08bcde687e8545188e6404f32d870e38 P c8f55a3a8fb1496a86654aaeb5ac6a10: No bootstrap required, opened a new log
I20260709 12:59:35.689147  1244 tablet_bootstrap.cc:492] T 2365b1fc149740c896f7b026e70d89b4 P b193f841e3524178ad143d805d93a7fe: Bootstrap starting.
I20260709 12:59:35.689106  1246 ts_tablet_manager.cc:1403] T 6290cc48048a4e06abd5de4ad794cad3 P f3c5317f3ebf4d59a97faa703c5c3957: Time spent bootstrapping tablet: real 0.036s	user 0.018s	sys 0.008s
I20260709 12:59:35.689836  1245 ts_tablet_manager.cc:1403] T 08bcde687e8545188e6404f32d870e38 P c8f55a3a8fb1496a86654aaeb5ac6a10: Time spent bootstrapping tablet: real 0.021s	user 0.008s	sys 0.010s
I20260709 12:59:35.692467  1246 raft_consensus.cc:359] T 6290cc48048a4e06abd5de4ad794cad3 P f3c5317f3ebf4d59a97faa703c5c3957 [term 0 FOLLOWER]: Replica starting. Triggering 0 pending ops. Active config: opid_index: -1 OBSOLETE_local: false peers { permanent_uuid: "f3c5317f3ebf4d59a97faa703c5c3957" member_type: VOTER last_known_addr { host: "127.0.107.193" port: 36521 } } peers { permanent_uuid: "b193f841e3524178ad143d805d93a7fe" member_type: VOTER last_known_addr { host: "127.0.107.194" port: 41803 } } peers { permanent_uuid: "c8f55a3a8fb1496a86654aaeb5ac6a10" member_type: VOTER last_known_addr { host: "127.0.107.195" port: 41765 } }
I20260709 12:59:35.692777  1245 raft_consensus.cc:359] T 08bcde687e8545188e6404f32d870e38 P c8f55a3a8fb1496a86654aaeb5ac6a10 [term 0 FOLLOWER]: Replica starting. Triggering 0 pending ops. Active config: opid_index: -1 OBSOLETE_local: false peers { permanent_uuid: "f3c5317f3ebf4d59a97faa703c5c3957" member_type: VOTER last_known_addr { host: "127.0.107.193" port: 36521 } } peers { permanent_uuid: "b193f841e3524178ad143d805d93a7fe" member_type: VOTER last_known_addr { host: "127.0.107.194" port: 41803 } } peers { permanent_uuid: "c8f55a3a8fb1496a86654aaeb5ac6a10" member_type: VOTER last_known_addr { host: "127.0.107.195" port: 41765 } }
I20260709 12:59:35.693229  1246 raft_consensus.cc:385] T 6290cc48048a4e06abd5de4ad794cad3 P f3c5317f3ebf4d59a97faa703c5c3957 [term 0 FOLLOWER]: Consensus starting up: Expiring failure detector timer to make a prompt election more likely
I20260709 12:59:35.693503  1245 raft_consensus.cc:385] T 08bcde687e8545188e6404f32d870e38 P c8f55a3a8fb1496a86654aaeb5ac6a10 [term 0 FOLLOWER]: Consensus starting up: Expiring failure detector timer to make a prompt election more likely
I20260709 12:59:35.693563  1246 raft_consensus.cc:740] T 6290cc48048a4e06abd5de4ad794cad3 P f3c5317f3ebf4d59a97faa703c5c3957 [term 0 FOLLOWER]: Becoming Follower/Learner. State: Replica: f3c5317f3ebf4d59a97faa703c5c3957, State: Initialized, Role: FOLLOWER
I20260709 12:59:35.693912  1245 raft_consensus.cc:740] T 08bcde687e8545188e6404f32d870e38 P c8f55a3a8fb1496a86654aaeb5ac6a10 [term 0 FOLLOWER]: Becoming Follower/Learner. State: Replica: c8f55a3a8fb1496a86654aaeb5ac6a10, State: Initialized, Role: FOLLOWER
I20260709 12:59:35.694458  1246 consensus_queue.cc:260] T 6290cc48048a4e06abd5de4ad794cad3 P f3c5317f3ebf4d59a97faa703c5c3957 [NON_LEADER]: Queue going to NON_LEADER mode. State: All replicated index: 0, Majority replicated index: 0, Committed index: 0, Last appended: 0.0, Last appended by leader: 0, Current term: 0, Majority size: -1, State: 0, Mode: NON_LEADER, active raft config: opid_index: -1 OBSOLETE_local: false peers { permanent_uuid: "f3c5317f3ebf4d59a97faa703c5c3957" member_type: VOTER last_known_addr { host: "127.0.107.193" port: 36521 } } peers { permanent_uuid: "b193f841e3524178ad143d805d93a7fe" member_type: VOTER last_known_addr { host: "127.0.107.194" port: 41803 } } peers { permanent_uuid: "c8f55a3a8fb1496a86654aaeb5ac6a10" member_type: VOTER last_known_addr { host: "127.0.107.195" port: 41765 } }
I20260709 12:59:35.694703  1245 consensus_queue.cc:260] T 08bcde687e8545188e6404f32d870e38 P c8f55a3a8fb1496a86654aaeb5ac6a10 [NON_LEADER]: Queue going to NON_LEADER mode. State: All replicated index: 0, Majority replicated index: 0, Committed index: 0, Last appended: 0.0, Last appended by leader: 0, Current term: 0, Majority size: -1, State: 0, Mode: NON_LEADER, active raft config: opid_index: -1 OBSOLETE_local: false peers { permanent_uuid: "f3c5317f3ebf4d59a97faa703c5c3957" member_type: VOTER last_known_addr { host: "127.0.107.193" port: 36521 } } peers { permanent_uuid: "b193f841e3524178ad143d805d93a7fe" member_type: VOTER last_known_addr { host: "127.0.107.194" port: 41803 } } peers { permanent_uuid: "c8f55a3a8fb1496a86654aaeb5ac6a10" member_type: VOTER last_known_addr { host: "127.0.107.195" port: 41765 } }
I20260709 12:59:35.696115  1244 tablet_bootstrap.cc:654] T 2365b1fc149740c896f7b026e70d89b4 P b193f841e3524178ad143d805d93a7fe: Neither blocks nor log segments found. Creating new log.
I20260709 12:59:35.696979  1245 ts_tablet_manager.cc:1434] T 08bcde687e8545188e6404f32d870e38 P c8f55a3a8fb1496a86654aaeb5ac6a10: Time spent starting tablet: real 0.007s	user 0.006s	sys 0.000s
I20260709 12:59:35.697975  1245 tablet_bootstrap.cc:492] T 0d43a90121fa405b8145ce7a596b1fe0 P c8f55a3a8fb1496a86654aaeb5ac6a10: Bootstrap starting.
I20260709 12:59:35.699968  1246 ts_tablet_manager.cc:1434] T 6290cc48048a4e06abd5de4ad794cad3 P f3c5317f3ebf4d59a97faa703c5c3957: Time spent starting tablet: real 0.010s	user 0.005s	sys 0.001s
I20260709 12:59:35.700928  1246 tablet_bootstrap.cc:492] T 08bcde687e8545188e6404f32d870e38 P f3c5317f3ebf4d59a97faa703c5c3957: Bootstrap starting.
I20260709 12:59:35.704746  1245 tablet_bootstrap.cc:654] T 0d43a90121fa405b8145ce7a596b1fe0 P c8f55a3a8fb1496a86654aaeb5ac6a10: Neither blocks nor log segments found. Creating new log.
I20260709 12:59:35.706980  1246 tablet_bootstrap.cc:654] T 08bcde687e8545188e6404f32d870e38 P f3c5317f3ebf4d59a97faa703c5c3957: Neither blocks nor log segments found. Creating new log.
I20260709 12:59:35.714277  1253 raft_consensus.cc:493] T eefca89225724c69a72a3be88c34879e P f3c5317f3ebf4d59a97faa703c5c3957 [term 0 FOLLOWER]: Starting pre-election (no leader contacted us within the election timeout)
I20260709 12:59:35.714776  1253 raft_consensus.cc:515] T eefca89225724c69a72a3be88c34879e P f3c5317f3ebf4d59a97faa703c5c3957 [term 0 FOLLOWER]: Starting pre-election with config: opid_index: -1 OBSOLETE_local: false peers { permanent_uuid: "f3c5317f3ebf4d59a97faa703c5c3957" member_type: VOTER last_known_addr { host: "127.0.107.193" port: 36521 } } peers { permanent_uuid: "b193f841e3524178ad143d805d93a7fe" member_type: VOTER last_known_addr { host: "127.0.107.194" port: 41803 } } peers { permanent_uuid: "c8f55a3a8fb1496a86654aaeb5ac6a10" member_type: VOTER last_known_addr { host: "127.0.107.195" port: 41765 } }
I20260709 12:59:35.716820  1253 leader_election.cc:290] T eefca89225724c69a72a3be88c34879e P f3c5317f3ebf4d59a97faa703c5c3957 [CANDIDATE]: Term 1 pre-election: Requested pre-vote from peers b193f841e3524178ad143d805d93a7fe (127.0.107.194:41803), c8f55a3a8fb1496a86654aaeb5ac6a10 (127.0.107.195:41765)
I20260709 12:59:35.718029  1204 tablet_service.cc:1917] Received RequestConsensusVote() RPC: tablet_id: "eefca89225724c69a72a3be88c34879e" candidate_uuid: "f3c5317f3ebf4d59a97faa703c5c3957" candidate_term: 1 candidate_status { last_received { term: 0 index: 0 } } ignore_live_leader: false dest_uuid: "c8f55a3a8fb1496a86654aaeb5ac6a10" is_pre_election: true
I20260709 12:59:35.718730  1204 raft_consensus.cc:2468] T eefca89225724c69a72a3be88c34879e P c8f55a3a8fb1496a86654aaeb5ac6a10 [term 0 FOLLOWER]: Leader pre-election vote request: Granting yes vote for candidate f3c5317f3ebf4d59a97faa703c5c3957 in term 0.
I20260709 12:59:35.720703  1130 tablet_service.cc:1917] Received RequestConsensusVote() RPC: tablet_id: "eefca89225724c69a72a3be88c34879e" candidate_uuid: "f3c5317f3ebf4d59a97faa703c5c3957" candidate_term: 1 candidate_status { last_received { term: 0 index: 0 } } ignore_live_leader: false dest_uuid: "b193f841e3524178ad143d805d93a7fe" is_pre_election: true
I20260709 12:59:35.721385  1130 raft_consensus.cc:2468] T eefca89225724c69a72a3be88c34879e P b193f841e3524178ad143d805d93a7fe [term 0 FOLLOWER]: Leader pre-election vote request: Granting yes vote for candidate f3c5317f3ebf4d59a97faa703c5c3957 in term 0.
I20260709 12:59:35.723217  1020 leader_election.cc:304] T eefca89225724c69a72a3be88c34879e P f3c5317f3ebf4d59a97faa703c5c3957 [CANDIDATE]: Term 1 pre-election: Election decided. Result: candidate won. Election summary: received 2 responses out of 3 voters: 2 yes votes; 0 no votes. yes voters: c8f55a3a8fb1496a86654aaeb5ac6a10, f3c5317f3ebf4d59a97faa703c5c3957; no voters: 
I20260709 12:59:35.726902  1253 raft_consensus.cc:2804] T eefca89225724c69a72a3be88c34879e P f3c5317f3ebf4d59a97faa703c5c3957 [term 0 FOLLOWER]: Leader pre-election won for term 1
I20260709 12:59:35.727304  1253 raft_consensus.cc:493] T eefca89225724c69a72a3be88c34879e P f3c5317f3ebf4d59a97faa703c5c3957 [term 0 FOLLOWER]: Starting leader election (no leader contacted us within the election timeout)
I20260709 12:59:35.727622  1253 raft_consensus.cc:3060] T eefca89225724c69a72a3be88c34879e P f3c5317f3ebf4d59a97faa703c5c3957 [term 0 FOLLOWER]: Advancing to term 1
I20260709 12:59:35.739735  1253 raft_consensus.cc:515] T eefca89225724c69a72a3be88c34879e P f3c5317f3ebf4d59a97faa703c5c3957 [term 1 FOLLOWER]: Starting leader election with config: opid_index: -1 OBSOLETE_local: false peers { permanent_uuid: "f3c5317f3ebf4d59a97faa703c5c3957" member_type: VOTER last_known_addr { host: "127.0.107.193" port: 36521 } } peers { permanent_uuid: "b193f841e3524178ad143d805d93a7fe" member_type: VOTER last_known_addr { host: "127.0.107.194" port: 41803 } } peers { permanent_uuid: "c8f55a3a8fb1496a86654aaeb5ac6a10" member_type: VOTER last_known_addr { host: "127.0.107.195" port: 41765 } }
I20260709 12:59:35.742452  1130 tablet_service.cc:1917] Received RequestConsensusVote() RPC: tablet_id: "eefca89225724c69a72a3be88c34879e" candidate_uuid: "f3c5317f3ebf4d59a97faa703c5c3957" candidate_term: 1 candidate_status { last_received { term: 0 index: 0 } } ignore_live_leader: false dest_uuid: "b193f841e3524178ad143d805d93a7fe"
I20260709 12:59:35.743010  1130 raft_consensus.cc:3060] T eefca89225724c69a72a3be88c34879e P b193f841e3524178ad143d805d93a7fe [term 0 FOLLOWER]: Advancing to term 1
I20260709 12:59:35.749859  1130 raft_consensus.cc:2468] T eefca89225724c69a72a3be88c34879e P b193f841e3524178ad143d805d93a7fe [term 1 FOLLOWER]: Leader election vote request: Granting yes vote for candidate f3c5317f3ebf4d59a97faa703c5c3957 in term 1.
I20260709 12:59:35.750602  1254 raft_consensus.cc:493] T 50bfca0cfbb7494bbef3cc3f8e75be54 P b193f841e3524178ad143d805d93a7fe [term 0 FOLLOWER]: Starting pre-election (no leader contacted us within the election timeout)
I20260709 12:59:35.753015  1254 raft_consensus.cc:515] T 50bfca0cfbb7494bbef3cc3f8e75be54 P b193f841e3524178ad143d805d93a7fe [term 0 FOLLOWER]: Starting pre-election with config: opid_index: -1 OBSOLETE_local: false peers { permanent_uuid: "f3c5317f3ebf4d59a97faa703c5c3957" member_type: VOTER last_known_addr { host: "127.0.107.193" port: 36521 } } peers { permanent_uuid: "b193f841e3524178ad143d805d93a7fe" member_type: VOTER last_known_addr { host: "127.0.107.194" port: 41803 } } peers { permanent_uuid: "c8f55a3a8fb1496a86654aaeb5ac6a10" member_type: VOTER last_known_addr { host: "127.0.107.195" port: 41765 } }
I20260709 12:59:35.753630  1018 leader_election.cc:304] T eefca89225724c69a72a3be88c34879e P f3c5317f3ebf4d59a97faa703c5c3957 [CANDIDATE]: Term 1 election: Election decided. Result: candidate won. Election summary: received 2 responses out of 3 voters: 2 yes votes; 0 no votes. yes voters: b193f841e3524178ad143d805d93a7fe, f3c5317f3ebf4d59a97faa703c5c3957; no voters: 
I20260709 12:59:35.754462  1253 leader_election.cc:290] T eefca89225724c69a72a3be88c34879e P f3c5317f3ebf4d59a97faa703c5c3957 [CANDIDATE]: Term 1 election: Requested vote from peers b193f841e3524178ad143d805d93a7fe (127.0.107.194:41803), c8f55a3a8fb1496a86654aaeb5ac6a10 (127.0.107.195:41765)
I20260709 12:59:35.754544  1267 raft_consensus.cc:2804] T eefca89225724c69a72a3be88c34879e P f3c5317f3ebf4d59a97faa703c5c3957 [term 1 FOLLOWER]: Leader election won for term 1
I20260709 12:59:35.755160  1267 raft_consensus.cc:697] T eefca89225724c69a72a3be88c34879e P f3c5317f3ebf4d59a97faa703c5c3957 [term 1 LEADER]: Becoming Leader. State: Replica: f3c5317f3ebf4d59a97faa703c5c3957, State: Running, Role: LEADER
I20260709 12:59:35.755483  1254 leader_election.cc:290] T 50bfca0cfbb7494bbef3cc3f8e75be54 P b193f841e3524178ad143d805d93a7fe [CANDIDATE]: Term 1 pre-election: Requested pre-vote from peers f3c5317f3ebf4d59a97faa703c5c3957 (127.0.107.193:36521), c8f55a3a8fb1496a86654aaeb5ac6a10 (127.0.107.195:41765)
I20260709 12:59:35.756273  1267 consensus_queue.cc:237] T eefca89225724c69a72a3be88c34879e P f3c5317f3ebf4d59a97faa703c5c3957 [LEADER]: Queue going to LEADER mode. State: All replicated index: 0, Majority replicated index: 0, Committed index: 0, Last appended: 0.0, Last appended by leader: 0, Current term: 1, Majority size: 2, State: 0, Mode: LEADER, active raft config: opid_index: -1 OBSOLETE_local: false peers { permanent_uuid: "f3c5317f3ebf4d59a97faa703c5c3957" member_type: VOTER last_known_addr { host: "127.0.107.193" port: 36521 } } peers { permanent_uuid: "b193f841e3524178ad143d805d93a7fe" member_type: VOTER last_known_addr { host: "127.0.107.194" port: 41803 } } peers { permanent_uuid: "c8f55a3a8fb1496a86654aaeb5ac6a10" member_type: VOTER last_known_addr { host: "127.0.107.195" port: 41765 } }
I20260709 12:59:35.752254  1204 tablet_service.cc:1917] Received RequestConsensusVote() RPC: tablet_id: "eefca89225724c69a72a3be88c34879e" candidate_uuid: "f3c5317f3ebf4d59a97faa703c5c3957" candidate_term: 1 candidate_status { last_received { term: 0 index: 0 } } ignore_live_leader: false dest_uuid: "c8f55a3a8fb1496a86654aaeb5ac6a10"
I20260709 12:59:35.758955  1204 raft_consensus.cc:3060] T eefca89225724c69a72a3be88c34879e P c8f55a3a8fb1496a86654aaeb5ac6a10 [term 0 FOLLOWER]: Advancing to term 1
I20260709 12:59:35.759474  1245 tablet_bootstrap.cc:492] T 0d43a90121fa405b8145ce7a596b1fe0 P c8f55a3a8fb1496a86654aaeb5ac6a10: No bootstrap required, opened a new log
I20260709 12:59:35.760030  1245 ts_tablet_manager.cc:1403] T 0d43a90121fa405b8145ce7a596b1fe0 P c8f55a3a8fb1496a86654aaeb5ac6a10: Time spent bootstrapping tablet: real 0.062s	user 0.016s	sys 0.041s
I20260709 12:59:35.766660  1244 tablet_bootstrap.cc:492] T 2365b1fc149740c896f7b026e70d89b4 P b193f841e3524178ad143d805d93a7fe: No bootstrap required, opened a new log
I20260709 12:59:35.767148  1244 ts_tablet_manager.cc:1403] T 2365b1fc149740c896f7b026e70d89b4 P b193f841e3524178ad143d805d93a7fe: Time spent bootstrapping tablet: real 0.078s	user 0.021s	sys 0.045s
I20260709 12:59:35.769532  1246 tablet_bootstrap.cc:492] T 08bcde687e8545188e6404f32d870e38 P f3c5317f3ebf4d59a97faa703c5c3957: No bootstrap required, opened a new log
I20260709 12:59:35.770046  1246 ts_tablet_manager.cc:1403] T 08bcde687e8545188e6404f32d870e38 P f3c5317f3ebf4d59a97faa703c5c3957: Time spent bootstrapping tablet: real 0.069s	user 0.025s	sys 0.018s
I20260709 12:59:35.770439   953 catalog_manager.cc:5697] T eefca89225724c69a72a3be88c34879e P f3c5317f3ebf4d59a97faa703c5c3957 reported cstate change: term changed from 0 to 1, leader changed from <none> to f3c5317f3ebf4d59a97faa703c5c3957 (127.0.107.193). New cstate: current_term: 1 leader_uuid: "f3c5317f3ebf4d59a97faa703c5c3957" committed_config { opid_index: -1 OBSOLETE_local: false peers { permanent_uuid: "f3c5317f3ebf4d59a97faa703c5c3957" member_type: VOTER last_known_addr { host: "127.0.107.193" port: 36521 } health_report { overall_health: HEALTHY } } peers { permanent_uuid: "b193f841e3524178ad143d805d93a7fe" member_type: VOTER last_known_addr { host: "127.0.107.194" port: 41803 } health_report { overall_health: UNKNOWN } } peers { permanent_uuid: "c8f55a3a8fb1496a86654aaeb5ac6a10" member_type: VOTER last_known_addr { host: "127.0.107.195" port: 41765 } health_report { overall_health: UNKNOWN } } }
I20260709 12:59:35.771772  1245 raft_consensus.cc:359] T 0d43a90121fa405b8145ce7a596b1fe0 P c8f55a3a8fb1496a86654aaeb5ac6a10 [term 0 FOLLOWER]: Replica starting. Triggering 0 pending ops. Active config: opid_index: -1 OBSOLETE_local: false peers { permanent_uuid: "f3c5317f3ebf4d59a97faa703c5c3957" member_type: VOTER last_known_addr { host: "127.0.107.193" port: 36521 } } peers { permanent_uuid: "b193f841e3524178ad143d805d93a7fe" member_type: VOTER last_known_addr { host: "127.0.107.194" port: 41803 } } peers { permanent_uuid: "c8f55a3a8fb1496a86654aaeb5ac6a10" member_type: VOTER last_known_addr { host: "127.0.107.195" port: 41765 } }
I20260709 12:59:35.772455  1245 raft_consensus.cc:385] T 0d43a90121fa405b8145ce7a596b1fe0 P c8f55a3a8fb1496a86654aaeb5ac6a10 [term 0 FOLLOWER]: Consensus starting up: Expiring failure detector timer to make a prompt election more likely
I20260709 12:59:35.772712  1245 raft_consensus.cc:740] T 0d43a90121fa405b8145ce7a596b1fe0 P c8f55a3a8fb1496a86654aaeb5ac6a10 [term 0 FOLLOWER]: Becoming Follower/Learner. State: Replica: c8f55a3a8fb1496a86654aaeb5ac6a10, State: Initialized, Role: FOLLOWER
I20260709 12:59:35.773136  1246 raft_consensus.cc:359] T 08bcde687e8545188e6404f32d870e38 P f3c5317f3ebf4d59a97faa703c5c3957 [term 0 FOLLOWER]: Replica starting. Triggering 0 pending ops. Active config: opid_index: -1 OBSOLETE_local: false peers { permanent_uuid: "f3c5317f3ebf4d59a97faa703c5c3957" member_type: VOTER last_known_addr { host: "127.0.107.193" port: 36521 } } peers { permanent_uuid: "b193f841e3524178ad143d805d93a7fe" member_type: VOTER last_known_addr { host: "127.0.107.194" port: 41803 } } peers { permanent_uuid: "c8f55a3a8fb1496a86654aaeb5ac6a10" member_type: VOTER last_known_addr { host: "127.0.107.195" port: 41765 } }
I20260709 12:59:35.773360  1245 consensus_queue.cc:260] T 0d43a90121fa405b8145ce7a596b1fe0 P c8f55a3a8fb1496a86654aaeb5ac6a10 [NON_LEADER]: Queue going to NON_LEADER mode. State: All replicated index: 0, Majority replicated index: 0, Committed index: 0, Last appended: 0.0, Last appended by leader: 0, Current term: 0, Majority size: -1, State: 0, Mode: NON_LEADER, active raft config: opid_index: -1 OBSOLETE_local: false peers { permanent_uuid: "f3c5317f3ebf4d59a97faa703c5c3957" member_type: VOTER last_known_addr { host: "127.0.107.193" port: 36521 } } peers { permanent_uuid: "b193f841e3524178ad143d805d93a7fe" member_type: VOTER last_known_addr { host: "127.0.107.194" port: 41803 } } peers { permanent_uuid: "c8f55a3a8fb1496a86654aaeb5ac6a10" member_type: VOTER last_known_addr { host: "127.0.107.195" port: 41765 } }
I20260709 12:59:35.773849  1246 raft_consensus.cc:385] T 08bcde687e8545188e6404f32d870e38 P f3c5317f3ebf4d59a97faa703c5c3957 [term 0 FOLLOWER]: Consensus starting up: Expiring failure detector timer to make a prompt election more likely
I20260709 12:59:35.774181  1246 raft_consensus.cc:740] T 08bcde687e8545188e6404f32d870e38 P f3c5317f3ebf4d59a97faa703c5c3957 [term 0 FOLLOWER]: Becoming Follower/Learner. State: Replica: f3c5317f3ebf4d59a97faa703c5c3957, State: Initialized, Role: FOLLOWER
I20260709 12:59:35.775463  1245 ts_tablet_manager.cc:1434] T 0d43a90121fa405b8145ce7a596b1fe0 P c8f55a3a8fb1496a86654aaeb5ac6a10: Time spent starting tablet: real 0.015s	user 0.000s	sys 0.006s
I20260709 12:59:35.776039  1204 raft_consensus.cc:2468] T eefca89225724c69a72a3be88c34879e P c8f55a3a8fb1496a86654aaeb5ac6a10 [term 1 FOLLOWER]: Leader election vote request: Granting yes vote for candidate f3c5317f3ebf4d59a97faa703c5c3957 in term 1.
I20260709 12:59:35.770937  1244 raft_consensus.cc:359] T 2365b1fc149740c896f7b026e70d89b4 P b193f841e3524178ad143d805d93a7fe [term 0 FOLLOWER]: Replica starting. Triggering 0 pending ops. Active config: opid_index: -1 OBSOLETE_local: false peers { permanent_uuid: "f3c5317f3ebf4d59a97faa703c5c3957" member_type: VOTER last_known_addr { host: "127.0.107.193" port: 36521 } } peers { permanent_uuid: "b193f841e3524178ad143d805d93a7fe" member_type: VOTER last_known_addr { host: "127.0.107.194" port: 41803 } } peers { permanent_uuid: "c8f55a3a8fb1496a86654aaeb5ac6a10" member_type: VOTER last_known_addr { host: "127.0.107.195" port: 41765 } }
I20260709 12:59:35.777001  1244 raft_consensus.cc:385] T 2365b1fc149740c896f7b026e70d89b4 P b193f841e3524178ad143d805d93a7fe [term 0 FOLLOWER]: Consensus starting up: Expiring failure detector timer to make a prompt election more likely
I20260709 12:59:35.777304  1244 raft_consensus.cc:740] T 2365b1fc149740c896f7b026e70d89b4 P b193f841e3524178ad143d805d93a7fe [term 0 FOLLOWER]: Becoming Follower/Learner. State: Replica: b193f841e3524178ad143d805d93a7fe, State: Initialized, Role: FOLLOWER
I20260709 12:59:35.778038  1244 consensus_queue.cc:260] T 2365b1fc149740c896f7b026e70d89b4 P b193f841e3524178ad143d805d93a7fe [NON_LEADER]: Queue going to NON_LEADER mode. State: All replicated index: 0, Majority replicated index: 0, Committed index: 0, Last appended: 0.0, Last appended by leader: 0, Current term: 0, Majority size: -1, State: 0, Mode: NON_LEADER, active raft config: opid_index: -1 OBSOLETE_local: false peers { permanent_uuid: "f3c5317f3ebf4d59a97faa703c5c3957" member_type: VOTER last_known_addr { host: "127.0.107.193" port: 36521 } } peers { permanent_uuid: "b193f841e3524178ad143d805d93a7fe" member_type: VOTER last_known_addr { host: "127.0.107.194" port: 41803 } } peers { permanent_uuid: "c8f55a3a8fb1496a86654aaeb5ac6a10" member_type: VOTER last_known_addr { host: "127.0.107.195" port: 41765 } }
I20260709 12:59:35.775008  1246 consensus_queue.cc:260] T 08bcde687e8545188e6404f32d870e38 P f3c5317f3ebf4d59a97faa703c5c3957 [NON_LEADER]: Queue going to NON_LEADER mode. State: All replicated index: 0, Majority replicated index: 0, Committed index: 0, Last appended: 0.0, Last appended by leader: 0, Current term: 0, Majority size: -1, State: 0, Mode: NON_LEADER, active raft config: opid_index: -1 OBSOLETE_local: false peers { permanent_uuid: "f3c5317f3ebf4d59a97faa703c5c3957" member_type: VOTER last_known_addr { host: "127.0.107.193" port: 36521 } } peers { permanent_uuid: "b193f841e3524178ad143d805d93a7fe" member_type: VOTER last_known_addr { host: "127.0.107.194" port: 41803 } } peers { permanent_uuid: "c8f55a3a8fb1496a86654aaeb5ac6a10" member_type: VOTER last_known_addr { host: "127.0.107.195" port: 41765 } }
I20260709 12:59:35.780339  1244 ts_tablet_manager.cc:1434] T 2365b1fc149740c896f7b026e70d89b4 P b193f841e3524178ad143d805d93a7fe: Time spent starting tablet: real 0.013s	user 0.006s	sys 0.002s
I20260709 12:59:35.780011  1245 tablet_bootstrap.cc:492] T ba1e4d8e9d3449d09bba569edde9b7fe P c8f55a3a8fb1496a86654aaeb5ac6a10: Bootstrap starting.
I20260709 12:59:35.781621  1246 ts_tablet_manager.cc:1434] T 08bcde687e8545188e6404f32d870e38 P f3c5317f3ebf4d59a97faa703c5c3957: Time spent starting tablet: real 0.011s	user 0.002s	sys 0.003s
I20260709 12:59:35.782506  1246 tablet_bootstrap.cc:492] T ba1e4d8e9d3449d09bba569edde9b7fe P f3c5317f3ebf4d59a97faa703c5c3957: Bootstrap starting.
I20260709 12:59:35.783546  1244 tablet_bootstrap.cc:492] T 08bcde687e8545188e6404f32d870e38 P b193f841e3524178ad143d805d93a7fe: Bootstrap starting.
I20260709 12:59:35.789170  1246 tablet_bootstrap.cc:654] T ba1e4d8e9d3449d09bba569edde9b7fe P f3c5317f3ebf4d59a97faa703c5c3957: Neither blocks nor log segments found. Creating new log.
I20260709 12:59:35.790045  1244 tablet_bootstrap.cc:654] T 08bcde687e8545188e6404f32d870e38 P b193f841e3524178ad143d805d93a7fe: Neither blocks nor log segments found. Creating new log.
W20260709 12:59:35.795287  1001 auto_rebalancer.cc:288] Could not retrieve cluster info: Service unavailable: Tablet not running
I20260709 12:59:35.800963  1244 tablet_bootstrap.cc:492] T 08bcde687e8545188e6404f32d870e38 P b193f841e3524178ad143d805d93a7fe: No bootstrap required, opened a new log
I20260709 12:59:35.801442  1244 ts_tablet_manager.cc:1403] T 08bcde687e8545188e6404f32d870e38 P b193f841e3524178ad143d805d93a7fe: Time spent bootstrapping tablet: real 0.018s	user 0.008s	sys 0.008s
I20260709 12:59:35.802942  1055 tablet_service.cc:1917] Received RequestConsensusVote() RPC: tablet_id: "50bfca0cfbb7494bbef3cc3f8e75be54" candidate_uuid: "b193f841e3524178ad143d805d93a7fe" candidate_term: 1 candidate_status { last_received { term: 0 index: 0 } } ignore_live_leader: false dest_uuid: "f3c5317f3ebf4d59a97faa703c5c3957" is_pre_election: true
I20260709 12:59:35.803700  1055 raft_consensus.cc:2468] T 50bfca0cfbb7494bbef3cc3f8e75be54 P f3c5317f3ebf4d59a97faa703c5c3957 [term 0 FOLLOWER]: Leader pre-election vote request: Granting yes vote for candidate b193f841e3524178ad143d805d93a7fe in term 0.
I20260709 12:59:35.803984  1244 raft_consensus.cc:359] T 08bcde687e8545188e6404f32d870e38 P b193f841e3524178ad143d805d93a7fe [term 0 FOLLOWER]: Replica starting. Triggering 0 pending ops. Active config: opid_index: -1 OBSOLETE_local: false peers { permanent_uuid: "f3c5317f3ebf4d59a97faa703c5c3957" member_type: VOTER last_known_addr { host: "127.0.107.193" port: 36521 } } peers { permanent_uuid: "b193f841e3524178ad143d805d93a7fe" member_type: VOTER last_known_addr { host: "127.0.107.194" port: 41803 } } peers { permanent_uuid: "c8f55a3a8fb1496a86654aaeb5ac6a10" member_type: VOTER last_known_addr { host: "127.0.107.195" port: 41765 } }
I20260709 12:59:35.804679  1244 raft_consensus.cc:385] T 08bcde687e8545188e6404f32d870e38 P b193f841e3524178ad143d805d93a7fe [term 0 FOLLOWER]: Consensus starting up: Expiring failure detector timer to make a prompt election more likely
I20260709 12:59:35.804800  1245 tablet_bootstrap.cc:654] T ba1e4d8e9d3449d09bba569edde9b7fe P c8f55a3a8fb1496a86654aaeb5ac6a10: Neither blocks nor log segments found. Creating new log.
I20260709 12:59:35.804970  1244 raft_consensus.cc:740] T 08bcde687e8545188e6404f32d870e38 P b193f841e3524178ad143d805d93a7fe [term 0 FOLLOWER]: Becoming Follower/Learner. State: Replica: b193f841e3524178ad143d805d93a7fe, State: Initialized, Role: FOLLOWER
I20260709 12:59:35.805449  1096 leader_election.cc:304] T 50bfca0cfbb7494bbef3cc3f8e75be54 P b193f841e3524178ad143d805d93a7fe [CANDIDATE]: Term 1 pre-election: Election decided. Result: candidate won. Election summary: received 2 responses out of 3 voters: 2 yes votes; 0 no votes. yes voters: b193f841e3524178ad143d805d93a7fe, f3c5317f3ebf4d59a97faa703c5c3957; no voters: 
I20260709 12:59:35.805802  1244 consensus_queue.cc:260] T 08bcde687e8545188e6404f32d870e38 P b193f841e3524178ad143d805d93a7fe [NON_LEADER]: Queue going to NON_LEADER mode. State: All replicated index: 0, Majority replicated index: 0, Committed index: 0, Last appended: 0.0, Last appended by leader: 0, Current term: 0, Majority size: -1, State: 0, Mode: NON_LEADER, active raft config: opid_index: -1 OBSOLETE_local: false peers { permanent_uuid: "f3c5317f3ebf4d59a97faa703c5c3957" member_type: VOTER last_known_addr { host: "127.0.107.193" port: 36521 } } peers { permanent_uuid: "b193f841e3524178ad143d805d93a7fe" member_type: VOTER last_known_addr { host: "127.0.107.194" port: 41803 } } peers { permanent_uuid: "c8f55a3a8fb1496a86654aaeb5ac6a10" member_type: VOTER last_known_addr { host: "127.0.107.195" port: 41765 } }
I20260709 12:59:35.806416  1254 raft_consensus.cc:2804] T 50bfca0cfbb7494bbef3cc3f8e75be54 P b193f841e3524178ad143d805d93a7fe [term 0 FOLLOWER]: Leader pre-election won for term 1
I20260709 12:59:35.806813  1254 raft_consensus.cc:493] T 50bfca0cfbb7494bbef3cc3f8e75be54 P b193f841e3524178ad143d805d93a7fe [term 0 FOLLOWER]: Starting leader election (no leader contacted us within the election timeout)
I20260709 12:59:35.807154  1254 raft_consensus.cc:3060] T 50bfca0cfbb7494bbef3cc3f8e75be54 P b193f841e3524178ad143d805d93a7fe [term 0 FOLLOWER]: Advancing to term 1
I20260709 12:59:35.815310  1244 ts_tablet_manager.cc:1434] T 08bcde687e8545188e6404f32d870e38 P b193f841e3524178ad143d805d93a7fe: Time spent starting tablet: real 0.014s	user 0.006s	sys 0.007s
I20260709 12:59:35.820854  1244 tablet_bootstrap.cc:492] T de127199c97c46d19e6ae524233507d9 P b193f841e3524178ad143d805d93a7fe: Bootstrap starting.
I20260709 12:59:35.826709  1244 tablet_bootstrap.cc:654] T de127199c97c46d19e6ae524233507d9 P b193f841e3524178ad143d805d93a7fe: Neither blocks nor log segments found. Creating new log.
I20260709 12:59:35.830360  1245 tablet_bootstrap.cc:492] T ba1e4d8e9d3449d09bba569edde9b7fe P c8f55a3a8fb1496a86654aaeb5ac6a10: No bootstrap required, opened a new log
I20260709 12:59:35.830950  1245 ts_tablet_manager.cc:1403] T ba1e4d8e9d3449d09bba569edde9b7fe P c8f55a3a8fb1496a86654aaeb5ac6a10: Time spent bootstrapping tablet: real 0.051s	user 0.016s	sys 0.016s
I20260709 12:59:35.835054  1245 raft_consensus.cc:359] T ba1e4d8e9d3449d09bba569edde9b7fe P c8f55a3a8fb1496a86654aaeb5ac6a10 [term 0 FOLLOWER]: Replica starting. Triggering 0 pending ops. Active config: opid_index: -1 OBSOLETE_local: false peers { permanent_uuid: "f3c5317f3ebf4d59a97faa703c5c3957" member_type: VOTER last_known_addr { host: "127.0.107.193" port: 36521 } } peers { permanent_uuid: "b193f841e3524178ad143d805d93a7fe" member_type: VOTER last_known_addr { host: "127.0.107.194" port: 41803 } } peers { permanent_uuid: "c8f55a3a8fb1496a86654aaeb5ac6a10" member_type: VOTER last_known_addr { host: "127.0.107.195" port: 41765 } }
I20260709 12:59:35.835896  1245 raft_consensus.cc:385] T ba1e4d8e9d3449d09bba569edde9b7fe P c8f55a3a8fb1496a86654aaeb5ac6a10 [term 0 FOLLOWER]: Consensus starting up: Expiring failure detector timer to make a prompt election more likely
I20260709 12:59:35.836229  1245 raft_consensus.cc:740] T ba1e4d8e9d3449d09bba569edde9b7fe P c8f55a3a8fb1496a86654aaeb5ac6a10 [term 0 FOLLOWER]: Becoming Follower/Learner. State: Replica: c8f55a3a8fb1496a86654aaeb5ac6a10, State: Initialized, Role: FOLLOWER
I20260709 12:59:35.837091  1245 consensus_queue.cc:260] T ba1e4d8e9d3449d09bba569edde9b7fe P c8f55a3a8fb1496a86654aaeb5ac6a10 [NON_LEADER]: Queue going to NON_LEADER mode. State: All replicated index: 0, Majority replicated index: 0, Committed index: 0, Last appended: 0.0, Last appended by leader: 0, Current term: 0, Majority size: -1, State: 0, Mode: NON_LEADER, active raft config: opid_index: -1 OBSOLETE_local: false peers { permanent_uuid: "f3c5317f3ebf4d59a97faa703c5c3957" member_type: VOTER last_known_addr { host: "127.0.107.193" port: 36521 } } peers { permanent_uuid: "b193f841e3524178ad143d805d93a7fe" member_type: VOTER last_known_addr { host: "127.0.107.194" port: 41803 } } peers { permanent_uuid: "c8f55a3a8fb1496a86654aaeb5ac6a10" member_type: VOTER last_known_addr { host: "127.0.107.195" port: 41765 } }
I20260709 12:59:35.839931  1245 ts_tablet_manager.cc:1434] T ba1e4d8e9d3449d09bba569edde9b7fe P c8f55a3a8fb1496a86654aaeb5ac6a10: Time spent starting tablet: real 0.009s	user 0.006s	sys 0.000s
I20260709 12:59:35.840773  1245 tablet_bootstrap.cc:492] T 2365b1fc149740c896f7b026e70d89b4 P c8f55a3a8fb1496a86654aaeb5ac6a10: Bootstrap starting.
I20260709 12:59:35.845718  1245 tablet_bootstrap.cc:654] T 2365b1fc149740c896f7b026e70d89b4 P c8f55a3a8fb1496a86654aaeb5ac6a10: Neither blocks nor log segments found. Creating new log.
I20260709 12:59:35.843597  1254 raft_consensus.cc:515] T 50bfca0cfbb7494bbef3cc3f8e75be54 P b193f841e3524178ad143d805d93a7fe [term 1 FOLLOWER]: Starting leader election with config: opid_index: -1 OBSOLETE_local: false peers { permanent_uuid: "f3c5317f3ebf4d59a97faa703c5c3957" member_type: VOTER last_known_addr { host: "127.0.107.193" port: 36521 } } peers { permanent_uuid: "b193f841e3524178ad143d805d93a7fe" member_type: VOTER last_known_addr { host: "127.0.107.194" port: 41803 } } peers { permanent_uuid: "c8f55a3a8fb1496a86654aaeb5ac6a10" member_type: VOTER last_known_addr { host: "127.0.107.195" port: 41765 } }
I20260709 12:59:35.850214  1204 tablet_service.cc:1917] Received RequestConsensusVote() RPC: tablet_id: "50bfca0cfbb7494bbef3cc3f8e75be54" candidate_uuid: "b193f841e3524178ad143d805d93a7fe" candidate_term: 1 candidate_status { last_received { term: 0 index: 0 } } ignore_live_leader: false dest_uuid: "c8f55a3a8fb1496a86654aaeb5ac6a10" is_pre_election: true
I20260709 12:59:35.850821  1204 raft_consensus.cc:2468] T 50bfca0cfbb7494bbef3cc3f8e75be54 P c8f55a3a8fb1496a86654aaeb5ac6a10 [term 0 FOLLOWER]: Leader pre-election vote request: Granting yes vote for candidate b193f841e3524178ad143d805d93a7fe in term 0.
I20260709 12:59:35.851142  1254 leader_election.cc:290] T 50bfca0cfbb7494bbef3cc3f8e75be54 P b193f841e3524178ad143d805d93a7fe [CANDIDATE]: Term 1 election: Requested vote from peers f3c5317f3ebf4d59a97faa703c5c3957 (127.0.107.193:36521), c8f55a3a8fb1496a86654aaeb5ac6a10 (127.0.107.195:41765)
I20260709 12:59:35.851781  1055 tablet_service.cc:1917] Received RequestConsensusVote() RPC: tablet_id: "50bfca0cfbb7494bbef3cc3f8e75be54" candidate_uuid: "b193f841e3524178ad143d805d93a7fe" candidate_term: 1 candidate_status { last_received { term: 0 index: 0 } } ignore_live_leader: false dest_uuid: "f3c5317f3ebf4d59a97faa703c5c3957"
I20260709 12:59:35.852376  1055 raft_consensus.cc:3060] T 50bfca0cfbb7494bbef3cc3f8e75be54 P f3c5317f3ebf4d59a97faa703c5c3957 [term 0 FOLLOWER]: Advancing to term 1
I20260709 12:59:35.857772  1244 tablet_bootstrap.cc:492] T de127199c97c46d19e6ae524233507d9 P b193f841e3524178ad143d805d93a7fe: No bootstrap required, opened a new log
I20260709 12:59:35.857651  1204 tablet_service.cc:1917] Received RequestConsensusVote() RPC: tablet_id: "50bfca0cfbb7494bbef3cc3f8e75be54" candidate_uuid: "b193f841e3524178ad143d805d93a7fe" candidate_term: 1 candidate_status { last_received { term: 0 index: 0 } } ignore_live_leader: false dest_uuid: "c8f55a3a8fb1496a86654aaeb5ac6a10"
I20260709 12:59:35.858480  1204 raft_consensus.cc:3060] T 50bfca0cfbb7494bbef3cc3f8e75be54 P c8f55a3a8fb1496a86654aaeb5ac6a10 [term 0 FOLLOWER]: Advancing to term 1
I20260709 12:59:35.858565  1244 ts_tablet_manager.cc:1403] T de127199c97c46d19e6ae524233507d9 P b193f841e3524178ad143d805d93a7fe: Time spent bootstrapping tablet: real 0.038s	user 0.008s	sys 0.008s
I20260709 12:59:35.858883  1055 raft_consensus.cc:2468] T 50bfca0cfbb7494bbef3cc3f8e75be54 P f3c5317f3ebf4d59a97faa703c5c3957 [term 1 FOLLOWER]: Leader election vote request: Granting yes vote for candidate b193f841e3524178ad143d805d93a7fe in term 1.
I20260709 12:59:35.860064  1096 leader_election.cc:304] T 50bfca0cfbb7494bbef3cc3f8e75be54 P b193f841e3524178ad143d805d93a7fe [CANDIDATE]: Term 1 election: Election decided. Result: candidate won. Election summary: received 2 responses out of 3 voters: 2 yes votes; 0 no votes. yes voters: b193f841e3524178ad143d805d93a7fe, f3c5317f3ebf4d59a97faa703c5c3957; no voters: 
I20260709 12:59:35.860904  1254 raft_consensus.cc:2804] T 50bfca0cfbb7494bbef3cc3f8e75be54 P b193f841e3524178ad143d805d93a7fe [term 1 FOLLOWER]: Leader election won for term 1
I20260709 12:59:35.862018  1254 raft_consensus.cc:697] T 50bfca0cfbb7494bbef3cc3f8e75be54 P b193f841e3524178ad143d805d93a7fe [term 1 LEADER]: Becoming Leader. State: Replica: b193f841e3524178ad143d805d93a7fe, State: Running, Role: LEADER
I20260709 12:59:35.861883  1244 raft_consensus.cc:359] T de127199c97c46d19e6ae524233507d9 P b193f841e3524178ad143d805d93a7fe [term 0 FOLLOWER]: Replica starting. Triggering 0 pending ops. Active config: opid_index: -1 OBSOLETE_local: false peers { permanent_uuid: "f3c5317f3ebf4d59a97faa703c5c3957" member_type: VOTER last_known_addr { host: "127.0.107.193" port: 36521 } } peers { permanent_uuid: "b193f841e3524178ad143d805d93a7fe" member_type: VOTER last_known_addr { host: "127.0.107.194" port: 41803 } } peers { permanent_uuid: "c8f55a3a8fb1496a86654aaeb5ac6a10" member_type: VOTER last_known_addr { host: "127.0.107.195" port: 41765 } }
I20260709 12:59:35.862885  1244 raft_consensus.cc:385] T de127199c97c46d19e6ae524233507d9 P b193f841e3524178ad143d805d93a7fe [term 0 FOLLOWER]: Consensus starting up: Expiring failure detector timer to make a prompt election more likely
I20260709 12:59:35.862900  1254 consensus_queue.cc:237] T 50bfca0cfbb7494bbef3cc3f8e75be54 P b193f841e3524178ad143d805d93a7fe [LEADER]: Queue going to LEADER mode. State: All replicated index: 0, Majority replicated index: 0, Committed index: 0, Last appended: 0.0, Last appended by leader: 0, Current term: 1, Majority size: 2, State: 0, Mode: LEADER, active raft config: opid_index: -1 OBSOLETE_local: false peers { permanent_uuid: "f3c5317f3ebf4d59a97faa703c5c3957" member_type: VOTER last_known_addr { host: "127.0.107.193" port: 36521 } } peers { permanent_uuid: "b193f841e3524178ad143d805d93a7fe" member_type: VOTER last_known_addr { host: "127.0.107.194" port: 41803 } } peers { permanent_uuid: "c8f55a3a8fb1496a86654aaeb5ac6a10" member_type: VOTER last_known_addr { host: "127.0.107.195" port: 41765 } }
I20260709 12:59:35.863385  1244 raft_consensus.cc:740] T de127199c97c46d19e6ae524233507d9 P b193f841e3524178ad143d805d93a7fe [term 0 FOLLOWER]: Becoming Follower/Learner. State: Replica: b193f841e3524178ad143d805d93a7fe, State: Initialized, Role: FOLLOWER
I20260709 12:59:35.866725  1244 consensus_queue.cc:260] T de127199c97c46d19e6ae524233507d9 P b193f841e3524178ad143d805d93a7fe [NON_LEADER]: Queue going to NON_LEADER mode. State: All replicated index: 0, Majority replicated index: 0, Committed index: 0, Last appended: 0.0, Last appended by leader: 0, Current term: 0, Majority size: -1, State: 0, Mode: NON_LEADER, active raft config: opid_index: -1 OBSOLETE_local: false peers { permanent_uuid: "f3c5317f3ebf4d59a97faa703c5c3957" member_type: VOTER last_known_addr { host: "127.0.107.193" port: 36521 } } peers { permanent_uuid: "b193f841e3524178ad143d805d93a7fe" member_type: VOTER last_known_addr { host: "127.0.107.194" port: 41803 } } peers { permanent_uuid: "c8f55a3a8fb1496a86654aaeb5ac6a10" member_type: VOTER last_known_addr { host: "127.0.107.195" port: 41765 } }
I20260709 12:59:35.866761  1204 raft_consensus.cc:2468] T 50bfca0cfbb7494bbef3cc3f8e75be54 P c8f55a3a8fb1496a86654aaeb5ac6a10 [term 1 FOLLOWER]: Leader election vote request: Granting yes vote for candidate b193f841e3524178ad143d805d93a7fe in term 1.
I20260709 12:59:35.869689  1244 ts_tablet_manager.cc:1434] T de127199c97c46d19e6ae524233507d9 P b193f841e3524178ad143d805d93a7fe: Time spent starting tablet: real 0.011s	user 0.006s	sys 0.000s
I20260709 12:59:35.869767  1246 tablet_bootstrap.cc:492] T ba1e4d8e9d3449d09bba569edde9b7fe P f3c5317f3ebf4d59a97faa703c5c3957: No bootstrap required, opened a new log
I20260709 12:59:35.870205  1246 ts_tablet_manager.cc:1403] T ba1e4d8e9d3449d09bba569edde9b7fe P f3c5317f3ebf4d59a97faa703c5c3957: Time spent bootstrapping tablet: real 0.088s	user 0.027s	sys 0.039s
I20260709 12:59:35.870599  1244 tablet_bootstrap.cc:492] T 0d43a90121fa405b8145ce7a596b1fe0 P b193f841e3524178ad143d805d93a7fe: Bootstrap starting.
I20260709 12:59:35.872965  1246 raft_consensus.cc:359] T ba1e4d8e9d3449d09bba569edde9b7fe P f3c5317f3ebf4d59a97faa703c5c3957 [term 0 FOLLOWER]: Replica starting. Triggering 0 pending ops. Active config: opid_index: -1 OBSOLETE_local: false peers { permanent_uuid: "f3c5317f3ebf4d59a97faa703c5c3957" member_type: VOTER last_known_addr { host: "127.0.107.193" port: 36521 } } peers { permanent_uuid: "b193f841e3524178ad143d805d93a7fe" member_type: VOTER last_known_addr { host: "127.0.107.194" port: 41803 } } peers { permanent_uuid: "c8f55a3a8fb1496a86654aaeb5ac6a10" member_type: VOTER last_known_addr { host: "127.0.107.195" port: 41765 } }
I20260709 12:59:35.873656  1246 raft_consensus.cc:385] T ba1e4d8e9d3449d09bba569edde9b7fe P f3c5317f3ebf4d59a97faa703c5c3957 [term 0 FOLLOWER]: Consensus starting up: Expiring failure detector timer to make a prompt election more likely
I20260709 12:59:35.873968  1246 raft_consensus.cc:740] T ba1e4d8e9d3449d09bba569edde9b7fe P f3c5317f3ebf4d59a97faa703c5c3957 [term 0 FOLLOWER]: Becoming Follower/Learner. State: Replica: f3c5317f3ebf4d59a97faa703c5c3957, State: Initialized, Role: FOLLOWER
I20260709 12:59:35.874634  1246 consensus_queue.cc:260] T ba1e4d8e9d3449d09bba569edde9b7fe P f3c5317f3ebf4d59a97faa703c5c3957 [NON_LEADER]: Queue going to NON_LEADER mode. State: All replicated index: 0, Majority replicated index: 0, Committed index: 0, Last appended: 0.0, Last appended by leader: 0, Current term: 0, Majority size: -1, State: 0, Mode: NON_LEADER, active raft config: opid_index: -1 OBSOLETE_local: false peers { permanent_uuid: "f3c5317f3ebf4d59a97faa703c5c3957" member_type: VOTER last_known_addr { host: "127.0.107.193" port: 36521 } } peers { permanent_uuid: "b193f841e3524178ad143d805d93a7fe" member_type: VOTER last_known_addr { host: "127.0.107.194" port: 41803 } } peers { permanent_uuid: "c8f55a3a8fb1496a86654aaeb5ac6a10" member_type: VOTER last_known_addr { host: "127.0.107.195" port: 41765 } }
I20260709 12:59:35.875572  1245 tablet_bootstrap.cc:492] T 2365b1fc149740c896f7b026e70d89b4 P c8f55a3a8fb1496a86654aaeb5ac6a10: No bootstrap required, opened a new log
I20260709 12:59:35.876027  1245 ts_tablet_manager.cc:1403] T 2365b1fc149740c896f7b026e70d89b4 P c8f55a3a8fb1496a86654aaeb5ac6a10: Time spent bootstrapping tablet: real 0.035s	user 0.018s	sys 0.011s
I20260709 12:59:35.876750  1246 ts_tablet_manager.cc:1434] T ba1e4d8e9d3449d09bba569edde9b7fe P f3c5317f3ebf4d59a97faa703c5c3957: Time spent starting tablet: real 0.006s	user 0.003s	sys 0.004s
I20260709 12:59:35.877496  1244 tablet_bootstrap.cc:654] T 0d43a90121fa405b8145ce7a596b1fe0 P b193f841e3524178ad143d805d93a7fe: Neither blocks nor log segments found. Creating new log.
I20260709 12:59:35.877890  1246 tablet_bootstrap.cc:492] T de127199c97c46d19e6ae524233507d9 P f3c5317f3ebf4d59a97faa703c5c3957: Bootstrap starting.
I20260709 12:59:35.878448  1245 raft_consensus.cc:359] T 2365b1fc149740c896f7b026e70d89b4 P c8f55a3a8fb1496a86654aaeb5ac6a10 [term 0 FOLLOWER]: Replica starting. Triggering 0 pending ops. Active config: opid_index: -1 OBSOLETE_local: false peers { permanent_uuid: "f3c5317f3ebf4d59a97faa703c5c3957" member_type: VOTER last_known_addr { host: "127.0.107.193" port: 36521 } } peers { permanent_uuid: "b193f841e3524178ad143d805d93a7fe" member_type: VOTER last_known_addr { host: "127.0.107.194" port: 41803 } } peers { permanent_uuid: "c8f55a3a8fb1496a86654aaeb5ac6a10" member_type: VOTER last_known_addr { host: "127.0.107.195" port: 41765 } }
I20260709 12:59:35.879076  1245 raft_consensus.cc:385] T 2365b1fc149740c896f7b026e70d89b4 P c8f55a3a8fb1496a86654aaeb5ac6a10 [term 0 FOLLOWER]: Consensus starting up: Expiring failure detector timer to make a prompt election more likely
I20260709 12:59:35.879423  1245 raft_consensus.cc:740] T 2365b1fc149740c896f7b026e70d89b4 P c8f55a3a8fb1496a86654aaeb5ac6a10 [term 0 FOLLOWER]: Becoming Follower/Learner. State: Replica: c8f55a3a8fb1496a86654aaeb5ac6a10, State: Initialized, Role: FOLLOWER
I20260709 12:59:35.880757  1245 consensus_queue.cc:260] T 2365b1fc149740c896f7b026e70d89b4 P c8f55a3a8fb1496a86654aaeb5ac6a10 [NON_LEADER]: Queue going to NON_LEADER mode. State: All replicated index: 0, Majority replicated index: 0, Committed index: 0, Last appended: 0.0, Last appended by leader: 0, Current term: 0, Majority size: -1, State: 0, Mode: NON_LEADER, active raft config: opid_index: -1 OBSOLETE_local: false peers { permanent_uuid: "f3c5317f3ebf4d59a97faa703c5c3957" member_type: VOTER last_known_addr { host: "127.0.107.193" port: 36521 } } peers { permanent_uuid: "b193f841e3524178ad143d805d93a7fe" member_type: VOTER last_known_addr { host: "127.0.107.194" port: 41803 } } peers { permanent_uuid: "c8f55a3a8fb1496a86654aaeb5ac6a10" member_type: VOTER last_known_addr { host: "127.0.107.195" port: 41765 } }
I20260709 12:59:35.883132  1245 ts_tablet_manager.cc:1434] T 2365b1fc149740c896f7b026e70d89b4 P c8f55a3a8fb1496a86654aaeb5ac6a10: Time spent starting tablet: real 0.007s	user 0.004s	sys 0.001s
I20260709 12:59:35.884068  1245 tablet_bootstrap.cc:492] T de127199c97c46d19e6ae524233507d9 P c8f55a3a8fb1496a86654aaeb5ac6a10: Bootstrap starting.
I20260709 12:59:35.886966  1246 tablet_bootstrap.cc:654] T de127199c97c46d19e6ae524233507d9 P f3c5317f3ebf4d59a97faa703c5c3957: Neither blocks nor log segments found. Creating new log.
I20260709 12:59:35.889024  1244 tablet_bootstrap.cc:492] T 0d43a90121fa405b8145ce7a596b1fe0 P b193f841e3524178ad143d805d93a7fe: No bootstrap required, opened a new log
I20260709 12:59:35.889504  1244 ts_tablet_manager.cc:1403] T 0d43a90121fa405b8145ce7a596b1fe0 P b193f841e3524178ad143d805d93a7fe: Time spent bootstrapping tablet: real 0.019s	user 0.016s	sys 0.000s
I20260709 12:59:35.889518  1245 tablet_bootstrap.cc:654] T de127199c97c46d19e6ae524233507d9 P c8f55a3a8fb1496a86654aaeb5ac6a10: Neither blocks nor log segments found. Creating new log.
