I20260709 12:58:58.935889  8165 tablet_service.cc:1917] Received RequestConsensusVote() RPC: tablet_id: "8d0e6b9c34cf48128380f87be4196b67" candidate_uuid: "c7d27af73bff4b6f935f35a6c55a4553" candidate_term: 1 candidate_status { last_received { term: 0 index: 0 } } ignore_live_leader: false dest_uuid: "70325adec94a48e6bc481144d993f449" is_pre_election: true
I20260709 12:58:58.936622  8422 raft_consensus.cc:493] T 1906cc43fa7045b98f82e4285dbc6dba P 490844175a6d4e12af7b46792adb32bb [term 0 FOLLOWER]: Starting pre-election (no leader contacted us within the election timeout)
I20260709 12:58:58.937099  8422 raft_consensus.cc:515] T 1906cc43fa7045b98f82e4285dbc6dba P 490844175a6d4e12af7b46792adb32bb [term 0 FOLLOWER]: Starting pre-election with config: opid_index: -1 OBSOLETE_local: false peers { permanent_uuid: "70325adec94a48e6bc481144d993f449" member_type: VOTER last_known_addr { host: "127.6.232.129" port: 35907 } } peers { permanent_uuid: "c7d27af73bff4b6f935f35a6c55a4553" member_type: VOTER last_known_addr { host: "127.6.232.130" port: 39109 } } peers { permanent_uuid: "490844175a6d4e12af7b46792adb32bb" member_type: VOTER last_known_addr { host: "127.6.232.131" port: 40715 } }
I20260709 12:58:58.939110  8240 raft_consensus.cc:2468] T 14f7ac6e1f014919b47f8b554323e053 P c7d27af73bff4b6f935f35a6c55a4553 [term 1 FOLLOWER]: Leader election vote request: Granting yes vote for candidate 70325adec94a48e6bc481144d993f449 in term 1.
I20260709 12:58:58.939209  8422 leader_election.cc:290] T 1906cc43fa7045b98f82e4285dbc6dba P 490844175a6d4e12af7b46792adb32bb [CANDIDATE]: Term 1 pre-election: Requested pre-vote from peers 70325adec94a48e6bc481144d993f449 (127.6.232.129:35907), c7d27af73bff4b6f935f35a6c55a4553 (127.6.232.130:39109)
I20260709 12:58:58.940099  8132 leader_election.cc:304] T 14f7ac6e1f014919b47f8b554323e053 P 70325adec94a48e6bc481144d993f449 [CANDIDATE]: Term 1 election: Election decided. Result: candidate won. Election summary: received 2 responses out of 3 voters: 2 yes votes; 0 no votes. yes voters: 70325adec94a48e6bc481144d993f449, c7d27af73bff4b6f935f35a6c55a4553; no voters: 
I20260709 12:58:58.940791  8398 raft_consensus.cc:2804] T 14f7ac6e1f014919b47f8b554323e053 P 70325adec94a48e6bc481144d993f449 [term 1 FOLLOWER]: Leader election won for term 1
I20260709 12:58:58.941438  8314 tablet_service.cc:1917] Received RequestConsensusVote() RPC: tablet_id: "8d0e6b9c34cf48128380f87be4196b67" candidate_uuid: "c7d27af73bff4b6f935f35a6c55a4553" candidate_term: 1 candidate_status { last_received { term: 0 index: 0 } } ignore_live_leader: false dest_uuid: "490844175a6d4e12af7b46792adb32bb" is_pre_election: true
I20260709 12:58:58.942682  8314 raft_consensus.cc:2393] T 8d0e6b9c34cf48128380f87be4196b67 P 490844175a6d4e12af7b46792adb32bb [term 1 FOLLOWER]: Leader pre-election vote request: Denying vote to candidate c7d27af73bff4b6f935f35a6c55a4553 in current term 1: Already voted for candidate 70325adec94a48e6bc481144d993f449 in this term.
I20260709 12:58:58.926867  8239 tablet_service.cc:1917] Received RequestConsensusVote() RPC: tablet_id: "92a35993a1f147a2b44c975e5b319bb1" candidate_uuid: "490844175a6d4e12af7b46792adb32bb" candidate_term: 1 candidate_status { last_received { term: 0 index: 0 } } ignore_live_leader: false dest_uuid: "c7d27af73bff4b6f935f35a6c55a4553" is_pre_election: true
I20260709 12:58:58.945863  8239 raft_consensus.cc:2468] T 92a35993a1f147a2b44c975e5b319bb1 P c7d27af73bff4b6f935f35a6c55a4553 [term 0 FOLLOWER]: Leader pre-election vote request: Granting yes vote for candidate 490844175a6d4e12af7b46792adb32bb in term 0.
I20260709 12:58:58.942602  8165 tablet_service.cc:1917] Received RequestConsensusVote() RPC: tablet_id: "1906cc43fa7045b98f82e4285dbc6dba" candidate_uuid: "490844175a6d4e12af7b46792adb32bb" candidate_term: 1 candidate_status { last_received { term: 0 index: 0 } } ignore_live_leader: false dest_uuid: "70325adec94a48e6bc481144d993f449" is_pre_election: true
I20260709 12:58:58.947351  8165 raft_consensus.cc:2393] T 1906cc43fa7045b98f82e4285dbc6dba P 70325adec94a48e6bc481144d993f449 [term 1 FOLLOWER]: Leader pre-election vote request: Denying vote to candidate 490844175a6d4e12af7b46792adb32bb in current term 1: Already voted for candidate c7d27af73bff4b6f935f35a6c55a4553 in this term.
I20260709 12:58:58.944274  8238 tablet_service.cc:1917] Received RequestConsensusVote() RPC: tablet_id: "1906cc43fa7045b98f82e4285dbc6dba" candidate_uuid: "490844175a6d4e12af7b46792adb32bb" candidate_term: 1 candidate_status { last_received { term: 0 index: 0 } } ignore_live_leader: false dest_uuid: "c7d27af73bff4b6f935f35a6c55a4553" is_pre_election: true
I20260709 12:58:58.949751  8378 raft_consensus.cc:515] T dad844a4b50943f7b8ed0b802c577f4a P c7d27af73bff4b6f935f35a6c55a4553 [term 1 FOLLOWER]: Starting leader election with config: opid_index: -1 OBSOLETE_local: false peers { permanent_uuid: "70325adec94a48e6bc481144d993f449" member_type: VOTER last_known_addr { host: "127.6.232.129" port: 35907 } } peers { permanent_uuid: "c7d27af73bff4b6f935f35a6c55a4553" member_type: VOTER last_known_addr { host: "127.6.232.130" port: 39109 } } peers { permanent_uuid: "490844175a6d4e12af7b46792adb32bb" member_type: VOTER last_known_addr { host: "127.6.232.131" port: 40715 } }
I20260709 12:58:58.952095  8356 tablet_bootstrap.cc:492] T 553c93843d9e4438bc63a5734a79dafa P 70325adec94a48e6bc481144d993f449: No bootstrap required, opened a new log
I20260709 12:58:58.952512  8356 ts_tablet_manager.cc:1403] T 553c93843d9e4438bc63a5734a79dafa P 70325adec94a48e6bc481144d993f449: Time spent bootstrapping tablet: real 0.089s	user 0.012s	sys 0.017s
I20260709 12:58:58.952625  8207 leader_election.cc:304] T 8d0e6b9c34cf48128380f87be4196b67 P c7d27af73bff4b6f935f35a6c55a4553 [CANDIDATE]: Term 1 pre-election: Election decided. Result: candidate lost. Election summary: received 3 responses out of 3 voters: 1 yes votes; 2 no votes. yes voters: c7d27af73bff4b6f935f35a6c55a4553; no voters: 490844175a6d4e12af7b46792adb32bb, 70325adec94a48e6bc481144d993f449
I20260709 12:58:58.953768  8397 raft_consensus.cc:3060] T 8d0e6b9c34cf48128380f87be4196b67 P c7d27af73bff4b6f935f35a6c55a4553 [term 0 FOLLOWER]: Advancing to term 1
W20260709 12:58:58.956902  8439 log.cc:927] Time spent T 8f58cc4c39b04854bd2afcb675198a51 P c7d27af73bff4b6f935f35a6c55a4553: Append to log took a long time: real 0.066s	user 0.000s	sys 0.000s
I20260709 12:58:58.959868  8367 raft_consensus.cc:515] T 92a35993a1f147a2b44c975e5b319bb1 P 490844175a6d4e12af7b46792adb32bb [term 1 FOLLOWER]: Starting leader election with config: opid_index: -1 OBSOLETE_local: false peers { permanent_uuid: "70325adec94a48e6bc481144d993f449" member_type: VOTER last_known_addr { host: "127.6.232.129" port: 35907 } } peers { permanent_uuid: "c7d27af73bff4b6f935f35a6c55a4553" member_type: VOTER last_known_addr { host: "127.6.232.130" port: 39109 } } peers { permanent_uuid: "490844175a6d4e12af7b46792adb32bb" member_type: VOTER last_known_addr { host: "127.6.232.131" port: 40715 } }
I20260709 12:58:58.963594  8165 tablet_service.cc:1917] Received RequestConsensusVote() RPC: tablet_id: "92a35993a1f147a2b44c975e5b319bb1" candidate_uuid: "490844175a6d4e12af7b46792adb32bb" candidate_term: 1 candidate_status { last_received { term: 0 index: 0 } } ignore_live_leader: false dest_uuid: "70325adec94a48e6bc481144d993f449"
I20260709 12:58:58.964249  8165 raft_consensus.cc:3060] T 92a35993a1f147a2b44c975e5b319bb1 P 70325adec94a48e6bc481144d993f449 [term 0 FOLLOWER]: Advancing to term 1
I20260709 12:58:58.967628  8398 raft_consensus.cc:697] T 14f7ac6e1f014919b47f8b554323e053 P 70325adec94a48e6bc481144d993f449 [term 1 LEADER]: Becoming Leader. State: Replica: 70325adec94a48e6bc481144d993f449, State: Running, Role: LEADER
I20260709 12:58:58.968459  8398 consensus_queue.cc:237] T 14f7ac6e1f014919b47f8b554323e053 P 70325adec94a48e6bc481144d993f449 [LEADER]: Queue going to LEADER mode. State: All replicated index: 0, Majority replicated index: 0, Committed index: 0, Last appended: 0.0, Last appended by leader: 0, Current term: 1, Majority size: 2, State: 0, Mode: LEADER, active raft config: opid_index: -1 OBSOLETE_local: false peers { permanent_uuid: "70325adec94a48e6bc481144d993f449" member_type: VOTER last_known_addr { host: "127.6.232.129" port: 35907 } } peers { permanent_uuid: "c7d27af73bff4b6f935f35a6c55a4553" member_type: VOTER last_known_addr { host: "127.6.232.130" port: 39109 } } peers { permanent_uuid: "490844175a6d4e12af7b46792adb32bb" member_type: VOTER last_known_addr { host: "127.6.232.131" port: 40715 } }
I20260709 12:58:58.971902  8164 tablet_service.cc:1917] Received RequestConsensusVote() RPC: tablet_id: "dad844a4b50943f7b8ed0b802c577f4a" candidate_uuid: "c7d27af73bff4b6f935f35a6c55a4553" candidate_term: 1 candidate_status { last_received { term: 0 index: 0 } } ignore_live_leader: false dest_uuid: "70325adec94a48e6bc481144d993f449"
I20260709 12:58:58.972446  8164 raft_consensus.cc:3060] T dad844a4b50943f7b8ed0b802c577f4a P 70325adec94a48e6bc481144d993f449 [term 0 FOLLOWER]: Advancing to term 1
I20260709 12:58:58.972399  8064 catalog_manager.cc:5697] T d3b49efc95094b82a456bbbd8f2f78e6 P 490844175a6d4e12af7b46792adb32bb reported cstate change: term changed from 0 to 1, leader changed from <none> to 490844175a6d4e12af7b46792adb32bb (127.6.232.131). New cstate: current_term: 1 leader_uuid: "490844175a6d4e12af7b46792adb32bb" committed_config { opid_index: -1 OBSOLETE_local: false peers { permanent_uuid: "70325adec94a48e6bc481144d993f449" member_type: VOTER last_known_addr { host: "127.6.232.129" port: 35907 } health_report { overall_health: UNKNOWN } } peers { permanent_uuid: "c7d27af73bff4b6f935f35a6c55a4553" member_type: VOTER last_known_addr { host: "127.6.232.130" port: 39109 } health_report { overall_health: UNKNOWN } } peers { permanent_uuid: "490844175a6d4e12af7b46792adb32bb" member_type: VOTER last_known_addr { host: "127.6.232.131" port: 40715 } health_report { overall_health: HEALTHY } } }
I20260709 12:58:58.980412  8397 raft_consensus.cc:2749] T 8d0e6b9c34cf48128380f87be4196b67 P c7d27af73bff4b6f935f35a6c55a4553 [term 1 FOLLOWER]: Leader pre-election lost for term 1. Reason: could not achieve majority
I20260709 12:58:58.983134  8164 raft_consensus.cc:2468] T dad844a4b50943f7b8ed0b802c577f4a P 70325adec94a48e6bc481144d993f449 [term 1 FOLLOWER]: Leader election vote request: Granting yes vote for candidate c7d27af73bff4b6f935f35a6c55a4553 in term 1.
I20260709 12:58:58.988514  8205 leader_election.cc:304] T dad844a4b50943f7b8ed0b802c577f4a P c7d27af73bff4b6f935f35a6c55a4553 [CANDIDATE]: Term 1 election: Election decided. Result: candidate won. Election summary: received 2 responses out of 3 voters: 2 yes votes; 0 no votes. yes voters: 70325adec94a48e6bc481144d993f449, c7d27af73bff4b6f935f35a6c55a4553; no voters: 
I20260709 12:58:58.985037  8165 raft_consensus.cc:2468] T 92a35993a1f147a2b44c975e5b319bb1 P 70325adec94a48e6bc481144d993f449 [term 1 FOLLOWER]: Leader election vote request: Granting yes vote for candidate 490844175a6d4e12af7b46792adb32bb in term 1.
I20260709 12:58:58.993579  8279 leader_election.cc:304] T 92a35993a1f147a2b44c975e5b319bb1 P 490844175a6d4e12af7b46792adb32bb [CANDIDATE]: Term 1 election: Election decided. Result: candidate won. Election summary: received 2 responses out of 3 voters: 2 yes votes; 0 no votes. yes voters: 490844175a6d4e12af7b46792adb32bb, 70325adec94a48e6bc481144d993f449; no voters: 
I20260709 12:58:58.994567  8390 raft_consensus.cc:2804] T 92a35993a1f147a2b44c975e5b319bb1 P 490844175a6d4e12af7b46792adb32bb [term 1 FOLLOWER]: Leader election won for term 1
I20260709 12:58:58.995993  8390 raft_consensus.cc:697] T 92a35993a1f147a2b44c975e5b319bb1 P 490844175a6d4e12af7b46792adb32bb [term 1 LEADER]: Becoming Leader. State: Replica: 490844175a6d4e12af7b46792adb32bb, State: Running, Role: LEADER
I20260709 12:58:58.998070  8390 consensus_queue.cc:237] T 92a35993a1f147a2b44c975e5b319bb1 P 490844175a6d4e12af7b46792adb32bb [LEADER]: Queue going to LEADER mode. State: All replicated index: 0, Majority replicated index: 0, Committed index: 0, Last appended: 0.0, Last appended by leader: 0, Current term: 1, Majority size: 2, State: 0, Mode: LEADER, active raft config: opid_index: -1 OBSOLETE_local: false peers { permanent_uuid: "70325adec94a48e6bc481144d993f449" member_type: VOTER last_known_addr { host: "127.6.232.129" port: 35907 } } peers { permanent_uuid: "c7d27af73bff4b6f935f35a6c55a4553" member_type: VOTER last_known_addr { host: "127.6.232.130" port: 39109 } } peers { permanent_uuid: "490844175a6d4e12af7b46792adb32bb" member_type: VOTER last_known_addr { host: "127.6.232.131" port: 40715 } }
I20260709 12:58:59.019142  8281 leader_election.cc:304] T 1906cc43fa7045b98f82e4285dbc6dba P 490844175a6d4e12af7b46792adb32bb [CANDIDATE]: Term 1 pre-election: Election decided. Result: candidate lost. Election summary: received 3 responses out of 3 voters: 1 yes votes; 2 no votes. yes voters: 490844175a6d4e12af7b46792adb32bb; no voters: 70325adec94a48e6bc481144d993f449, c7d27af73bff4b6f935f35a6c55a4553
W20260709 12:58:59.019887  8207 outbound_call.cc:321] RPC callback for RPC call kudu.consensus.ConsensusService.RequestConsensusVote -> {remote=127.6.232.131:40715, user_credentials={real_user=slave}} blocked reactor thread for 67353.3us
I20260709 12:58:59.022035  8397 raft_consensus.cc:2804] T dad844a4b50943f7b8ed0b802c577f4a P c7d27af73bff4b6f935f35a6c55a4553 [term 1 FOLLOWER]: Leader election won for term 1
I20260709 12:58:59.023725  8360 consensus_queue.cc:1048] T 84779e4ed0764d20bda4bcdab59fdbfb P c7d27af73bff4b6f935f35a6c55a4553 [LEADER]: Connected to new peer: Peer: permanent_uuid: "490844175a6d4e12af7b46792adb32bb" member_type: VOTER last_known_addr { host: "127.6.232.131" port: 40715 }, Status: LMP_MISMATCH, Last received: 0.0, Next index: 1, Last known committed idx: 0, Time since last communication: 0.000s
I20260709 12:58:59.023453  8397 raft_consensus.cc:697] T dad844a4b50943f7b8ed0b802c577f4a P c7d27af73bff4b6f935f35a6c55a4553 [term 1 LEADER]: Becoming Leader. State: Replica: c7d27af73bff4b6f935f35a6c55a4553, State: Running, Role: LEADER
I20260709 12:58:59.025336  8422 raft_consensus.cc:3060] T 1906cc43fa7045b98f82e4285dbc6dba P 490844175a6d4e12af7b46792adb32bb [term 0 FOLLOWER]: Advancing to term 1
I20260709 12:58:59.019984  8356 raft_consensus.cc:359] T 553c93843d9e4438bc63a5734a79dafa P 70325adec94a48e6bc481144d993f449 [term 0 FOLLOWER]: Replica starting. Triggering 0 pending ops. Active config: opid_index: -1 OBSOLETE_local: false peers { permanent_uuid: "70325adec94a48e6bc481144d993f449" member_type: VOTER last_known_addr { host: "127.6.232.129" port: 35907 } } peers { permanent_uuid: "c7d27af73bff4b6f935f35a6c55a4553" member_type: VOTER last_known_addr { host: "127.6.232.130" port: 39109 } } peers { permanent_uuid: "490844175a6d4e12af7b46792adb32bb" member_type: VOTER last_known_addr { host: "127.6.232.131" port: 40715 } }
I20260709 12:58:59.026672  8356 raft_consensus.cc:385] T 553c93843d9e4438bc63a5734a79dafa P 70325adec94a48e6bc481144d993f449 [term 0 FOLLOWER]: Consensus starting up: Expiring failure detector timer to make a prompt election more likely
I20260709 12:58:59.026906  8356 raft_consensus.cc:740] T 553c93843d9e4438bc63a5734a79dafa P 70325adec94a48e6bc481144d993f449 [term 0 FOLLOWER]: Becoming Follower/Learner. State: Replica: 70325adec94a48e6bc481144d993f449, State: Initialized, Role: FOLLOWER
I20260709 12:58:59.028064  8356 consensus_queue.cc:260] T 553c93843d9e4438bc63a5734a79dafa P 70325adec94a48e6bc481144d993f449 [NON_LEADER]: Queue going to NON_LEADER mode. State: All replicated index: 0, Majority replicated index: 0, Committed index: 0, Last appended: 0.0, Last appended by leader: 0, Current term: 0, Majority size: -1, State: 0, Mode: NON_LEADER, active raft config: opid_index: -1 OBSOLETE_local: false peers { permanent_uuid: "70325adec94a48e6bc481144d993f449" member_type: VOTER last_known_addr { host: "127.6.232.129" port: 35907 } } peers { permanent_uuid: "c7d27af73bff4b6f935f35a6c55a4553" member_type: VOTER last_known_addr { host: "127.6.232.130" port: 39109 } } peers { permanent_uuid: "490844175a6d4e12af7b46792adb32bb" member_type: VOTER last_known_addr { host: "127.6.232.131" port: 40715 } }
I20260709 12:58:59.025236  8397 consensus_queue.cc:237] T dad844a4b50943f7b8ed0b802c577f4a P c7d27af73bff4b6f935f35a6c55a4553 [LEADER]: Queue going to LEADER mode. State: All replicated index: 0, Majority replicated index: 0, Committed index: 0, Last appended: 0.0, Last appended by leader: 0, Current term: 1, Majority size: 2, State: 0, Mode: LEADER, active raft config: opid_index: -1 OBSOLETE_local: false peers { permanent_uuid: "70325adec94a48e6bc481144d993f449" member_type: VOTER last_known_addr { host: "127.6.232.129" port: 35907 } } peers { permanent_uuid: "c7d27af73bff4b6f935f35a6c55a4553" member_type: VOTER last_known_addr { host: "127.6.232.130" port: 39109 } } peers { permanent_uuid: "490844175a6d4e12af7b46792adb32bb" member_type: VOTER last_known_addr { host: "127.6.232.131" port: 40715 } }
I20260709 12:58:59.037642  8378 leader_election.cc:290] T dad844a4b50943f7b8ed0b802c577f4a P c7d27af73bff4b6f935f35a6c55a4553 [CANDIDATE]: Term 1 election: Requested vote from peers 70325adec94a48e6bc481144d993f449 (127.6.232.129:35907), 490844175a6d4e12af7b46792adb32bb (127.6.232.131:40715)
I20260709 12:58:59.032099  8366 leader_election.cc:290] T 14f7ac6e1f014919b47f8b554323e053 P 70325adec94a48e6bc481144d993f449 [CANDIDATE]: Term 1 election: Requested vote from peers c7d27af73bff4b6f935f35a6c55a4553 (127.6.232.130:39109), 490844175a6d4e12af7b46792adb32bb (127.6.232.131:40715)
I20260709 12:58:59.046846  8443 raft_consensus.cc:493] T b1333eb346b34164a05ef9086200f34a P 70325adec94a48e6bc481144d993f449 [term 0 FOLLOWER]: Starting pre-election (no leader contacted us within the election timeout)
I20260709 12:58:59.047392  8443 raft_consensus.cc:515] T b1333eb346b34164a05ef9086200f34a P 70325adec94a48e6bc481144d993f449 [term 0 FOLLOWER]: Starting pre-election with config: opid_index: -1 OBSOLETE_local: false peers { permanent_uuid: "70325adec94a48e6bc481144d993f449" member_type: VOTER last_known_addr { host: "127.6.232.129" port: 35907 } } peers { permanent_uuid: "c7d27af73bff4b6f935f35a6c55a4553" member_type: VOTER last_known_addr { host: "127.6.232.130" port: 39109 } } peers { permanent_uuid: "490844175a6d4e12af7b46792adb32bb" member_type: VOTER last_known_addr { host: "127.6.232.131" port: 40715 } }
I20260709 12:58:59.050107  8390 raft_consensus.cc:493] T c0d6536f0cfd40569a9a9a36976cc8eb P 490844175a6d4e12af7b46792adb32bb [term 1 FOLLOWER]: Starting pre-election (no leader contacted us within the election timeout)
I20260709 12:58:59.050611  8390 raft_consensus.cc:515] T c0d6536f0cfd40569a9a9a36976cc8eb P 490844175a6d4e12af7b46792adb32bb [term 1 FOLLOWER]: Starting pre-election with config: opid_index: -1 OBSOLETE_local: false peers { permanent_uuid: "490844175a6d4e12af7b46792adb32bb" member_type: VOTER last_known_addr { host: "127.6.232.131" port: 40715 } } peers { permanent_uuid: "c7d27af73bff4b6f935f35a6c55a4553" member_type: VOTER last_known_addr { host: "127.6.232.130" port: 39109 } } peers { permanent_uuid: "70325adec94a48e6bc481144d993f449" member_type: VOTER last_known_addr { host: "127.6.232.129" port: 35907 } }
I20260709 12:58:59.038797  8367 leader_election.cc:290] T 92a35993a1f147a2b44c975e5b319bb1 P 490844175a6d4e12af7b46792adb32bb [CANDIDATE]: Term 1 election: Requested vote from peers 70325adec94a48e6bc481144d993f449 (127.6.232.129:35907), c7d27af73bff4b6f935f35a6c55a4553 (127.6.232.130:39109)
I20260709 12:58:59.075049  8422 raft_consensus.cc:2749] T 1906cc43fa7045b98f82e4285dbc6dba P 490844175a6d4e12af7b46792adb32bb [term 1 FOLLOWER]: Leader pre-election lost for term 1. Reason: could not achieve majority
I20260709 12:58:59.081415  8398 consensus_queue.cc:1048] T c0d6536f0cfd40569a9a9a36976cc8eb P 70325adec94a48e6bc481144d993f449 [LEADER]: Connected to new peer: Peer: permanent_uuid: "490844175a6d4e12af7b46792adb32bb" member_type: VOTER last_known_addr { host: "127.6.232.131" port: 40715 }, Status: LMP_MISMATCH, Last received: 0.0, Next index: 1, Last known committed idx: 0, Time since last communication: 0.001s
I20260709 12:58:59.106402  8241 tablet_service.cc:1917] Received RequestConsensusVote() RPC: tablet_id: "b1333eb346b34164a05ef9086200f34a" candidate_uuid: "70325adec94a48e6bc481144d993f449" candidate_term: 1 candidate_status { last_received { term: 0 index: 0 } } ignore_live_leader: false dest_uuid: "c7d27af73bff4b6f935f35a6c55a4553" is_pre_election: true
I20260709 12:58:59.141261  8355 tablet_bootstrap.cc:492] T 553c93843d9e4438bc63a5734a79dafa P c7d27af73bff4b6f935f35a6c55a4553: No bootstrap required, opened a new log
I20260709 12:58:59.141778  8355 ts_tablet_manager.cc:1403] T 553c93843d9e4438bc63a5734a79dafa P c7d27af73bff4b6f935f35a6c55a4553: Time spent bootstrapping tablet: real 0.250s	user 0.052s	sys 0.072s
I20260709 12:58:59.142927  8356 ts_tablet_manager.cc:1434] T 553c93843d9e4438bc63a5734a79dafa P 70325adec94a48e6bc481144d993f449: Time spent starting tablet: real 0.190s	user 0.011s	sys 0.018s
I20260709 12:58:59.145344  8356 tablet_bootstrap.cc:492] T a4b72a36bcd34070834dfdae0b9f4335 P 70325adec94a48e6bc481144d993f449: Bootstrap starting.
W20260709 12:58:59.130734  8442 log.cc:927] Time spent T d3b49efc95094b82a456bbbd8f2f78e6 P 490844175a6d4e12af7b46792adb32bb: Append to log took a long time: real 0.055s	user 0.001s	sys 0.000s
I20260709 12:58:59.137614  8390 leader_election.cc:290] T c0d6536f0cfd40569a9a9a36976cc8eb P 490844175a6d4e12af7b46792adb32bb [CANDIDATE]: Term 2 pre-election: Requested pre-vote from peers c7d27af73bff4b6f935f35a6c55a4553 (127.6.232.130:39109), 70325adec94a48e6bc481144d993f449 (127.6.232.129:35907)
I20260709 12:58:59.136133  8443 leader_election.cc:290] T b1333eb346b34164a05ef9086200f34a P 70325adec94a48e6bc481144d993f449 [CANDIDATE]: Term 1 pre-election: Requested pre-vote from peers c7d27af73bff4b6f935f35a6c55a4553 (127.6.232.130:39109), 490844175a6d4e12af7b46792adb32bb (127.6.232.131:40715)
I20260709 12:58:59.145666  8366 raft_consensus.cc:493] T e8ddb8c5808e4cd9997539690bfc8849 P 70325adec94a48e6bc481144d993f449 [term 0 FOLLOWER]: Starting pre-election (no leader contacted us within the election timeout)
I20260709 12:58:59.145203  8241 raft_consensus.cc:2468] T b1333eb346b34164a05ef9086200f34a P c7d27af73bff4b6f935f35a6c55a4553 [term 0 FOLLOWER]: Leader pre-election vote request: Granting yes vote for candidate 70325adec94a48e6bc481144d993f449 in term 0.
I20260709 12:58:59.153160  8448 consensus_queue.cc:1048] T 33c665e0cced48bdb6465a8e448a1410 P 490844175a6d4e12af7b46792adb32bb [LEADER]: Connected to new peer: Peer: permanent_uuid: "70325adec94a48e6bc481144d993f449" member_type: VOTER last_known_addr { host: "127.6.232.129" port: 35907 }, Status: LMP_MISMATCH, Last received: 0.0, Next index: 1, Last known committed idx: 0, Time since last communication: 0.006s
I20260709 12:58:59.155999  8240 tablet_service.cc:1917] Received RequestConsensusVote() RPC: tablet_id: "92a35993a1f147a2b44c975e5b319bb1" candidate_uuid: "490844175a6d4e12af7b46792adb32bb" candidate_term: 1 candidate_status { last_received { term: 0 index: 0 } } ignore_live_leader: false dest_uuid: "c7d27af73bff4b6f935f35a6c55a4553"
I20260709 12:58:59.157051  8238 tablet_service.cc:1917] Received RequestConsensusVote() RPC: tablet_id: "c0d6536f0cfd40569a9a9a36976cc8eb" candidate_uuid: "490844175a6d4e12af7b46792adb32bb" candidate_term: 2 candidate_status { last_received { term: 0 index: 0 } } ignore_live_leader: false dest_uuid: "c7d27af73bff4b6f935f35a6c55a4553" is_pre_election: true
I20260709 12:58:59.158582  8240 raft_consensus.cc:3060] T 92a35993a1f147a2b44c975e5b319bb1 P c7d27af73bff4b6f935f35a6c55a4553 [term 0 FOLLOWER]: Advancing to term 1
I20260709 12:58:59.159061  8238 raft_consensus.cc:2468] T c0d6536f0cfd40569a9a9a36976cc8eb P c7d27af73bff4b6f935f35a6c55a4553 [term 1 FOLLOWER]: Leader pre-election vote request: Granting yes vote for candidate 490844175a6d4e12af7b46792adb32bb in term 1.
I20260709 12:58:59.164988  8315 tablet_service.cc:1917] Received RequestConsensusVote() RPC: tablet_id: "dad844a4b50943f7b8ed0b802c577f4a" candidate_uuid: "c7d27af73bff4b6f935f35a6c55a4553" candidate_term: 1 candidate_status { last_received { term: 0 index: 0 } } ignore_live_leader: false dest_uuid: "490844175a6d4e12af7b46792adb32bb"
I20260709 12:58:59.165596  8315 raft_consensus.cc:3060] T dad844a4b50943f7b8ed0b802c577f4a P 490844175a6d4e12af7b46792adb32bb [term 0 FOLLOWER]: Advancing to term 1
I20260709 12:58:59.167456  8064 catalog_manager.cc:5697] T 92a35993a1f147a2b44c975e5b319bb1 P 490844175a6d4e12af7b46792adb32bb reported cstate change: term changed from 0 to 1, leader changed from <none> to 490844175a6d4e12af7b46792adb32bb (127.6.232.131). New cstate: current_term: 1 leader_uuid: "490844175a6d4e12af7b46792adb32bb" committed_config { opid_index: -1 OBSOLETE_local: false peers { permanent_uuid: "70325adec94a48e6bc481144d993f449" member_type: VOTER last_known_addr { host: "127.6.232.129" port: 35907 } health_report { overall_health: UNKNOWN } } peers { permanent_uuid: "c7d27af73bff4b6f935f35a6c55a4553" member_type: VOTER last_known_addr { host: "127.6.232.130" port: 39109 } health_report { overall_health: UNKNOWN } } peers { permanent_uuid: "490844175a6d4e12af7b46792adb32bb" member_type: VOTER last_known_addr { host: "127.6.232.131" port: 40715 } health_report { overall_health: HEALTHY } } }
I20260709 12:58:59.171665  8281 leader_election.cc:304] T c0d6536f0cfd40569a9a9a36976cc8eb P 490844175a6d4e12af7b46792adb32bb [CANDIDATE]: Term 2 pre-election: Election decided. Result: candidate won. Election summary: received 2 responses out of 3 voters: 2 yes votes; 0 no votes. yes voters: 490844175a6d4e12af7b46792adb32bb, c7d27af73bff4b6f935f35a6c55a4553; no voters: 
I20260709 12:58:59.173223  8390 raft_consensus.cc:2804] T c0d6536f0cfd40569a9a9a36976cc8eb P 490844175a6d4e12af7b46792adb32bb [term 1 FOLLOWER]: Leader pre-election won for term 2
I20260709 12:58:59.173573  8390 raft_consensus.cc:493] T c0d6536f0cfd40569a9a9a36976cc8eb P 490844175a6d4e12af7b46792adb32bb [term 1 FOLLOWER]: Starting leader election (no leader contacted us within the election timeout)
I20260709 12:58:59.173867  8390 raft_consensus.cc:3060] T c0d6536f0cfd40569a9a9a36976cc8eb P 490844175a6d4e12af7b46792adb32bb [term 1 FOLLOWER]: Advancing to term 2
I20260709 12:58:59.176647  8240 raft_consensus.cc:2468] T 92a35993a1f147a2b44c975e5b319bb1 P c7d27af73bff4b6f935f35a6c55a4553 [term 1 FOLLOWER]: Leader election vote request: Granting yes vote for candidate 490844175a6d4e12af7b46792adb32bb in term 1.
I20260709 12:58:59.181435  8312 tablet_service.cc:1917] Received RequestConsensusVote() RPC: tablet_id: "14f7ac6e1f014919b47f8b554323e053" candidate_uuid: "70325adec94a48e6bc481144d993f449" candidate_term: 1 candidate_status { last_received { term: 0 index: 0 } } ignore_live_leader: false dest_uuid: "490844175a6d4e12af7b46792adb32bb"
I20260709 12:58:59.179854  8165 tablet_service.cc:1917] Received RequestConsensusVote() RPC: tablet_id: "c0d6536f0cfd40569a9a9a36976cc8eb" candidate_uuid: "490844175a6d4e12af7b46792adb32bb" candidate_term: 2 candidate_status { last_received { term: 0 index: 0 } } ignore_live_leader: false dest_uuid: "70325adec94a48e6bc481144d993f449" is_pre_election: true
I20260709 12:58:59.182994  8312 raft_consensus.cc:3060] T 14f7ac6e1f014919b47f8b554323e053 P 490844175a6d4e12af7b46792adb32bb [term 0 FOLLOWER]: Advancing to term 1
I20260709 12:58:59.183324  8132 leader_election.cc:304] T b1333eb346b34164a05ef9086200f34a P 70325adec94a48e6bc481144d993f449 [CANDIDATE]: Term 1 pre-election: Election decided. Result: candidate won. Election summary: received 2 responses out of 3 voters: 2 yes votes; 0 no votes. yes voters: 70325adec94a48e6bc481144d993f449, c7d27af73bff4b6f935f35a6c55a4553; no voters: 
I20260709 12:58:59.152328  8366 raft_consensus.cc:515] T e8ddb8c5808e4cd9997539690bfc8849 P 70325adec94a48e6bc481144d993f449 [term 0 FOLLOWER]: Starting pre-election with config: opid_index: -1 OBSOLETE_local: false peers { permanent_uuid: "70325adec94a48e6bc481144d993f449" member_type: VOTER last_known_addr { host: "127.6.232.129" port: 35907 } } peers { permanent_uuid: "c7d27af73bff4b6f935f35a6c55a4553" member_type: VOTER last_known_addr { host: "127.6.232.130" port: 39109 } } peers { permanent_uuid: "490844175a6d4e12af7b46792adb32bb" member_type: VOTER last_known_addr { host: "127.6.232.131" port: 40715 } }
I20260709 12:58:59.187424  8398 raft_consensus.cc:2804] T b1333eb346b34164a05ef9086200f34a P 70325adec94a48e6bc481144d993f449 [term 0 FOLLOWER]: Leader pre-election won for term 1
I20260709 12:58:59.191231  8356 tablet_bootstrap.cc:654] T a4b72a36bcd34070834dfdae0b9f4335 P 70325adec94a48e6bc481144d993f449: Neither blocks nor log segments found. Creating new log.
I20260709 12:58:59.191767  8357 tablet_bootstrap.cc:492] T a4b72a36bcd34070834dfdae0b9f4335 P 490844175a6d4e12af7b46792adb32bb: No bootstrap required, opened a new log
I20260709 12:58:59.194108  8357 ts_tablet_manager.cc:1403] T a4b72a36bcd34070834dfdae0b9f4335 P 490844175a6d4e12af7b46792adb32bb: Time spent bootstrapping tablet: real 0.302s	user 0.013s	sys 0.032s
I20260709 12:58:59.194463  8450 consensus_queue.cc:1048] T 84779e4ed0764d20bda4bcdab59fdbfb P c7d27af73bff4b6f935f35a6c55a4553 [LEADER]: Connected to new peer: Peer: permanent_uuid: "70325adec94a48e6bc481144d993f449" member_type: VOTER last_known_addr { host: "127.6.232.129" port: 35907 }, Status: LMP_MISMATCH, Last received: 0.0, Next index: 1, Last known committed idx: 0, Time since last communication: 0.003s
I20260709 12:58:59.195173  8314 tablet_service.cc:1917] Received RequestConsensusVote() RPC: tablet_id: "b1333eb346b34164a05ef9086200f34a" candidate_uuid: "70325adec94a48e6bc481144d993f449" candidate_term: 1 candidate_status { last_received { term: 0 index: 0 } } ignore_live_leader: false dest_uuid: "490844175a6d4e12af7b46792adb32bb" is_pre_election: true
I20260709 12:58:59.106822  8062 catalog_manager.cc:5697] T 14f7ac6e1f014919b47f8b554323e053 P 70325adec94a48e6bc481144d993f449 reported cstate change: term changed from 0 to 1, leader changed from <none> to 70325adec94a48e6bc481144d993f449 (127.6.232.129). New cstate: current_term: 1 leader_uuid: "70325adec94a48e6bc481144d993f449" committed_config { opid_index: -1 OBSOLETE_local: false peers { permanent_uuid: "70325adec94a48e6bc481144d993f449" member_type: VOTER last_known_addr { host: "127.6.232.129" port: 35907 } health_report { overall_health: HEALTHY } } peers { permanent_uuid: "c7d27af73bff4b6f935f35a6c55a4553" member_type: VOTER last_known_addr { host: "127.6.232.130" port: 39109 } health_report { overall_health: UNKNOWN } } peers { permanent_uuid: "490844175a6d4e12af7b46792adb32bb" member_type: VOTER last_known_addr { host: "127.6.232.131" port: 40715 } health_report { overall_health: UNKNOWN } } }
W20260709 12:58:59.200804  8132 leader_election.cc:343] T b1333eb346b34164a05ef9086200f34a P 70325adec94a48e6bc481144d993f449 [CANDIDATE]: Term 1 pre-election: Tablet error from VoteRequest() call to peer 490844175a6d4e12af7b46792adb32bb (127.6.232.131:40715): Illegal state: must be running to vote when last-logged opid is not known
I20260709 12:58:59.205689  8315 raft_consensus.cc:2468] T dad844a4b50943f7b8ed0b802c577f4a P 490844175a6d4e12af7b46792adb32bb [term 1 FOLLOWER]: Leader election vote request: Granting yes vote for candidate c7d27af73bff4b6f935f35a6c55a4553 in term 1.
I20260709 12:58:59.196483  8398 raft_consensus.cc:493] T b1333eb346b34164a05ef9086200f34a P 70325adec94a48e6bc481144d993f449 [term 0 FOLLOWER]: Starting leader election (no leader contacted us within the election timeout)
I20260709 12:58:59.206708  8357 raft_consensus.cc:359] T a4b72a36bcd34070834dfdae0b9f4335 P 490844175a6d4e12af7b46792adb32bb [term 0 FOLLOWER]: Replica starting. Triggering 0 pending ops. Active config: opid_index: -1 OBSOLETE_local: false peers { permanent_uuid: "70325adec94a48e6bc481144d993f449" member_type: VOTER last_known_addr { host: "127.6.232.129" port: 35907 } } peers { permanent_uuid: "c7d27af73bff4b6f935f35a6c55a4553" member_type: VOTER last_known_addr { host: "127.6.232.130" port: 39109 } } peers { permanent_uuid: "490844175a6d4e12af7b46792adb32bb" member_type: VOTER last_known_addr { host: "127.6.232.131" port: 40715 } }
I20260709 12:58:59.208559  8357 raft_consensus.cc:385] T a4b72a36bcd34070834dfdae0b9f4335 P 490844175a6d4e12af7b46792adb32bb [term 0 FOLLOWER]: Consensus starting up: Expiring failure detector timer to make a prompt election more likely
I20260709 12:58:59.208752  8357 raft_consensus.cc:740] T a4b72a36bcd34070834dfdae0b9f4335 P 490844175a6d4e12af7b46792adb32bb [term 0 FOLLOWER]: Becoming Follower/Learner. State: Replica: 490844175a6d4e12af7b46792adb32bb, State: Initialized, Role: FOLLOWER
I20260709 12:58:59.213024  8447 consensus_queue.cc:1048] T c0d6536f0cfd40569a9a9a36976cc8eb P 70325adec94a48e6bc481144d993f449 [LEADER]: Connected to new peer: Peer: permanent_uuid: "c7d27af73bff4b6f935f35a6c55a4553" member_type: VOTER last_known_addr { host: "127.6.232.130" port: 39109 }, Status: LMP_MISMATCH, Last received: 0.0, Next index: 1, Last known committed idx: 0, Time since last communication: 0.002s
I20260709 12:58:59.274077  8355 raft_consensus.cc:359] T 553c93843d9e4438bc63a5734a79dafa P c7d27af73bff4b6f935f35a6c55a4553 [term 0 FOLLOWER]: Replica starting. Triggering 0 pending ops. Active config: opid_index: -1 OBSOLETE_local: false peers { permanent_uuid: "70325adec94a48e6bc481144d993f449" member_type: VOTER last_known_addr { host: "127.6.232.129" port: 35907 } } peers { permanent_uuid: "c7d27af73bff4b6f935f35a6c55a4553" member_type: VOTER last_known_addr { host: "127.6.232.130" port: 39109 } } peers { permanent_uuid: "490844175a6d4e12af7b46792adb32bb" member_type: VOTER last_known_addr { host: "127.6.232.131" port: 40715 } }
I20260709 12:58:59.274952  8355 raft_consensus.cc:385] T 553c93843d9e4438bc63a5734a79dafa P c7d27af73bff4b6f935f35a6c55a4553 [term 0 FOLLOWER]: Consensus starting up: Expiring failure detector timer to make a prompt election more likely
I20260709 12:58:59.275274  8355 raft_consensus.cc:740] T 553c93843d9e4438bc63a5734a79dafa P c7d27af73bff4b6f935f35a6c55a4553 [term 0 FOLLOWER]: Becoming Follower/Learner. State: Replica: c7d27af73bff4b6f935f35a6c55a4553, State: Initialized, Role: FOLLOWER
I20260709 12:58:59.276018  8355 consensus_queue.cc:260] T 553c93843d9e4438bc63a5734a79dafa P c7d27af73bff4b6f935f35a6c55a4553 [NON_LEADER]: Queue going to NON_LEADER mode. State: All replicated index: 0, Majority replicated index: 0, Committed index: 0, Last appended: 0.0, Last appended by leader: 0, Current term: 0, Majority size: -1, State: 0, Mode: NON_LEADER, active raft config: opid_index: -1 OBSOLETE_local: false peers { permanent_uuid: "70325adec94a48e6bc481144d993f449" member_type: VOTER last_known_addr { host: "127.6.232.129" port: 35907 } } peers { permanent_uuid: "c7d27af73bff4b6f935f35a6c55a4553" member_type: VOTER last_known_addr { host: "127.6.232.130" port: 39109 } } peers { permanent_uuid: "490844175a6d4e12af7b46792adb32bb" member_type: VOTER last_known_addr { host: "127.6.232.131" port: 40715 } }
I20260709 12:58:59.281965  8357 consensus_queue.cc:260] T a4b72a36bcd34070834dfdae0b9f4335 P 490844175a6d4e12af7b46792adb32bb [NON_LEADER]: Queue going to NON_LEADER mode. State: All replicated index: 0, Majority replicated index: 0, Committed index: 0, Last appended: 0.0, Last appended by leader: 0, Current term: 0, Majority size: -1, State: 0, Mode: NON_LEADER, active raft config: opid_index: -1 OBSOLETE_local: false peers { permanent_uuid: "70325adec94a48e6bc481144d993f449" member_type: VOTER last_known_addr { host: "127.6.232.129" port: 35907 } } peers { permanent_uuid: "c7d27af73bff4b6f935f35a6c55a4553" member_type: VOTER last_known_addr { host: "127.6.232.130" port: 39109 } } peers { permanent_uuid: "490844175a6d4e12af7b46792adb32bb" member_type: VOTER last_known_addr { host: "127.6.232.131" port: 40715 } }
I20260709 12:58:59.290889  8360 raft_consensus.cc:493] T e8ddb8c5808e4cd9997539690bfc8849 P c7d27af73bff4b6f935f35a6c55a4553 [term 0 FOLLOWER]: Starting pre-election (no leader contacted us within the election timeout)
I20260709 12:58:59.291146  8366 leader_election.cc:290] T e8ddb8c5808e4cd9997539690bfc8849 P 70325adec94a48e6bc481144d993f449 [CANDIDATE]: Term 1 pre-election: Requested pre-vote from peers c7d27af73bff4b6f935f35a6c55a4553 (127.6.232.130:39109), 490844175a6d4e12af7b46792adb32bb (127.6.232.131:40715)
I20260709 12:58:59.291462  8360 raft_consensus.cc:515] T e8ddb8c5808e4cd9997539690bfc8849 P c7d27af73bff4b6f935f35a6c55a4553 [term 0 FOLLOWER]: Starting pre-election with config: opid_index: -1 OBSOLETE_local: false peers { permanent_uuid: "70325adec94a48e6bc481144d993f449" member_type: VOTER last_known_addr { host: "127.6.232.129" port: 35907 } } peers { permanent_uuid: "c7d27af73bff4b6f935f35a6c55a4553" member_type: VOTER last_known_addr { host: "127.6.232.130" port: 39109 } } peers { permanent_uuid: "490844175a6d4e12af7b46792adb32bb" member_type: VOTER last_known_addr { host: "127.6.232.131" port: 40715 } }
I20260709 12:58:59.292891  8390 raft_consensus.cc:515] T c0d6536f0cfd40569a9a9a36976cc8eb P 490844175a6d4e12af7b46792adb32bb [term 2 FOLLOWER]: Starting leader election with config: opid_index: -1 OBSOLETE_local: false peers { permanent_uuid: "490844175a6d4e12af7b46792adb32bb" member_type: VOTER last_known_addr { host: "127.6.232.131" port: 40715 } } peers { permanent_uuid: "c7d27af73bff4b6f935f35a6c55a4553" member_type: VOTER last_known_addr { host: "127.6.232.130" port: 39109 } } peers { permanent_uuid: "70325adec94a48e6bc481144d993f449" member_type: VOTER last_known_addr { host: "127.6.232.129" port: 35907 } }
I20260709 12:58:59.293727  8360 leader_election.cc:290] T e8ddb8c5808e4cd9997539690bfc8849 P c7d27af73bff4b6f935f35a6c55a4553 [CANDIDATE]: Term 1 pre-election: Requested pre-vote from peers 70325adec94a48e6bc481144d993f449 (127.6.232.129:35907), 490844175a6d4e12af7b46792adb32bb (127.6.232.131:40715)
I20260709 12:58:59.210718  8398 raft_consensus.cc:3060] T b1333eb346b34164a05ef9086200f34a P 70325adec94a48e6bc481144d993f449 [term 0 FOLLOWER]: Advancing to term 1
I20260709 12:58:59.301455  8164 tablet_service.cc:1917] Received RequestConsensusVote() RPC: tablet_id: "c0d6536f0cfd40569a9a9a36976cc8eb" candidate_uuid: "490844175a6d4e12af7b46792adb32bb" candidate_term: 2 candidate_status { last_received { term: 0 index: 0 } } ignore_live_leader: false dest_uuid: "70325adec94a48e6bc481144d993f449"
I20260709 12:58:59.219823  8241 tablet_service.cc:1917] Received RequestConsensusVote() RPC: tablet_id: "e8ddb8c5808e4cd9997539690bfc8849" candidate_uuid: "70325adec94a48e6bc481144d993f449" candidate_term: 1 candidate_status { last_received { term: 0 index: 0 } } ignore_live_leader: false dest_uuid: "c7d27af73bff4b6f935f35a6c55a4553" is_pre_election: true
I20260709 12:58:59.301479  8314 raft_consensus.cc:1240] T c0d6536f0cfd40569a9a9a36976cc8eb P 490844175a6d4e12af7b46792adb32bb [term 2 FOLLOWER]: Rejecting Update request from peer 70325adec94a48e6bc481144d993f449 for earlier term 1. Current term is 2. Ops: [1.1-1.1]
I20260709 12:58:59.308602  8241 raft_consensus.cc:2468] T e8ddb8c5808e4cd9997539690bfc8849 P c7d27af73bff4b6f935f35a6c55a4553 [term 0 FOLLOWER]: Leader pre-election vote request: Granting yes vote for candidate 70325adec94a48e6bc481144d993f449 in term 0.
I20260709 12:58:59.310105  8132 leader_election.cc:304] T e8ddb8c5808e4cd9997539690bfc8849 P 70325adec94a48e6bc481144d993f449 [CANDIDATE]: Term 1 pre-election: Election decided. Result: candidate won. Election summary: received 2 responses out of 3 voters: 2 yes votes; 0 no votes. yes voters: 70325adec94a48e6bc481144d993f449, c7d27af73bff4b6f935f35a6c55a4553; no voters: 
I20260709 12:58:59.255012  8448 raft_consensus.cc:493] T f5e7cf8f0f7943beab703fb6ce9fe27a P 490844175a6d4e12af7b46792adb32bb [term 0 FOLLOWER]: Starting pre-election (no leader contacted us within the election timeout)
I20260709 12:58:59.314250  8163 tablet_service.cc:1917] Received RequestConsensusVote() RPC: tablet_id: "e8ddb8c5808e4cd9997539690bfc8849" candidate_uuid: "c7d27af73bff4b6f935f35a6c55a4553" candidate_term: 1 candidate_status { last_received { term: 0 index: 0 } } ignore_live_leader: false dest_uuid: "70325adec94a48e6bc481144d993f449" is_pre_election: true
I20260709 12:58:59.313416  8366 raft_consensus.cc:2804] T e8ddb8c5808e4cd9997539690bfc8849 P 70325adec94a48e6bc481144d993f449 [term 0 FOLLOWER]: Leader pre-election won for term 1
W20260709 12:58:59.266948  8281 outbound_call.cc:321] RPC callback for RPC call kudu.consensus.ConsensusService.RequestConsensusVote -> {remote=127.6.232.130:39109, user_credentials={real_user=slave}} blocked reactor thread for 55968.3us
I20260709 12:58:59.316568  8163 raft_consensus.cc:2468] T e8ddb8c5808e4cd9997539690bfc8849 P 70325adec94a48e6bc481144d993f449 [term 0 FOLLOWER]: Leader pre-election vote request: Granting yes vote for candidate c7d27af73bff4b6f935f35a6c55a4553 in term 0.
I20260709 12:58:59.300558  8397 consensus_queue.cc:1048] T 1906cc43fa7045b98f82e4285dbc6dba P c7d27af73bff4b6f935f35a6c55a4553 [LEADER]: Connected to new peer: Peer: permanent_uuid: "490844175a6d4e12af7b46792adb32bb" member_type: VOTER last_known_addr { host: "127.6.232.131" port: 40715 }, Status: LMP_MISMATCH, Last received: 0.0, Next index: 1, Last known committed idx: 0, Time since last communication: 0.018s
I20260709 12:58:59.321292  8360 consensus_queue.cc:1048] T 1906cc43fa7045b98f82e4285dbc6dba P c7d27af73bff4b6f935f35a6c55a4553 [LEADER]: Connected to new peer: Peer: permanent_uuid: "70325adec94a48e6bc481144d993f449" member_type: VOTER last_known_addr { host: "127.6.232.129" port: 35907 }, Status: LMP_MISMATCH, Last received: 0.0, Next index: 1, Last known committed idx: 0, Time since last communication: 0.000s
I20260709 12:58:59.325843  8355 ts_tablet_manager.cc:1434] T 553c93843d9e4438bc63a5734a79dafa P c7d27af73bff4b6f935f35a6c55a4553: Time spent starting tablet: real 0.184s	user 0.017s	sys 0.031s
I20260709 12:58:59.326128  8357 ts_tablet_manager.cc:1434] T a4b72a36bcd34070834dfdae0b9f4335 P 490844175a6d4e12af7b46792adb32bb: Time spent starting tablet: real 0.132s	user 0.007s	sys 0.000s
I20260709 12:58:59.327513  8357 tablet_bootstrap.cc:492] T 9dd82ad7430e47f3a840bc8ceb3b57d4 P 490844175a6d4e12af7b46792adb32bb: Bootstrap starting.
I20260709 12:58:59.322263  8366 raft_consensus.cc:493] T e8ddb8c5808e4cd9997539690bfc8849 P 70325adec94a48e6bc481144d993f449 [term 0 FOLLOWER]: Starting leader election (no leader contacted us within the election timeout)
I20260709 12:58:59.312577  8390 leader_election.cc:290] T c0d6536f0cfd40569a9a9a36976cc8eb P 490844175a6d4e12af7b46792adb32bb [CANDIDATE]: Term 2 election: Requested vote from peers c7d27af73bff4b6f935f35a6c55a4553 (127.6.232.130:39109), 70325adec94a48e6bc481144d993f449 (127.6.232.129:35907)
I20260709 12:58:59.225159  8452 consensus_queue.cc:1048] T e072bedc62b44065ae38540c813859dc P c7d27af73bff4b6f935f35a6c55a4553 [LEADER]: Connected to new peer: Peer: permanent_uuid: "490844175a6d4e12af7b46792adb32bb" member_type: VOTER last_known_addr { host: "127.6.232.131" port: 40715 }, Status: LMP_MISMATCH, Last received: 0.0, Next index: 1, Last known committed idx: 0, Time since last communication: 0.112s
I20260709 12:58:59.318212  8312 raft_consensus.cc:2468] T 14f7ac6e1f014919b47f8b554323e053 P 490844175a6d4e12af7b46792adb32bb [term 1 FOLLOWER]: Leader election vote request: Granting yes vote for candidate 70325adec94a48e6bc481144d993f449 in term 1.
I20260709 12:58:59.330066  8205 leader_election.cc:304] T e8ddb8c5808e4cd9997539690bfc8849 P c7d27af73bff4b6f935f35a6c55a4553 [CANDIDATE]: Term 1 pre-election: Election decided. Result: candidate won. Election summary: received 2 responses out of 3 voters: 2 yes votes; 0 no votes. yes voters: 70325adec94a48e6bc481144d993f449, c7d27af73bff4b6f935f35a6c55a4553; no voters: 
I20260709 12:58:59.333901  8378 raft_consensus.cc:2804] T e8ddb8c5808e4cd9997539690bfc8849 P c7d27af73bff4b6f935f35a6c55a4553 [term 0 FOLLOWER]: Leader pre-election won for term 1
I20260709 12:58:59.323153  8448 raft_consensus.cc:515] T f5e7cf8f0f7943beab703fb6ce9fe27a P 490844175a6d4e12af7b46792adb32bb [term 0 FOLLOWER]: Starting pre-election with config: opid_index: -1 OBSOLETE_local: false peers { permanent_uuid: "70325adec94a48e6bc481144d993f449" member_type: VOTER last_known_addr { host: "127.6.232.129" port: 35907 } } peers { permanent_uuid: "c7d27af73bff4b6f935f35a6c55a4553" member_type: VOTER last_known_addr { host: "127.6.232.130" port: 39109 } } peers { permanent_uuid: "490844175a6d4e12af7b46792adb32bb" member_type: VOTER last_known_addr { host: "127.6.232.131" port: 40715 } }
I20260709 12:58:59.334247  8378 raft_consensus.cc:493] T e8ddb8c5808e4cd9997539690bfc8849 P c7d27af73bff4b6f935f35a6c55a4553 [term 0 FOLLOWER]: Starting leader election (no leader contacted us within the election timeout)
I20260709 12:58:59.334576  8378 raft_consensus.cc:3060] T e8ddb8c5808e4cd9997539690bfc8849 P c7d27af73bff4b6f935f35a6c55a4553 [term 0 FOLLOWER]: Advancing to term 1
I20260709 12:58:59.335395  8450 consensus_queue.cc:1048] T e072bedc62b44065ae38540c813859dc P c7d27af73bff4b6f935f35a6c55a4553 [LEADER]: Connected to new peer: Peer: permanent_uuid: "70325adec94a48e6bc481144d993f449" member_type: VOTER last_known_addr { host: "127.6.232.129" port: 35907 }, Status: LMP_MISMATCH, Last received: 0.0, Next index: 1, Last known committed idx: 0, Time since last communication: 0.000s
I20260709 12:58:59.336891  8064 catalog_manager.cc:5697] T dad844a4b50943f7b8ed0b802c577f4a P c7d27af73bff4b6f935f35a6c55a4553 reported cstate change: term changed from 0 to 1, leader changed from <none> to c7d27af73bff4b6f935f35a6c55a4553 (127.6.232.130). New cstate: current_term: 1 leader_uuid: "c7d27af73bff4b6f935f35a6c55a4553" committed_config { opid_index: -1 OBSOLETE_local: false peers { permanent_uuid: "70325adec94a48e6bc481144d993f449" member_type: VOTER last_known_addr { host: "127.6.232.129" port: 35907 } health_report { overall_health: UNKNOWN } } peers { permanent_uuid: "c7d27af73bff4b6f935f35a6c55a4553" member_type: VOTER last_known_addr { host: "127.6.232.130" port: 39109 } health_report { overall_health: HEALTHY } } peers { permanent_uuid: "490844175a6d4e12af7b46792adb32bb" member_type: VOTER last_known_addr { host: "127.6.232.131" port: 40715 } health_report { overall_health: UNKNOWN } } }
I20260709 12:58:59.329293  8366 raft_consensus.cc:3060] T e8ddb8c5808e4cd9997539690bfc8849 P 70325adec94a48e6bc481144d993f449 [term 0 FOLLOWER]: Advancing to term 1
I20260709 12:58:59.344255  8447 consensus_queue.cc:1059] T c0d6536f0cfd40569a9a9a36976cc8eb P 70325adec94a48e6bc481144d993f449 [LEADER]: Peer responded invalid term: Peer: permanent_uuid: "490844175a6d4e12af7b46792adb32bb" member_type: VOTER last_known_addr { host: "127.6.232.131" port: 40715 }, Status: INVALID_TERM, Last received: 0.0, Next index: 1, Last known committed idx: 0, Time since last communication: 0.000s
I20260709 12:58:59.351627  8447 raft_consensus.cc:3055] T c0d6536f0cfd40569a9a9a36976cc8eb P 70325adec94a48e6bc481144d993f449 [term 1 LEADER]: Stepping down as leader of term 1
I20260709 12:58:59.352038  8447 raft_consensus.cc:740] T c0d6536f0cfd40569a9a9a36976cc8eb P 70325adec94a48e6bc481144d993f449 [term 1 LEADER]: Becoming Follower/Learner. State: Replica: 70325adec94a48e6bc481144d993f449, State: Running, Role: LEADER
I20260709 12:58:59.352950  8447 consensus_queue.cc:260] T c0d6536f0cfd40569a9a9a36976cc8eb P 70325adec94a48e6bc481144d993f449 [NON_LEADER]: Queue going to NON_LEADER mode. State: All replicated index: 0, Majority replicated index: 0, Committed index: 0, Last appended: 1.1, Last appended by leader: 1, Current term: 1, Majority size: -1, State: 0, Mode: NON_LEADER, active raft config: opid_index: -1 OBSOLETE_local: false peers { permanent_uuid: "490844175a6d4e12af7b46792adb32bb" member_type: VOTER last_known_addr { host: "127.6.232.131" port: 40715 } } peers { permanent_uuid: "c7d27af73bff4b6f935f35a6c55a4553" member_type: VOTER last_known_addr { host: "127.6.232.130" port: 39109 } } peers { permanent_uuid: "70325adec94a48e6bc481144d993f449" member_type: VOTER last_known_addr { host: "127.6.232.129" port: 35907 } }
I20260709 12:58:59.354020  8447 raft_consensus.cc:3060] T c0d6536f0cfd40569a9a9a36976cc8eb P 70325adec94a48e6bc481144d993f449 [term 1 FOLLOWER]: Advancing to term 2
I20260709 12:58:59.357398  8241 tablet_service.cc:1917] Received RequestConsensusVote() RPC: tablet_id: "c0d6536f0cfd40569a9a9a36976cc8eb" candidate_uuid: "490844175a6d4e12af7b46792adb32bb" candidate_term: 2 candidate_status { last_received { term: 0 index: 0 } } ignore_live_leader: false dest_uuid: "c7d27af73bff4b6f935f35a6c55a4553"
I20260709 12:58:59.359390  8378 raft_consensus.cc:515] T e8ddb8c5808e4cd9997539690bfc8849 P c7d27af73bff4b6f935f35a6c55a4553 [term 1 FOLLOWER]: Starting leader election with config: opid_index: -1 OBSOLETE_local: false peers { permanent_uuid: "70325adec94a48e6bc481144d993f449" member_type: VOTER last_known_addr { host: "127.6.232.129" port: 35907 } } peers { permanent_uuid: "c7d27af73bff4b6f935f35a6c55a4553" member_type: VOTER last_known_addr { host: "127.6.232.130" port: 39109 } } peers { permanent_uuid: "490844175a6d4e12af7b46792adb32bb" member_type: VOTER last_known_addr { host: "127.6.232.131" port: 40715 } }
I20260709 12:58:59.370138  8313 tablet_service.cc:1917] Received RequestConsensusVote() RPC: tablet_id: "e8ddb8c5808e4cd9997539690bfc8849" candidate_uuid: "c7d27af73bff4b6f935f35a6c55a4553" candidate_term: 1 candidate_status { last_received { term: 0 index: 0 } } ignore_live_leader: false dest_uuid: "490844175a6d4e12af7b46792adb32bb" is_pre_election: true
