I20260709 12:59:33.610740   564 tablet_service.cc:1917] Received RequestConsensusVote() RPC: tablet_id: "b2b25c52e9e5442a9b21789e2640ad7d" candidate_uuid: "fe56c01ed8bd493fb16386bc7788d12d" candidate_term: 2 candidate_status { last_received { term: 1 index: 1 } } ignore_live_leader: true dest_uuid: "8b3d23f60d6746e5b52fc799f964bf7a"
I20260709 12:59:33.611308   564 raft_consensus.cc:3055] T b2b25c52e9e5442a9b21789e2640ad7d P 8b3d23f60d6746e5b52fc799f964bf7a [term 1 LEADER]: Stepping down as leader of term 1
I20260709 12:59:33.611624   564 raft_consensus.cc:740] T b2b25c52e9e5442a9b21789e2640ad7d P 8b3d23f60d6746e5b52fc799f964bf7a [term 1 LEADER]: Becoming Follower/Learner. State: Replica: 8b3d23f60d6746e5b52fc799f964bf7a, State: Running, Role: LEADER
I20260709 12:59:33.612331   564 consensus_queue.cc:260] T b2b25c52e9e5442a9b21789e2640ad7d P 8b3d23f60d6746e5b52fc799f964bf7a [NON_LEADER]: Queue going to NON_LEADER mode. State: All replicated index: 0, Majority replicated index: 1, Committed index: 1, Last appended: 1.1, Last appended by leader: 1, Current term: 1, Majority size: -1, State: 0, Mode: NON_LEADER, active raft config: opid_index: -1 OBSOLETE_local: false peers { permanent_uuid: "8b3d23f60d6746e5b52fc799f964bf7a" member_type: VOTER last_known_addr { host: "127.0.107.129" port: 35251 } } peers { permanent_uuid: "febfd6ab8383479fbed5591c1f163f8a" member_type: VOTER last_known_addr { host: "127.0.107.130" port: 43829 } } peers { permanent_uuid: "fe56c01ed8bd493fb16386bc7788d12d" member_type: VOTER last_known_addr { host: "127.0.107.131" port: 35453 } }
I20260709 12:59:33.613359   564 raft_consensus.cc:3060] T b2b25c52e9e5442a9b21789e2640ad7d P 8b3d23f60d6746e5b52fc799f964bf7a [term 1 FOLLOWER]: Advancing to term 2
I20260709 12:59:33.615034   712 leader_election.cc:290] T b2b25c52e9e5442a9b21789e2640ad7d P fe56c01ed8bd493fb16386bc7788d12d [CANDIDATE]: Term 2 election: Requested vote from peers 8b3d23f60d6746e5b52fc799f964bf7a (127.0.107.129:35251), febfd6ab8383479fbed5591c1f163f8a (127.0.107.130:43829)
I20260709 12:59:33.652526   640 raft_consensus.cc:2468] T b2b25c52e9e5442a9b21789e2640ad7d P febfd6ab8383479fbed5591c1f163f8a [term 2 FOLLOWER]: Leader election vote request: Granting yes vote for candidate fe56c01ed8bd493fb16386bc7788d12d in term 2.
I20260709 12:59:33.654666   677 leader_election.cc:304] T b2b25c52e9e5442a9b21789e2640ad7d P fe56c01ed8bd493fb16386bc7788d12d [CANDIDATE]: Term 2 election: Election decided. Result: candidate won. Election summary: received 2 responses out of 3 voters: 2 yes votes; 0 no votes. yes voters: fe56c01ed8bd493fb16386bc7788d12d, febfd6ab8383479fbed5591c1f163f8a; no voters: 
I20260709 12:59:33.655545   781 raft_consensus.cc:2804] T b2b25c52e9e5442a9b21789e2640ad7d P fe56c01ed8bd493fb16386bc7788d12d [term 2 FOLLOWER]: Leader election won for term 2
I20260709 12:59:33.656003   781 raft_consensus.cc:697] T b2b25c52e9e5442a9b21789e2640ad7d P fe56c01ed8bd493fb16386bc7788d12d [term 2 LEADER]: Becoming Leader. State: Replica: fe56c01ed8bd493fb16386bc7788d12d, State: Running, Role: LEADER
I20260709 12:59:33.656782   781 consensus_queue.cc:237] T b2b25c52e9e5442a9b21789e2640ad7d P fe56c01ed8bd493fb16386bc7788d12d [LEADER]: Queue going to LEADER mode. State: All replicated index: 0, Majority replicated index: 1, Committed index: 1, Last appended: 1.1, Last appended by leader: 1, Current term: 2, Majority size: 2, State: 0, Mode: LEADER, active raft config: opid_index: -1 OBSOLETE_local: false peers { permanent_uuid: "8b3d23f60d6746e5b52fc799f964bf7a" member_type: VOTER last_known_addr { host: "127.0.107.129" port: 35251 } } peers { permanent_uuid: "febfd6ab8383479fbed5591c1f163f8a" member_type: VOTER last_known_addr { host: "127.0.107.130" port: 43829 } } peers { permanent_uuid: "fe56c01ed8bd493fb16386bc7788d12d" member_type: VOTER last_known_addr { host: "127.0.107.131" port: 35453 } }
I20260709 12:59:33.657609   564 raft_consensus.cc:2468] T b2b25c52e9e5442a9b21789e2640ad7d P 8b3d23f60d6746e5b52fc799f964bf7a [term 2 FOLLOWER]: Leader election vote request: Granting yes vote for candidate fe56c01ed8bd493fb16386bc7788d12d in term 2.
I20260709 12:59:33.661435   809 raft_consensus.cc:993] T b785b9dc055f42ac812e2bc285203aca P 8b3d23f60d6746e5b52fc799f964bf7a: : Instructing follower febfd6ab8383479fbed5591c1f163f8a to start an election
I20260709 12:59:33.661980   817 raft_consensus.cc:1081] T b785b9dc055f42ac812e2bc285203aca P 8b3d23f60d6746e5b52fc799f964bf7a [term 1 LEADER]: Signalling peer febfd6ab8383479fbed5591c1f163f8a to start an election
I20260709 12:59:33.675103   640 tablet_service.cc:2044] Received Run Leader Election RPC: tablet_id: "b785b9dc055f42ac812e2bc285203aca"
dest_uuid: "febfd6ab8383479fbed5591c1f163f8a"
 from {username='slave'} at 127.0.0.1:56980
I20260709 12:59:33.675799   640 raft_consensus.cc:493] T b785b9dc055f42ac812e2bc285203aca P febfd6ab8383479fbed5591c1f163f8a [term 1 FOLLOWER]: Starting forced leader election (received explicit request)
I20260709 12:59:33.675321   459 catalog_manager.cc:5697] T b2b25c52e9e5442a9b21789e2640ad7d P fe56c01ed8bd493fb16386bc7788d12d reported cstate change: term changed from 1 to 2, leader changed from 8b3d23f60d6746e5b52fc799f964bf7a (127.0.107.129) to fe56c01ed8bd493fb16386bc7788d12d (127.0.107.131). New cstate: current_term: 2 leader_uuid: "fe56c01ed8bd493fb16386bc7788d12d" committed_config { opid_index: -1 OBSOLETE_local: false peers { permanent_uuid: "8b3d23f60d6746e5b52fc799f964bf7a" member_type: VOTER last_known_addr { host: "127.0.107.129" port: 35251 } health_report { overall_health: UNKNOWN } } peers { permanent_uuid: "febfd6ab8383479fbed5591c1f163f8a" member_type: VOTER last_known_addr { host: "127.0.107.130" port: 43829 } health_report { overall_health: UNKNOWN } } peers { permanent_uuid: "fe56c01ed8bd493fb16386bc7788d12d" member_type: VOTER last_known_addr { host: "127.0.107.131" port: 35453 } health_report { overall_health: HEALTHY } } }
I20260709 12:59:33.676265   640 raft_consensus.cc:3060] T b785b9dc055f42ac812e2bc285203aca P febfd6ab8383479fbed5591c1f163f8a [term 1 FOLLOWER]: Advancing to term 2
I20260709 12:59:33.683822   640 raft_consensus.cc:515] T b785b9dc055f42ac812e2bc285203aca P febfd6ab8383479fbed5591c1f163f8a [term 2 FOLLOWER]: Starting forced leader election with config: opid_index: -1 OBSOLETE_local: false peers { permanent_uuid: "8b3d23f60d6746e5b52fc799f964bf7a" member_type: VOTER last_known_addr { host: "127.0.107.129" port: 35251 } } peers { permanent_uuid: "febfd6ab8383479fbed5591c1f163f8a" member_type: VOTER last_known_addr { host: "127.0.107.130" port: 43829 } } peers { permanent_uuid: "fe56c01ed8bd493fb16386bc7788d12d" member_type: VOTER last_known_addr { host: "127.0.107.131" port: 35453 } }
I20260709 12:59:33.687685   564 tablet_service.cc:1917] Received RequestConsensusVote() RPC: tablet_id: "b785b9dc055f42ac812e2bc285203aca" candidate_uuid: "febfd6ab8383479fbed5591c1f163f8a" candidate_term: 2 candidate_status { last_received { term: 1 index: 1 } } ignore_live_leader: true dest_uuid: "8b3d23f60d6746e5b52fc799f964bf7a"
I20260709 12:59:33.688057   713 tablet_service.cc:1917] Received RequestConsensusVote() RPC: tablet_id: "b785b9dc055f42ac812e2bc285203aca" candidate_uuid: "febfd6ab8383479fbed5591c1f163f8a" candidate_term: 2 candidate_status { last_received { term: 1 index: 1 } } ignore_live_leader: true dest_uuid: "fe56c01ed8bd493fb16386bc7788d12d"
I20260709 12:59:33.688303   564 raft_consensus.cc:3055] T b785b9dc055f42ac812e2bc285203aca P 8b3d23f60d6746e5b52fc799f964bf7a [term 1 LEADER]: Stepping down as leader of term 1
I20260709 12:59:33.689014   564 raft_consensus.cc:740] T b785b9dc055f42ac812e2bc285203aca P 8b3d23f60d6746e5b52fc799f964bf7a [term 1 LEADER]: Becoming Follower/Learner. State: Replica: 8b3d23f60d6746e5b52fc799f964bf7a, State: Running, Role: LEADER
I20260709 12:59:33.689035   713 raft_consensus.cc:3060] T b785b9dc055f42ac812e2bc285203aca P fe56c01ed8bd493fb16386bc7788d12d [term 1 FOLLOWER]: Advancing to term 2
I20260709 12:59:33.689801   564 consensus_queue.cc:260] T b785b9dc055f42ac812e2bc285203aca P 8b3d23f60d6746e5b52fc799f964bf7a [NON_LEADER]: Queue going to NON_LEADER mode. State: All replicated index: 0, Majority replicated index: 1, Committed index: 1, Last appended: 1.1, Last appended by leader: 1, Current term: 1, Majority size: -1, State: 0, Mode: NON_LEADER, active raft config: opid_index: -1 OBSOLETE_local: false peers { permanent_uuid: "8b3d23f60d6746e5b52fc799f964bf7a" member_type: VOTER last_known_addr { host: "127.0.107.129" port: 35251 } } peers { permanent_uuid: "febfd6ab8383479fbed5591c1f163f8a" member_type: VOTER last_known_addr { host: "127.0.107.130" port: 43829 } } peers { permanent_uuid: "fe56c01ed8bd493fb16386bc7788d12d" member_type: VOTER last_known_addr { host: "127.0.107.131" port: 35453 } }
I20260709 12:59:33.690886   564 raft_consensus.cc:3060] T b785b9dc055f42ac812e2bc285203aca P 8b3d23f60d6746e5b52fc799f964bf7a [term 1 FOLLOWER]: Advancing to term 2
I20260709 12:59:33.692118   782 raft_consensus.cc:993] T 08689662ab824b2986eea00921bba052 P febfd6ab8383479fbed5591c1f163f8a: : Instructing follower 8b3d23f60d6746e5b52fc799f964bf7a to start an election
I20260709 12:59:33.692739   782 raft_consensus.cc:1081] T 08689662ab824b2986eea00921bba052 P febfd6ab8383479fbed5591c1f163f8a [term 1 LEADER]: Signalling peer 8b3d23f60d6746e5b52fc799f964bf7a to start an election
I20260709 12:59:33.694923   565 tablet_service.cc:2044] Received Run Leader Election RPC: tablet_id: "08689662ab824b2986eea00921bba052"
dest_uuid: "8b3d23f60d6746e5b52fc799f964bf7a"
 from {username='slave'} at 127.0.0.1:46668
I20260709 12:59:33.695463   565 raft_consensus.cc:493] T 08689662ab824b2986eea00921bba052 P 8b3d23f60d6746e5b52fc799f964bf7a [term 1 FOLLOWER]: Starting forced leader election (received explicit request)
I20260709 12:59:33.695796   565 raft_consensus.cc:3060] T 08689662ab824b2986eea00921bba052 P 8b3d23f60d6746e5b52fc799f964bf7a [term 1 FOLLOWER]: Advancing to term 2
I20260709 12:59:33.696851   713 raft_consensus.cc:2468] T b785b9dc055f42ac812e2bc285203aca P fe56c01ed8bd493fb16386bc7788d12d [term 2 FOLLOWER]: Leader election vote request: Granting yes vote for candidate febfd6ab8383479fbed5591c1f163f8a in term 2.
I20260709 12:59:33.697962   640 leader_election.cc:290] T b785b9dc055f42ac812e2bc285203aca P febfd6ab8383479fbed5591c1f163f8a [CANDIDATE]: Term 2 election: Requested vote from peers 8b3d23f60d6746e5b52fc799f964bf7a (127.0.107.129:35251), fe56c01ed8bd493fb16386bc7788d12d (127.0.107.131:35453)
I20260709 12:59:33.698290   606 leader_election.cc:304] T b785b9dc055f42ac812e2bc285203aca P febfd6ab8383479fbed5591c1f163f8a [CANDIDATE]: Term 2 election: Election decided. Result: candidate won. Election summary: received 2 responses out of 3 voters: 2 yes votes; 0 no votes. yes voters: fe56c01ed8bd493fb16386bc7788d12d, febfd6ab8383479fbed5591c1f163f8a; no voters: 
I20260709 12:59:33.697628   564 raft_consensus.cc:2468] T b785b9dc055f42ac812e2bc285203aca P 8b3d23f60d6746e5b52fc799f964bf7a [term 2 FOLLOWER]: Leader election vote request: Granting yes vote for candidate febfd6ab8383479fbed5591c1f163f8a in term 2.
I20260709 12:59:33.699493   832 raft_consensus.cc:2804] T b785b9dc055f42ac812e2bc285203aca P febfd6ab8383479fbed5591c1f163f8a [term 2 FOLLOWER]: Leader election won for term 2
I20260709 12:59:33.699971   832 raft_consensus.cc:697] T b785b9dc055f42ac812e2bc285203aca P febfd6ab8383479fbed5591c1f163f8a [term 2 LEADER]: Becoming Leader. State: Replica: febfd6ab8383479fbed5591c1f163f8a, State: Running, Role: LEADER
I20260709 12:59:33.700745   832 consensus_queue.cc:237] T b785b9dc055f42ac812e2bc285203aca P febfd6ab8383479fbed5591c1f163f8a [LEADER]: Queue going to LEADER mode. State: All replicated index: 0, Majority replicated index: 1, Committed index: 1, Last appended: 1.1, Last appended by leader: 1, Current term: 2, Majority size: 2, State: 0, Mode: LEADER, active raft config: opid_index: -1 OBSOLETE_local: false peers { permanent_uuid: "8b3d23f60d6746e5b52fc799f964bf7a" member_type: VOTER last_known_addr { host: "127.0.107.129" port: 35251 } } peers { permanent_uuid: "febfd6ab8383479fbed5591c1f163f8a" member_type: VOTER last_known_addr { host: "127.0.107.130" port: 43829 } } peers { permanent_uuid: "fe56c01ed8bd493fb16386bc7788d12d" member_type: VOTER last_known_addr { host: "127.0.107.131" port: 35453 } }
I20260709 12:59:33.703562   565 raft_consensus.cc:515] T 08689662ab824b2986eea00921bba052 P 8b3d23f60d6746e5b52fc799f964bf7a [term 2 FOLLOWER]: Starting forced leader election with config: opid_index: -1 OBSOLETE_local: false peers { permanent_uuid: "8b3d23f60d6746e5b52fc799f964bf7a" member_type: VOTER last_known_addr { host: "127.0.107.129" port: 35251 } } peers { permanent_uuid: "febfd6ab8383479fbed5591c1f163f8a" member_type: VOTER last_known_addr { host: "127.0.107.130" port: 43829 } } peers { permanent_uuid: "fe56c01ed8bd493fb16386bc7788d12d" member_type: VOTER last_known_addr { host: "127.0.107.131" port: 35453 } }
I20260709 12:59:33.706192   640 tablet_service.cc:1917] Received RequestConsensusVote() RPC: tablet_id: "08689662ab824b2986eea00921bba052" candidate_uuid: "8b3d23f60d6746e5b52fc799f964bf7a" candidate_term: 2 candidate_status { last_received { term: 1 index: 1 } } ignore_live_leader: true dest_uuid: "febfd6ab8383479fbed5591c1f163f8a"
I20260709 12:59:33.706755   640 raft_consensus.cc:3055] T 08689662ab824b2986eea00921bba052 P febfd6ab8383479fbed5591c1f163f8a [term 1 LEADER]: Stepping down as leader of term 1
I20260709 12:59:33.707108   565 leader_election.cc:290] T 08689662ab824b2986eea00921bba052 P 8b3d23f60d6746e5b52fc799f964bf7a [CANDIDATE]: Term 2 election: Requested vote from peers febfd6ab8383479fbed5591c1f163f8a (127.0.107.130:43829), fe56c01ed8bd493fb16386bc7788d12d (127.0.107.131:35453)
I20260709 12:59:33.707108   640 raft_consensus.cc:740] T 08689662ab824b2986eea00921bba052 P febfd6ab8383479fbed5591c1f163f8a [term 1 LEADER]: Becoming Follower/Learner. State: Replica: febfd6ab8383479fbed5591c1f163f8a, State: Running, Role: LEADER
I20260709 12:59:33.706633   713 tablet_service.cc:1917] Received RequestConsensusVote() RPC: tablet_id: "08689662ab824b2986eea00921bba052" candidate_uuid: "8b3d23f60d6746e5b52fc799f964bf7a" candidate_term: 2 candidate_status { last_received { term: 1 index: 1 } } ignore_live_leader: true dest_uuid: "fe56c01ed8bd493fb16386bc7788d12d"
I20260709 12:59:33.708112   713 raft_consensus.cc:3060] T 08689662ab824b2986eea00921bba052 P fe56c01ed8bd493fb16386bc7788d12d [term 1 FOLLOWER]: Advancing to term 2
I20260709 12:59:33.709599   459 catalog_manager.cc:5697] T b785b9dc055f42ac812e2bc285203aca P febfd6ab8383479fbed5591c1f163f8a reported cstate change: term changed from 1 to 2, leader changed from 8b3d23f60d6746e5b52fc799f964bf7a (127.0.107.129) to febfd6ab8383479fbed5591c1f163f8a (127.0.107.130). New cstate: current_term: 2 leader_uuid: "febfd6ab8383479fbed5591c1f163f8a" committed_config { opid_index: -1 OBSOLETE_local: false peers { permanent_uuid: "8b3d23f60d6746e5b52fc799f964bf7a" member_type: VOTER last_known_addr { host: "127.0.107.129" port: 35251 } health_report { overall_health: UNKNOWN } } peers { permanent_uuid: "febfd6ab8383479fbed5591c1f163f8a" member_type: VOTER last_known_addr { host: "127.0.107.130" port: 43829 } health_report { overall_health: HEALTHY } } peers { permanent_uuid: "fe56c01ed8bd493fb16386bc7788d12d" member_type: VOTER last_known_addr { host: "127.0.107.131" port: 35453 } health_report { overall_health: UNKNOWN } } }
I20260709 12:59:33.712049   640 consensus_queue.cc:260] T 08689662ab824b2986eea00921bba052 P febfd6ab8383479fbed5591c1f163f8a [NON_LEADER]: Queue going to NON_LEADER mode. State: All replicated index: 0, Majority replicated index: 1, Committed index: 1, Last appended: 1.1, Last appended by leader: 1, Current term: 1, Majority size: -1, State: 0, Mode: NON_LEADER, active raft config: opid_index: -1 OBSOLETE_local: false peers { permanent_uuid: "8b3d23f60d6746e5b52fc799f964bf7a" member_type: VOTER last_known_addr { host: "127.0.107.129" port: 35251 } } peers { permanent_uuid: "febfd6ab8383479fbed5591c1f163f8a" member_type: VOTER last_known_addr { host: "127.0.107.130" port: 43829 } } peers { permanent_uuid: "fe56c01ed8bd493fb16386bc7788d12d" member_type: VOTER last_known_addr { host: "127.0.107.131" port: 35453 } }
I20260709 12:59:33.713271   640 raft_consensus.cc:3060] T 08689662ab824b2986eea00921bba052 P febfd6ab8383479fbed5591c1f163f8a [term 1 FOLLOWER]: Advancing to term 2
I20260709 12:59:33.714119   713 raft_consensus.cc:2468] T 08689662ab824b2986eea00921bba052 P fe56c01ed8bd493fb16386bc7788d12d [term 2 FOLLOWER]: Leader election vote request: Granting yes vote for candidate 8b3d23f60d6746e5b52fc799f964bf7a in term 2.
I20260709 12:59:33.715291   531 leader_election.cc:304] T 08689662ab824b2986eea00921bba052 P 8b3d23f60d6746e5b52fc799f964bf7a [CANDIDATE]: Term 2 election: Election decided. Result: candidate won. Election summary: received 2 responses out of 3 voters: 2 yes votes; 0 no votes. yes voters: 8b3d23f60d6746e5b52fc799f964bf7a, fe56c01ed8bd493fb16386bc7788d12d; no voters: 
I20260709 12:59:33.716157   809 raft_consensus.cc:2804] T 08689662ab824b2986eea00921bba052 P 8b3d23f60d6746e5b52fc799f964bf7a [term 2 FOLLOWER]: Leader election won for term 2
I20260709 12:59:33.716728   809 raft_consensus.cc:697] T 08689662ab824b2986eea00921bba052 P 8b3d23f60d6746e5b52fc799f964bf7a [term 2 LEADER]: Becoming Leader. State: Replica: 8b3d23f60d6746e5b52fc799f964bf7a, State: Running, Role: LEADER
I20260709 12:59:33.717500   809 consensus_queue.cc:237] T 08689662ab824b2986eea00921bba052 P 8b3d23f60d6746e5b52fc799f964bf7a [LEADER]: Queue going to LEADER mode. State: All replicated index: 0, Majority replicated index: 1, Committed index: 1, Last appended: 1.1, Last appended by leader: 1, Current term: 2, Majority size: 2, State: 0, Mode: LEADER, active raft config: opid_index: -1 OBSOLETE_local: false peers { permanent_uuid: "8b3d23f60d6746e5b52fc799f964bf7a" member_type: VOTER last_known_addr { host: "127.0.107.129" port: 35251 } } peers { permanent_uuid: "febfd6ab8383479fbed5591c1f163f8a" member_type: VOTER last_known_addr { host: "127.0.107.130" port: 43829 } } peers { permanent_uuid: "fe56c01ed8bd493fb16386bc7788d12d" member_type: VOTER last_known_addr { host: "127.0.107.131" port: 35453 } }
I20260709 12:59:33.720835   640 raft_consensus.cc:2468] T 08689662ab824b2986eea00921bba052 P febfd6ab8383479fbed5591c1f163f8a [term 2 FOLLOWER]: Leader election vote request: Granting yes vote for candidate 8b3d23f60d6746e5b52fc799f964bf7a in term 2.
I20260709 12:59:33.725103   459 catalog_manager.cc:5697] T 08689662ab824b2986eea00921bba052 P 8b3d23f60d6746e5b52fc799f964bf7a reported cstate change: term changed from 1 to 2, leader changed from febfd6ab8383479fbed5591c1f163f8a (127.0.107.130) to 8b3d23f60d6746e5b52fc799f964bf7a (127.0.107.129). New cstate: current_term: 2 leader_uuid: "8b3d23f60d6746e5b52fc799f964bf7a" committed_config { opid_index: -1 OBSOLETE_local: false peers { permanent_uuid: "8b3d23f60d6746e5b52fc799f964bf7a" member_type: VOTER last_known_addr { host: "127.0.107.129" port: 35251 } health_report { overall_health: HEALTHY } } peers { permanent_uuid: "febfd6ab8383479fbed5591c1f163f8a" member_type: VOTER last_known_addr { host: "127.0.107.130" port: 43829 } health_report { overall_health: UNKNOWN } } peers { permanent_uuid: "fe56c01ed8bd493fb16386bc7788d12d" member_type: VOTER last_known_addr { host: "127.0.107.131" port: 35453 } health_report { overall_health: UNKNOWN } } }
I20260709 12:59:33.741142   763 raft_consensus.cc:993] T 9180566ec79941fa8b6dad86794f0cef P fe56c01ed8bd493fb16386bc7788d12d: : Instructing follower 8b3d23f60d6746e5b52fc799f964bf7a to start an election
I20260709 12:59:33.741559   781 raft_consensus.cc:1081] T 9180566ec79941fa8b6dad86794f0cef P fe56c01ed8bd493fb16386bc7788d12d [term 1 LEADER]: Signalling peer 8b3d23f60d6746e5b52fc799f964bf7a to start an election
I20260709 12:59:33.742930   565 tablet_service.cc:2044] Received Run Leader Election RPC: tablet_id: "9180566ec79941fa8b6dad86794f0cef"
dest_uuid: "8b3d23f60d6746e5b52fc799f964bf7a"
 from {username='slave'} at 127.0.0.1:46664
I20260709 12:59:33.743342   565 raft_consensus.cc:493] T 9180566ec79941fa8b6dad86794f0cef P 8b3d23f60d6746e5b52fc799f964bf7a [term 1 FOLLOWER]: Starting forced leader election (received explicit request)
I20260709 12:59:33.743677   565 raft_consensus.cc:3060] T 9180566ec79941fa8b6dad86794f0cef P 8b3d23f60d6746e5b52fc799f964bf7a [term 1 FOLLOWER]: Advancing to term 2
I20260709 12:59:33.747893   565 raft_consensus.cc:515] T 9180566ec79941fa8b6dad86794f0cef P 8b3d23f60d6746e5b52fc799f964bf7a [term 2 FOLLOWER]: Starting forced leader election with config: opid_index: -1 OBSOLETE_local: false peers { permanent_uuid: "8b3d23f60d6746e5b52fc799f964bf7a" member_type: VOTER last_known_addr { host: "127.0.107.129" port: 35251 } } peers { permanent_uuid: "febfd6ab8383479fbed5591c1f163f8a" member_type: VOTER last_known_addr { host: "127.0.107.130" port: 43829 } } peers { permanent_uuid: "fe56c01ed8bd493fb16386bc7788d12d" member_type: VOTER last_known_addr { host: "127.0.107.131" port: 35453 } }
I20260709 12:59:33.749773   565 leader_election.cc:290] T 9180566ec79941fa8b6dad86794f0cef P 8b3d23f60d6746e5b52fc799f964bf7a [CANDIDATE]: Term 2 election: Requested vote from peers febfd6ab8383479fbed5591c1f163f8a (127.0.107.130:43829), fe56c01ed8bd493fb16386bc7788d12d (127.0.107.131:35453)
I20260709 12:59:33.750728   640 tablet_service.cc:1917] Received RequestConsensusVote() RPC: tablet_id: "9180566ec79941fa8b6dad86794f0cef" candidate_uuid: "8b3d23f60d6746e5b52fc799f964bf7a" candidate_term: 2 candidate_status { last_received { term: 1 index: 1 } } ignore_live_leader: true dest_uuid: "febfd6ab8383479fbed5591c1f163f8a"
I20260709 12:59:33.751091   713 tablet_service.cc:1917] Received RequestConsensusVote() RPC: tablet_id: "9180566ec79941fa8b6dad86794f0cef" candidate_uuid: "8b3d23f60d6746e5b52fc799f964bf7a" candidate_term: 2 candidate_status { last_received { term: 1 index: 1 } } ignore_live_leader: true dest_uuid: "fe56c01ed8bd493fb16386bc7788d12d"
I20260709 12:59:33.751307   640 raft_consensus.cc:3060] T 9180566ec79941fa8b6dad86794f0cef P febfd6ab8383479fbed5591c1f163f8a [term 1 FOLLOWER]: Advancing to term 2
I20260709 12:59:33.751704   713 raft_consensus.cc:3055] T 9180566ec79941fa8b6dad86794f0cef P fe56c01ed8bd493fb16386bc7788d12d [term 1 LEADER]: Stepping down as leader of term 1
I20260709 12:59:33.751989   713 raft_consensus.cc:740] T 9180566ec79941fa8b6dad86794f0cef P fe56c01ed8bd493fb16386bc7788d12d [term 1 LEADER]: Becoming Follower/Learner. State: Replica: fe56c01ed8bd493fb16386bc7788d12d, State: Running, Role: LEADER
I20260709 12:59:33.752651   713 consensus_queue.cc:260] T 9180566ec79941fa8b6dad86794f0cef P fe56c01ed8bd493fb16386bc7788d12d [NON_LEADER]: Queue going to NON_LEADER mode. State: All replicated index: 0, Majority replicated index: 1, Committed index: 1, Last appended: 1.1, Last appended by leader: 1, Current term: 1, Majority size: -1, State: 0, Mode: NON_LEADER, active raft config: opid_index: -1 OBSOLETE_local: false peers { permanent_uuid: "8b3d23f60d6746e5b52fc799f964bf7a" member_type: VOTER last_known_addr { host: "127.0.107.129" port: 35251 } } peers { permanent_uuid: "febfd6ab8383479fbed5591c1f163f8a" member_type: VOTER last_known_addr { host: "127.0.107.130" port: 43829 } } peers { permanent_uuid: "fe56c01ed8bd493fb16386bc7788d12d" member_type: VOTER last_known_addr { host: "127.0.107.131" port: 35453 } }
I20260709 12:59:33.753494   713 raft_consensus.cc:3060] T 9180566ec79941fa8b6dad86794f0cef P fe56c01ed8bd493fb16386bc7788d12d [term 1 FOLLOWER]: Advancing to term 2
I20260709 12:59:33.757727   640 raft_consensus.cc:2468] T 9180566ec79941fa8b6dad86794f0cef P febfd6ab8383479fbed5591c1f163f8a [term 2 FOLLOWER]: Leader election vote request: Granting yes vote for candidate 8b3d23f60d6746e5b52fc799f964bf7a in term 2.
I20260709 12:59:33.758631   713 raft_consensus.cc:2468] T 9180566ec79941fa8b6dad86794f0cef P fe56c01ed8bd493fb16386bc7788d12d [term 2 FOLLOWER]: Leader election vote request: Granting yes vote for candidate 8b3d23f60d6746e5b52fc799f964bf7a in term 2.
I20260709 12:59:33.758806   528 leader_election.cc:304] T 9180566ec79941fa8b6dad86794f0cef P 8b3d23f60d6746e5b52fc799f964bf7a [CANDIDATE]: Term 2 election: Election decided. Result: candidate won. Election summary: received 2 responses out of 3 voters: 2 yes votes; 0 no votes. yes voters: 8b3d23f60d6746e5b52fc799f964bf7a, febfd6ab8383479fbed5591c1f163f8a; no voters: 
I20260709 12:59:33.759696   809 raft_consensus.cc:2804] T 9180566ec79941fa8b6dad86794f0cef P 8b3d23f60d6746e5b52fc799f964bf7a [term 2 FOLLOWER]: Leader election won for term 2
I20260709 12:59:33.760160   809 raft_consensus.cc:697] T 9180566ec79941fa8b6dad86794f0cef P 8b3d23f60d6746e5b52fc799f964bf7a [term 2 LEADER]: Becoming Leader. State: Replica: 8b3d23f60d6746e5b52fc799f964bf7a, State: Running, Role: LEADER
I20260709 12:59:33.760916   809 consensus_queue.cc:237] T 9180566ec79941fa8b6dad86794f0cef P 8b3d23f60d6746e5b52fc799f964bf7a [LEADER]: Queue going to LEADER mode. State: All replicated index: 0, Majority replicated index: 1, Committed index: 1, Last appended: 1.1, Last appended by leader: 1, Current term: 2, Majority size: 2, State: 0, Mode: LEADER, active raft config: opid_index: -1 OBSOLETE_local: false peers { permanent_uuid: "8b3d23f60d6746e5b52fc799f964bf7a" member_type: VOTER last_known_addr { host: "127.0.107.129" port: 35251 } } peers { permanent_uuid: "febfd6ab8383479fbed5591c1f163f8a" member_type: VOTER last_known_addr { host: "127.0.107.130" port: 43829 } } peers { permanent_uuid: "fe56c01ed8bd493fb16386bc7788d12d" member_type: VOTER last_known_addr { host: "127.0.107.131" port: 35453 } }
I20260709 12:59:33.768515   459 catalog_manager.cc:5697] T 9180566ec79941fa8b6dad86794f0cef P 8b3d23f60d6746e5b52fc799f964bf7a reported cstate change: term changed from 1 to 2, leader changed from fe56c01ed8bd493fb16386bc7788d12d (127.0.107.131) to 8b3d23f60d6746e5b52fc799f964bf7a (127.0.107.129). New cstate: current_term: 2 leader_uuid: "8b3d23f60d6746e5b52fc799f964bf7a" committed_config { opid_index: -1 OBSOLETE_local: false peers { permanent_uuid: "8b3d23f60d6746e5b52fc799f964bf7a" member_type: VOTER last_known_addr { host: "127.0.107.129" port: 35251 } health_report { overall_health: HEALTHY } } peers { permanent_uuid: "febfd6ab8383479fbed5591c1f163f8a" member_type: VOTER last_known_addr { host: "127.0.107.130" port: 43829 } health_report { overall_health: UNKNOWN } } peers { permanent_uuid: "fe56c01ed8bd493fb16386bc7788d12d" member_type: VOTER last_known_addr { host: "127.0.107.131" port: 35453 } health_report { overall_health: UNKNOWN } } }
I20260709 12:59:33.871369   765 raft_consensus.cc:993] T 3452ab3dbfc1464899a830ac4a4acf4e P febfd6ab8383479fbed5591c1f163f8a: : Instructing follower 8b3d23f60d6746e5b52fc799f964bf7a to start an election
I20260709 12:59:33.871887   832 raft_consensus.cc:1081] T 3452ab3dbfc1464899a830ac4a4acf4e P febfd6ab8383479fbed5591c1f163f8a [term 1 LEADER]: Signalling peer 8b3d23f60d6746e5b52fc799f964bf7a to start an election
I20260709 12:59:33.873533   565 tablet_service.cc:2044] Received Run Leader Election RPC: tablet_id: "3452ab3dbfc1464899a830ac4a4acf4e"
dest_uuid: "8b3d23f60d6746e5b52fc799f964bf7a"
 from {username='slave'} at 127.0.0.1:46668
I20260709 12:59:33.874084   565 raft_consensus.cc:493] T 3452ab3dbfc1464899a830ac4a4acf4e P 8b3d23f60d6746e5b52fc799f964bf7a [term 1 FOLLOWER]: Starting forced leader election (received explicit request)
I20260709 12:59:33.874488   565 raft_consensus.cc:3060] T 3452ab3dbfc1464899a830ac4a4acf4e P 8b3d23f60d6746e5b52fc799f964bf7a [term 1 FOLLOWER]: Advancing to term 2
I20260709 12:59:33.878806   565 raft_consensus.cc:515] T 3452ab3dbfc1464899a830ac4a4acf4e P 8b3d23f60d6746e5b52fc799f964bf7a [term 2 FOLLOWER]: Starting forced leader election with config: opid_index: -1 OBSOLETE_local: false peers { permanent_uuid: "8b3d23f60d6746e5b52fc799f964bf7a" member_type: VOTER last_known_addr { host: "127.0.107.129" port: 35251 } } peers { permanent_uuid: "febfd6ab8383479fbed5591c1f163f8a" member_type: VOTER last_known_addr { host: "127.0.107.130" port: 43829 } } peers { permanent_uuid: "fe56c01ed8bd493fb16386bc7788d12d" member_type: VOTER last_known_addr { host: "127.0.107.131" port: 35453 } }
I20260709 12:59:33.880831   565 leader_election.cc:290] T 3452ab3dbfc1464899a830ac4a4acf4e P 8b3d23f60d6746e5b52fc799f964bf7a [CANDIDATE]: Term 2 election: Requested vote from peers febfd6ab8383479fbed5591c1f163f8a (127.0.107.130:43829), fe56c01ed8bd493fb16386bc7788d12d (127.0.107.131:35453)
I20260709 12:59:33.881738   640 tablet_service.cc:1917] Received RequestConsensusVote() RPC: tablet_id: "3452ab3dbfc1464899a830ac4a4acf4e" candidate_uuid: "8b3d23f60d6746e5b52fc799f964bf7a" candidate_term: 2 candidate_status { last_received { term: 1 index: 1 } } ignore_live_leader: true dest_uuid: "febfd6ab8383479fbed5591c1f163f8a"
I20260709 12:59:33.881888   713 tablet_service.cc:1917] Received RequestConsensusVote() RPC: tablet_id: "3452ab3dbfc1464899a830ac4a4acf4e" candidate_uuid: "8b3d23f60d6746e5b52fc799f964bf7a" candidate_term: 2 candidate_status { last_received { term: 1 index: 1 } } ignore_live_leader: true dest_uuid: "fe56c01ed8bd493fb16386bc7788d12d"
I20260709 12:59:33.882313   640 raft_consensus.cc:3055] T 3452ab3dbfc1464899a830ac4a4acf4e P febfd6ab8383479fbed5591c1f163f8a [term 1 LEADER]: Stepping down as leader of term 1
I20260709 12:59:33.882441   713 raft_consensus.cc:3060] T 3452ab3dbfc1464899a830ac4a4acf4e P fe56c01ed8bd493fb16386bc7788d12d [term 1 FOLLOWER]: Advancing to term 2
I20260709 12:59:33.882658   640 raft_consensus.cc:740] T 3452ab3dbfc1464899a830ac4a4acf4e P febfd6ab8383479fbed5591c1f163f8a [term 1 LEADER]: Becoming Follower/Learner. State: Replica: febfd6ab8383479fbed5591c1f163f8a, State: Running, Role: LEADER
I20260709 12:59:33.883592   640 consensus_queue.cc:260] T 3452ab3dbfc1464899a830ac4a4acf4e P febfd6ab8383479fbed5591c1f163f8a [NON_LEADER]: Queue going to NON_LEADER mode. State: All replicated index: 0, Majority replicated index: 1, Committed index: 1, Last appended: 1.1, Last appended by leader: 1, Current term: 1, Majority size: -1, State: 0, Mode: NON_LEADER, active raft config: opid_index: -1 OBSOLETE_local: false peers { permanent_uuid: "8b3d23f60d6746e5b52fc799f964bf7a" member_type: VOTER last_known_addr { host: "127.0.107.129" port: 35251 } } peers { permanent_uuid: "febfd6ab8383479fbed5591c1f163f8a" member_type: VOTER last_known_addr { host: "127.0.107.130" port: 43829 } } peers { permanent_uuid: "fe56c01ed8bd493fb16386bc7788d12d" member_type: VOTER last_known_addr { host: "127.0.107.131" port: 35453 } }
I20260709 12:59:33.884723   640 raft_consensus.cc:3060] T 3452ab3dbfc1464899a830ac4a4acf4e P febfd6ab8383479fbed5591c1f163f8a [term 1 FOLLOWER]: Advancing to term 2
I20260709 12:59:33.887708   713 raft_consensus.cc:2468] T 3452ab3dbfc1464899a830ac4a4acf4e P fe56c01ed8bd493fb16386bc7788d12d [term 2 FOLLOWER]: Leader election vote request: Granting yes vote for candidate 8b3d23f60d6746e5b52fc799f964bf7a in term 2.
I20260709 12:59:33.888846   531 leader_election.cc:304] T 3452ab3dbfc1464899a830ac4a4acf4e P 8b3d23f60d6746e5b52fc799f964bf7a [CANDIDATE]: Term 2 election: Election decided. Result: candidate won. Election summary: received 2 responses out of 3 voters: 2 yes votes; 0 no votes. yes voters: 8b3d23f60d6746e5b52fc799f964bf7a, fe56c01ed8bd493fb16386bc7788d12d; no voters: 
I20260709 12:59:33.889809   809 raft_consensus.cc:2804] T 3452ab3dbfc1464899a830ac4a4acf4e P 8b3d23f60d6746e5b52fc799f964bf7a [term 2 FOLLOWER]: Leader election won for term 2
I20260709 12:59:33.890256   809 raft_consensus.cc:697] T 3452ab3dbfc1464899a830ac4a4acf4e P 8b3d23f60d6746e5b52fc799f964bf7a [term 2 LEADER]: Becoming Leader. State: Replica: 8b3d23f60d6746e5b52fc799f964bf7a, State: Running, Role: LEADER
I20260709 12:59:33.891004   809 consensus_queue.cc:237] T 3452ab3dbfc1464899a830ac4a4acf4e P 8b3d23f60d6746e5b52fc799f964bf7a [LEADER]: Queue going to LEADER mode. State: All replicated index: 0, Majority replicated index: 1, Committed index: 1, Last appended: 1.1, Last appended by leader: 1, Current term: 2, Majority size: 2, State: 0, Mode: LEADER, active raft config: opid_index: -1 OBSOLETE_local: false peers { permanent_uuid: "8b3d23f60d6746e5b52fc799f964bf7a" member_type: VOTER last_known_addr { host: "127.0.107.129" port: 35251 } } peers { permanent_uuid: "febfd6ab8383479fbed5591c1f163f8a" member_type: VOTER last_known_addr { host: "127.0.107.130" port: 43829 } } peers { permanent_uuid: "fe56c01ed8bd493fb16386bc7788d12d" member_type: VOTER last_known_addr { host: "127.0.107.131" port: 35453 } }
I20260709 12:59:33.892234   640 raft_consensus.cc:2468] T 3452ab3dbfc1464899a830ac4a4acf4e P febfd6ab8383479fbed5591c1f163f8a [term 2 FOLLOWER]: Leader election vote request: Granting yes vote for candidate 8b3d23f60d6746e5b52fc799f964bf7a in term 2.
I20260709 12:59:33.898485   459 catalog_manager.cc:5697] T 3452ab3dbfc1464899a830ac4a4acf4e P 8b3d23f60d6746e5b52fc799f964bf7a reported cstate change: term changed from 1 to 2, leader changed from febfd6ab8383479fbed5591c1f163f8a (127.0.107.130) to 8b3d23f60d6746e5b52fc799f964bf7a (127.0.107.129). New cstate: current_term: 2 leader_uuid: "8b3d23f60d6746e5b52fc799f964bf7a" committed_config { opid_index: -1 OBSOLETE_local: false peers { permanent_uuid: "8b3d23f60d6746e5b52fc799f964bf7a" member_type: VOTER last_known_addr { host: "127.0.107.129" port: 35251 } health_report { overall_health: HEALTHY } } peers { permanent_uuid: "febfd6ab8383479fbed5591c1f163f8a" member_type: VOTER last_known_addr { host: "127.0.107.130" port: 43829 } health_report { overall_health: UNKNOWN } } peers { permanent_uuid: "fe56c01ed8bd493fb16386bc7788d12d" member_type: VOTER last_known_addr { host: "127.0.107.131" port: 35453 } health_report { overall_health: UNKNOWN } } }
I20260709 12:59:33.899870   565 raft_consensus.cc:1275] T a90536cc45b24877817ac362df08ed23 P 8b3d23f60d6746e5b52fc799f964bf7a [term 2 FOLLOWER]: Refusing update from remote peer febfd6ab8383479fbed5591c1f163f8a: Log matching property violated. Preceding OpId in replica: term: 1 index: 1. Preceding OpId from leader: term: 2 index: 2. (index mismatch)
I20260709 12:59:33.901185   832 consensus_queue.cc:1048] T a90536cc45b24877817ac362df08ed23 P febfd6ab8383479fbed5591c1f163f8a [LEADER]: Connected to new peer: Peer: permanent_uuid: "8b3d23f60d6746e5b52fc799f964bf7a" member_type: VOTER last_known_addr { host: "127.0.107.129" port: 35251 }, Status: LMP_MISMATCH, Last received: 0.0, Next index: 2, Last known committed idx: 1, Time since last communication: 0.000s
I20260709 12:59:33.911509   713 raft_consensus.cc:1275] T a90536cc45b24877817ac362df08ed23 P fe56c01ed8bd493fb16386bc7788d12d [term 2 FOLLOWER]: Refusing update from remote peer febfd6ab8383479fbed5591c1f163f8a: Log matching property violated. Preceding OpId in replica: term: 1 index: 1. Preceding OpId from leader: term: 2 index: 2. (index mismatch)
I20260709 12:59:33.912880   765 consensus_queue.cc:1048] T a90536cc45b24877817ac362df08ed23 P febfd6ab8383479fbed5591c1f163f8a [LEADER]: Connected to new peer: Peer: permanent_uuid: "fe56c01ed8bd493fb16386bc7788d12d" member_type: VOTER last_known_addr { host: "127.0.107.131" port: 35453 }, Status: LMP_MISMATCH, Last received: 0.0, Next index: 2, Last known committed idx: 1, Time since last communication: 0.000s
I20260709 12:59:33.929734   565 raft_consensus.cc:1275] T eab57531d0314db387a141a8180a111e P 8b3d23f60d6746e5b52fc799f964bf7a [term 2 FOLLOWER]: Refusing update from remote peer febfd6ab8383479fbed5591c1f163f8a: Log matching property violated. Preceding OpId in replica: term: 1 index: 1. Preceding OpId from leader: term: 2 index: 2. (index mismatch)
I20260709 12:59:33.931135   765 consensus_queue.cc:1048] T eab57531d0314db387a141a8180a111e P febfd6ab8383479fbed5591c1f163f8a [LEADER]: Connected to new peer: Peer: permanent_uuid: "8b3d23f60d6746e5b52fc799f964bf7a" member_type: VOTER last_known_addr { host: "127.0.107.129" port: 35251 }, Status: LMP_MISMATCH, Last received: 0.0, Next index: 2, Last known committed idx: 1, Time since last communication: 0.000s
I20260709 12:59:33.938848   713 raft_consensus.cc:1275] T eab57531d0314db387a141a8180a111e P fe56c01ed8bd493fb16386bc7788d12d [term 2 FOLLOWER]: Refusing update from remote peer febfd6ab8383479fbed5591c1f163f8a: Log matching property violated. Preceding OpId in replica: term: 1 index: 1. Preceding OpId from leader: term: 2 index: 2. (index mismatch)
I20260709 12:59:33.940248   765 consensus_queue.cc:1048] T eab57531d0314db387a141a8180a111e P febfd6ab8383479fbed5591c1f163f8a [LEADER]: Connected to new peer: Peer: permanent_uuid: "fe56c01ed8bd493fb16386bc7788d12d" member_type: VOTER last_known_addr { host: "127.0.107.131" port: 35453 }, Status: LMP_MISMATCH, Last received: 0.0, Next index: 2, Last known committed idx: 1, Time since last communication: 0.000s
I20260709 12:59:34.045933   713 raft_consensus.cc:1275] T 7adb65f8c6f14f3cba488babb397ed19 P fe56c01ed8bd493fb16386bc7788d12d [term 2 FOLLOWER]: Refusing update from remote peer 8b3d23f60d6746e5b52fc799f964bf7a: Log matching property violated. Preceding OpId in replica: term: 1 index: 1. Preceding OpId from leader: term: 2 index: 2. (index mismatch)
I20260709 12:59:34.047677   809 consensus_queue.cc:1048] T 7adb65f8c6f14f3cba488babb397ed19 P 8b3d23f60d6746e5b52fc799f964bf7a [LEADER]: Connected to new peer: Peer: permanent_uuid: "fe56c01ed8bd493fb16386bc7788d12d" member_type: VOTER last_known_addr { host: "127.0.107.131" port: 35453 }, Status: LMP_MISMATCH, Last received: 0.0, Next index: 2, Last known committed idx: 1, Time since last communication: 0.000s
I20260709 12:59:34.060281   640 raft_consensus.cc:1275] T 7adb65f8c6f14f3cba488babb397ed19 P febfd6ab8383479fbed5591c1f163f8a [term 2 FOLLOWER]: Refusing update from remote peer 8b3d23f60d6746e5b52fc799f964bf7a: Log matching property violated. Preceding OpId in replica: term: 1 index: 1. Preceding OpId from leader: term: 2 index: 2. (index mismatch)
I20260709 12:59:34.061565   815 consensus_queue.cc:1048] T 7adb65f8c6f14f3cba488babb397ed19 P 8b3d23f60d6746e5b52fc799f964bf7a [LEADER]: Connected to new peer: Peer: permanent_uuid: "febfd6ab8383479fbed5591c1f163f8a" member_type: VOTER last_known_addr { host: "127.0.107.130" port: 43829 }, Status: LMP_MISMATCH, Last received: 0.0, Next index: 2, Last known committed idx: 1, Time since last communication: 0.000s
I20260709 12:59:34.145306   713 raft_consensus.cc:1275] T 08689662ab824b2986eea00921bba052 P fe56c01ed8bd493fb16386bc7788d12d [term 2 FOLLOWER]: Refusing update from remote peer 8b3d23f60d6746e5b52fc799f964bf7a: Log matching property violated. Preceding OpId in replica: term: 1 index: 1. Preceding OpId from leader: term: 2 index: 2. (index mismatch)
I20260709 12:59:34.146595   815 consensus_queue.cc:1048] T 08689662ab824b2986eea00921bba052 P 8b3d23f60d6746e5b52fc799f964bf7a [LEADER]: Connected to new peer: Peer: permanent_uuid: "fe56c01ed8bd493fb16386bc7788d12d" member_type: VOTER last_known_addr { host: "127.0.107.131" port: 35453 }, Status: LMP_MISMATCH, Last received: 0.0, Next index: 2, Last known committed idx: 1, Time since last communication: 0.000s
I20260709 12:59:34.154868   640 raft_consensus.cc:1275] T 08689662ab824b2986eea00921bba052 P febfd6ab8383479fbed5591c1f163f8a [term 2 FOLLOWER]: Refusing update from remote peer 8b3d23f60d6746e5b52fc799f964bf7a: Log matching property violated. Preceding OpId in replica: term: 1 index: 1. Preceding OpId from leader: term: 2 index: 2. (index mismatch)
I20260709 12:59:34.156431   815 consensus_queue.cc:1048] T 08689662ab824b2986eea00921bba052 P 8b3d23f60d6746e5b52fc799f964bf7a [LEADER]: Connected to new peer: Peer: permanent_uuid: "febfd6ab8383479fbed5591c1f163f8a" member_type: VOTER last_known_addr { host: "127.0.107.130" port: 43829 }, Status: LMP_MISMATCH, Last received: 0.0, Next index: 2, Last known committed idx: 1, Time since last communication: 0.000s
I20260709 12:59:34.205515   713 raft_consensus.cc:1275] T 9180566ec79941fa8b6dad86794f0cef P fe56c01ed8bd493fb16386bc7788d12d [term 2 FOLLOWER]: Refusing update from remote peer 8b3d23f60d6746e5b52fc799f964bf7a: Log matching property violated. Preceding OpId in replica: term: 1 index: 1. Preceding OpId from leader: term: 2 index: 2. (index mismatch)
I20260709 12:59:34.206766   815 consensus_queue.cc:1048] T 9180566ec79941fa8b6dad86794f0cef P 8b3d23f60d6746e5b52fc799f964bf7a [LEADER]: Connected to new peer: Peer: permanent_uuid: "fe56c01ed8bd493fb16386bc7788d12d" member_type: VOTER last_known_addr { host: "127.0.107.131" port: 35453 }, Status: LMP_MISMATCH, Last received: 0.0, Next index: 2, Last known committed idx: 1, Time since last communication: 0.000s
I20260709 12:59:34.217866   565 raft_consensus.cc:1275] T b785b9dc055f42ac812e2bc285203aca P 8b3d23f60d6746e5b52fc799f964bf7a [term 2 FOLLOWER]: Refusing update from remote peer febfd6ab8383479fbed5591c1f163f8a: Log matching property violated. Preceding OpId in replica: term: 1 index: 1. Preceding OpId from leader: term: 2 index: 2. (index mismatch)
I20260709 12:59:34.218034   639 raft_consensus.cc:1275] T b2b25c52e9e5442a9b21789e2640ad7d P febfd6ab8383479fbed5591c1f163f8a [term 2 FOLLOWER]: Refusing update from remote peer fe56c01ed8bd493fb16386bc7788d12d: Log matching property violated. Preceding OpId in replica: term: 1 index: 1. Preceding OpId from leader: term: 2 index: 2. (index mismatch)
I20260709 12:59:34.219321   765 consensus_queue.cc:1048] T b785b9dc055f42ac812e2bc285203aca P febfd6ab8383479fbed5591c1f163f8a [LEADER]: Connected to new peer: Peer: permanent_uuid: "8b3d23f60d6746e5b52fc799f964bf7a" member_type: VOTER last_known_addr { host: "127.0.107.129" port: 35251 }, Status: LMP_MISMATCH, Last received: 0.0, Next index: 2, Last known committed idx: 1, Time since last communication: 0.000s
I20260709 12:59:34.219982   640 raft_consensus.cc:1275] T 9180566ec79941fa8b6dad86794f0cef P febfd6ab8383479fbed5591c1f163f8a [term 2 FOLLOWER]: Refusing update from remote peer 8b3d23f60d6746e5b52fc799f964bf7a: Log matching property violated. Preceding OpId in replica: term: 1 index: 1. Preceding OpId from leader: term: 2 index: 2. (index mismatch)
I20260709 12:59:34.220955   781 consensus_queue.cc:1048] T b2b25c52e9e5442a9b21789e2640ad7d P fe56c01ed8bd493fb16386bc7788d12d [LEADER]: Connected to new peer: Peer: permanent_uuid: "febfd6ab8383479fbed5591c1f163f8a" member_type: VOTER last_known_addr { host: "127.0.107.130" port: 43829 }, Status: LMP_MISMATCH, Last received: 0.0, Next index: 2, Last known committed idx: 1, Time since last communication: 0.000s
I20260709 12:59:34.222167   817 consensus_queue.cc:1048] T 9180566ec79941fa8b6dad86794f0cef P 8b3d23f60d6746e5b52fc799f964bf7a [LEADER]: Connected to new peer: Peer: permanent_uuid: "febfd6ab8383479fbed5591c1f163f8a" member_type: VOTER last_known_addr { host: "127.0.107.130" port: 43829 }, Status: LMP_MISMATCH, Last received: 0.0, Next index: 2, Last known committed idx: 1, Time since last communication: 0.000s
I20260709 12:59:34.230547   564 raft_consensus.cc:1275] T b2b25c52e9e5442a9b21789e2640ad7d P 8b3d23f60d6746e5b52fc799f964bf7a [term 2 FOLLOWER]: Refusing update from remote peer fe56c01ed8bd493fb16386bc7788d12d: Log matching property violated. Preceding OpId in replica: term: 1 index: 1. Preceding OpId from leader: term: 2 index: 2. (index mismatch)
I20260709 12:59:34.232350   781 consensus_queue.cc:1048] T b2b25c52e9e5442a9b21789e2640ad7d P fe56c01ed8bd493fb16386bc7788d12d [LEADER]: Connected to new peer: Peer: permanent_uuid: "8b3d23f60d6746e5b52fc799f964bf7a" member_type: VOTER last_known_addr { host: "127.0.107.129" port: 35251 }, Status: LMP_MISMATCH, Last received: 0.0, Next index: 2, Last known committed idx: 1, Time since last communication: 0.000s
I20260709 12:59:34.239701   713 raft_consensus.cc:1275] T b785b9dc055f42ac812e2bc285203aca P fe56c01ed8bd493fb16386bc7788d12d [term 2 FOLLOWER]: Refusing update from remote peer febfd6ab8383479fbed5591c1f163f8a: Log matching property violated. Preceding OpId in replica: term: 1 index: 1. Preceding OpId from leader: term: 2 index: 2. (index mismatch)
I20260709 12:59:34.240970   765 consensus_queue.cc:1048] T b785b9dc055f42ac812e2bc285203aca P febfd6ab8383479fbed5591c1f163f8a [LEADER]: Connected to new peer: Peer: permanent_uuid: "fe56c01ed8bd493fb16386bc7788d12d" member_type: VOTER last_known_addr { host: "127.0.107.131" port: 35453 }, Status: LMP_MISMATCH, Last received: 0.0, Next index: 2, Last known committed idx: 1, Time since last communication: 0.000s
I20260709 12:59:34.391170   712 raft_consensus.cc:1275] T 3452ab3dbfc1464899a830ac4a4acf4e P fe56c01ed8bd493fb16386bc7788d12d [term 2 FOLLOWER]: Refusing update from remote peer 8b3d23f60d6746e5b52fc799f964bf7a: Log matching property violated. Preceding OpId in replica: term: 1 index: 1. Preceding OpId from leader: term: 2 index: 2. (index mismatch)
I20260709 12:59:34.392508   815 consensus_queue.cc:1048] T 3452ab3dbfc1464899a830ac4a4acf4e P 8b3d23f60d6746e5b52fc799f964bf7a [LEADER]: Connected to new peer: Peer: permanent_uuid: "fe56c01ed8bd493fb16386bc7788d12d" member_type: VOTER last_known_addr { host: "127.0.107.131" port: 35453 }, Status: LMP_MISMATCH, Last received: 0.0, Next index: 2, Last known committed idx: 1, Time since last communication: 0.000s
I20260709 12:59:34.401335   639 raft_consensus.cc:1275] T 3452ab3dbfc1464899a830ac4a4acf4e P febfd6ab8383479fbed5591c1f163f8a [term 2 FOLLOWER]: Refusing update from remote peer 8b3d23f60d6746e5b52fc799f964bf7a: Log matching property violated. Preceding OpId in replica: term: 1 index: 1. Preceding OpId from leader: term: 2 index: 2. (index mismatch)
I20260709 12:59:34.402705   764 consensus_queue.cc:1048] T 3452ab3dbfc1464899a830ac4a4acf4e P 8b3d23f60d6746e5b52fc799f964bf7a [LEADER]: Connected to new peer: Peer: permanent_uuid: "febfd6ab8383479fbed5591c1f163f8a" member_type: VOTER last_known_addr { host: "127.0.107.130" port: 43829 }, Status: LMP_MISMATCH, Last received: 0.0, Next index: 2, Last known committed idx: 1, Time since last communication: 0.000s
I20260709 12:59:36.468185   430 auto_leader_rebalancer-test.cc:316] The leader distribution is 
I20260709 12:59:36.469018   430 auto_leader_rebalancer.cc:141] leader rebalance for table test-workload
I20260709 12:59:36.490020   565 tablet_service.cc:2072] Received LeaderStepDown RPC: tablet_id: "3452ab3dbfc1464899a830ac4a4acf4e"
dest_uuid: "8b3d23f60d6746e5b52fc799f964bf7a"
mode: GRACEFUL
new_leader_uuid: "fe56c01ed8bd493fb16386bc7788d12d"
 from {username='slave'} at 127.0.0.1:46680
I20260709 12:59:36.490537   565 raft_consensus.cc:606] T 3452ab3dbfc1464899a830ac4a4acf4e P 8b3d23f60d6746e5b52fc799f964bf7a [term 2 LEADER]: Received request to transfer leadership to TS fe56c01ed8bd493fb16386bc7788d12d
I20260709 12:59:36.500183   639 tablet_service.cc:2072] Received LeaderStepDown RPC: tablet_id: "f7ce4b08ecc2415ca8c110f159c093f5"
dest_uuid: "febfd6ab8383479fbed5591c1f163f8a"
mode: GRACEFUL
new_leader_uuid: "fe56c01ed8bd493fb16386bc7788d12d"
 from {username='slave'} at 127.0.0.1:56998
I20260709 12:59:36.500778   639 raft_consensus.cc:606] T f7ce4b08ecc2415ca8c110f159c093f5 P febfd6ab8383479fbed5591c1f163f8a [term 1 LEADER]: Received request to transfer leadership to TS fe56c01ed8bd493fb16386bc7788d12d
I20260709 12:59:36.502651   430 auto_leader_rebalancer.cc:452] table: test-workload, leader rebalance finish, leader transfer count: 2
I20260709 12:59:36.503286   430 auto_leader_rebalancer.cc:527] All tables' leader rebalancing finished this round
I20260709 12:59:36.510100   817 raft_consensus.cc:993] T 3452ab3dbfc1464899a830ac4a4acf4e P 8b3d23f60d6746e5b52fc799f964bf7a: : Instructing follower fe56c01ed8bd493fb16386bc7788d12d to start an election
I20260709 12:59:36.510519   860 raft_consensus.cc:1081] T 3452ab3dbfc1464899a830ac4a4acf4e P 8b3d23f60d6746e5b52fc799f964bf7a [term 2 LEADER]: Signalling peer fe56c01ed8bd493fb16386bc7788d12d to start an election
I20260709 12:59:36.512012   712 tablet_service.cc:2044] Received Run Leader Election RPC: tablet_id: "3452ab3dbfc1464899a830ac4a4acf4e"
dest_uuid: "fe56c01ed8bd493fb16386bc7788d12d"
 from {username='slave'} at 127.0.0.1:40962
I20260709 12:59:36.512400   712 raft_consensus.cc:493] T 3452ab3dbfc1464899a830ac4a4acf4e P fe56c01ed8bd493fb16386bc7788d12d [term 2 FOLLOWER]: Starting forced leader election (received explicit request)
I20260709 12:59:36.512645   712 raft_consensus.cc:3060] T 3452ab3dbfc1464899a830ac4a4acf4e P fe56c01ed8bd493fb16386bc7788d12d [term 2 FOLLOWER]: Advancing to term 3
I20260709 12:59:36.517170   712 raft_consensus.cc:515] T 3452ab3dbfc1464899a830ac4a4acf4e P fe56c01ed8bd493fb16386bc7788d12d [term 3 FOLLOWER]: Starting forced leader election with config: opid_index: -1 OBSOLETE_local: false peers { permanent_uuid: "8b3d23f60d6746e5b52fc799f964bf7a" member_type: VOTER last_known_addr { host: "127.0.107.129" port: 35251 } } peers { permanent_uuid: "febfd6ab8383479fbed5591c1f163f8a" member_type: VOTER last_known_addr { host: "127.0.107.130" port: 43829 } } peers { permanent_uuid: "fe56c01ed8bd493fb16386bc7788d12d" member_type: VOTER last_known_addr { host: "127.0.107.131" port: 35453 } }
I20260709 12:59:36.518878   712 leader_election.cc:290] T 3452ab3dbfc1464899a830ac4a4acf4e P fe56c01ed8bd493fb16386bc7788d12d [CANDIDATE]: Term 3 election: Requested vote from peers 8b3d23f60d6746e5b52fc799f964bf7a (127.0.107.129:35251), febfd6ab8383479fbed5591c1f163f8a (127.0.107.130:43829)
