W20260709 12:59:31.518438  1547 leader_election.cc:343] T 5f2a7ac4e27f4f1a811fcb707802e17c P 5f7a257f9a134f0c9068d41e98a0cf59 [CANDIDATE]: Term 1 election: Tablet error from VoteRequest() call to peer 59af2f06f2ee46c5b30756cd4ae99873 (127.0.107.194:40357): Illegal state: must be running to vote when last-logged opid is not known
I20260709 12:59:31.524372  1771 tablet_bootstrap.cc:492] T 5f2a7ac4e27f4f1a811fcb707802e17c P 59af2f06f2ee46c5b30756cd4ae99873: No bootstrap required, opened a new log
I20260709 12:59:31.524817  1771 ts_tablet_manager.cc:1403] T 5f2a7ac4e27f4f1a811fcb707802e17c P 59af2f06f2ee46c5b30756cd4ae99873: Time spent bootstrapping tablet: real 0.092s	user 0.023s	sys 0.050s
I20260709 12:59:31.527269  1771 raft_consensus.cc:359] T 5f2a7ac4e27f4f1a811fcb707802e17c P 59af2f06f2ee46c5b30756cd4ae99873 [term 0 FOLLOWER]: Replica starting. Triggering 0 pending ops. Active config: opid_index: -1 OBSOLETE_local: false peers { permanent_uuid: "5f7a257f9a134f0c9068d41e98a0cf59" member_type: VOTER last_known_addr { host: "127.0.107.193" port: 46319 } } peers { permanent_uuid: "59af2f06f2ee46c5b30756cd4ae99873" member_type: VOTER last_known_addr { host: "127.0.107.194" port: 40357 } } peers { permanent_uuid: "86e44619001941bcadb945d31a5b58ee" member_type: VOTER last_known_addr { host: "127.0.107.195" port: 33069 } }
I20260709 12:59:31.527870  1771 raft_consensus.cc:385] T 5f2a7ac4e27f4f1a811fcb707802e17c P 59af2f06f2ee46c5b30756cd4ae99873 [term 0 FOLLOWER]: Consensus starting up: Expiring failure detector timer to make a prompt election more likely
I20260709 12:59:31.528131  1771 raft_consensus.cc:740] T 5f2a7ac4e27f4f1a811fcb707802e17c P 59af2f06f2ee46c5b30756cd4ae99873 [term 0 FOLLOWER]: Becoming Follower/Learner. State: Replica: 59af2f06f2ee46c5b30756cd4ae99873, State: Initialized, Role: FOLLOWER
I20260709 12:59:31.528833  1770 tablet_bootstrap.cc:654] T 4d64f95a83214396a1fefda0676be61f P 86e44619001941bcadb945d31a5b58ee: Neither blocks nor log segments found. Creating new log.
I20260709 12:59:31.528802  1771 consensus_queue.cc:260] T 5f2a7ac4e27f4f1a811fcb707802e17c P 59af2f06f2ee46c5b30756cd4ae99873 [NON_LEADER]: Queue going to NON_LEADER mode. State: All replicated index: 0, Majority replicated index: 0, Committed index: 0, Last appended: 0.0, Last appended by leader: 0, Current term: 0, Majority size: -1, State: 0, Mode: NON_LEADER, active raft config: opid_index: -1 OBSOLETE_local: false peers { permanent_uuid: "5f7a257f9a134f0c9068d41e98a0cf59" member_type: VOTER last_known_addr { host: "127.0.107.193" port: 46319 } } peers { permanent_uuid: "59af2f06f2ee46c5b30756cd4ae99873" member_type: VOTER last_known_addr { host: "127.0.107.194" port: 40357 } } peers { permanent_uuid: "86e44619001941bcadb945d31a5b58ee" member_type: VOTER last_known_addr { host: "127.0.107.195" port: 33069 } }
I20260709 12:59:31.529439  1729 tablet_service.cc:1917] Received RequestConsensusVote() RPC: tablet_id: "5f2a7ac4e27f4f1a811fcb707802e17c" candidate_uuid: "5f7a257f9a134f0c9068d41e98a0cf59" candidate_term: 1 candidate_status { last_received { term: 0 index: 0 } } ignore_live_leader: false dest_uuid: "86e44619001941bcadb945d31a5b58ee"
I20260709 12:59:31.530037  1729 raft_consensus.cc:3060] T 5f2a7ac4e27f4f1a811fcb707802e17c P 86e44619001941bcadb945d31a5b58ee [term 0 FOLLOWER]: Advancing to term 1
I20260709 12:59:31.531028  1728 tablet_service.cc:1917] Received RequestConsensusVote() RPC: tablet_id: "536b39ed3cf44f6b92a7775ef83b1d56" candidate_uuid: "5f7a257f9a134f0c9068d41e98a0cf59" candidate_term: 1 candidate_status { last_received { term: 0 index: 0 } } ignore_live_leader: false dest_uuid: "86e44619001941bcadb945d31a5b58ee"
I20260709 12:59:31.531513  1728 raft_consensus.cc:3060] T 536b39ed3cf44f6b92a7775ef83b1d56 P 86e44619001941bcadb945d31a5b58ee [term 0 FOLLOWER]: Advancing to term 1
I20260709 12:59:31.532366  1771 ts_tablet_manager.cc:1434] T 5f2a7ac4e27f4f1a811fcb707802e17c P 59af2f06f2ee46c5b30756cd4ae99873: Time spent starting tablet: real 0.007s	user 0.005s	sys 0.001s
I20260709 12:59:31.532878  1771 tablet_bootstrap.cc:492] T 82487ae963134b679de3a8f4b7664a08 P 59af2f06f2ee46c5b30756cd4ae99873: Bootstrap starting.
I20260709 12:59:31.536783  1838 raft_consensus.cc:493] T 870f20829a734232821b27b1b7c385e0 P 86e44619001941bcadb945d31a5b58ee [term 0 FOLLOWER]: Starting pre-election (no leader contacted us within the election timeout)
I20260709 12:59:31.537251  1838 raft_consensus.cc:515] T 870f20829a734232821b27b1b7c385e0 P 86e44619001941bcadb945d31a5b58ee [term 0 FOLLOWER]: Starting pre-election with config: opid_index: -1 OBSOLETE_local: false peers { permanent_uuid: "5f7a257f9a134f0c9068d41e98a0cf59" member_type: VOTER last_known_addr { host: "127.0.107.193" port: 46319 } } peers { permanent_uuid: "59af2f06f2ee46c5b30756cd4ae99873" member_type: VOTER last_known_addr { host: "127.0.107.194" port: 40357 } } peers { permanent_uuid: "86e44619001941bcadb945d31a5b58ee" member_type: VOTER last_known_addr { host: "127.0.107.195" port: 33069 } }
I20260709 12:59:31.539187  1838 leader_election.cc:290] T 870f20829a734232821b27b1b7c385e0 P 86e44619001941bcadb945d31a5b58ee [CANDIDATE]: Term 1 pre-election: Requested pre-vote from peers 5f7a257f9a134f0c9068d41e98a0cf59 (127.0.107.193:46319), 59af2f06f2ee46c5b30756cd4ae99873 (127.0.107.194:40357)
I20260709 12:59:31.541003  1656 tablet_service.cc:1917] Received RequestConsensusVote() RPC: tablet_id: "870f20829a734232821b27b1b7c385e0" candidate_uuid: "86e44619001941bcadb945d31a5b58ee" candidate_term: 1 candidate_status { last_received { term: 0 index: 0 } } ignore_live_leader: false dest_uuid: "59af2f06f2ee46c5b30756cd4ae99873" is_pre_election: true
W20260709 12:59:31.542586  1696 leader_election.cc:343] T 870f20829a734232821b27b1b7c385e0 P 86e44619001941bcadb945d31a5b58ee [CANDIDATE]: Term 1 pre-election: Tablet error from VoteRequest() call to peer 59af2f06f2ee46c5b30756cd4ae99873 (127.0.107.194:40357): Illegal state: must be running to vote when last-logged opid is not known
I20260709 12:59:31.544026  1578 tablet_service.cc:1917] Received RequestConsensusVote() RPC: tablet_id: "870f20829a734232821b27b1b7c385e0" candidate_uuid: "86e44619001941bcadb945d31a5b58ee" candidate_term: 1 candidate_status { last_received { term: 0 index: 0 } } ignore_live_leader: false dest_uuid: "5f7a257f9a134f0c9068d41e98a0cf59" is_pre_election: true
I20260709 12:59:31.544631  1578 raft_consensus.cc:2468] T 870f20829a734232821b27b1b7c385e0 P 5f7a257f9a134f0c9068d41e98a0cf59 [term 0 FOLLOWER]: Leader pre-election vote request: Granting yes vote for candidate 86e44619001941bcadb945d31a5b58ee in term 0.
I20260709 12:59:31.547400  1960 consensus_queue.cc:1048] T a4f351325a5446c39e2c971f982197de P 5f7a257f9a134f0c9068d41e98a0cf59 [LEADER]: Connected to new peer: Peer: permanent_uuid: "86e44619001941bcadb945d31a5b58ee" member_type: VOTER last_known_addr { host: "127.0.107.195" port: 33069 }, Status: LMP_MISMATCH, Last received: 0.0, Next index: 1, Last known committed idx: 0, Time since last communication: 0.000s
I20260709 12:59:31.548125  1771 tablet_bootstrap.cc:654] T 82487ae963134b679de3a8f4b7664a08 P 59af2f06f2ee46c5b30756cd4ae99873: Neither blocks nor log segments found. Creating new log.
I20260709 12:59:31.548192  1773 tablet_bootstrap.cc:492] T 65fb0d39bfd54d4f83850416e294fbf5 P 5f7a257f9a134f0c9068d41e98a0cf59: No bootstrap required, opened a new log
I20260709 12:59:31.548780  1773 ts_tablet_manager.cc:1403] T 65fb0d39bfd54d4f83850416e294fbf5 P 5f7a257f9a134f0c9068d41e98a0cf59: Time spent bootstrapping tablet: real 0.126s	user 0.011s	sys 0.005s
I20260709 12:59:31.551179  1773 raft_consensus.cc:359] T 65fb0d39bfd54d4f83850416e294fbf5 P 5f7a257f9a134f0c9068d41e98a0cf59 [term 0 FOLLOWER]: Replica starting. Triggering 0 pending ops. Active config: opid_index: -1 OBSOLETE_local: false peers { permanent_uuid: "5f7a257f9a134f0c9068d41e98a0cf59" member_type: VOTER last_known_addr { host: "127.0.107.193" port: 46319 } } peers { permanent_uuid: "59af2f06f2ee46c5b30756cd4ae99873" member_type: VOTER last_known_addr { host: "127.0.107.194" port: 40357 } } peers { permanent_uuid: "86e44619001941bcadb945d31a5b58ee" member_type: VOTER last_known_addr { host: "127.0.107.195" port: 33069 } }
I20260709 12:59:31.557619  1773 raft_consensus.cc:385] T 65fb0d39bfd54d4f83850416e294fbf5 P 5f7a257f9a134f0c9068d41e98a0cf59 [term 0 FOLLOWER]: Consensus starting up: Expiring failure detector timer to make a prompt election more likely
I20260709 12:59:31.558931  1773 raft_consensus.cc:740] T 65fb0d39bfd54d4f83850416e294fbf5 P 5f7a257f9a134f0c9068d41e98a0cf59 [term 0 FOLLOWER]: Becoming Follower/Learner. State: Replica: 5f7a257f9a134f0c9068d41e98a0cf59, State: Initialized, Role: FOLLOWER
I20260709 12:59:31.557776  1580 raft_consensus.cc:2468] T 91136f6d503c45649d9a5b1ae805ddbe P 5f7a257f9a134f0c9068d41e98a0cf59 [term 1 FOLLOWER]: Leader election vote request: Granting yes vote for candidate 86e44619001941bcadb945d31a5b58ee in term 1.
I20260709 12:59:31.556907  1695 leader_election.cc:304] T 870f20829a734232821b27b1b7c385e0 P 86e44619001941bcadb945d31a5b58ee [CANDIDATE]: Term 1 pre-election: Election decided. Result: candidate won. Election summary: received 3 responses out of 3 voters: 2 yes votes; 1 no votes. yes voters: 5f7a257f9a134f0c9068d41e98a0cf59, 86e44619001941bcadb945d31a5b58ee; no voters: 59af2f06f2ee46c5b30756cd4ae99873
I20260709 12:59:31.558284  1655 raft_consensus.cc:2468] T 536b39ed3cf44f6b92a7775ef83b1d56 P 59af2f06f2ee46c5b30756cd4ae99873 [term 1 FOLLOWER]: Leader election vote request: Granting yes vote for candidate 5f7a257f9a134f0c9068d41e98a0cf59 in term 1.
I20260709 12:59:31.564956  1838 raft_consensus.cc:2804] T 870f20829a734232821b27b1b7c385e0 P 86e44619001941bcadb945d31a5b58ee [term 0 FOLLOWER]: Leader pre-election won for term 1
I20260709 12:59:31.565433  1838 raft_consensus.cc:493] T 870f20829a734232821b27b1b7c385e0 P 86e44619001941bcadb945d31a5b58ee [term 0 FOLLOWER]: Starting leader election (no leader contacted us within the election timeout)
I20260709 12:59:31.565834  1838 raft_consensus.cc:3060] T 870f20829a734232821b27b1b7c385e0 P 86e44619001941bcadb945d31a5b58ee [term 0 FOLLOWER]: Advancing to term 1
I20260709 12:59:31.561951  1478 catalog_manager.cc:5697] T 91136f6d503c45649d9a5b1ae805ddbe P 86e44619001941bcadb945d31a5b58ee reported cstate change: term changed from 0 to 1, leader changed from <none> to 86e44619001941bcadb945d31a5b58ee (127.0.107.195). New cstate: current_term: 1 leader_uuid: "86e44619001941bcadb945d31a5b58ee" committed_config { opid_index: -1 OBSOLETE_local: false peers { permanent_uuid: "5f7a257f9a134f0c9068d41e98a0cf59" member_type: VOTER last_known_addr { host: "127.0.107.193" port: 46319 } health_report { overall_health: UNKNOWN } } peers { permanent_uuid: "59af2f06f2ee46c5b30756cd4ae99873" member_type: VOTER last_known_addr { host: "127.0.107.194" port: 40357 } health_report { overall_health: UNKNOWN } } peers { permanent_uuid: "86e44619001941bcadb945d31a5b58ee" member_type: VOTER last_known_addr { host: "127.0.107.195" port: 33069 } health_report { overall_health: HEALTHY } } }
I20260709 12:59:31.556869  1942 raft_consensus.cc:515] T 703529e256374f7b9f3b2bd1b3b0af7a P 86e44619001941bcadb945d31a5b58ee [term 1 FOLLOWER]: Starting leader election with config: opid_index: -1 OBSOLETE_local: false peers { permanent_uuid: "5f7a257f9a134f0c9068d41e98a0cf59" member_type: VOTER last_known_addr { host: "127.0.107.193" port: 46319 } } peers { permanent_uuid: "59af2f06f2ee46c5b30756cd4ae99873" member_type: VOTER last_known_addr { host: "127.0.107.194" port: 40357 } } peers { permanent_uuid: "86e44619001941bcadb945d31a5b58ee" member_type: VOTER last_known_addr { host: "127.0.107.195" port: 33069 } }
I20260709 12:59:31.569736  1942 leader_election.cc:290] T 703529e256374f7b9f3b2bd1b3b0af7a P 86e44619001941bcadb945d31a5b58ee [CANDIDATE]: Term 1 election: Requested vote from peers 5f7a257f9a134f0c9068d41e98a0cf59 (127.0.107.193:46319), 59af2f06f2ee46c5b30756cd4ae99873 (127.0.107.194:40357)
I20260709 12:59:31.563483  1773 consensus_queue.cc:260] T 65fb0d39bfd54d4f83850416e294fbf5 P 5f7a257f9a134f0c9068d41e98a0cf59 [NON_LEADER]: Queue going to NON_LEADER mode. State: All replicated index: 0, Majority replicated index: 0, Committed index: 0, Last appended: 0.0, Last appended by leader: 0, Current term: 0, Majority size: -1, State: 0, Mode: NON_LEADER, active raft config: opid_index: -1 OBSOLETE_local: false peers { permanent_uuid: "5f7a257f9a134f0c9068d41e98a0cf59" member_type: VOTER last_known_addr { host: "127.0.107.193" port: 46319 } } peers { permanent_uuid: "59af2f06f2ee46c5b30756cd4ae99873" member_type: VOTER last_known_addr { host: "127.0.107.194" port: 40357 } } peers { permanent_uuid: "86e44619001941bcadb945d31a5b58ee" member_type: VOTER last_known_addr { host: "127.0.107.195" port: 33069 } }
I20260709 12:59:31.573714  1773 ts_tablet_manager.cc:1434] T 65fb0d39bfd54d4f83850416e294fbf5 P 5f7a257f9a134f0c9068d41e98a0cf59: Time spent starting tablet: real 0.025s	user 0.004s	sys 0.000s
I20260709 12:59:31.574777  1773 tablet_bootstrap.cc:492] T 3ea57fa0b01a41db880861491d401258 P 5f7a257f9a134f0c9068d41e98a0cf59: Bootstrap starting.
I20260709 12:59:31.576385  1655 tablet_service.cc:1917] Received RequestConsensusVote() RPC: tablet_id: "703529e256374f7b9f3b2bd1b3b0af7a" candidate_uuid: "86e44619001941bcadb945d31a5b58ee" candidate_term: 1 candidate_status { last_received { term: 0 index: 0 } } ignore_live_leader: false dest_uuid: "59af2f06f2ee46c5b30756cd4ae99873"
I20260709 12:59:31.577050  1655 raft_consensus.cc:3060] T 703529e256374f7b9f3b2bd1b3b0af7a P 59af2f06f2ee46c5b30756cd4ae99873 [term 0 FOLLOWER]: Advancing to term 1
I20260709 12:59:31.579363  1479 catalog_manager.cc:5697] T ce3086784dd847d8bf3186576f1f30d2 P 5f7a257f9a134f0c9068d41e98a0cf59 reported cstate change: term changed from 0 to 1, leader changed from <none> to 5f7a257f9a134f0c9068d41e98a0cf59 (127.0.107.193). New cstate: current_term: 1 leader_uuid: "5f7a257f9a134f0c9068d41e98a0cf59" committed_config { opid_index: -1 OBSOLETE_local: false peers { permanent_uuid: "5f7a257f9a134f0c9068d41e98a0cf59" member_type: VOTER last_known_addr { host: "127.0.107.193" port: 46319 } health_report { overall_health: HEALTHY } } peers { permanent_uuid: "59af2f06f2ee46c5b30756cd4ae99873" member_type: VOTER last_known_addr { host: "127.0.107.194" port: 40357 } health_report { overall_health: UNKNOWN } } peers { permanent_uuid: "86e44619001941bcadb945d31a5b58ee" member_type: VOTER last_known_addr { host: "127.0.107.195" port: 33069 } health_report { overall_health: UNKNOWN } } }
I20260709 12:59:31.580844  1773 tablet_bootstrap.cc:654] T 3ea57fa0b01a41db880861491d401258 P 5f7a257f9a134f0c9068d41e98a0cf59: Neither blocks nor log segments found. Creating new log.
I20260709 12:59:31.585098  1946 raft_consensus.cc:493] T 73eefebdbcab4de59c4537682cb998c9 P 5f7a257f9a134f0c9068d41e98a0cf59 [term 0 FOLLOWER]: Starting pre-election (no leader contacted us within the election timeout)
I20260709 12:59:31.585541  1946 raft_consensus.cc:515] T 73eefebdbcab4de59c4537682cb998c9 P 5f7a257f9a134f0c9068d41e98a0cf59 [term 0 FOLLOWER]: Starting pre-election with config: opid_index: -1 OBSOLETE_local: false peers { permanent_uuid: "5f7a257f9a134f0c9068d41e98a0cf59" member_type: VOTER last_known_addr { host: "127.0.107.193" port: 46319 } } peers { permanent_uuid: "59af2f06f2ee46c5b30756cd4ae99873" member_type: VOTER last_known_addr { host: "127.0.107.194" port: 40357 } } peers { permanent_uuid: "86e44619001941bcadb945d31a5b58ee" member_type: VOTER last_known_addr { host: "127.0.107.195" port: 33069 } }
I20260709 12:59:31.587417  1946 leader_election.cc:290] T 73eefebdbcab4de59c4537682cb998c9 P 5f7a257f9a134f0c9068d41e98a0cf59 [CANDIDATE]: Term 1 pre-election: Requested pre-vote from peers 59af2f06f2ee46c5b30756cd4ae99873 (127.0.107.194:40357), 86e44619001941bcadb945d31a5b58ee (127.0.107.195:33069)
I20260709 12:59:31.592279  1770 tablet_bootstrap.cc:492] T 4d64f95a83214396a1fefda0676be61f P 86e44619001941bcadb945d31a5b58ee: No bootstrap required, opened a new log
I20260709 12:59:31.592665  1770 ts_tablet_manager.cc:1403] T 4d64f95a83214396a1fefda0676be61f P 86e44619001941bcadb945d31a5b58ee: Time spent bootstrapping tablet: real 0.085s	user 0.011s	sys 0.003s
I20260709 12:59:31.593452  1730 tablet_service.cc:1917] Received RequestConsensusVote() RPC: tablet_id: "73eefebdbcab4de59c4537682cb998c9" candidate_uuid: "5f7a257f9a134f0c9068d41e98a0cf59" candidate_term: 1 candidate_status { last_received { term: 0 index: 0 } } ignore_live_leader: false dest_uuid: "86e44619001941bcadb945d31a5b58ee" is_pre_election: true
I20260709 12:59:31.595656  1770 raft_consensus.cc:359] T 4d64f95a83214396a1fefda0676be61f P 86e44619001941bcadb945d31a5b58ee [term 0 FOLLOWER]: Replica starting. Triggering 0 pending ops. Active config: opid_index: -1 OBSOLETE_local: false peers { permanent_uuid: "5f7a257f9a134f0c9068d41e98a0cf59" member_type: VOTER last_known_addr { host: "127.0.107.193" port: 46319 } } peers { permanent_uuid: "59af2f06f2ee46c5b30756cd4ae99873" member_type: VOTER last_known_addr { host: "127.0.107.194" port: 40357 } } peers { permanent_uuid: "86e44619001941bcadb945d31a5b58ee" member_type: VOTER last_known_addr { host: "127.0.107.195" port: 33069 } }
I20260709 12:59:31.596321  1770 raft_consensus.cc:385] T 4d64f95a83214396a1fefda0676be61f P 86e44619001941bcadb945d31a5b58ee [term 0 FOLLOWER]: Consensus starting up: Expiring failure detector timer to make a prompt election more likely
I20260709 12:59:31.596627  1770 raft_consensus.cc:740] T 4d64f95a83214396a1fefda0676be61f P 86e44619001941bcadb945d31a5b58ee [term 0 FOLLOWER]: Becoming Follower/Learner. State: Replica: 86e44619001941bcadb945d31a5b58ee, State: Initialized, Role: FOLLOWER
I20260709 12:59:31.597277  1770 consensus_queue.cc:260] T 4d64f95a83214396a1fefda0676be61f P 86e44619001941bcadb945d31a5b58ee [NON_LEADER]: Queue going to NON_LEADER mode. State: All replicated index: 0, Majority replicated index: 0, Committed index: 0, Last appended: 0.0, Last appended by leader: 0, Current term: 0, Majority size: -1, State: 0, Mode: NON_LEADER, active raft config: opid_index: -1 OBSOLETE_local: false peers { permanent_uuid: "5f7a257f9a134f0c9068d41e98a0cf59" member_type: VOTER last_known_addr { host: "127.0.107.193" port: 46319 } } peers { permanent_uuid: "59af2f06f2ee46c5b30756cd4ae99873" member_type: VOTER last_known_addr { host: "127.0.107.194" port: 40357 } } peers { permanent_uuid: "86e44619001941bcadb945d31a5b58ee" member_type: VOTER last_known_addr { host: "127.0.107.195" port: 33069 } }
W20260709 12:59:31.597906  1545 leader_election.cc:343] T 73eefebdbcab4de59c4537682cb998c9 P 5f7a257f9a134f0c9068d41e98a0cf59 [CANDIDATE]: Term 1 pre-election: Tablet error from VoteRequest() call to peer 86e44619001941bcadb945d31a5b58ee (127.0.107.195:33069): Illegal state: must be running to vote when last-logged opid is not known
I20260709 12:59:31.599270  1770 ts_tablet_manager.cc:1434] T 4d64f95a83214396a1fefda0676be61f P 86e44619001941bcadb945d31a5b58ee: Time spent starting tablet: real 0.006s	user 0.005s	sys 0.001s
I20260709 12:59:31.600102  1770 tablet_bootstrap.cc:492] T 723ab45697674563be56504c0b2a6e0f P 86e44619001941bcadb945d31a5b58ee: Bootstrap starting.
I20260709 12:59:31.601224  1656 tablet_service.cc:1917] Received RequestConsensusVote() RPC: tablet_id: "73eefebdbcab4de59c4537682cb998c9" candidate_uuid: "5f7a257f9a134f0c9068d41e98a0cf59" candidate_term: 1 candidate_status { last_received { term: 0 index: 0 } } ignore_live_leader: false dest_uuid: "59af2f06f2ee46c5b30756cd4ae99873" is_pre_election: true
I20260709 12:59:31.604624  1770 tablet_bootstrap.cc:654] T 723ab45697674563be56504c0b2a6e0f P 86e44619001941bcadb945d31a5b58ee: Neither blocks nor log segments found. Creating new log.
I20260709 12:59:31.606297  1580 tablet_service.cc:1917] Received RequestConsensusVote() RPC: tablet_id: "703529e256374f7b9f3b2bd1b3b0af7a" candidate_uuid: "86e44619001941bcadb945d31a5b58ee" candidate_term: 1 candidate_status { last_received { term: 0 index: 0 } } ignore_live_leader: false dest_uuid: "5f7a257f9a134f0c9068d41e98a0cf59"
I20260709 12:59:31.606849  1580 raft_consensus.cc:3060] T 703529e256374f7b9f3b2bd1b3b0af7a P 5f7a257f9a134f0c9068d41e98a0cf59 [term 0 FOLLOWER]: Advancing to term 1
I20260709 12:59:31.613377  1773 tablet_bootstrap.cc:492] T 3ea57fa0b01a41db880861491d401258 P 5f7a257f9a134f0c9068d41e98a0cf59: No bootstrap required, opened a new log
I20260709 12:59:31.613797  1773 ts_tablet_manager.cc:1403] T 3ea57fa0b01a41db880861491d401258 P 5f7a257f9a134f0c9068d41e98a0cf59: Time spent bootstrapping tablet: real 0.039s	user 0.015s	sys 0.000s
I20260709 12:59:31.617739  1773 raft_consensus.cc:359] T 3ea57fa0b01a41db880861491d401258 P 5f7a257f9a134f0c9068d41e98a0cf59 [term 0 FOLLOWER]: Replica starting. Triggering 0 pending ops. Active config: opid_index: -1 OBSOLETE_local: false peers { permanent_uuid: "5f7a257f9a134f0c9068d41e98a0cf59" member_type: VOTER last_known_addr { host: "127.0.107.193" port: 46319 } } peers { permanent_uuid: "59af2f06f2ee46c5b30756cd4ae99873" member_type: VOTER last_known_addr { host: "127.0.107.194" port: 40357 } } peers { permanent_uuid: "86e44619001941bcadb945d31a5b58ee" member_type: VOTER last_known_addr { host: "127.0.107.195" port: 33069 } }
I20260709 12:59:31.618314  1773 raft_consensus.cc:385] T 3ea57fa0b01a41db880861491d401258 P 5f7a257f9a134f0c9068d41e98a0cf59 [term 0 FOLLOWER]: Consensus starting up: Expiring failure detector timer to make a prompt election more likely
I20260709 12:59:31.618564  1773 raft_consensus.cc:740] T 3ea57fa0b01a41db880861491d401258 P 5f7a257f9a134f0c9068d41e98a0cf59 [term 0 FOLLOWER]: Becoming Follower/Learner. State: Replica: 5f7a257f9a134f0c9068d41e98a0cf59, State: Initialized, Role: FOLLOWER
I20260709 12:59:31.619127  1773 consensus_queue.cc:260] T 3ea57fa0b01a41db880861491d401258 P 5f7a257f9a134f0c9068d41e98a0cf59 [NON_LEADER]: Queue going to NON_LEADER mode. State: All replicated index: 0, Majority replicated index: 0, Committed index: 0, Last appended: 0.0, Last appended by leader: 0, Current term: 0, Majority size: -1, State: 0, Mode: NON_LEADER, active raft config: opid_index: -1 OBSOLETE_local: false peers { permanent_uuid: "5f7a257f9a134f0c9068d41e98a0cf59" member_type: VOTER last_known_addr { host: "127.0.107.193" port: 46319 } } peers { permanent_uuid: "59af2f06f2ee46c5b30756cd4ae99873" member_type: VOTER last_known_addr { host: "127.0.107.194" port: 40357 } } peers { permanent_uuid: "86e44619001941bcadb945d31a5b58ee" member_type: VOTER last_known_addr { host: "127.0.107.195" port: 33069 } }
I20260709 12:59:31.621402  1773 ts_tablet_manager.cc:1434] T 3ea57fa0b01a41db880861491d401258 P 5f7a257f9a134f0c9068d41e98a0cf59: Time spent starting tablet: real 0.007s	user 0.005s	sys 0.000s
I20260709 12:59:31.623015  1773 tablet_bootstrap.cc:492] T 1c353a566052456ba4103b0319a7dec9 P 5f7a257f9a134f0c9068d41e98a0cf59: Bootstrap starting.
I20260709 12:59:31.628333  1837 raft_consensus.cc:493] T 82487ae963134b679de3a8f4b7664a08 P 86e44619001941bcadb945d31a5b58ee [term 0 FOLLOWER]: Starting pre-election (no leader contacted us within the election timeout)
I20260709 12:59:31.628747  1837 raft_consensus.cc:515] T 82487ae963134b679de3a8f4b7664a08 P 86e44619001941bcadb945d31a5b58ee [term 0 FOLLOWER]: Starting pre-election with config: opid_index: -1 OBSOLETE_local: false peers { permanent_uuid: "5f7a257f9a134f0c9068d41e98a0cf59" member_type: VOTER last_known_addr { host: "127.0.107.193" port: 46319 } } peers { permanent_uuid: "59af2f06f2ee46c5b30756cd4ae99873" member_type: VOTER last_known_addr { host: "127.0.107.194" port: 40357 } } peers { permanent_uuid: "86e44619001941bcadb945d31a5b58ee" member_type: VOTER last_known_addr { host: "127.0.107.195" port: 33069 } }
I20260709 12:59:31.630604  1770 tablet_bootstrap.cc:492] T 723ab45697674563be56504c0b2a6e0f P 86e44619001941bcadb945d31a5b58ee: No bootstrap required, opened a new log
I20260709 12:59:31.631162  1770 ts_tablet_manager.cc:1403] T 723ab45697674563be56504c0b2a6e0f P 86e44619001941bcadb945d31a5b58ee: Time spent bootstrapping tablet: real 0.031s	user 0.006s	sys 0.005s
I20260709 12:59:31.606658  1547 leader_election.cc:304] T 536b39ed3cf44f6b92a7775ef83b1d56 P 5f7a257f9a134f0c9068d41e98a0cf59 [CANDIDATE]: Term 1 election: Election decided. Result: candidate won. Election summary: received 2 responses out of 3 voters: 2 yes votes; 0 no votes. yes voters: 59af2f06f2ee46c5b30756cd4ae99873, 5f7a257f9a134f0c9068d41e98a0cf59; no voters: 
I20260709 12:59:31.630640  1837 leader_election.cc:290] T 82487ae963134b679de3a8f4b7664a08 P 86e44619001941bcadb945d31a5b58ee [CANDIDATE]: Term 1 pre-election: Requested pre-vote from peers 5f7a257f9a134f0c9068d41e98a0cf59 (127.0.107.193:46319), 59af2f06f2ee46c5b30756cd4ae99873 (127.0.107.194:40357)
I20260709 12:59:31.632712  1946 raft_consensus.cc:2804] T 536b39ed3cf44f6b92a7775ef83b1d56 P 5f7a257f9a134f0c9068d41e98a0cf59 [term 1 FOLLOWER]: Leader election won for term 1
I20260709 12:59:31.633122  1946 raft_consensus.cc:697] T 536b39ed3cf44f6b92a7775ef83b1d56 P 5f7a257f9a134f0c9068d41e98a0cf59 [term 1 LEADER]: Becoming Leader. State: Replica: 5f7a257f9a134f0c9068d41e98a0cf59, State: Running, Role: LEADER
I20260709 12:59:31.633827  1946 consensus_queue.cc:237] T 536b39ed3cf44f6b92a7775ef83b1d56 P 5f7a257f9a134f0c9068d41e98a0cf59 [LEADER]: Queue going to LEADER mode. State: All replicated index: 0, Majority replicated index: 0, Committed index: 0, Last appended: 0.0, Last appended by leader: 0, Current term: 1, Majority size: 2, State: 0, Mode: LEADER, active raft config: opid_index: -1 OBSOLETE_local: false peers { permanent_uuid: "5f7a257f9a134f0c9068d41e98a0cf59" member_type: VOTER last_known_addr { host: "127.0.107.193" port: 46319 } } peers { permanent_uuid: "59af2f06f2ee46c5b30756cd4ae99873" member_type: VOTER last_known_addr { host: "127.0.107.194" port: 40357 } } peers { permanent_uuid: "86e44619001941bcadb945d31a5b58ee" member_type: VOTER last_known_addr { host: "127.0.107.195" port: 33069 } }
I20260709 12:59:31.634028  1770 raft_consensus.cc:359] T 723ab45697674563be56504c0b2a6e0f P 86e44619001941bcadb945d31a5b58ee [term 0 FOLLOWER]: Replica starting. Triggering 0 pending ops. Active config: opid_index: -1 OBSOLETE_local: false peers { permanent_uuid: "5f7a257f9a134f0c9068d41e98a0cf59" member_type: VOTER last_known_addr { host: "127.0.107.193" port: 46319 } } peers { permanent_uuid: "59af2f06f2ee46c5b30756cd4ae99873" member_type: VOTER last_known_addr { host: "127.0.107.194" port: 40357 } } peers { permanent_uuid: "86e44619001941bcadb945d31a5b58ee" member_type: VOTER last_known_addr { host: "127.0.107.195" port: 33069 } }
I20260709 12:59:31.634673  1770 raft_consensus.cc:385] T 723ab45697674563be56504c0b2a6e0f P 86e44619001941bcadb945d31a5b58ee [term 0 FOLLOWER]: Consensus starting up: Expiring failure detector timer to make a prompt election more likely
I20260709 12:59:31.634562  1656 tablet_service.cc:1917] Received RequestConsensusVote() RPC: tablet_id: "82487ae963134b679de3a8f4b7664a08" candidate_uuid: "86e44619001941bcadb945d31a5b58ee" candidate_term: 1 candidate_status { last_received { term: 0 index: 0 } } ignore_live_leader: false dest_uuid: "59af2f06f2ee46c5b30756cd4ae99873" is_pre_election: true
I20260709 12:59:31.635008  1770 raft_consensus.cc:740] T 723ab45697674563be56504c0b2a6e0f P 86e44619001941bcadb945d31a5b58ee [term 0 FOLLOWER]: Becoming Follower/Learner. State: Replica: 86e44619001941bcadb945d31a5b58ee, State: Initialized, Role: FOLLOWER
W20260709 12:59:31.639503  1547 leader_election.cc:343] T 73eefebdbcab4de59c4537682cb998c9 P 5f7a257f9a134f0c9068d41e98a0cf59 [CANDIDATE]: Term 1 pre-election: Tablet error from VoteRequest() call to peer 59af2f06f2ee46c5b30756cd4ae99873 (127.0.107.194:40357): Illegal state: must be running to vote when last-logged opid is not known
I20260709 12:59:31.639916  1547 leader_election.cc:304] T 73eefebdbcab4de59c4537682cb998c9 P 5f7a257f9a134f0c9068d41e98a0cf59 [CANDIDATE]: Term 1 pre-election: Election decided. Result: candidate lost. Election summary: received 3 responses out of 3 voters: 1 yes votes; 2 no votes. yes voters: 5f7a257f9a134f0c9068d41e98a0cf59; no voters: 59af2f06f2ee46c5b30756cd4ae99873, 86e44619001941bcadb945d31a5b58ee
I20260709 12:59:31.639729  1770 consensus_queue.cc:260] T 723ab45697674563be56504c0b2a6e0f P 86e44619001941bcadb945d31a5b58ee [NON_LEADER]: Queue going to NON_LEADER mode. State: All replicated index: 0, Majority replicated index: 0, Committed index: 0, Last appended: 0.0, Last appended by leader: 0, Current term: 0, Majority size: -1, State: 0, Mode: NON_LEADER, active raft config: opid_index: -1 OBSOLETE_local: false peers { permanent_uuid: "5f7a257f9a134f0c9068d41e98a0cf59" member_type: VOTER last_known_addr { host: "127.0.107.193" port: 46319 } } peers { permanent_uuid: "59af2f06f2ee46c5b30756cd4ae99873" member_type: VOTER last_known_addr { host: "127.0.107.194" port: 40357 } } peers { permanent_uuid: "86e44619001941bcadb945d31a5b58ee" member_type: VOTER last_known_addr { host: "127.0.107.195" port: 33069 } }
W20260709 12:59:31.640443  1696 leader_election.cc:343] T 82487ae963134b679de3a8f4b7664a08 P 86e44619001941bcadb945d31a5b58ee [CANDIDATE]: Term 1 pre-election: Tablet error from VoteRequest() call to peer 59af2f06f2ee46c5b30756cd4ae99873 (127.0.107.194:40357): Illegal state: must be running to vote when last-logged opid is not known
I20260709 12:59:31.640640  1960 raft_consensus.cc:2749] T 73eefebdbcab4de59c4537682cb998c9 P 5f7a257f9a134f0c9068d41e98a0cf59 [term 0 FOLLOWER]: Leader pre-election lost for term 1. Reason: could not achieve majority
I20260709 12:59:31.643664  1770 ts_tablet_manager.cc:1434] T 723ab45697674563be56504c0b2a6e0f P 86e44619001941bcadb945d31a5b58ee: Time spent starting tablet: real 0.012s	user 0.006s	sys 0.000s
I20260709 12:59:31.638785  1773 tablet_bootstrap.cc:654] T 1c353a566052456ba4103b0319a7dec9 P 5f7a257f9a134f0c9068d41e98a0cf59: Neither blocks nor log segments found. Creating new log.
I20260709 12:59:31.646593  1770 tablet_bootstrap.cc:492] T 65fb0d39bfd54d4f83850416e294fbf5 P 86e44619001941bcadb945d31a5b58ee: Bootstrap starting.
I20260709 12:59:31.655676  1773 tablet_bootstrap.cc:492] T 1c353a566052456ba4103b0319a7dec9 P 5f7a257f9a134f0c9068d41e98a0cf59: No bootstrap required, opened a new log
I20260709 12:59:31.656153  1773 ts_tablet_manager.cc:1403] T 1c353a566052456ba4103b0319a7dec9 P 5f7a257f9a134f0c9068d41e98a0cf59: Time spent bootstrapping tablet: real 0.033s	user 0.006s	sys 0.004s
I20260709 12:59:31.658686  1729 raft_consensus.cc:2468] T 5f2a7ac4e27f4f1a811fcb707802e17c P 86e44619001941bcadb945d31a5b58ee [term 1 FOLLOWER]: Leader election vote request: Granting yes vote for candidate 5f7a257f9a134f0c9068d41e98a0cf59 in term 1.
I20260709 12:59:31.659626  1580 raft_consensus.cc:2468] T 703529e256374f7b9f3b2bd1b3b0af7a P 5f7a257f9a134f0c9068d41e98a0cf59 [term 1 FOLLOWER]: Leader election vote request: Granting yes vote for candidate 86e44619001941bcadb945d31a5b58ee in term 1.
I20260709 12:59:31.658610  1773 raft_consensus.cc:359] T 1c353a566052456ba4103b0319a7dec9 P 5f7a257f9a134f0c9068d41e98a0cf59 [term 0 FOLLOWER]: Replica starting. Triggering 0 pending ops. Active config: opid_index: -1 OBSOLETE_local: false peers { permanent_uuid: "5f7a257f9a134f0c9068d41e98a0cf59" member_type: VOTER last_known_addr { host: "127.0.107.193" port: 46319 } } peers { permanent_uuid: "59af2f06f2ee46c5b30756cd4ae99873" member_type: VOTER last_known_addr { host: "127.0.107.194" port: 40357 } } peers { permanent_uuid: "86e44619001941bcadb945d31a5b58ee" member_type: VOTER last_known_addr { host: "127.0.107.195" port: 33069 } }
I20260709 12:59:31.660307  1773 raft_consensus.cc:385] T 1c353a566052456ba4103b0319a7dec9 P 5f7a257f9a134f0c9068d41e98a0cf59 [term 0 FOLLOWER]: Consensus starting up: Expiring failure detector timer to make a prompt election more likely
I20260709 12:59:31.660559  1773 raft_consensus.cc:740] T 1c353a566052456ba4103b0319a7dec9 P 5f7a257f9a134f0c9068d41e98a0cf59 [term 0 FOLLOWER]: Becoming Follower/Learner. State: Replica: 5f7a257f9a134f0c9068d41e98a0cf59, State: Initialized, Role: FOLLOWER
I20260709 12:59:31.661056  1773 consensus_queue.cc:260] T 1c353a566052456ba4103b0319a7dec9 P 5f7a257f9a134f0c9068d41e98a0cf59 [NON_LEADER]: Queue going to NON_LEADER mode. State: All replicated index: 0, Majority replicated index: 0, Committed index: 0, Last appended: 0.0, Last appended by leader: 0, Current term: 0, Majority size: -1, State: 0, Mode: NON_LEADER, active raft config: opid_index: -1 OBSOLETE_local: false peers { permanent_uuid: "5f7a257f9a134f0c9068d41e98a0cf59" member_type: VOTER last_known_addr { host: "127.0.107.193" port: 46319 } } peers { permanent_uuid: "59af2f06f2ee46c5b30756cd4ae99873" member_type: VOTER last_known_addr { host: "127.0.107.194" port: 40357 } } peers { permanent_uuid: "86e44619001941bcadb945d31a5b58ee" member_type: VOTER last_known_addr { host: "127.0.107.195" port: 33069 } }
I20260709 12:59:31.663128  1770 tablet_bootstrap.cc:654] T 65fb0d39bfd54d4f83850416e294fbf5 P 86e44619001941bcadb945d31a5b58ee: Neither blocks nor log segments found. Creating new log.
I20260709 12:59:31.666142  1545 leader_election.cc:304] T 5f2a7ac4e27f4f1a811fcb707802e17c P 5f7a257f9a134f0c9068d41e98a0cf59 [CANDIDATE]: Term 1 election: Election decided. Result: candidate won. Election summary: received 3 responses out of 3 voters: 2 yes votes; 1 no votes. yes voters: 5f7a257f9a134f0c9068d41e98a0cf59, 86e44619001941bcadb945d31a5b58ee; no voters: 59af2f06f2ee46c5b30756cd4ae99873
I20260709 12:59:31.666950  1946 raft_consensus.cc:2804] T 5f2a7ac4e27f4f1a811fcb707802e17c P 5f7a257f9a134f0c9068d41e98a0cf59 [term 1 FOLLOWER]: Leader election won for term 1
I20260709 12:59:31.667169  1773 ts_tablet_manager.cc:1434] T 1c353a566052456ba4103b0319a7dec9 P 5f7a257f9a134f0c9068d41e98a0cf59: Time spent starting tablet: real 0.011s	user 0.005s	sys 0.000s
I20260709 12:59:31.667373  1655 raft_consensus.cc:2468] T 703529e256374f7b9f3b2bd1b3b0af7a P 59af2f06f2ee46c5b30756cd4ae99873 [term 1 FOLLOWER]: Leader election vote request: Granting yes vote for candidate 86e44619001941bcadb945d31a5b58ee in term 1.
I20260709 12:59:31.667582  1946 raft_consensus.cc:697] T 5f2a7ac4e27f4f1a811fcb707802e17c P 5f7a257f9a134f0c9068d41e98a0cf59 [term 1 LEADER]: Becoming Leader. State: Replica: 5f7a257f9a134f0c9068d41e98a0cf59, State: Running, Role: LEADER
I20260709 12:59:31.668555  1773 tablet_bootstrap.cc:492] T 723ab45697674563be56504c0b2a6e0f P 5f7a257f9a134f0c9068d41e98a0cf59: Bootstrap starting.
I20260709 12:59:31.668465  1946 consensus_queue.cc:237] T 5f2a7ac4e27f4f1a811fcb707802e17c P 5f7a257f9a134f0c9068d41e98a0cf59 [LEADER]: Queue going to LEADER mode. State: All replicated index: 0, Majority replicated index: 0, Committed index: 0, Last appended: 0.0, Last appended by leader: 0, Current term: 1, Majority size: 2, State: 0, Mode: LEADER, active raft config: opid_index: -1 OBSOLETE_local: false peers { permanent_uuid: "5f7a257f9a134f0c9068d41e98a0cf59" member_type: VOTER last_known_addr { host: "127.0.107.193" port: 46319 } } peers { permanent_uuid: "59af2f06f2ee46c5b30756cd4ae99873" member_type: VOTER last_known_addr { host: "127.0.107.194" port: 40357 } } peers { permanent_uuid: "86e44619001941bcadb945d31a5b58ee" member_type: VOTER last_known_addr { host: "127.0.107.195" port: 33069 } }
I20260709 12:59:31.671012  1696 leader_election.cc:304] T 703529e256374f7b9f3b2bd1b3b0af7a P 86e44619001941bcadb945d31a5b58ee [CANDIDATE]: Term 1 election: Election decided. Result: candidate won. Election summary: received 2 responses out of 3 voters: 2 yes votes; 0 no votes. yes voters: 59af2f06f2ee46c5b30756cd4ae99873, 86e44619001941bcadb945d31a5b58ee; no voters: 
I20260709 12:59:31.672075  1837 raft_consensus.cc:2804] T 703529e256374f7b9f3b2bd1b3b0af7a P 86e44619001941bcadb945d31a5b58ee [term 1 FOLLOWER]: Leader election won for term 1
I20260709 12:59:31.672612  1837 raft_consensus.cc:697] T 703529e256374f7b9f3b2bd1b3b0af7a P 86e44619001941bcadb945d31a5b58ee [term 1 LEADER]: Becoming Leader. State: Replica: 86e44619001941bcadb945d31a5b58ee, State: Running, Role: LEADER
I20260709 12:59:31.673570  1837 consensus_queue.cc:237] T 703529e256374f7b9f3b2bd1b3b0af7a P 86e44619001941bcadb945d31a5b58ee [LEADER]: Queue going to LEADER mode. State: All replicated index: 0, Majority replicated index: 0, Committed index: 0, Last appended: 0.0, Last appended by leader: 0, Current term: 1, Majority size: 2, State: 0, Mode: LEADER, active raft config: opid_index: -1 OBSOLETE_local: false peers { permanent_uuid: "5f7a257f9a134f0c9068d41e98a0cf59" member_type: VOTER last_known_addr { host: "127.0.107.193" port: 46319 } } peers { permanent_uuid: "59af2f06f2ee46c5b30756cd4ae99873" member_type: VOTER last_known_addr { host: "127.0.107.194" port: 40357 } } peers { permanent_uuid: "86e44619001941bcadb945d31a5b58ee" member_type: VOTER last_known_addr { host: "127.0.107.195" port: 33069 } }
I20260709 12:59:31.673620  1478 catalog_manager.cc:5697] T 536b39ed3cf44f6b92a7775ef83b1d56 P 5f7a257f9a134f0c9068d41e98a0cf59 reported cstate change: term changed from 0 to 1, leader changed from <none> to 5f7a257f9a134f0c9068d41e98a0cf59 (127.0.107.193). New cstate: current_term: 1 leader_uuid: "5f7a257f9a134f0c9068d41e98a0cf59" committed_config { opid_index: -1 OBSOLETE_local: false peers { permanent_uuid: "5f7a257f9a134f0c9068d41e98a0cf59" member_type: VOTER last_known_addr { host: "127.0.107.193" port: 46319 } health_report { overall_health: HEALTHY } } peers { permanent_uuid: "59af2f06f2ee46c5b30756cd4ae99873" member_type: VOTER last_known_addr { host: "127.0.107.194" port: 40357 } health_report { overall_health: UNKNOWN } } peers { permanent_uuid: "86e44619001941bcadb945d31a5b58ee" member_type: VOTER last_known_addr { host: "127.0.107.195" port: 33069 } health_report { overall_health: UNKNOWN } } }
I20260709 12:59:31.674844  1773 tablet_bootstrap.cc:654] T 723ab45697674563be56504c0b2a6e0f P 5f7a257f9a134f0c9068d41e98a0cf59: Neither blocks nor log segments found. Creating new log.
I20260709 12:59:31.686448  1770 tablet_bootstrap.cc:492] T 65fb0d39bfd54d4f83850416e294fbf5 P 86e44619001941bcadb945d31a5b58ee: No bootstrap required, opened a new log
I20260709 12:59:31.686872  1770 ts_tablet_manager.cc:1403] T 65fb0d39bfd54d4f83850416e294fbf5 P 86e44619001941bcadb945d31a5b58ee: Time spent bootstrapping tablet: real 0.040s	user 0.008s	sys 0.006s
I20260709 12:59:31.690400  1770 raft_consensus.cc:359] T 65fb0d39bfd54d4f83850416e294fbf5 P 86e44619001941bcadb945d31a5b58ee [term 0 FOLLOWER]: Replica starting. Triggering 0 pending ops. Active config: opid_index: -1 OBSOLETE_local: false peers { permanent_uuid: "5f7a257f9a134f0c9068d41e98a0cf59" member_type: VOTER last_known_addr { host: "127.0.107.193" port: 46319 } } peers { permanent_uuid: "59af2f06f2ee46c5b30756cd4ae99873" member_type: VOTER last_known_addr { host: "127.0.107.194" port: 40357 } } peers { permanent_uuid: "86e44619001941bcadb945d31a5b58ee" member_type: VOTER last_known_addr { host: "127.0.107.195" port: 33069 } }
I20260709 12:59:31.690956  1770 raft_consensus.cc:385] T 65fb0d39bfd54d4f83850416e294fbf5 P 86e44619001941bcadb945d31a5b58ee [term 0 FOLLOWER]: Consensus starting up: Expiring failure detector timer to make a prompt election more likely
I20260709 12:59:31.691171  1770 raft_consensus.cc:740] T 65fb0d39bfd54d4f83850416e294fbf5 P 86e44619001941bcadb945d31a5b58ee [term 0 FOLLOWER]: Becoming Follower/Learner. State: Replica: 86e44619001941bcadb945d31a5b58ee, State: Initialized, Role: FOLLOWER
I20260709 12:59:31.691792  1770 consensus_queue.cc:260] T 65fb0d39bfd54d4f83850416e294fbf5 P 86e44619001941bcadb945d31a5b58ee [NON_LEADER]: Queue going to NON_LEADER mode. State: All replicated index: 0, Majority replicated index: 0, Committed index: 0, Last appended: 0.0, Last appended by leader: 0, Current term: 0, Majority size: -1, State: 0, Mode: NON_LEADER, active raft config: opid_index: -1 OBSOLETE_local: false peers { permanent_uuid: "5f7a257f9a134f0c9068d41e98a0cf59" member_type: VOTER last_known_addr { host: "127.0.107.193" port: 46319 } } peers { permanent_uuid: "59af2f06f2ee46c5b30756cd4ae99873" member_type: VOTER last_known_addr { host: "127.0.107.194" port: 40357 } } peers { permanent_uuid: "86e44619001941bcadb945d31a5b58ee" member_type: VOTER last_known_addr { host: "127.0.107.195" port: 33069 } }
I20260709 12:59:31.693747  1770 ts_tablet_manager.cc:1434] T 65fb0d39bfd54d4f83850416e294fbf5 P 86e44619001941bcadb945d31a5b58ee: Time spent starting tablet: real 0.007s	user 0.005s	sys 0.000s
I20260709 12:59:31.694556  1770 tablet_bootstrap.cc:492] T 3ea57fa0b01a41db880861491d401258 P 86e44619001941bcadb945d31a5b58ee: Bootstrap starting.
I20260709 12:59:31.695240  1580 tablet_service.cc:1917] Received RequestConsensusVote() RPC: tablet_id: "82487ae963134b679de3a8f4b7664a08" candidate_uuid: "86e44619001941bcadb945d31a5b58ee" candidate_term: 1 candidate_status { last_received { term: 0 index: 0 } } ignore_live_leader: false dest_uuid: "5f7a257f9a134f0c9068d41e98a0cf59" is_pre_election: true
I20260709 12:59:31.695837  1580 raft_consensus.cc:2468] T 82487ae963134b679de3a8f4b7664a08 P 5f7a257f9a134f0c9068d41e98a0cf59 [term 0 FOLLOWER]: Leader pre-election vote request: Granting yes vote for candidate 86e44619001941bcadb945d31a5b58ee in term 0.
I20260709 12:59:31.695925  1861 consensus_queue.cc:1048] T 69ddd274c08742e3a2c026768ec06626 P 59af2f06f2ee46c5b30756cd4ae99873 [LEADER]: Connected to new peer: Peer: permanent_uuid: "86e44619001941bcadb945d31a5b58ee" member_type: VOTER last_known_addr { host: "127.0.107.195" port: 33069 }, Status: LMP_MISMATCH, Last received: 0.0, Next index: 1, Last known committed idx: 0, Time since last communication: 0.000s
I20260709 12:59:31.698191  1695 leader_election.cc:304] T 82487ae963134b679de3a8f4b7664a08 P 86e44619001941bcadb945d31a5b58ee [CANDIDATE]: Term 1 pre-election: Election decided. Result: candidate won. Election summary: received 3 responses out of 3 voters: 2 yes votes; 1 no votes. yes voters: 5f7a257f9a134f0c9068d41e98a0cf59, 86e44619001941bcadb945d31a5b58ee; no voters: 59af2f06f2ee46c5b30756cd4ae99873
I20260709 12:59:31.702834  1835 raft_consensus.cc:2804] T 82487ae963134b679de3a8f4b7664a08 P 86e44619001941bcadb945d31a5b58ee [term 0 FOLLOWER]: Leader pre-election won for term 1
I20260709 12:59:31.703194  1835 raft_consensus.cc:493] T 82487ae963134b679de3a8f4b7664a08 P 86e44619001941bcadb945d31a5b58ee [term 0 FOLLOWER]: Starting leader election (no leader contacted us within the election timeout)
I20260709 12:59:31.703497  1835 raft_consensus.cc:3060] T 82487ae963134b679de3a8f4b7664a08 P 86e44619001941bcadb945d31a5b58ee [term 0 FOLLOWER]: Advancing to term 1
I20260709 12:59:31.708069  1863 consensus_queue.cc:1048] T 69ddd274c08742e3a2c026768ec06626 P 59af2f06f2ee46c5b30756cd4ae99873 [LEADER]: Connected to new peer: Peer: permanent_uuid: "5f7a257f9a134f0c9068d41e98a0cf59" member_type: VOTER last_known_addr { host: "127.0.107.193" port: 46319 }, Status: LMP_MISMATCH, Last received: 0.0, Next index: 1, Last known committed idx: 0, Time since last communication: 0.000s
I20260709 12:59:31.709193  1773 tablet_bootstrap.cc:492] T 723ab45697674563be56504c0b2a6e0f P 5f7a257f9a134f0c9068d41e98a0cf59: No bootstrap required, opened a new log
I20260709 12:59:31.709625  1773 ts_tablet_manager.cc:1403] T 723ab45697674563be56504c0b2a6e0f P 5f7a257f9a134f0c9068d41e98a0cf59: Time spent bootstrapping tablet: real 0.041s	user 0.014s	sys 0.000s
I20260709 12:59:31.712649  1478 catalog_manager.cc:5697] T 703529e256374f7b9f3b2bd1b3b0af7a P 86e44619001941bcadb945d31a5b58ee reported cstate change: term changed from 0 to 1, leader changed from <none> to 86e44619001941bcadb945d31a5b58ee (127.0.107.195). New cstate: current_term: 1 leader_uuid: "86e44619001941bcadb945d31a5b58ee" committed_config { opid_index: -1 OBSOLETE_local: false peers { permanent_uuid: "5f7a257f9a134f0c9068d41e98a0cf59" member_type: VOTER last_known_addr { host: "127.0.107.193" port: 46319 } health_report { overall_health: UNKNOWN } } peers { permanent_uuid: "59af2f06f2ee46c5b30756cd4ae99873" member_type: VOTER last_known_addr { host: "127.0.107.194" port: 40357 } health_report { overall_health: UNKNOWN } } peers { permanent_uuid: "86e44619001941bcadb945d31a5b58ee" member_type: VOTER last_known_addr { host: "127.0.107.195" port: 33069 } health_report { overall_health: HEALTHY } } }
I20260709 12:59:31.716635  1773 raft_consensus.cc:359] T 723ab45697674563be56504c0b2a6e0f P 5f7a257f9a134f0c9068d41e98a0cf59 [term 0 FOLLOWER]: Replica starting. Triggering 0 pending ops. Active config: opid_index: -1 OBSOLETE_local: false peers { permanent_uuid: "5f7a257f9a134f0c9068d41e98a0cf59" member_type: VOTER last_known_addr { host: "127.0.107.193" port: 46319 } } peers { permanent_uuid: "59af2f06f2ee46c5b30756cd4ae99873" member_type: VOTER last_known_addr { host: "127.0.107.194" port: 40357 } } peers { permanent_uuid: "86e44619001941bcadb945d31a5b58ee" member_type: VOTER last_known_addr { host: "127.0.107.195" port: 33069 } }
I20260709 12:59:31.717247  1771 tablet_bootstrap.cc:492] T 82487ae963134b679de3a8f4b7664a08 P 59af2f06f2ee46c5b30756cd4ae99873: No bootstrap required, opened a new log
I20260709 12:59:31.717267  1773 raft_consensus.cc:385] T 723ab45697674563be56504c0b2a6e0f P 5f7a257f9a134f0c9068d41e98a0cf59 [term 0 FOLLOWER]: Consensus starting up: Expiring failure detector timer to make a prompt election more likely
I20260709 12:59:31.717666  1771 ts_tablet_manager.cc:1403] T 82487ae963134b679de3a8f4b7664a08 P 59af2f06f2ee46c5b30756cd4ae99873: Time spent bootstrapping tablet: real 0.185s	user 0.024s	sys 0.069s
I20260709 12:59:31.717727  1773 raft_consensus.cc:740] T 723ab45697674563be56504c0b2a6e0f P 5f7a257f9a134f0c9068d41e98a0cf59 [term 0 FOLLOWER]: Becoming Follower/Learner. State: Replica: 5f7a257f9a134f0c9068d41e98a0cf59, State: Initialized, Role: FOLLOWER
I20260709 12:59:31.721235  1770 tablet_bootstrap.cc:654] T 3ea57fa0b01a41db880861491d401258 P 86e44619001941bcadb945d31a5b58ee: Neither blocks nor log segments found. Creating new log.
I20260709 12:59:31.721009  1771 raft_consensus.cc:359] T 82487ae963134b679de3a8f4b7664a08 P 59af2f06f2ee46c5b30756cd4ae99873 [term 0 FOLLOWER]: Replica starting. Triggering 0 pending ops. Active config: opid_index: -1 OBSOLETE_local: false peers { permanent_uuid: "5f7a257f9a134f0c9068d41e98a0cf59" member_type: VOTER last_known_addr { host: "127.0.107.193" port: 46319 } } peers { permanent_uuid: "59af2f06f2ee46c5b30756cd4ae99873" member_type: VOTER last_known_addr { host: "127.0.107.194" port: 40357 } } peers { permanent_uuid: "86e44619001941bcadb945d31a5b58ee" member_type: VOTER last_known_addr { host: "127.0.107.195" port: 33069 } }
I20260709 12:59:31.721642  1771 raft_consensus.cc:385] T 82487ae963134b679de3a8f4b7664a08 P 59af2f06f2ee46c5b30756cd4ae99873 [term 0 FOLLOWER]: Consensus starting up: Expiring failure detector timer to make a prompt election more likely
I20260709 12:59:31.721879  1771 raft_consensus.cc:740] T 82487ae963134b679de3a8f4b7664a08 P 59af2f06f2ee46c5b30756cd4ae99873 [term 0 FOLLOWER]: Becoming Follower/Learner. State: Replica: 59af2f06f2ee46c5b30756cd4ae99873, State: Initialized, Role: FOLLOWER
I20260709 12:59:31.721974  1479 catalog_manager.cc:5697] T 5f2a7ac4e27f4f1a811fcb707802e17c P 5f7a257f9a134f0c9068d41e98a0cf59 reported cstate change: term changed from 0 to 1, leader changed from <none> to 5f7a257f9a134f0c9068d41e98a0cf59 (127.0.107.193). New cstate: current_term: 1 leader_uuid: "5f7a257f9a134f0c9068d41e98a0cf59" committed_config { opid_index: -1 OBSOLETE_local: false peers { permanent_uuid: "5f7a257f9a134f0c9068d41e98a0cf59" member_type: VOTER last_known_addr { host: "127.0.107.193" port: 46319 } health_report { overall_health: HEALTHY } } peers { permanent_uuid: "59af2f06f2ee46c5b30756cd4ae99873" member_type: VOTER last_known_addr { host: "127.0.107.194" port: 40357 } health_report { overall_health: UNKNOWN } } peers { permanent_uuid: "86e44619001941bcadb945d31a5b58ee" member_type: VOTER last_known_addr { host: "127.0.107.195" port: 33069 } health_report { overall_health: UNKNOWN } } }
I20260709 12:59:31.723410  1771 consensus_queue.cc:260] T 82487ae963134b679de3a8f4b7664a08 P 59af2f06f2ee46c5b30756cd4ae99873 [NON_LEADER]: Queue going to NON_LEADER mode. State: All replicated index: 0, Majority replicated index: 0, Committed index: 0, Last appended: 0.0, Last appended by leader: 0, Current term: 0, Majority size: -1, State: 0, Mode: NON_LEADER, active raft config: opid_index: -1 OBSOLETE_local: false peers { permanent_uuid: "5f7a257f9a134f0c9068d41e98a0cf59" member_type: VOTER last_known_addr { host: "127.0.107.193" port: 46319 } } peers { permanent_uuid: "59af2f06f2ee46c5b30756cd4ae99873" member_type: VOTER last_known_addr { host: "127.0.107.194" port: 40357 } } peers { permanent_uuid: "86e44619001941bcadb945d31a5b58ee" member_type: VOTER last_known_addr { host: "127.0.107.195" port: 33069 } }
I20260709 12:59:31.725291  1771 ts_tablet_manager.cc:1434] T 82487ae963134b679de3a8f4b7664a08 P 59af2f06f2ee46c5b30756cd4ae99873: Time spent starting tablet: real 0.007s	user 0.001s	sys 0.003s
I20260709 12:59:31.726676  1771 tablet_bootstrap.cc:492] T 65fb0d39bfd54d4f83850416e294fbf5 P 59af2f06f2ee46c5b30756cd4ae99873: Bootstrap starting.
