I20260709 12:59:01.548288   460 catalog_manager.cc:5697] T e4fce4ffd3fb4021a9ceab820ced2714 P 786a151463ac4848863ff9c739f0b311 reported cstate change: term changed from 1 to 2, leader changed from 09dfb8e38f8b41ab8b2d7f60f0586842 (127.0.107.195) to 786a151463ac4848863ff9c739f0b311 (127.0.107.194). New cstate: current_term: 2 leader_uuid: "786a151463ac4848863ff9c739f0b311" committed_config { opid_index: -1 OBSOLETE_local: false peers { permanent_uuid: "0474c591a4154337a74f518f02e4ce43" member_type: VOTER last_known_addr { host: "127.0.107.193" port: 34439 } health_report { overall_health: UNKNOWN } } peers { permanent_uuid: "786a151463ac4848863ff9c739f0b311" member_type: VOTER last_known_addr { host: "127.0.107.194" port: 34205 } health_report { overall_health: HEALTHY } } peers { permanent_uuid: "09dfb8e38f8b41ab8b2d7f60f0586842" member_type: VOTER last_known_addr { host: "127.0.107.195" port: 41855 } health_report { overall_health: UNKNOWN } } }
I20260709 12:59:01.548096   565 raft_consensus.cc:515] T 000429b459e44efda90a7a43be3470c2 P 0474c591a4154337a74f518f02e4ce43 [term 2 FOLLOWER]: Starting forced leader election with config: opid_index: -1 OBSOLETE_local: false peers { permanent_uuid: "0474c591a4154337a74f518f02e4ce43" member_type: VOTER last_known_addr { host: "127.0.107.193" port: 34439 } } peers { permanent_uuid: "786a151463ac4848863ff9c739f0b311" member_type: VOTER last_known_addr { host: "127.0.107.194" port: 34205 } } peers { permanent_uuid: "09dfb8e38f8b41ab8b2d7f60f0586842" member_type: VOTER last_known_addr { host: "127.0.107.195" port: 41855 } }
I20260709 12:59:01.571316   565 leader_election.cc:290] T 000429b459e44efda90a7a43be3470c2 P 0474c591a4154337a74f518f02e4ce43 [CANDIDATE]: Term 2 election: Requested vote from peers 786a151463ac4848863ff9c739f0b311 (127.0.107.194:34205), 09dfb8e38f8b41ab8b2d7f60f0586842 (127.0.107.195:41855)
I20260709 12:59:01.571450   640 tablet_service.cc:1917] Received RequestConsensusVote() RPC: tablet_id: "000429b459e44efda90a7a43be3470c2" candidate_uuid: "0474c591a4154337a74f518f02e4ce43" candidate_term: 2 candidate_status { last_received { term: 1 index: 1 } } ignore_live_leader: true dest_uuid: "786a151463ac4848863ff9c739f0b311"
I20260709 12:59:01.572896   640 raft_consensus.cc:3060] T 000429b459e44efda90a7a43be3470c2 P 786a151463ac4848863ff9c739f0b311 [term 1 FOLLOWER]: Advancing to term 2
I20260709 12:59:01.567132   712 raft_consensus.cc:515] T b7d34d249566461f926acfb7128635eb P 09dfb8e38f8b41ab8b2d7f60f0586842 [term 2 FOLLOWER]: Starting forced leader election with config: opid_index: -1 OBSOLETE_local: false peers { permanent_uuid: "0474c591a4154337a74f518f02e4ce43" member_type: VOTER last_known_addr { host: "127.0.107.193" port: 34439 } } peers { permanent_uuid: "786a151463ac4848863ff9c739f0b311" member_type: VOTER last_known_addr { host: "127.0.107.194" port: 34205 } } peers { permanent_uuid: "09dfb8e38f8b41ab8b2d7f60f0586842" member_type: VOTER last_known_addr { host: "127.0.107.195" port: 41855 } }
I20260709 12:59:01.575924   713 raft_consensus.cc:1240] T b7d34d249566461f926acfb7128635eb P 09dfb8e38f8b41ab8b2d7f60f0586842 [term 2 FOLLOWER]: Rejecting Update request from peer 786a151463ac4848863ff9c739f0b311 for earlier term 1. Current term is 2. Ops: []
I20260709 12:59:01.580475   565 tablet_service.cc:1917] Received RequestConsensusVote() RPC: tablet_id: "b7d34d249566461f926acfb7128635eb" candidate_uuid: "09dfb8e38f8b41ab8b2d7f60f0586842" candidate_term: 2 candidate_status { last_received { term: 1 index: 1 } } ignore_live_leader: true dest_uuid: "0474c591a4154337a74f518f02e4ce43"
I20260709 12:59:01.581319   565 raft_consensus.cc:3060] T b7d34d249566461f926acfb7128635eb P 0474c591a4154337a74f518f02e4ce43 [term 1 FOLLOWER]: Advancing to term 2
I20260709 12:59:01.581434   787 consensus_queue.cc:1059] T b7d34d249566461f926acfb7128635eb P 786a151463ac4848863ff9c739f0b311 [LEADER]: Peer responded invalid term: Peer: permanent_uuid: "09dfb8e38f8b41ab8b2d7f60f0586842" member_type: VOTER last_known_addr { host: "127.0.107.195" port: 41855 }, Status: INVALID_TERM, Last received: 1.1, Next index: 2, Last known committed idx: 0, Time since last communication: 0.000s
I20260709 12:59:01.582310   787 raft_consensus.cc:3055] T b7d34d249566461f926acfb7128635eb P 786a151463ac4848863ff9c739f0b311 [term 1 LEADER]: Stepping down as leader of term 1
I20260709 12:59:01.583314   787 raft_consensus.cc:740] T b7d34d249566461f926acfb7128635eb P 786a151463ac4848863ff9c739f0b311 [term 1 LEADER]: Becoming Follower/Learner. State: Replica: 786a151463ac4848863ff9c739f0b311, State: Running, Role: LEADER
I20260709 12:59:01.584041   712 leader_election.cc:290] T b7d34d249566461f926acfb7128635eb P 09dfb8e38f8b41ab8b2d7f60f0586842 [CANDIDATE]: Term 2 election: Requested vote from peers 0474c591a4154337a74f518f02e4ce43 (127.0.107.193:34439), 786a151463ac4848863ff9c739f0b311 (127.0.107.194:34205)
I20260709 12:59:01.588032   713 tablet_service.cc:1917] Received RequestConsensusVote() RPC: tablet_id: "000429b459e44efda90a7a43be3470c2" candidate_uuid: "0474c591a4154337a74f518f02e4ce43" candidate_term: 2 candidate_status { last_received { term: 1 index: 1 } } ignore_live_leader: true dest_uuid: "09dfb8e38f8b41ab8b2d7f60f0586842"
I20260709 12:59:01.588758   713 raft_consensus.cc:3055] T 000429b459e44efda90a7a43be3470c2 P 09dfb8e38f8b41ab8b2d7f60f0586842 [term 1 LEADER]: Stepping down as leader of term 1
I20260709 12:59:01.589097   713 raft_consensus.cc:740] T 000429b459e44efda90a7a43be3470c2 P 09dfb8e38f8b41ab8b2d7f60f0586842 [term 1 LEADER]: Becoming Follower/Learner. State: Replica: 09dfb8e38f8b41ab8b2d7f60f0586842, State: Running, Role: LEADER
I20260709 12:59:01.590001   713 consensus_queue.cc:260] T 000429b459e44efda90a7a43be3470c2 P 09dfb8e38f8b41ab8b2d7f60f0586842 [NON_LEADER]: Queue going to NON_LEADER mode. State: All replicated index: 0, Majority replicated index: 1, Committed index: 1, Last appended: 1.1, Last appended by leader: 1, Current term: 1, Majority size: -1, State: 0, Mode: NON_LEADER, active raft config: opid_index: -1 OBSOLETE_local: false peers { permanent_uuid: "0474c591a4154337a74f518f02e4ce43" member_type: VOTER last_known_addr { host: "127.0.107.193" port: 34439 } } peers { permanent_uuid: "786a151463ac4848863ff9c739f0b311" member_type: VOTER last_known_addr { host: "127.0.107.194" port: 34205 } } peers { permanent_uuid: "09dfb8e38f8b41ab8b2d7f60f0586842" member_type: VOTER last_known_addr { host: "127.0.107.195" port: 41855 } }
I20260709 12:59:01.591409   713 raft_consensus.cc:3060] T 000429b459e44efda90a7a43be3470c2 P 09dfb8e38f8b41ab8b2d7f60f0586842 [term 1 FOLLOWER]: Advancing to term 2
I20260709 12:59:01.594722   565 raft_consensus.cc:2468] T b7d34d249566461f926acfb7128635eb P 0474c591a4154337a74f518f02e4ce43 [term 2 FOLLOWER]: Leader election vote request: Granting yes vote for candidate 09dfb8e38f8b41ab8b2d7f60f0586842 in term 2.
I20260709 12:59:01.595781   764 raft_consensus.cc:993] T 9e186344d3f043b3ac2ea2998a2cfcbe P 0474c591a4154337a74f518f02e4ce43: : Instructing follower 786a151463ac4848863ff9c739f0b311 to start an election
I20260709 12:59:01.596271   681 leader_election.cc:304] T b7d34d249566461f926acfb7128635eb P 09dfb8e38f8b41ab8b2d7f60f0586842 [CANDIDATE]: Term 2 election: Election decided. Result: candidate won. Election summary: received 2 responses out of 3 voters: 2 yes votes; 0 no votes. yes voters: 0474c591a4154337a74f518f02e4ce43, 09dfb8e38f8b41ab8b2d7f60f0586842; no voters: 
I20260709 12:59:01.596222   764 raft_consensus.cc:1081] T 9e186344d3f043b3ac2ea2998a2cfcbe P 0474c591a4154337a74f518f02e4ce43 [term 1 LEADER]: Signalling peer 786a151463ac4848863ff9c739f0b311 to start an election
I20260709 12:59:01.597373   765 raft_consensus.cc:2804] T b7d34d249566461f926acfb7128635eb P 09dfb8e38f8b41ab8b2d7f60f0586842 [term 2 FOLLOWER]: Leader election won for term 2
I20260709 12:59:01.597922   765 raft_consensus.cc:697] T b7d34d249566461f926acfb7128635eb P 09dfb8e38f8b41ab8b2d7f60f0586842 [term 2 LEADER]: Becoming Leader. State: Replica: 09dfb8e38f8b41ab8b2d7f60f0586842, State: Running, Role: LEADER
I20260709 12:59:01.598826   765 consensus_queue.cc:237] T b7d34d249566461f926acfb7128635eb P 09dfb8e38f8b41ab8b2d7f60f0586842 [LEADER]: Queue going to LEADER mode. State: All replicated index: 0, Majority replicated index: 0, Committed index: 0, Last appended: 1.1, Last appended by leader: 1, Current term: 2, Majority size: 2, State: 0, Mode: LEADER, active raft config: opid_index: -1 OBSOLETE_local: false peers { permanent_uuid: "0474c591a4154337a74f518f02e4ce43" member_type: VOTER last_known_addr { host: "127.0.107.193" port: 34439 } } peers { permanent_uuid: "786a151463ac4848863ff9c739f0b311" member_type: VOTER last_known_addr { host: "127.0.107.194" port: 34205 } } peers { permanent_uuid: "09dfb8e38f8b41ab8b2d7f60f0586842" member_type: VOTER last_known_addr { host: "127.0.107.195" port: 41855 } }
I20260709 12:59:01.599509   638 tablet_service.cc:2044] Received Run Leader Election RPC: tablet_id: "9e186344d3f043b3ac2ea2998a2cfcbe"
dest_uuid: "786a151463ac4848863ff9c739f0b311"
 from {username='slave'} at 127.0.0.1:42726
I20260709 12:59:01.600143   638 raft_consensus.cc:493] T 9e186344d3f043b3ac2ea2998a2cfcbe P 786a151463ac4848863ff9c739f0b311 [term 1 FOLLOWER]: Starting forced leader election (received explicit request)
I20260709 12:59:01.600771   638 raft_consensus.cc:3060] T 9e186344d3f043b3ac2ea2998a2cfcbe P 786a151463ac4848863ff9c739f0b311 [term 1 FOLLOWER]: Advancing to term 2
I20260709 12:59:01.584575   787 consensus_queue.cc:260] T b7d34d249566461f926acfb7128635eb P 786a151463ac4848863ff9c739f0b311 [NON_LEADER]: Queue going to NON_LEADER mode. State: All replicated index: 0, Majority replicated index: 1, Committed index: 1, Last appended: 1.1, Last appended by leader: 1, Current term: 1, Majority size: -1, State: 0, Mode: NON_LEADER, active raft config: opid_index: -1 OBSOLETE_local: false peers { permanent_uuid: "0474c591a4154337a74f518f02e4ce43" member_type: VOTER last_known_addr { host: "127.0.107.193" port: 34439 } } peers { permanent_uuid: "786a151463ac4848863ff9c739f0b311" member_type: VOTER last_known_addr { host: "127.0.107.194" port: 34205 } } peers { permanent_uuid: "09dfb8e38f8b41ab8b2d7f60f0586842" member_type: VOTER last_known_addr { host: "127.0.107.195" port: 41855 } }
I20260709 12:59:01.586521   639 tablet_service.cc:1917] Received RequestConsensusVote() RPC: tablet_id: "b7d34d249566461f926acfb7128635eb" candidate_uuid: "09dfb8e38f8b41ab8b2d7f60f0586842" candidate_term: 2 candidate_status { last_received { term: 1 index: 1 } } ignore_live_leader: true dest_uuid: "786a151463ac4848863ff9c739f0b311"
I20260709 12:59:01.613914   713 raft_consensus.cc:2468] T 000429b459e44efda90a7a43be3470c2 P 09dfb8e38f8b41ab8b2d7f60f0586842 [term 2 FOLLOWER]: Leader election vote request: Granting yes vote for candidate 0474c591a4154337a74f518f02e4ce43 in term 2.
I20260709 12:59:01.615521   531 leader_election.cc:304] T 000429b459e44efda90a7a43be3470c2 P 0474c591a4154337a74f518f02e4ce43 [CANDIDATE]: Term 2 election: Election decided. Result: candidate won. Election summary: received 2 responses out of 3 voters: 2 yes votes; 0 no votes. yes voters: 0474c591a4154337a74f518f02e4ce43, 09dfb8e38f8b41ab8b2d7f60f0586842; no voters: 
I20260709 12:59:01.619117   787 raft_consensus.cc:3060] T b7d34d249566461f926acfb7128635eb P 786a151463ac4848863ff9c739f0b311 [term 1 FOLLOWER]: Advancing to term 2
I20260709 12:59:01.619159   764 raft_consensus.cc:2804] T 000429b459e44efda90a7a43be3470c2 P 0474c591a4154337a74f518f02e4ce43 [term 2 FOLLOWER]: Leader election won for term 2
I20260709 12:59:01.617733   463 catalog_manager.cc:5697] T b7d34d249566461f926acfb7128635eb P 09dfb8e38f8b41ab8b2d7f60f0586842 reported cstate change: term changed from 1 to 2, leader changed from 786a151463ac4848863ff9c739f0b311 (127.0.107.194) to 09dfb8e38f8b41ab8b2d7f60f0586842 (127.0.107.195). New cstate: current_term: 2 leader_uuid: "09dfb8e38f8b41ab8b2d7f60f0586842" committed_config { opid_index: -1 OBSOLETE_local: false peers { permanent_uuid: "0474c591a4154337a74f518f02e4ce43" member_type: VOTER last_known_addr { host: "127.0.107.193" port: 34439 } health_report { overall_health: UNKNOWN } } peers { permanent_uuid: "786a151463ac4848863ff9c739f0b311" member_type: VOTER last_known_addr { host: "127.0.107.194" port: 34205 } health_report { overall_health: UNKNOWN } } peers { permanent_uuid: "09dfb8e38f8b41ab8b2d7f60f0586842" member_type: VOTER last_known_addr { host: "127.0.107.195" port: 41855 } health_report { overall_health: HEALTHY } } }
I20260709 12:59:01.620034   764 raft_consensus.cc:697] T 000429b459e44efda90a7a43be3470c2 P 0474c591a4154337a74f518f02e4ce43 [term 2 LEADER]: Becoming Leader. State: Replica: 0474c591a4154337a74f518f02e4ce43, State: Running, Role: LEADER
I20260709 12:59:01.621315   764 consensus_queue.cc:237] T 000429b459e44efda90a7a43be3470c2 P 0474c591a4154337a74f518f02e4ce43 [LEADER]: Queue going to LEADER mode. State: All replicated index: 0, Majority replicated index: 1, Committed index: 1, Last appended: 1.1, Last appended by leader: 1, Current term: 2, Majority size: 2, State: 0, Mode: LEADER, active raft config: opid_index: -1 OBSOLETE_local: false peers { permanent_uuid: "0474c591a4154337a74f518f02e4ce43" member_type: VOTER last_known_addr { host: "127.0.107.193" port: 34439 } } peers { permanent_uuid: "786a151463ac4848863ff9c739f0b311" member_type: VOTER last_known_addr { host: "127.0.107.194" port: 34205 } } peers { permanent_uuid: "09dfb8e38f8b41ab8b2d7f60f0586842" member_type: VOTER last_known_addr { host: "127.0.107.195" port: 41855 } }
I20260709 12:59:01.625614   640 raft_consensus.cc:2468] T 000429b459e44efda90a7a43be3470c2 P 786a151463ac4848863ff9c739f0b311 [term 2 FOLLOWER]: Leader election vote request: Granting yes vote for candidate 0474c591a4154337a74f518f02e4ce43 in term 2.
I20260709 12:59:01.634122   460 catalog_manager.cc:5697] T 000429b459e44efda90a7a43be3470c2 P 0474c591a4154337a74f518f02e4ce43 reported cstate change: term changed from 1 to 2, leader changed from 09dfb8e38f8b41ab8b2d7f60f0586842 (127.0.107.195) to 0474c591a4154337a74f518f02e4ce43 (127.0.107.193). New cstate: current_term: 2 leader_uuid: "0474c591a4154337a74f518f02e4ce43" committed_config { opid_index: -1 OBSOLETE_local: false peers { permanent_uuid: "0474c591a4154337a74f518f02e4ce43" member_type: VOTER last_known_addr { host: "127.0.107.193" port: 34439 } health_report { overall_health: HEALTHY } } peers { permanent_uuid: "786a151463ac4848863ff9c739f0b311" member_type: VOTER last_known_addr { host: "127.0.107.194" port: 34205 } health_report { overall_health: UNKNOWN } } peers { permanent_uuid: "09dfb8e38f8b41ab8b2d7f60f0586842" member_type: VOTER last_known_addr { host: "127.0.107.195" port: 41855 } health_report { overall_health: UNKNOWN } } }
I20260709 12:59:01.661356   638 raft_consensus.cc:515] T 9e186344d3f043b3ac2ea2998a2cfcbe P 786a151463ac4848863ff9c739f0b311 [term 2 FOLLOWER]: Starting forced leader election with config: opid_index: -1 OBSOLETE_local: false peers { permanent_uuid: "0474c591a4154337a74f518f02e4ce43" member_type: VOTER last_known_addr { host: "127.0.107.193" port: 34439 } } peers { permanent_uuid: "786a151463ac4848863ff9c739f0b311" member_type: VOTER last_known_addr { host: "127.0.107.194" port: 34205 } } peers { permanent_uuid: "09dfb8e38f8b41ab8b2d7f60f0586842" member_type: VOTER last_known_addr { host: "127.0.107.195" port: 41855 } }
I20260709 12:59:01.674949   638 leader_election.cc:290] T 9e186344d3f043b3ac2ea2998a2cfcbe P 786a151463ac4848863ff9c739f0b311 [CANDIDATE]: Term 2 election: Requested vote from peers 0474c591a4154337a74f518f02e4ce43 (127.0.107.193:34439), 09dfb8e38f8b41ab8b2d7f60f0586842 (127.0.107.195:41855)
I20260709 12:59:01.677354   565 tablet_service.cc:1917] Received RequestConsensusVote() RPC: tablet_id: "9e186344d3f043b3ac2ea2998a2cfcbe" candidate_uuid: "786a151463ac4848863ff9c739f0b311" candidate_term: 2 candidate_status { last_received { term: 1 index: 1 } } ignore_live_leader: true dest_uuid: "0474c591a4154337a74f518f02e4ce43"
I20260709 12:59:01.678077   565 raft_consensus.cc:3055] T 9e186344d3f043b3ac2ea2998a2cfcbe P 0474c591a4154337a74f518f02e4ce43 [term 1 LEADER]: Stepping down as leader of term 1
I20260709 12:59:01.678435   565 raft_consensus.cc:740] T 9e186344d3f043b3ac2ea2998a2cfcbe P 0474c591a4154337a74f518f02e4ce43 [term 1 LEADER]: Becoming Follower/Learner. State: Replica: 0474c591a4154337a74f518f02e4ce43, State: Running, Role: LEADER
I20260709 12:59:01.680898   712 tablet_service.cc:1917] Received RequestConsensusVote() RPC: tablet_id: "9e186344d3f043b3ac2ea2998a2cfcbe" candidate_uuid: "786a151463ac4848863ff9c739f0b311" candidate_term: 2 candidate_status { last_received { term: 1 index: 1 } } ignore_live_leader: true dest_uuid: "09dfb8e38f8b41ab8b2d7f60f0586842"
I20260709 12:59:01.681677   712 raft_consensus.cc:3060] T 9e186344d3f043b3ac2ea2998a2cfcbe P 09dfb8e38f8b41ab8b2d7f60f0586842 [term 1 FOLLOWER]: Advancing to term 2
I20260709 12:59:01.679304   565 consensus_queue.cc:260] T 9e186344d3f043b3ac2ea2998a2cfcbe P 0474c591a4154337a74f518f02e4ce43 [NON_LEADER]: Queue going to NON_LEADER mode. State: All replicated index: 0, Majority replicated index: 1, Committed index: 1, Last appended: 1.1, Last appended by leader: 1, Current term: 1, Majority size: -1, State: 0, Mode: NON_LEADER, active raft config: opid_index: -1 OBSOLETE_local: false peers { permanent_uuid: "0474c591a4154337a74f518f02e4ce43" member_type: VOTER last_known_addr { host: "127.0.107.193" port: 34439 } } peers { permanent_uuid: "786a151463ac4848863ff9c739f0b311" member_type: VOTER last_known_addr { host: "127.0.107.194" port: 34205 } } peers { permanent_uuid: "09dfb8e38f8b41ab8b2d7f60f0586842" member_type: VOTER last_known_addr { host: "127.0.107.195" port: 41855 } }
I20260709 12:59:01.685535   565 raft_consensus.cc:3060] T 9e186344d3f043b3ac2ea2998a2cfcbe P 0474c591a4154337a74f518f02e4ce43 [term 1 FOLLOWER]: Advancing to term 2
I20260709 12:59:01.688513   712 raft_consensus.cc:2468] T 9e186344d3f043b3ac2ea2998a2cfcbe P 09dfb8e38f8b41ab8b2d7f60f0586842 [term 2 FOLLOWER]: Leader election vote request: Granting yes vote for candidate 786a151463ac4848863ff9c739f0b311 in term 2.
I20260709 12:59:01.689916   606 leader_election.cc:304] T 9e186344d3f043b3ac2ea2998a2cfcbe P 786a151463ac4848863ff9c739f0b311 [CANDIDATE]: Term 2 election: Election decided. Result: candidate won. Election summary: received 2 responses out of 3 voters: 2 yes votes; 0 no votes. yes voters: 09dfb8e38f8b41ab8b2d7f60f0586842, 786a151463ac4848863ff9c739f0b311; no voters: 
I20260709 12:59:01.693161   639 raft_consensus.cc:2468] T b7d34d249566461f926acfb7128635eb P 786a151463ac4848863ff9c739f0b311 [term 2 FOLLOWER]: Leader election vote request: Granting yes vote for candidate 09dfb8e38f8b41ab8b2d7f60f0586842 in term 2.
I20260709 12:59:01.694612   846 raft_consensus.cc:2804] T 9e186344d3f043b3ac2ea2998a2cfcbe P 786a151463ac4848863ff9c739f0b311 [term 2 FOLLOWER]: Leader election won for term 2
I20260709 12:59:01.696597   846 raft_consensus.cc:697] T 9e186344d3f043b3ac2ea2998a2cfcbe P 786a151463ac4848863ff9c739f0b311 [term 2 LEADER]: Becoming Leader. State: Replica: 786a151463ac4848863ff9c739f0b311, State: Running, Role: LEADER
I20260709 12:59:01.697530   846 consensus_queue.cc:237] T 9e186344d3f043b3ac2ea2998a2cfcbe P 786a151463ac4848863ff9c739f0b311 [LEADER]: Queue going to LEADER mode. State: All replicated index: 0, Majority replicated index: 1, Committed index: 1, Last appended: 1.1, Last appended by leader: 1, Current term: 2, Majority size: 2, State: 0, Mode: LEADER, active raft config: opid_index: -1 OBSOLETE_local: false peers { permanent_uuid: "0474c591a4154337a74f518f02e4ce43" member_type: VOTER last_known_addr { host: "127.0.107.193" port: 34439 } } peers { permanent_uuid: "786a151463ac4848863ff9c739f0b311" member_type: VOTER last_known_addr { host: "127.0.107.194" port: 34205 } } peers { permanent_uuid: "09dfb8e38f8b41ab8b2d7f60f0586842" member_type: VOTER last_known_addr { host: "127.0.107.195" port: 41855 } }
I20260709 12:59:01.698153   565 raft_consensus.cc:2468] T 9e186344d3f043b3ac2ea2998a2cfcbe P 0474c591a4154337a74f518f02e4ce43 [term 2 FOLLOWER]: Leader election vote request: Granting yes vote for candidate 786a151463ac4848863ff9c739f0b311 in term 2.
I20260709 12:59:01.706640   460 catalog_manager.cc:5697] T 9e186344d3f043b3ac2ea2998a2cfcbe P 786a151463ac4848863ff9c739f0b311 reported cstate change: term changed from 1 to 2, leader changed from 0474c591a4154337a74f518f02e4ce43 (127.0.107.193) to 786a151463ac4848863ff9c739f0b311 (127.0.107.194). New cstate: current_term: 2 leader_uuid: "786a151463ac4848863ff9c739f0b311" committed_config { opid_index: -1 OBSOLETE_local: false peers { permanent_uuid: "0474c591a4154337a74f518f02e4ce43" member_type: VOTER last_known_addr { host: "127.0.107.193" port: 34439 } health_report { overall_health: UNKNOWN } } peers { permanent_uuid: "786a151463ac4848863ff9c739f0b311" member_type: VOTER last_known_addr { host: "127.0.107.194" port: 34205 } health_report { overall_health: HEALTHY } } peers { permanent_uuid: "09dfb8e38f8b41ab8b2d7f60f0586842" member_type: VOTER last_known_addr { host: "127.0.107.195" port: 41855 } health_report { overall_health: UNKNOWN } } }
I20260709 12:59:01.761756   712 raft_consensus.cc:1275] T d0afc0a8df384f56844fc46faa0ba35b P 09dfb8e38f8b41ab8b2d7f60f0586842 [term 2 FOLLOWER]: Refusing update from remote peer 0474c591a4154337a74f518f02e4ce43: Log matching property violated. Preceding OpId in replica: term: 1 index: 1. Preceding OpId from leader: term: 2 index: 2. (index mismatch)
I20260709 12:59:01.763312   839 consensus_queue.cc:1048] T d0afc0a8df384f56844fc46faa0ba35b P 0474c591a4154337a74f518f02e4ce43 [LEADER]: Connected to new peer: Peer: permanent_uuid: "09dfb8e38f8b41ab8b2d7f60f0586842" member_type: VOTER last_known_addr { host: "127.0.107.195" port: 41855 }, Status: LMP_MISMATCH, Last received: 0.0, Next index: 2, Last known committed idx: 1, Time since last communication: 0.001s
I20260709 12:59:01.779572   639 raft_consensus.cc:1275] T d0afc0a8df384f56844fc46faa0ba35b P 786a151463ac4848863ff9c739f0b311 [term 2 FOLLOWER]: Refusing update from remote peer 0474c591a4154337a74f518f02e4ce43: Log matching property violated. Preceding OpId in replica: term: 1 index: 1. Preceding OpId from leader: term: 2 index: 2. (index mismatch)
I20260709 12:59:01.781211   797 consensus_queue.cc:1048] T d0afc0a8df384f56844fc46faa0ba35b P 0474c591a4154337a74f518f02e4ce43 [LEADER]: Connected to new peer: Peer: permanent_uuid: "786a151463ac4848863ff9c739f0b311" member_type: VOTER last_known_addr { host: "127.0.107.194" port: 34205 }, Status: LMP_MISMATCH, Last received: 0.0, Next index: 2, Last known committed idx: 1, Time since last communication: 0.000s
I20260709 12:59:01.986613   565 raft_consensus.cc:1275] T e4fce4ffd3fb4021a9ceab820ced2714 P 0474c591a4154337a74f518f02e4ce43 [term 2 FOLLOWER]: Refusing update from remote peer 786a151463ac4848863ff9c739f0b311: Log matching property violated. Preceding OpId in replica: term: 1 index: 1. Preceding OpId from leader: term: 2 index: 2. (index mismatch)
I20260709 12:59:01.988777   846 consensus_queue.cc:1048] T e4fce4ffd3fb4021a9ceab820ced2714 P 786a151463ac4848863ff9c739f0b311 [LEADER]: Connected to new peer: Peer: permanent_uuid: "0474c591a4154337a74f518f02e4ce43" member_type: VOTER last_known_addr { host: "127.0.107.193" port: 34439 }, Status: LMP_MISMATCH, Last received: 0.0, Next index: 2, Last known committed idx: 1, Time since last communication: 0.001s
I20260709 12:59:02.004077   712 raft_consensus.cc:1275] T e4fce4ffd3fb4021a9ceab820ced2714 P 09dfb8e38f8b41ab8b2d7f60f0586842 [term 2 FOLLOWER]: Refusing update from remote peer 786a151463ac4848863ff9c739f0b311: Log matching property violated. Preceding OpId in replica: term: 1 index: 1. Preceding OpId from leader: term: 2 index: 2. (index mismatch)
I20260709 12:59:02.006944   846 consensus_queue.cc:1048] T e4fce4ffd3fb4021a9ceab820ced2714 P 786a151463ac4848863ff9c739f0b311 [LEADER]: Connected to new peer: Peer: permanent_uuid: "09dfb8e38f8b41ab8b2d7f60f0586842" member_type: VOTER last_known_addr { host: "127.0.107.195" port: 41855 }, Status: LMP_MISMATCH, Last received: 0.0, Next index: 2, Last known committed idx: 1, Time since last communication: 0.000s
I20260709 12:59:02.010381   712 raft_consensus.cc:1275] T 000429b459e44efda90a7a43be3470c2 P 09dfb8e38f8b41ab8b2d7f60f0586842 [term 2 FOLLOWER]: Refusing update from remote peer 0474c591a4154337a74f518f02e4ce43: Log matching property violated. Preceding OpId in replica: term: 1 index: 1. Preceding OpId from leader: term: 2 index: 2. (index mismatch)
I20260709 12:59:02.012779   839 consensus_queue.cc:1048] T 000429b459e44efda90a7a43be3470c2 P 0474c591a4154337a74f518f02e4ce43 [LEADER]: Connected to new peer: Peer: permanent_uuid: "09dfb8e38f8b41ab8b2d7f60f0586842" member_type: VOTER last_known_addr { host: "127.0.107.195" port: 41855 }, Status: LMP_MISMATCH, Last received: 0.0, Next index: 2, Last known committed idx: 1, Time since last communication: 0.000s
I20260709 12:59:02.025993   639 raft_consensus.cc:1275] T 000429b459e44efda90a7a43be3470c2 P 786a151463ac4848863ff9c739f0b311 [term 2 FOLLOWER]: Refusing update from remote peer 0474c591a4154337a74f518f02e4ce43: Log matching property violated. Preceding OpId in replica: term: 1 index: 1. Preceding OpId from leader: term: 2 index: 2. (index mismatch)
I20260709 12:59:02.032560   797 consensus_queue.cc:1048] T 000429b459e44efda90a7a43be3470c2 P 0474c591a4154337a74f518f02e4ce43 [LEADER]: Connected to new peer: Peer: permanent_uuid: "786a151463ac4848863ff9c739f0b311" member_type: VOTER last_known_addr { host: "127.0.107.194" port: 34205 }, Status: LMP_MISMATCH, Last received: 0.0, Next index: 2, Last known committed idx: 1, Time since last communication: 0.001s
I20260709 12:59:02.080848   639 raft_consensus.cc:1275] T b7d34d249566461f926acfb7128635eb P 786a151463ac4848863ff9c739f0b311 [term 2 FOLLOWER]: Refusing update from remote peer 09dfb8e38f8b41ab8b2d7f60f0586842: Log matching property violated. Preceding OpId in replica: term: 1 index: 1. Preceding OpId from leader: term: 2 index: 2. (index mismatch)
I20260709 12:59:02.082791   825 consensus_queue.cc:1048] T b7d34d249566461f926acfb7128635eb P 09dfb8e38f8b41ab8b2d7f60f0586842 [LEADER]: Connected to new peer: Peer: permanent_uuid: "786a151463ac4848863ff9c739f0b311" member_type: VOTER last_known_addr { host: "127.0.107.194" port: 34205 }, Status: LMP_MISMATCH, Last received: 0.0, Next index: 2, Last known committed idx: 1, Time since last communication: 0.001s
I20260709 12:59:02.090893   565 raft_consensus.cc:1275] T b7d34d249566461f926acfb7128635eb P 0474c591a4154337a74f518f02e4ce43 [term 2 FOLLOWER]: Refusing update from remote peer 09dfb8e38f8b41ab8b2d7f60f0586842: Log matching property violated. Preceding OpId in replica: term: 1 index: 1. Preceding OpId from leader: term: 2 index: 2. (index mismatch)
I20260709 12:59:02.101781   825 consensus_queue.cc:1048] T b7d34d249566461f926acfb7128635eb P 09dfb8e38f8b41ab8b2d7f60f0586842 [LEADER]: Connected to new peer: Peer: permanent_uuid: "0474c591a4154337a74f518f02e4ce43" member_type: VOTER last_known_addr { host: "127.0.107.193" port: 34439 }, Status: LMP_MISMATCH, Last received: 0.0, Next index: 2, Last known committed idx: 1, Time since last communication: 0.001s
I20260709 12:59:02.141080   713 raft_consensus.cc:1275] T 9e186344d3f043b3ac2ea2998a2cfcbe P 09dfb8e38f8b41ab8b2d7f60f0586842 [term 2 FOLLOWER]: Refusing update from remote peer 786a151463ac4848863ff9c739f0b311: Log matching property violated. Preceding OpId in replica: term: 1 index: 1. Preceding OpId from leader: term: 2 index: 2. (index mismatch)
I20260709 12:59:02.143368   846 consensus_queue.cc:1048] T 9e186344d3f043b3ac2ea2998a2cfcbe P 786a151463ac4848863ff9c739f0b311 [LEADER]: Connected to new peer: Peer: permanent_uuid: "09dfb8e38f8b41ab8b2d7f60f0586842" member_type: VOTER last_known_addr { host: "127.0.107.195" port: 41855 }, Status: LMP_MISMATCH, Last received: 0.0, Next index: 2, Last known committed idx: 1, Time since last communication: 0.000s
I20260709 12:59:02.160636   565 raft_consensus.cc:1275] T 9e186344d3f043b3ac2ea2998a2cfcbe P 0474c591a4154337a74f518f02e4ce43 [term 2 FOLLOWER]: Refusing update from remote peer 786a151463ac4848863ff9c739f0b311: Log matching property violated. Preceding OpId in replica: term: 1 index: 1. Preceding OpId from leader: term: 2 index: 2. (index mismatch)
I20260709 12:59:02.162213   787 consensus_queue.cc:1048] T 9e186344d3f043b3ac2ea2998a2cfcbe P 786a151463ac4848863ff9c739f0b311 [LEADER]: Connected to new peer: Peer: permanent_uuid: "0474c591a4154337a74f518f02e4ce43" member_type: VOTER last_known_addr { host: "127.0.107.193" port: 34439 }, Status: LMP_MISMATCH, Last received: 0.0, Next index: 2, Last known committed idx: 1, Time since last communication: 0.000s
I20260709 12:59:04.411831   431 auto_leader_rebalancer-test.cc:316] The leader distribution is 
I20260709 12:59:04.412817   431 auto_leader_rebalancer.cc:141] leader rebalance for table test-workload
I20260709 12:59:04.439400   639 tablet_service.cc:2072] Received LeaderStepDown RPC: tablet_id: "310b2081dc294ece8bbaba5424bbffec"
dest_uuid: "786a151463ac4848863ff9c739f0b311"
mode: GRACEFUL
new_leader_uuid: "09dfb8e38f8b41ab8b2d7f60f0586842"
 from {username='slave'} at 127.0.0.1:33048
I20260709 12:59:04.439913   639 raft_consensus.cc:606] T 310b2081dc294ece8bbaba5424bbffec P 786a151463ac4848863ff9c739f0b311 [term 1 LEADER]: Received request to transfer leadership to TS 09dfb8e38f8b41ab8b2d7f60f0586842
I20260709 12:59:04.451145   565 tablet_service.cc:2072] Received LeaderStepDown RPC: tablet_id: "df331c22ebed4e8b9e6b970bb06c620e"
dest_uuid: "0474c591a4154337a74f518f02e4ce43"
mode: GRACEFUL
new_leader_uuid: "09dfb8e38f8b41ab8b2d7f60f0586842"
 from {username='slave'} at 127.0.0.1:59210
I20260709 12:59:04.451648   565 raft_consensus.cc:606] T df331c22ebed4e8b9e6b970bb06c620e P 0474c591a4154337a74f518f02e4ce43 [term 1 LEADER]: Received request to transfer leadership to TS 09dfb8e38f8b41ab8b2d7f60f0586842
I20260709 12:59:04.453050   431 auto_leader_rebalancer.cc:452] table: test-workload, leader rebalance finish, leader transfer count: 2
I20260709 12:59:04.453581   431 auto_leader_rebalancer.cc:527] All tables' leader rebalancing finished this round
I20260709 12:59:04.734673   857 raft_consensus.cc:993] T df331c22ebed4e8b9e6b970bb06c620e P 0474c591a4154337a74f518f02e4ce43: : Instructing follower 09dfb8e38f8b41ab8b2d7f60f0586842 to start an election
I20260709 12:59:04.735278   797 raft_consensus.cc:1081] T df331c22ebed4e8b9e6b970bb06c620e P 0474c591a4154337a74f518f02e4ce43 [term 1 LEADER]: Signalling peer 09dfb8e38f8b41ab8b2d7f60f0586842 to start an election
I20260709 12:59:04.737241   713 tablet_service.cc:2044] Received Run Leader Election RPC: tablet_id: "df331c22ebed4e8b9e6b970bb06c620e"
dest_uuid: "09dfb8e38f8b41ab8b2d7f60f0586842"
 from {username='slave'} at 127.0.0.1:38712
I20260709 12:59:04.738052   713 raft_consensus.cc:493] T df331c22ebed4e8b9e6b970bb06c620e P 09dfb8e38f8b41ab8b2d7f60f0586842 [term 1 FOLLOWER]: Starting forced leader election (received explicit request)
I20260709 12:59:04.738487   713 raft_consensus.cc:3060] T df331c22ebed4e8b9e6b970bb06c620e P 09dfb8e38f8b41ab8b2d7f60f0586842 [term 1 FOLLOWER]: Advancing to term 2
I20260709 12:59:04.743134   713 raft_consensus.cc:515] T df331c22ebed4e8b9e6b970bb06c620e P 09dfb8e38f8b41ab8b2d7f60f0586842 [term 2 FOLLOWER]: Starting forced leader election with config: opid_index: -1 OBSOLETE_local: false peers { permanent_uuid: "0474c591a4154337a74f518f02e4ce43" member_type: VOTER last_known_addr { host: "127.0.107.193" port: 34439 } } peers { permanent_uuid: "786a151463ac4848863ff9c739f0b311" member_type: VOTER last_known_addr { host: "127.0.107.194" port: 34205 } } peers { permanent_uuid: "09dfb8e38f8b41ab8b2d7f60f0586842" member_type: VOTER last_known_addr { host: "127.0.107.195" port: 41855 } }
I20260709 12:59:04.745597   713 leader_election.cc:290] T df331c22ebed4e8b9e6b970bb06c620e P 09dfb8e38f8b41ab8b2d7f60f0586842 [CANDIDATE]: Term 2 election: Requested vote from peers 0474c591a4154337a74f518f02e4ce43 (127.0.107.193:34439), 786a151463ac4848863ff9c739f0b311 (127.0.107.194:34205)
I20260709 12:59:04.745724   565 tablet_service.cc:1917] Received RequestConsensusVote() RPC: tablet_id: "df331c22ebed4e8b9e6b970bb06c620e" candidate_uuid: "09dfb8e38f8b41ab8b2d7f60f0586842" candidate_term: 2 candidate_status { last_received { term: 1 index: 1 } } ignore_live_leader: true dest_uuid: "0474c591a4154337a74f518f02e4ce43"
I20260709 12:59:04.745875   639 tablet_service.cc:1917] Received RequestConsensusVote() RPC: tablet_id: "df331c22ebed4e8b9e6b970bb06c620e" candidate_uuid: "09dfb8e38f8b41ab8b2d7f60f0586842" candidate_term: 2 candidate_status { last_received { term: 1 index: 1 } } ignore_live_leader: true dest_uuid: "786a151463ac4848863ff9c739f0b311"
I20260709 12:59:04.746537   565 raft_consensus.cc:3055] T df331c22ebed4e8b9e6b970bb06c620e P 0474c591a4154337a74f518f02e4ce43 [term 1 LEADER]: Stepping down as leader of term 1
I20260709 12:59:04.746580   639 raft_consensus.cc:3060] T df331c22ebed4e8b9e6b970bb06c620e P 786a151463ac4848863ff9c739f0b311 [term 1 FOLLOWER]: Advancing to term 2
I20260709 12:59:04.747025   565 raft_consensus.cc:740] T df331c22ebed4e8b9e6b970bb06c620e P 0474c591a4154337a74f518f02e4ce43 [term 1 LEADER]: Becoming Follower/Learner. State: Replica: 0474c591a4154337a74f518f02e4ce43, State: Running, Role: LEADER
I20260709 12:59:04.747874   565 consensus_queue.cc:260] T df331c22ebed4e8b9e6b970bb06c620e P 0474c591a4154337a74f518f02e4ce43 [NON_LEADER]: Queue going to NON_LEADER mode. State: All replicated index: 0, Majority replicated index: 1, Committed index: 1, Last appended: 1.1, Last appended by leader: 1, Current term: 1, Majority size: -1, State: 0, Mode: NON_LEADER, active raft config: opid_index: -1 OBSOLETE_local: false peers { permanent_uuid: "0474c591a4154337a74f518f02e4ce43" member_type: VOTER last_known_addr { host: "127.0.107.193" port: 34439 } } peers { permanent_uuid: "786a151463ac4848863ff9c739f0b311" member_type: VOTER last_known_addr { host: "127.0.107.194" port: 34205 } } peers { permanent_uuid: "09dfb8e38f8b41ab8b2d7f60f0586842" member_type: VOTER last_known_addr { host: "127.0.107.195" port: 41855 } }
I20260709 12:59:04.749099   565 raft_consensus.cc:3060] T df331c22ebed4e8b9e6b970bb06c620e P 0474c591a4154337a74f518f02e4ce43 [term 1 FOLLOWER]: Advancing to term 2
I20260709 12:59:04.752373   639 raft_consensus.cc:2468] T df331c22ebed4e8b9e6b970bb06c620e P 786a151463ac4848863ff9c739f0b311 [term 2 FOLLOWER]: Leader election vote request: Granting yes vote for candidate 09dfb8e38f8b41ab8b2d7f60f0586842 in term 2.
I20260709 12:59:04.753399   681 leader_election.cc:304] T df331c22ebed4e8b9e6b970bb06c620e P 09dfb8e38f8b41ab8b2d7f60f0586842 [CANDIDATE]: Term 2 election: Election decided. Result: candidate won. Election summary: received 2 responses out of 3 voters: 2 yes votes; 0 no votes. yes voters: 09dfb8e38f8b41ab8b2d7f60f0586842, 786a151463ac4848863ff9c739f0b311; no voters: 
I20260709 12:59:04.754036   856 raft_consensus.cc:2804] T df331c22ebed4e8b9e6b970bb06c620e P 09dfb8e38f8b41ab8b2d7f60f0586842 [term 2 FOLLOWER]: Leader election won for term 2
I20260709 12:59:04.755283   856 raft_consensus.cc:697] T df331c22ebed4e8b9e6b970bb06c620e P 09dfb8e38f8b41ab8b2d7f60f0586842 [term 2 LEADER]: Becoming Leader. State: Replica: 09dfb8e38f8b41ab8b2d7f60f0586842, State: Running, Role: LEADER
I20260709 12:59:04.756125   565 raft_consensus.cc:2468] T df331c22ebed4e8b9e6b970bb06c620e P 0474c591a4154337a74f518f02e4ce43 [term 2 FOLLOWER]: Leader election vote request: Granting yes vote for candidate 09dfb8e38f8b41ab8b2d7f60f0586842 in term 2.
I20260709 12:59:04.756009   856 consensus_queue.cc:237] T df331c22ebed4e8b9e6b970bb06c620e P 09dfb8e38f8b41ab8b2d7f60f0586842 [LEADER]: Queue going to LEADER mode. State: All replicated index: 0, Majority replicated index: 1, Committed index: 1, Last appended: 1.1, Last appended by leader: 1, Current term: 2, Majority size: 2, State: 0, Mode: LEADER, active raft config: opid_index: -1 OBSOLETE_local: false peers { permanent_uuid: "0474c591a4154337a74f518f02e4ce43" member_type: VOTER last_known_addr { host: "127.0.107.193" port: 34439 } } peers { permanent_uuid: "786a151463ac4848863ff9c739f0b311" member_type: VOTER last_known_addr { host: "127.0.107.194" port: 34205 } } peers { permanent_uuid: "09dfb8e38f8b41ab8b2d7f60f0586842" member_type: VOTER last_known_addr { host: "127.0.107.195" port: 41855 } }
I20260709 12:59:04.763309   463 catalog_manager.cc:5697] T df331c22ebed4e8b9e6b970bb06c620e P 09dfb8e38f8b41ab8b2d7f60f0586842 reported cstate change: term changed from 1 to 2, leader changed from 0474c591a4154337a74f518f02e4ce43 (127.0.107.193) to 09dfb8e38f8b41ab8b2d7f60f0586842 (127.0.107.195). New cstate: current_term: 2 leader_uuid: "09dfb8e38f8b41ab8b2d7f60f0586842" committed_config { opid_index: -1 OBSOLETE_local: false peers { permanent_uuid: "0474c591a4154337a74f518f02e4ce43" member_type: VOTER last_known_addr { host: "127.0.107.193" port: 34439 } health_report { overall_health: UNKNOWN } } peers { permanent_uuid: "786a151463ac4848863ff9c739f0b311" member_type: VOTER last_known_addr { host: "127.0.107.194" port: 34205 } health_report { overall_health: UNKNOWN } } peers { permanent_uuid: "09dfb8e38f8b41ab8b2d7f60f0586842" member_type: VOTER last_known_addr { host: "127.0.107.195" port: 41855 } health_report { overall_health: HEALTHY } } }
I20260709 12:59:04.871946   864 raft_consensus.cc:993] T 310b2081dc294ece8bbaba5424bbffec P 786a151463ac4848863ff9c739f0b311: : Instructing follower 09dfb8e38f8b41ab8b2d7f60f0586842 to start an election
I20260709 12:59:04.872386   787 raft_consensus.cc:1081] T 310b2081dc294ece8bbaba5424bbffec P 786a151463ac4848863ff9c739f0b311 [term 1 LEADER]: Signalling peer 09dfb8e38f8b41ab8b2d7f60f0586842 to start an election
I20260709 12:59:04.873824   713 tablet_service.cc:2044] Received Run Leader Election RPC: tablet_id: "310b2081dc294ece8bbaba5424bbffec"
dest_uuid: "09dfb8e38f8b41ab8b2d7f60f0586842"
 from {username='slave'} at 127.0.0.1:38702
I20260709 12:59:04.874454   713 raft_consensus.cc:493] T 310b2081dc294ece8bbaba5424bbffec P 09dfb8e38f8b41ab8b2d7f60f0586842 [term 1 FOLLOWER]: Starting forced leader election (received explicit request)
I20260709 12:59:04.874846   713 raft_consensus.cc:3060] T 310b2081dc294ece8bbaba5424bbffec P 09dfb8e38f8b41ab8b2d7f60f0586842 [term 1 FOLLOWER]: Advancing to term 2
I20260709 12:59:04.881497   713 raft_consensus.cc:515] T 310b2081dc294ece8bbaba5424bbffec P 09dfb8e38f8b41ab8b2d7f60f0586842 [term 2 FOLLOWER]: Starting forced leader election with config: opid_index: -1 OBSOLETE_local: false peers { permanent_uuid: "0474c591a4154337a74f518f02e4ce43" member_type: VOTER last_known_addr { host: "127.0.107.193" port: 34439 } } peers { permanent_uuid: "786a151463ac4848863ff9c739f0b311" member_type: VOTER last_known_addr { host: "127.0.107.194" port: 34205 } } peers { permanent_uuid: "09dfb8e38f8b41ab8b2d7f60f0586842" member_type: VOTER last_known_addr { host: "127.0.107.195" port: 41855 } }
I20260709 12:59:04.883586   713 leader_election.cc:290] T 310b2081dc294ece8bbaba5424bbffec P 09dfb8e38f8b41ab8b2d7f60f0586842 [CANDIDATE]: Term 2 election: Requested vote from peers 0474c591a4154337a74f518f02e4ce43 (127.0.107.193:34439), 786a151463ac4848863ff9c739f0b311 (127.0.107.194:34205)
I20260709 12:59:04.884567   565 tablet_service.cc:1917] Received RequestConsensusVote() RPC: tablet_id: "310b2081dc294ece8bbaba5424bbffec" candidate_uuid: "09dfb8e38f8b41ab8b2d7f60f0586842" candidate_term: 2 candidate_status { last_received { term: 1 index: 1 } } ignore_live_leader: true dest_uuid: "0474c591a4154337a74f518f02e4ce43"
I20260709 12:59:04.885138   565 raft_consensus.cc:3060] T 310b2081dc294ece8bbaba5424bbffec P 0474c591a4154337a74f518f02e4ce43 [term 1 FOLLOWER]: Advancing to term 2
I20260709 12:59:04.885020   639 tablet_service.cc:1917] Received RequestConsensusVote() RPC: tablet_id: "310b2081dc294ece8bbaba5424bbffec" candidate_uuid: "09dfb8e38f8b41ab8b2d7f60f0586842" candidate_term: 2 candidate_status { last_received { term: 1 index: 1 } } ignore_live_leader: true dest_uuid: "786a151463ac4848863ff9c739f0b311"
I20260709 12:59:04.885650   639 raft_consensus.cc:3055] T 310b2081dc294ece8bbaba5424bbffec P 786a151463ac4848863ff9c739f0b311 [term 1 LEADER]: Stepping down as leader of term 1
I20260709 12:59:04.885964   639 raft_consensus.cc:740] T 310b2081dc294ece8bbaba5424bbffec P 786a151463ac4848863ff9c739f0b311 [term 1 LEADER]: Becoming Follower/Learner. State: Replica: 786a151463ac4848863ff9c739f0b311, State: Running, Role: LEADER
I20260709 12:59:04.886729   639 consensus_queue.cc:260] T 310b2081dc294ece8bbaba5424bbffec P 786a151463ac4848863ff9c739f0b311 [NON_LEADER]: Queue going to NON_LEADER mode. State: All replicated index: 0, Majority replicated index: 1, Committed index: 1, Last appended: 1.1, Last appended by leader: 1, Current term: 1, Majority size: -1, State: 0, Mode: NON_LEADER, active raft config: opid_index: -1 OBSOLETE_local: false peers { permanent_uuid: "0474c591a4154337a74f518f02e4ce43" member_type: VOTER last_known_addr { host: "127.0.107.193" port: 34439 } } peers { permanent_uuid: "786a151463ac4848863ff9c739f0b311" member_type: VOTER last_known_addr { host: "127.0.107.194" port: 34205 } } peers { permanent_uuid: "09dfb8e38f8b41ab8b2d7f60f0586842" member_type: VOTER last_known_addr { host: "127.0.107.195" port: 41855 } }
I20260709 12:59:04.887874   639 raft_consensus.cc:3060] T 310b2081dc294ece8bbaba5424bbffec P 786a151463ac4848863ff9c739f0b311 [term 1 FOLLOWER]: Advancing to term 2
I20260709 12:59:04.890297   565 raft_consensus.cc:2468] T 310b2081dc294ece8bbaba5424bbffec P 0474c591a4154337a74f518f02e4ce43 [term 2 FOLLOWER]: Leader election vote request: Granting yes vote for candidate 09dfb8e38f8b41ab8b2d7f60f0586842 in term 2.
I20260709 12:59:04.891336   681 leader_election.cc:304] T 310b2081dc294ece8bbaba5424bbffec P 09dfb8e38f8b41ab8b2d7f60f0586842 [CANDIDATE]: Term 2 election: Election decided. Result: candidate won. Election summary: received 2 responses out of 3 voters: 2 yes votes; 0 no votes. yes voters: 0474c591a4154337a74f518f02e4ce43, 09dfb8e38f8b41ab8b2d7f60f0586842; no voters: 
I20260709 12:59:04.891965   856 raft_consensus.cc:2804] T 310b2081dc294ece8bbaba5424bbffec P 09dfb8e38f8b41ab8b2d7f60f0586842 [term 2 FOLLOWER]: Leader election won for term 2
I20260709 12:59:04.892369   856 raft_consensus.cc:697] T 310b2081dc294ece8bbaba5424bbffec P 09dfb8e38f8b41ab8b2d7f60f0586842 [term 2 LEADER]: Becoming Leader. State: Replica: 09dfb8e38f8b41ab8b2d7f60f0586842, State: Running, Role: LEADER
I20260709 12:59:04.893143   856 consensus_queue.cc:237] T 310b2081dc294ece8bbaba5424bbffec P 09dfb8e38f8b41ab8b2d7f60f0586842 [LEADER]: Queue going to LEADER mode. State: All replicated index: 0, Majority replicated index: 1, Committed index: 1, Last appended: 1.1, Last appended by leader: 1, Current term: 2, Majority size: 2, State: 0, Mode: LEADER, active raft config: opid_index: -1 OBSOLETE_local: false peers { permanent_uuid: "0474c591a4154337a74f518f02e4ce43" member_type: VOTER last_known_addr { host: "127.0.107.193" port: 34439 } } peers { permanent_uuid: "786a151463ac4848863ff9c739f0b311" member_type: VOTER last_known_addr { host: "127.0.107.194" port: 34205 } } peers { permanent_uuid: "09dfb8e38f8b41ab8b2d7f60f0586842" member_type: VOTER last_known_addr { host: "127.0.107.195" port: 41855 } }
I20260709 12:59:04.894224   639 raft_consensus.cc:2468] T 310b2081dc294ece8bbaba5424bbffec P 786a151463ac4848863ff9c739f0b311 [term 2 FOLLOWER]: Leader election vote request: Granting yes vote for candidate 09dfb8e38f8b41ab8b2d7f60f0586842 in term 2.
I20260709 12:59:04.901386   463 catalog_manager.cc:5697] T 310b2081dc294ece8bbaba5424bbffec P 09dfb8e38f8b41ab8b2d7f60f0586842 reported cstate change: term changed from 1 to 2, leader changed from 786a151463ac4848863ff9c739f0b311 (127.0.107.194) to 09dfb8e38f8b41ab8b2d7f60f0586842 (127.0.107.195). New cstate: current_term: 2 leader_uuid: "09dfb8e38f8b41ab8b2d7f60f0586842" committed_config { opid_index: -1 OBSOLETE_local: false peers { permanent_uuid: "0474c591a4154337a74f518f02e4ce43" member_type: VOTER last_known_addr { host: "127.0.107.193" port: 34439 } health_report { overall_health: UNKNOWN } } peers { permanent_uuid: "786a151463ac4848863ff9c739f0b311" member_type: VOTER last_known_addr { host: "127.0.107.194" port: 34205 } health_report { overall_health: UNKNOWN } } peers { permanent_uuid: "09dfb8e38f8b41ab8b2d7f60f0586842" member_type: VOTER last_known_addr { host: "127.0.107.195" port: 41855 } health_report { overall_health: HEALTHY } } }
I20260709 12:59:05.238051   565 raft_consensus.cc:1275] T df331c22ebed4e8b9e6b970bb06c620e P 0474c591a4154337a74f518f02e4ce43 [term 2 FOLLOWER]: Refusing update from remote peer 09dfb8e38f8b41ab8b2d7f60f0586842: Log matching property violated. Preceding OpId in replica: term: 1 index: 1. Preceding OpId from leader: term: 2 index: 2. (index mismatch)
I20260709 12:59:05.239415   856 consensus_queue.cc:1048] T df331c22ebed4e8b9e6b970bb06c620e P 09dfb8e38f8b41ab8b2d7f60f0586842 [LEADER]: Connected to new peer: Peer: permanent_uuid: "0474c591a4154337a74f518f02e4ce43" member_type: VOTER last_known_addr { host: "127.0.107.193" port: 34439 }, Status: LMP_MISMATCH, Last received: 0.0, Next index: 2, Last known committed idx: 1, Time since last communication: 0.000s
I20260709 12:59:05.250738   639 raft_consensus.cc:1275] T df331c22ebed4e8b9e6b970bb06c620e P 786a151463ac4848863ff9c739f0b311 [term 2 FOLLOWER]: Refusing update from remote peer 09dfb8e38f8b41ab8b2d7f60f0586842: Log matching property violated. Preceding OpId in replica: term: 1 index: 1. Preceding OpId from leader: term: 2 index: 2. (index mismatch)
I20260709 12:59:05.252609   868 consensus_queue.cc:1048] T df331c22ebed4e8b9e6b970bb06c620e P 09dfb8e38f8b41ab8b2d7f60f0586842 [LEADER]: Connected to new peer: Peer: permanent_uuid: "786a151463ac4848863ff9c739f0b311" member_type: VOTER last_known_addr { host: "127.0.107.194" port: 34205 }, Status: LMP_MISMATCH, Last received: 0.0, Next index: 2, Last known committed idx: 1, Time since last communication: 0.001s
I20260709 12:59:05.342578   565 raft_consensus.cc:1275] T 310b2081dc294ece8bbaba5424bbffec P 0474c591a4154337a74f518f02e4ce43 [term 2 FOLLOWER]: Refusing update from remote peer 09dfb8e38f8b41ab8b2d7f60f0586842: Log matching property violated. Preceding OpId in replica: term: 1 index: 1. Preceding OpId from leader: term: 2 index: 2. (index mismatch)
I20260709 12:59:05.343835   638 raft_consensus.cc:1275] T 310b2081dc294ece8bbaba5424bbffec P 786a151463ac4848863ff9c739f0b311 [term 2 FOLLOWER]: Refusing update from remote peer 09dfb8e38f8b41ab8b2d7f60f0586842: Log matching property violated. Preceding OpId in replica: term: 1 index: 1. Preceding OpId from leader: term: 2 index: 2. (index mismatch)
I20260709 12:59:05.343858   868 consensus_queue.cc:1048] T 310b2081dc294ece8bbaba5424bbffec P 09dfb8e38f8b41ab8b2d7f60f0586842 [LEADER]: Connected to new peer: Peer: permanent_uuid: "0474c591a4154337a74f518f02e4ce43" member_type: VOTER last_known_addr { host: "127.0.107.193" port: 34439 }, Status: LMP_MISMATCH, Last received: 0.0, Next index: 2, Last known committed idx: 1, Time since last communication: 0.001s
I20260709 12:59:05.345528   868 consensus_queue.cc:1048] T 310b2081dc294ece8bbaba5424bbffec P 09dfb8e38f8b41ab8b2d7f60f0586842 [LEADER]: Connected to new peer: Peer: permanent_uuid: "786a151463ac4848863ff9c739f0b311" member_type: VOTER last_known_addr { host: "127.0.107.194" port: 34205 }, Status: LMP_MISMATCH, Last received: 0.0, Next index: 2, Last known committed idx: 1, Time since last communication: 0.000s
I20260709 12:59:05.455019   431 auto_leader_rebalancer.cc:141] leader rebalance for table test-workload
I20260709 12:59:05.466665   565 tablet_service.cc:2072] Received LeaderStepDown RPC: tablet_id: "25d830e9c3da4be6922452902e8fb6c9"
dest_uuid: "0474c591a4154337a74f518f02e4ce43"
mode: GRACEFUL
new_leader_uuid: "786a151463ac4848863ff9c739f0b311"
 from {username='slave'} at 127.0.0.1:37424
I20260709 12:59:05.467181   565 raft_consensus.cc:606] T 25d830e9c3da4be6922452902e8fb6c9 P 0474c591a4154337a74f518f02e4ce43 [term 1 LEADER]: Received request to transfer leadership to TS 786a151463ac4848863ff9c739f0b311
I20260709 12:59:05.472743   565 tablet_service.cc:2072] Received LeaderStepDown RPC: tablet_id: "d0afc0a8df384f56844fc46faa0ba35b"
dest_uuid: "0474c591a4154337a74f518f02e4ce43"
mode: GRACEFUL
new_leader_uuid: "786a151463ac4848863ff9c739f0b311"
 from {username='slave'} at 127.0.0.1:37424
I20260709 12:59:05.473266   565 raft_consensus.cc:606] T d0afc0a8df384f56844fc46faa0ba35b P 0474c591a4154337a74f518f02e4ce43 [term 2 LEADER]: Received request to transfer leadership to TS 786a151463ac4848863ff9c739f0b311
I20260709 12:59:05.478873   565 tablet_service.cc:2072] Received LeaderStepDown RPC: tablet_id: "000429b459e44efda90a7a43be3470c2"
dest_uuid: "0474c591a4154337a74f518f02e4ce43"
mode: GRACEFUL
new_leader_uuid: "786a151463ac4848863ff9c739f0b311"
 from {username='slave'} at 127.0.0.1:37424
I20260709 12:59:05.479467   565 raft_consensus.cc:606] T 000429b459e44efda90a7a43be3470c2 P 0474c591a4154337a74f518f02e4ce43 [term 2 LEADER]: Received request to transfer leadership to TS 786a151463ac4848863ff9c739f0b311
I20260709 12:59:05.485363   713 tablet_service.cc:2072] Received LeaderStepDown RPC: tablet_id: "df331c22ebed4e8b9e6b970bb06c620e"
dest_uuid: "09dfb8e38f8b41ab8b2d7f60f0586842"
mode: GRACEFUL
new_leader_uuid: "786a151463ac4848863ff9c739f0b311"
 from {username='slave'} at 127.0.0.1:38726
