I20260709 12:56:26.056941   761 raft_consensus.cc:385] T 4184623b83cf47e0a894131f17b741c9 P 04461d7ded264404a2a53ca00e00c3c1 [term 0 FOLLOWER]: Consensus starting up: Expiring failure detector timer to make a prompt election more likely
I20260709 12:56:26.057253   761 raft_consensus.cc:740] T 4184623b83cf47e0a894131f17b741c9 P 04461d7ded264404a2a53ca00e00c3c1 [term 0 FOLLOWER]: Becoming Follower/Learner. State: Replica: 04461d7ded264404a2a53ca00e00c3c1, State: Initialized, Role: FOLLOWER
I20260709 12:56:26.057937   761 consensus_queue.cc:260] T 4184623b83cf47e0a894131f17b741c9 P 04461d7ded264404a2a53ca00e00c3c1 [NON_LEADER]: Queue going to NON_LEADER mode. State: All replicated index: 0, Majority replicated index: 0, Committed index: 0, Last appended: 0.0, Last appended by leader: 0, Current term: 0, Majority size: -1, State: 0, Mode: NON_LEADER, active raft config: opid_index: -1 OBSOLETE_local: false peers { permanent_uuid: "ec0a78c3a0fd49c0b13794531db6374e" member_type: VOTER last_known_addr { host: "127.0.107.193" port: 42171 } } peers { permanent_uuid: "04461d7ded264404a2a53ca00e00c3c1" member_type: VOTER last_known_addr { host: "127.0.107.194" port: 38897 } } peers { permanent_uuid: "6929107b001c421e88b37be6ef9ea789" member_type: VOTER last_known_addr { host: "127.0.107.195" port: 33011 } }
I20260709 12:56:26.060088   666 heartbeater.cc:499] Master 127.0.107.254:45359 was elected leader, sending a full tablet report...
I20260709 12:56:26.060195   759 ts_tablet_manager.cc:1434] T 6cdf74459e044d029880560df29c54d0 P 6929107b001c421e88b37be6ef9ea789: Time spent starting tablet: real 0.020s	user 0.007s	sys 0.000s
I20260709 12:56:26.061187   759 tablet_bootstrap.cc:492] T 5b95121f583944cd9ca883c6e5b49597 P 6929107b001c421e88b37be6ef9ea789: Bootstrap starting.
I20260709 12:56:26.063946   761 ts_tablet_manager.cc:1434] T 4184623b83cf47e0a894131f17b741c9 P 04461d7ded264404a2a53ca00e00c3c1: Time spent starting tablet: real 0.011s	user 0.007s	sys 0.000s
I20260709 12:56:26.066094   761 tablet_bootstrap.cc:492] T 97708e4bd61f4fc8aeea1a4ebaf13678 P 04461d7ded264404a2a53ca00e00c3c1: Bootstrap starting.
I20260709 12:56:26.073165   761 tablet_bootstrap.cc:654] T 97708e4bd61f4fc8aeea1a4ebaf13678 P 04461d7ded264404a2a53ca00e00c3c1: Neither blocks nor log segments found. Creating new log.
I20260709 12:56:26.073279   758 tablet_bootstrap.cc:654] T 7fc86be1a3a14b3784f6c891b2a35d99 P ec0a78c3a0fd49c0b13794531db6374e: Neither blocks nor log segments found. Creating new log.
I20260709 12:56:26.077839   759 tablet_bootstrap.cc:654] T 5b95121f583944cd9ca883c6e5b49597 P 6929107b001c421e88b37be6ef9ea789: Neither blocks nor log segments found. Creating new log.
I20260709 12:56:26.103538   758 tablet_bootstrap.cc:492] T 7fc86be1a3a14b3784f6c891b2a35d99 P ec0a78c3a0fd49c0b13794531db6374e: No bootstrap required, opened a new log
I20260709 12:56:26.104164   758 ts_tablet_manager.cc:1403] T 7fc86be1a3a14b3784f6c891b2a35d99 P ec0a78c3a0fd49c0b13794531db6374e: Time spent bootstrapping tablet: real 0.058s	user 0.005s	sys 0.017s
I20260709 12:56:26.108233   758 raft_consensus.cc:359] T 7fc86be1a3a14b3784f6c891b2a35d99 P ec0a78c3a0fd49c0b13794531db6374e [term 0 FOLLOWER]: Replica starting. Triggering 0 pending ops. Active config: opid_index: -1 OBSOLETE_local: false peers { permanent_uuid: "ec0a78c3a0fd49c0b13794531db6374e" member_type: VOTER last_known_addr { host: "127.0.107.193" port: 42171 } } peers { permanent_uuid: "04461d7ded264404a2a53ca00e00c3c1" member_type: VOTER last_known_addr { host: "127.0.107.194" port: 38897 } } peers { permanent_uuid: "6929107b001c421e88b37be6ef9ea789" member_type: VOTER last_known_addr { host: "127.0.107.195" port: 33011 } }
I20260709 12:56:26.109022   758 raft_consensus.cc:385] T 7fc86be1a3a14b3784f6c891b2a35d99 P ec0a78c3a0fd49c0b13794531db6374e [term 0 FOLLOWER]: Consensus starting up: Expiring failure detector timer to make a prompt election more likely
I20260709 12:56:26.109325   758 raft_consensus.cc:740] T 7fc86be1a3a14b3784f6c891b2a35d99 P ec0a78c3a0fd49c0b13794531db6374e [term 0 FOLLOWER]: Becoming Follower/Learner. State: Replica: ec0a78c3a0fd49c0b13794531db6374e, State: Initialized, Role: FOLLOWER
I20260709 12:56:26.110066   758 consensus_queue.cc:260] T 7fc86be1a3a14b3784f6c891b2a35d99 P ec0a78c3a0fd49c0b13794531db6374e [NON_LEADER]: Queue going to NON_LEADER mode. State: All replicated index: 0, Majority replicated index: 0, Committed index: 0, Last appended: 0.0, Last appended by leader: 0, Current term: 0, Majority size: -1, State: 0, Mode: NON_LEADER, active raft config: opid_index: -1 OBSOLETE_local: false peers { permanent_uuid: "ec0a78c3a0fd49c0b13794531db6374e" member_type: VOTER last_known_addr { host: "127.0.107.193" port: 42171 } } peers { permanent_uuid: "04461d7ded264404a2a53ca00e00c3c1" member_type: VOTER last_known_addr { host: "127.0.107.194" port: 38897 } } peers { permanent_uuid: "6929107b001c421e88b37be6ef9ea789" member_type: VOTER last_known_addr { host: "127.0.107.195" port: 33011 } }
I20260709 12:56:26.101333   759 tablet_bootstrap.cc:492] T 5b95121f583944cd9ca883c6e5b49597 P 6929107b001c421e88b37be6ef9ea789: No bootstrap required, opened a new log
I20260709 12:56:26.111383   759 ts_tablet_manager.cc:1403] T 5b95121f583944cd9ca883c6e5b49597 P 6929107b001c421e88b37be6ef9ea789: Time spent bootstrapping tablet: real 0.050s	user 0.025s	sys 0.007s
I20260709 12:56:26.114634   761 tablet_bootstrap.cc:492] T 97708e4bd61f4fc8aeea1a4ebaf13678 P 04461d7ded264404a2a53ca00e00c3c1: No bootstrap required, opened a new log
I20260709 12:56:26.114722   759 raft_consensus.cc:359] T 5b95121f583944cd9ca883c6e5b49597 P 6929107b001c421e88b37be6ef9ea789 [term 0 FOLLOWER]: Replica starting. Triggering 0 pending ops. Active config: opid_index: -1 OBSOLETE_local: false peers { permanent_uuid: "ec0a78c3a0fd49c0b13794531db6374e" member_type: VOTER last_known_addr { host: "127.0.107.193" port: 42171 } } peers { permanent_uuid: "04461d7ded264404a2a53ca00e00c3c1" member_type: VOTER last_known_addr { host: "127.0.107.194" port: 38897 } } peers { permanent_uuid: "6929107b001c421e88b37be6ef9ea789" member_type: VOTER last_known_addr { host: "127.0.107.195" port: 33011 } }
I20260709 12:56:26.116037   761 ts_tablet_manager.cc:1403] T 97708e4bd61f4fc8aeea1a4ebaf13678 P 04461d7ded264404a2a53ca00e00c3c1: Time spent bootstrapping tablet: real 0.051s	user 0.011s	sys 0.024s
I20260709 12:56:26.116309   759 raft_consensus.cc:385] T 5b95121f583944cd9ca883c6e5b49597 P 6929107b001c421e88b37be6ef9ea789 [term 0 FOLLOWER]: Consensus starting up: Expiring failure detector timer to make a prompt election more likely
I20260709 12:56:26.116644   759 raft_consensus.cc:740] T 5b95121f583944cd9ca883c6e5b49597 P 6929107b001c421e88b37be6ef9ea789 [term 0 FOLLOWER]: Becoming Follower/Learner. State: Replica: 6929107b001c421e88b37be6ef9ea789, State: Initialized, Role: FOLLOWER
I20260709 12:56:26.117380   759 consensus_queue.cc:260] T 5b95121f583944cd9ca883c6e5b49597 P 6929107b001c421e88b37be6ef9ea789 [NON_LEADER]: Queue going to NON_LEADER mode. State: All replicated index: 0, Majority replicated index: 0, Committed index: 0, Last appended: 0.0, Last appended by leader: 0, Current term: 0, Majority size: -1, State: 0, Mode: NON_LEADER, active raft config: opid_index: -1 OBSOLETE_local: false peers { permanent_uuid: "ec0a78c3a0fd49c0b13794531db6374e" member_type: VOTER last_known_addr { host: "127.0.107.193" port: 42171 } } peers { permanent_uuid: "04461d7ded264404a2a53ca00e00c3c1" member_type: VOTER last_known_addr { host: "127.0.107.194" port: 38897 } } peers { permanent_uuid: "6929107b001c421e88b37be6ef9ea789" member_type: VOTER last_known_addr { host: "127.0.107.195" port: 33011 } }
I20260709 12:56:26.119940   759 ts_tablet_manager.cc:1434] T 5b95121f583944cd9ca883c6e5b49597 P 6929107b001c421e88b37be6ef9ea789: Time spent starting tablet: real 0.008s	user 0.007s	sys 0.000s
I20260709 12:56:26.120007   761 raft_consensus.cc:359] T 97708e4bd61f4fc8aeea1a4ebaf13678 P 04461d7ded264404a2a53ca00e00c3c1 [term 0 FOLLOWER]: Replica starting. Triggering 0 pending ops. Active config: opid_index: -1 OBSOLETE_local: false peers { permanent_uuid: "ec0a78c3a0fd49c0b13794531db6374e" member_type: VOTER last_known_addr { host: "127.0.107.193" port: 42171 } } peers { permanent_uuid: "04461d7ded264404a2a53ca00e00c3c1" member_type: VOTER last_known_addr { host: "127.0.107.194" port: 38897 } } peers { permanent_uuid: "6929107b001c421e88b37be6ef9ea789" member_type: VOTER last_known_addr { host: "127.0.107.195" port: 33011 } }
I20260709 12:56:26.120767   761 raft_consensus.cc:385] T 97708e4bd61f4fc8aeea1a4ebaf13678 P 04461d7ded264404a2a53ca00e00c3c1 [term 0 FOLLOWER]: Consensus starting up: Expiring failure detector timer to make a prompt election more likely
I20260709 12:56:26.121047   759 tablet_bootstrap.cc:492] T 4184623b83cf47e0a894131f17b741c9 P 6929107b001c421e88b37be6ef9ea789: Bootstrap starting.
I20260709 12:56:26.121117   761 raft_consensus.cc:740] T 97708e4bd61f4fc8aeea1a4ebaf13678 P 04461d7ded264404a2a53ca00e00c3c1 [term 0 FOLLOWER]: Becoming Follower/Learner. State: Replica: 04461d7ded264404a2a53ca00e00c3c1, State: Initialized, Role: FOLLOWER
I20260709 12:56:26.121917   761 consensus_queue.cc:260] T 97708e4bd61f4fc8aeea1a4ebaf13678 P 04461d7ded264404a2a53ca00e00c3c1 [NON_LEADER]: Queue going to NON_LEADER mode. State: All replicated index: 0, Majority replicated index: 0, Committed index: 0, Last appended: 0.0, Last appended by leader: 0, Current term: 0, Majority size: -1, State: 0, Mode: NON_LEADER, active raft config: opid_index: -1 OBSOLETE_local: false peers { permanent_uuid: "ec0a78c3a0fd49c0b13794531db6374e" member_type: VOTER last_known_addr { host: "127.0.107.193" port: 42171 } } peers { permanent_uuid: "04461d7ded264404a2a53ca00e00c3c1" member_type: VOTER last_known_addr { host: "127.0.107.194" port: 38897 } } peers { permanent_uuid: "6929107b001c421e88b37be6ef9ea789" member_type: VOTER last_known_addr { host: "127.0.107.195" port: 33011 } }
I20260709 12:56:26.124037   761 ts_tablet_manager.cc:1434] T 97708e4bd61f4fc8aeea1a4ebaf13678 P 04461d7ded264404a2a53ca00e00c3c1: Time spent starting tablet: real 0.008s	user 0.004s	sys 0.000s
I20260709 12:56:26.120635   758 ts_tablet_manager.cc:1434] T 7fc86be1a3a14b3784f6c891b2a35d99 P ec0a78c3a0fd49c0b13794531db6374e: Time spent starting tablet: real 0.016s	user 0.008s	sys 0.000s
I20260709 12:56:26.126749   758 tablet_bootstrap.cc:492] T 6cdf74459e044d029880560df29c54d0 P ec0a78c3a0fd49c0b13794531db6374e: Bootstrap starting.
I20260709 12:56:26.129992   759 tablet_bootstrap.cc:654] T 4184623b83cf47e0a894131f17b741c9 P 6929107b001c421e88b37be6ef9ea789: Neither blocks nor log segments found. Creating new log.
I20260709 12:56:26.132728   761 tablet_bootstrap.cc:492] T 6d90f09b818f46a4b9f24735dfff23fa P 04461d7ded264404a2a53ca00e00c3c1: Bootstrap starting.
I20260709 12:56:26.141260   758 tablet_bootstrap.cc:654] T 6cdf74459e044d029880560df29c54d0 P ec0a78c3a0fd49c0b13794531db6374e: Neither blocks nor log segments found. Creating new log.
W20260709 12:56:26.146749   592 tablet.cc:2406] T 7fc86be1a3a14b3784f6c891b2a35d99 P ec0a78c3a0fd49c0b13794531db6374e: Can't schedule compaction. Clean time has not been advanced past its initial value.
I20260709 12:56:26.149616   761 tablet_bootstrap.cc:654] T 6d90f09b818f46a4b9f24735dfff23fa P 04461d7ded264404a2a53ca00e00c3c1: Neither blocks nor log segments found. Creating new log.
I20260709 12:56:26.156867   759 tablet_bootstrap.cc:492] T 4184623b83cf47e0a894131f17b741c9 P 6929107b001c421e88b37be6ef9ea789: No bootstrap required, opened a new log
I20260709 12:56:26.157541   759 ts_tablet_manager.cc:1403] T 4184623b83cf47e0a894131f17b741c9 P 6929107b001c421e88b37be6ef9ea789: Time spent bootstrapping tablet: real 0.037s	user 0.018s	sys 0.007s
I20260709 12:56:26.161147   759 raft_consensus.cc:359] T 4184623b83cf47e0a894131f17b741c9 P 6929107b001c421e88b37be6ef9ea789 [term 0 FOLLOWER]: Replica starting. Triggering 0 pending ops. Active config: opid_index: -1 OBSOLETE_local: false peers { permanent_uuid: "ec0a78c3a0fd49c0b13794531db6374e" member_type: VOTER last_known_addr { host: "127.0.107.193" port: 42171 } } peers { permanent_uuid: "04461d7ded264404a2a53ca00e00c3c1" member_type: VOTER last_known_addr { host: "127.0.107.194" port: 38897 } } peers { permanent_uuid: "6929107b001c421e88b37be6ef9ea789" member_type: VOTER last_known_addr { host: "127.0.107.195" port: 33011 } }
I20260709 12:56:26.162657   759 raft_consensus.cc:385] T 4184623b83cf47e0a894131f17b741c9 P 6929107b001c421e88b37be6ef9ea789 [term 0 FOLLOWER]: Consensus starting up: Expiring failure detector timer to make a prompt election more likely
I20260709 12:56:26.163208   759 raft_consensus.cc:740] T 4184623b83cf47e0a894131f17b741c9 P 6929107b001c421e88b37be6ef9ea789 [term 0 FOLLOWER]: Becoming Follower/Learner. State: Replica: 6929107b001c421e88b37be6ef9ea789, State: Initialized, Role: FOLLOWER
I20260709 12:56:26.163568   761 tablet_bootstrap.cc:492] T 6d90f09b818f46a4b9f24735dfff23fa P 04461d7ded264404a2a53ca00e00c3c1: No bootstrap required, opened a new log
I20260709 12:56:26.164033   761 ts_tablet_manager.cc:1403] T 6d90f09b818f46a4b9f24735dfff23fa P 04461d7ded264404a2a53ca00e00c3c1: Time spent bootstrapping tablet: real 0.039s	user 0.015s	sys 0.002s
I20260709 12:56:26.164063   759 consensus_queue.cc:260] T 4184623b83cf47e0a894131f17b741c9 P 6929107b001c421e88b37be6ef9ea789 [NON_LEADER]: Queue going to NON_LEADER mode. State: All replicated index: 0, Majority replicated index: 0, Committed index: 0, Last appended: 0.0, Last appended by leader: 0, Current term: 0, Majority size: -1, State: 0, Mode: NON_LEADER, active raft config: opid_index: -1 OBSOLETE_local: false peers { permanent_uuid: "ec0a78c3a0fd49c0b13794531db6374e" member_type: VOTER last_known_addr { host: "127.0.107.193" port: 42171 } } peers { permanent_uuid: "04461d7ded264404a2a53ca00e00c3c1" member_type: VOTER last_known_addr { host: "127.0.107.194" port: 38897 } } peers { permanent_uuid: "6929107b001c421e88b37be6ef9ea789" member_type: VOTER last_known_addr { host: "127.0.107.195" port: 33011 } }
I20260709 12:56:26.167083   761 raft_consensus.cc:359] T 6d90f09b818f46a4b9f24735dfff23fa P 04461d7ded264404a2a53ca00e00c3c1 [term 0 FOLLOWER]: Replica starting. Triggering 0 pending ops. Active config: opid_index: -1 OBSOLETE_local: false peers { permanent_uuid: "ec0a78c3a0fd49c0b13794531db6374e" member_type: VOTER last_known_addr { host: "127.0.107.193" port: 42171 } } peers { permanent_uuid: "04461d7ded264404a2a53ca00e00c3c1" member_type: VOTER last_known_addr { host: "127.0.107.194" port: 38897 } } peers { permanent_uuid: "6929107b001c421e88b37be6ef9ea789" member_type: VOTER last_known_addr { host: "127.0.107.195" port: 33011 } }
I20260709 12:56:26.167740   761 raft_consensus.cc:385] T 6d90f09b818f46a4b9f24735dfff23fa P 04461d7ded264404a2a53ca00e00c3c1 [term 0 FOLLOWER]: Consensus starting up: Expiring failure detector timer to make a prompt election more likely
I20260709 12:56:26.168031   761 raft_consensus.cc:740] T 6d90f09b818f46a4b9f24735dfff23fa P 04461d7ded264404a2a53ca00e00c3c1 [term 0 FOLLOWER]: Becoming Follower/Learner. State: Replica: 04461d7ded264404a2a53ca00e00c3c1, State: Initialized, Role: FOLLOWER
I20260709 12:56:26.170681   758 tablet_bootstrap.cc:492] T 6cdf74459e044d029880560df29c54d0 P ec0a78c3a0fd49c0b13794531db6374e: No bootstrap required, opened a new log
I20260709 12:56:26.171209   758 ts_tablet_manager.cc:1403] T 6cdf74459e044d029880560df29c54d0 P ec0a78c3a0fd49c0b13794531db6374e: Time spent bootstrapping tablet: real 0.045s	user 0.016s	sys 0.001s
I20260709 12:56:26.173745   761 consensus_queue.cc:260] T 6d90f09b818f46a4b9f24735dfff23fa P 04461d7ded264404a2a53ca00e00c3c1 [NON_LEADER]: Queue going to NON_LEADER mode. State: All replicated index: 0, Majority replicated index: 0, Committed index: 0, Last appended: 0.0, Last appended by leader: 0, Current term: 0, Majority size: -1, State: 0, Mode: NON_LEADER, active raft config: opid_index: -1 OBSOLETE_local: false peers { permanent_uuid: "ec0a78c3a0fd49c0b13794531db6374e" member_type: VOTER last_known_addr { host: "127.0.107.193" port: 42171 } } peers { permanent_uuid: "04461d7ded264404a2a53ca00e00c3c1" member_type: VOTER last_known_addr { host: "127.0.107.194" port: 38897 } } peers { permanent_uuid: "6929107b001c421e88b37be6ef9ea789" member_type: VOTER last_known_addr { host: "127.0.107.195" port: 33011 } }
I20260709 12:56:26.174647   759 ts_tablet_manager.cc:1434] T 4184623b83cf47e0a894131f17b741c9 P 6929107b001c421e88b37be6ef9ea789: Time spent starting tablet: real 0.017s	user 0.007s	sys 0.000s
I20260709 12:56:26.178247   761 ts_tablet_manager.cc:1434] T 6d90f09b818f46a4b9f24735dfff23fa P 04461d7ded264404a2a53ca00e00c3c1: Time spent starting tablet: real 0.014s	user 0.006s	sys 0.003s
I20260709 12:56:26.179478   761 tablet_bootstrap.cc:492] T 7fc86be1a3a14b3784f6c891b2a35d99 P 04461d7ded264404a2a53ca00e00c3c1: Bootstrap starting.
I20260709 12:56:26.183326   759 tablet_bootstrap.cc:492] T 7fc86be1a3a14b3784f6c891b2a35d99 P 6929107b001c421e88b37be6ef9ea789: Bootstrap starting.
I20260709 12:56:26.197211   758 raft_consensus.cc:359] T 6cdf74459e044d029880560df29c54d0 P ec0a78c3a0fd49c0b13794531db6374e [term 0 FOLLOWER]: Replica starting. Triggering 0 pending ops. Active config: opid_index: -1 OBSOLETE_local: false peers { permanent_uuid: "04461d7ded264404a2a53ca00e00c3c1" member_type: VOTER last_known_addr { host: "127.0.107.194" port: 38897 } } peers { permanent_uuid: "ec0a78c3a0fd49c0b13794531db6374e" member_type: VOTER last_known_addr { host: "127.0.107.193" port: 42171 } } peers { permanent_uuid: "6929107b001c421e88b37be6ef9ea789" member_type: VOTER last_known_addr { host: "127.0.107.195" port: 33011 } }
I20260709 12:56:26.209355   758 raft_consensus.cc:385] T 6cdf74459e044d029880560df29c54d0 P ec0a78c3a0fd49c0b13794531db6374e [term 0 FOLLOWER]: Consensus starting up: Expiring failure detector timer to make a prompt election more likely
I20260709 12:56:26.209728   758 raft_consensus.cc:740] T 6cdf74459e044d029880560df29c54d0 P ec0a78c3a0fd49c0b13794531db6374e [term 0 FOLLOWER]: Becoming Follower/Learner. State: Replica: ec0a78c3a0fd49c0b13794531db6374e, State: Initialized, Role: FOLLOWER
I20260709 12:56:26.211997   761 tablet_bootstrap.cc:654] T 7fc86be1a3a14b3784f6c891b2a35d99 P 04461d7ded264404a2a53ca00e00c3c1: Neither blocks nor log segments found. Creating new log.
I20260709 12:56:26.210736   758 consensus_queue.cc:260] T 6cdf74459e044d029880560df29c54d0 P ec0a78c3a0fd49c0b13794531db6374e [NON_LEADER]: Queue going to NON_LEADER mode. State: All replicated index: 0, Majority replicated index: 0, Committed index: 0, Last appended: 0.0, Last appended by leader: 0, Current term: 0, Majority size: -1, State: 0, Mode: NON_LEADER, active raft config: opid_index: -1 OBSOLETE_local: false peers { permanent_uuid: "04461d7ded264404a2a53ca00e00c3c1" member_type: VOTER last_known_addr { host: "127.0.107.194" port: 38897 } } peers { permanent_uuid: "ec0a78c3a0fd49c0b13794531db6374e" member_type: VOTER last_known_addr { host: "127.0.107.193" port: 42171 } } peers { permanent_uuid: "6929107b001c421e88b37be6ef9ea789" member_type: VOTER last_known_addr { host: "127.0.107.195" port: 33011 } }
I20260709 12:56:26.214710   759 tablet_bootstrap.cc:654] T 7fc86be1a3a14b3784f6c891b2a35d99 P 6929107b001c421e88b37be6ef9ea789: Neither blocks nor log segments found. Creating new log.
I20260709 12:56:26.215027   758 ts_tablet_manager.cc:1434] T 6cdf74459e044d029880560df29c54d0 P ec0a78c3a0fd49c0b13794531db6374e: Time spent starting tablet: real 0.043s	user 0.003s	sys 0.008s
I20260709 12:56:26.216157   758 tablet_bootstrap.cc:492] T 6d90f09b818f46a4b9f24735dfff23fa P ec0a78c3a0fd49c0b13794531db6374e: Bootstrap starting.
I20260709 12:56:26.225983   761 tablet_bootstrap.cc:492] T 7fc86be1a3a14b3784f6c891b2a35d99 P 04461d7ded264404a2a53ca00e00c3c1: No bootstrap required, opened a new log
I20260709 12:56:26.226531   761 ts_tablet_manager.cc:1403] T 7fc86be1a3a14b3784f6c891b2a35d99 P 04461d7ded264404a2a53ca00e00c3c1: Time spent bootstrapping tablet: real 0.047s	user 0.013s	sys 0.002s
I20260709 12:56:26.227264   758 tablet_bootstrap.cc:654] T 6d90f09b818f46a4b9f24735dfff23fa P ec0a78c3a0fd49c0b13794531db6374e: Neither blocks nor log segments found. Creating new log.
I20260709 12:56:26.229954   761 raft_consensus.cc:359] T 7fc86be1a3a14b3784f6c891b2a35d99 P 04461d7ded264404a2a53ca00e00c3c1 [term 0 FOLLOWER]: Replica starting. Triggering 0 pending ops. Active config: opid_index: -1 OBSOLETE_local: false peers { permanent_uuid: "ec0a78c3a0fd49c0b13794531db6374e" member_type: VOTER last_known_addr { host: "127.0.107.193" port: 42171 } } peers { permanent_uuid: "04461d7ded264404a2a53ca00e00c3c1" member_type: VOTER last_known_addr { host: "127.0.107.194" port: 38897 } } peers { permanent_uuid: "6929107b001c421e88b37be6ef9ea789" member_type: VOTER last_known_addr { host: "127.0.107.195" port: 33011 } }
I20260709 12:56:26.230777   761 raft_consensus.cc:385] T 7fc86be1a3a14b3784f6c891b2a35d99 P 04461d7ded264404a2a53ca00e00c3c1 [term 0 FOLLOWER]: Consensus starting up: Expiring failure detector timer to make a prompt election more likely
I20260709 12:56:26.231098   761 raft_consensus.cc:740] T 7fc86be1a3a14b3784f6c891b2a35d99 P 04461d7ded264404a2a53ca00e00c3c1 [term 0 FOLLOWER]: Becoming Follower/Learner. State: Replica: 04461d7ded264404a2a53ca00e00c3c1, State: Initialized, Role: FOLLOWER
I20260709 12:56:26.231885   761 consensus_queue.cc:260] T 7fc86be1a3a14b3784f6c891b2a35d99 P 04461d7ded264404a2a53ca00e00c3c1 [NON_LEADER]: Queue going to NON_LEADER mode. State: All replicated index: 0, Majority replicated index: 0, Committed index: 0, Last appended: 0.0, Last appended by leader: 0, Current term: 0, Majority size: -1, State: 0, Mode: NON_LEADER, active raft config: opid_index: -1 OBSOLETE_local: false peers { permanent_uuid: "ec0a78c3a0fd49c0b13794531db6374e" member_type: VOTER last_known_addr { host: "127.0.107.193" port: 42171 } } peers { permanent_uuid: "04461d7ded264404a2a53ca00e00c3c1" member_type: VOTER last_known_addr { host: "127.0.107.194" port: 38897 } } peers { permanent_uuid: "6929107b001c421e88b37be6ef9ea789" member_type: VOTER last_known_addr { host: "127.0.107.195" port: 33011 } }
I20260709 12:56:26.232999   759 tablet_bootstrap.cc:492] T 7fc86be1a3a14b3784f6c891b2a35d99 P 6929107b001c421e88b37be6ef9ea789: No bootstrap required, opened a new log
I20260709 12:56:26.233649   759 ts_tablet_manager.cc:1403] T 7fc86be1a3a14b3784f6c891b2a35d99 P 6929107b001c421e88b37be6ef9ea789: Time spent bootstrapping tablet: real 0.051s	user 0.017s	sys 0.005s
I20260709 12:56:26.234288   758 tablet_bootstrap.cc:492] T 6d90f09b818f46a4b9f24735dfff23fa P ec0a78c3a0fd49c0b13794531db6374e: No bootstrap required, opened a new log
I20260709 12:56:26.234769   758 ts_tablet_manager.cc:1403] T 6d90f09b818f46a4b9f24735dfff23fa P ec0a78c3a0fd49c0b13794531db6374e: Time spent bootstrapping tablet: real 0.019s	user 0.010s	sys 0.003s
I20260709 12:56:26.236775   759 raft_consensus.cc:359] T 7fc86be1a3a14b3784f6c891b2a35d99 P 6929107b001c421e88b37be6ef9ea789 [term 0 FOLLOWER]: Replica starting. Triggering 0 pending ops. Active config: opid_index: -1 OBSOLETE_local: false peers { permanent_uuid: "ec0a78c3a0fd49c0b13794531db6374e" member_type: VOTER last_known_addr { host: "127.0.107.193" port: 42171 } } peers { permanent_uuid: "04461d7ded264404a2a53ca00e00c3c1" member_type: VOTER last_known_addr { host: "127.0.107.194" port: 38897 } } peers { permanent_uuid: "6929107b001c421e88b37be6ef9ea789" member_type: VOTER last_known_addr { host: "127.0.107.195" port: 33011 } }
I20260709 12:56:26.237530   759 raft_consensus.cc:385] T 7fc86be1a3a14b3784f6c891b2a35d99 P 6929107b001c421e88b37be6ef9ea789 [term 0 FOLLOWER]: Consensus starting up: Expiring failure detector timer to make a prompt election more likely
I20260709 12:56:26.237862   759 raft_consensus.cc:740] T 7fc86be1a3a14b3784f6c891b2a35d99 P 6929107b001c421e88b37be6ef9ea789 [term 0 FOLLOWER]: Becoming Follower/Learner. State: Replica: 6929107b001c421e88b37be6ef9ea789, State: Initialized, Role: FOLLOWER
I20260709 12:56:26.237654   758 raft_consensus.cc:359] T 6d90f09b818f46a4b9f24735dfff23fa P ec0a78c3a0fd49c0b13794531db6374e [term 0 FOLLOWER]: Replica starting. Triggering 0 pending ops. Active config: opid_index: -1 OBSOLETE_local: false peers { permanent_uuid: "ec0a78c3a0fd49c0b13794531db6374e" member_type: VOTER last_known_addr { host: "127.0.107.193" port: 42171 } } peers { permanent_uuid: "04461d7ded264404a2a53ca00e00c3c1" member_type: VOTER last_known_addr { host: "127.0.107.194" port: 38897 } } peers { permanent_uuid: "6929107b001c421e88b37be6ef9ea789" member_type: VOTER last_known_addr { host: "127.0.107.195" port: 33011 } }
I20260709 12:56:26.238365   758 raft_consensus.cc:385] T 6d90f09b818f46a4b9f24735dfff23fa P ec0a78c3a0fd49c0b13794531db6374e [term 0 FOLLOWER]: Consensus starting up: Expiring failure detector timer to make a prompt election more likely
I20260709 12:56:26.238677   758 raft_consensus.cc:740] T 6d90f09b818f46a4b9f24735dfff23fa P ec0a78c3a0fd49c0b13794531db6374e [term 0 FOLLOWER]: Becoming Follower/Learner. State: Replica: ec0a78c3a0fd49c0b13794531db6374e, State: Initialized, Role: FOLLOWER
I20260709 12:56:26.238633   759 consensus_queue.cc:260] T 7fc86be1a3a14b3784f6c891b2a35d99 P 6929107b001c421e88b37be6ef9ea789 [NON_LEADER]: Queue going to NON_LEADER mode. State: All replicated index: 0, Majority replicated index: 0, Committed index: 0, Last appended: 0.0, Last appended by leader: 0, Current term: 0, Majority size: -1, State: 0, Mode: NON_LEADER, active raft config: opid_index: -1 OBSOLETE_local: false peers { permanent_uuid: "ec0a78c3a0fd49c0b13794531db6374e" member_type: VOTER last_known_addr { host: "127.0.107.193" port: 42171 } } peers { permanent_uuid: "04461d7ded264404a2a53ca00e00c3c1" member_type: VOTER last_known_addr { host: "127.0.107.194" port: 38897 } } peers { permanent_uuid: "6929107b001c421e88b37be6ef9ea789" member_type: VOTER last_known_addr { host: "127.0.107.195" port: 33011 } }
I20260709 12:56:26.241824   759 ts_tablet_manager.cc:1434] T 7fc86be1a3a14b3784f6c891b2a35d99 P 6929107b001c421e88b37be6ef9ea789: Time spent starting tablet: real 0.008s	user 0.007s	sys 0.000s
I20260709 12:56:26.242868   759 tablet_bootstrap.cc:492] T bf55a351674549928bc450da3c76f05e P 6929107b001c421e88b37be6ef9ea789: Bootstrap starting.
I20260709 12:56:26.240309   758 consensus_queue.cc:260] T 6d90f09b818f46a4b9f24735dfff23fa P ec0a78c3a0fd49c0b13794531db6374e [NON_LEADER]: Queue going to NON_LEADER mode. State: All replicated index: 0, Majority replicated index: 0, Committed index: 0, Last appended: 0.0, Last appended by leader: 0, Current term: 0, Majority size: -1, State: 0, Mode: NON_LEADER, active raft config: opid_index: -1 OBSOLETE_local: false peers { permanent_uuid: "ec0a78c3a0fd49c0b13794531db6374e" member_type: VOTER last_known_addr { host: "127.0.107.193" port: 42171 } } peers { permanent_uuid: "04461d7ded264404a2a53ca00e00c3c1" member_type: VOTER last_known_addr { host: "127.0.107.194" port: 38897 } } peers { permanent_uuid: "6929107b001c421e88b37be6ef9ea789" member_type: VOTER last_known_addr { host: "127.0.107.195" port: 33011 } }
I20260709 12:56:26.246158   758 ts_tablet_manager.cc:1434] T 6d90f09b818f46a4b9f24735dfff23fa P ec0a78c3a0fd49c0b13794531db6374e: Time spent starting tablet: real 0.011s	user 0.006s	sys 0.003s
I20260709 12:56:26.246202   761 ts_tablet_manager.cc:1434] T 7fc86be1a3a14b3784f6c891b2a35d99 P 04461d7ded264404a2a53ca00e00c3c1: Time spent starting tablet: real 0.019s	user 0.008s	sys 0.000s
I20260709 12:56:26.247223   758 tablet_bootstrap.cc:492] T 97708e4bd61f4fc8aeea1a4ebaf13678 P ec0a78c3a0fd49c0b13794531db6374e: Bootstrap starting.
I20260709 12:56:26.247592   761 tablet_bootstrap.cc:492] T 5b95121f583944cd9ca883c6e5b49597 P 04461d7ded264404a2a53ca00e00c3c1: Bootstrap starting.
I20260709 12:56:26.256709   761 tablet_bootstrap.cc:654] T 5b95121f583944cd9ca883c6e5b49597 P 04461d7ded264404a2a53ca00e00c3c1: Neither blocks nor log segments found. Creating new log.
I20260709 12:56:26.258767   758 tablet_bootstrap.cc:654] T 97708e4bd61f4fc8aeea1a4ebaf13678 P ec0a78c3a0fd49c0b13794531db6374e: Neither blocks nor log segments found. Creating new log.
I20260709 12:56:26.267279   765 raft_consensus.cc:493] T 7fc86be1a3a14b3784f6c891b2a35d99 P 6929107b001c421e88b37be6ef9ea789 [term 0 FOLLOWER]: Starting pre-election (no leader contacted us within the election timeout)
I20260709 12:56:26.267827   765 raft_consensus.cc:515] T 7fc86be1a3a14b3784f6c891b2a35d99 P 6929107b001c421e88b37be6ef9ea789 [term 0 FOLLOWER]: Starting pre-election with config: opid_index: -1 OBSOLETE_local: false peers { permanent_uuid: "ec0a78c3a0fd49c0b13794531db6374e" member_type: VOTER last_known_addr { host: "127.0.107.193" port: 42171 } } peers { permanent_uuid: "04461d7ded264404a2a53ca00e00c3c1" member_type: VOTER last_known_addr { host: "127.0.107.194" port: 38897 } } peers { permanent_uuid: "6929107b001c421e88b37be6ef9ea789" member_type: VOTER last_known_addr { host: "127.0.107.195" port: 33011 } }
I20260709 12:56:26.274458   761 tablet_bootstrap.cc:492] T 5b95121f583944cd9ca883c6e5b49597 P 04461d7ded264404a2a53ca00e00c3c1: No bootstrap required, opened a new log
I20260709 12:56:26.275030   761 ts_tablet_manager.cc:1403] T 5b95121f583944cd9ca883c6e5b49597 P 04461d7ded264404a2a53ca00e00c3c1: Time spent bootstrapping tablet: real 0.028s	user 0.005s	sys 0.009s
I20260709 12:56:26.274952   759 tablet_bootstrap.cc:654] T bf55a351674549928bc450da3c76f05e P 6929107b001c421e88b37be6ef9ea789: Neither blocks nor log segments found. Creating new log.
I20260709 12:56:26.278290   765 leader_election.cc:290] T 7fc86be1a3a14b3784f6c891b2a35d99 P 6929107b001c421e88b37be6ef9ea789 [CANDIDATE]: Term 1 pre-election: Requested pre-vote from peers ec0a78c3a0fd49c0b13794531db6374e (127.0.107.193:42171), 04461d7ded264404a2a53ca00e00c3c1 (127.0.107.194:38897)
I20260709 12:56:26.280630   761 raft_consensus.cc:359] T 5b95121f583944cd9ca883c6e5b49597 P 04461d7ded264404a2a53ca00e00c3c1 [term 0 FOLLOWER]: Replica starting. Triggering 0 pending ops. Active config: opid_index: -1 OBSOLETE_local: false peers { permanent_uuid: "ec0a78c3a0fd49c0b13794531db6374e" member_type: VOTER last_known_addr { host: "127.0.107.193" port: 42171 } } peers { permanent_uuid: "04461d7ded264404a2a53ca00e00c3c1" member_type: VOTER last_known_addr { host: "127.0.107.194" port: 38897 } } peers { permanent_uuid: "6929107b001c421e88b37be6ef9ea789" member_type: VOTER last_known_addr { host: "127.0.107.195" port: 33011 } }
I20260709 12:56:26.281901   761 raft_consensus.cc:385] T 5b95121f583944cd9ca883c6e5b49597 P 04461d7ded264404a2a53ca00e00c3c1 [term 0 FOLLOWER]: Consensus starting up: Expiring failure detector timer to make a prompt election more likely
I20260709 12:56:26.282287   761 raft_consensus.cc:740] T 5b95121f583944cd9ca883c6e5b49597 P 04461d7ded264404a2a53ca00e00c3c1 [term 0 FOLLOWER]: Becoming Follower/Learner. State: Replica: 04461d7ded264404a2a53ca00e00c3c1, State: Initialized, Role: FOLLOWER
I20260709 12:56:26.283186   761 consensus_queue.cc:260] T 5b95121f583944cd9ca883c6e5b49597 P 04461d7ded264404a2a53ca00e00c3c1 [NON_LEADER]: Queue going to NON_LEADER mode. State: All replicated index: 0, Majority replicated index: 0, Committed index: 0, Last appended: 0.0, Last appended by leader: 0, Current term: 0, Majority size: -1, State: 0, Mode: NON_LEADER, active raft config: opid_index: -1 OBSOLETE_local: false peers { permanent_uuid: "ec0a78c3a0fd49c0b13794531db6374e" member_type: VOTER last_known_addr { host: "127.0.107.193" port: 42171 } } peers { permanent_uuid: "04461d7ded264404a2a53ca00e00c3c1" member_type: VOTER last_known_addr { host: "127.0.107.194" port: 38897 } } peers { permanent_uuid: "6929107b001c421e88b37be6ef9ea789" member_type: VOTER last_known_addr { host: "127.0.107.195" port: 33011 } }
I20260709 12:56:26.284425   765 raft_consensus.cc:493] T 5b95121f583944cd9ca883c6e5b49597 P 6929107b001c421e88b37be6ef9ea789 [term 0 FOLLOWER]: Starting pre-election (no leader contacted us within the election timeout)
I20260709 12:56:26.284934   765 raft_consensus.cc:515] T 5b95121f583944cd9ca883c6e5b49597 P 6929107b001c421e88b37be6ef9ea789 [term 0 FOLLOWER]: Starting pre-election with config: opid_index: -1 OBSOLETE_local: false peers { permanent_uuid: "ec0a78c3a0fd49c0b13794531db6374e" member_type: VOTER last_known_addr { host: "127.0.107.193" port: 42171 } } peers { permanent_uuid: "04461d7ded264404a2a53ca00e00c3c1" member_type: VOTER last_known_addr { host: "127.0.107.194" port: 38897 } } peers { permanent_uuid: "6929107b001c421e88b37be6ef9ea789" member_type: VOTER last_known_addr { host: "127.0.107.195" port: 33011 } }
I20260709 12:56:26.286365   761 ts_tablet_manager.cc:1434] T 5b95121f583944cd9ca883c6e5b49597 P 04461d7ded264404a2a53ca00e00c3c1: Time spent starting tablet: real 0.011s	user 0.008s	sys 0.000s
I20260709 12:56:26.287686   765 leader_election.cc:290] T 5b95121f583944cd9ca883c6e5b49597 P 6929107b001c421e88b37be6ef9ea789 [CANDIDATE]: Term 1 pre-election: Requested pre-vote from peers ec0a78c3a0fd49c0b13794531db6374e (127.0.107.193:42171), 04461d7ded264404a2a53ca00e00c3c1 (127.0.107.194:38897)
I20260709 12:56:26.287796   761 tablet_bootstrap.cc:492] T 4512ab2aacb84cf0829ac1bf0d5b1e8e P 04461d7ded264404a2a53ca00e00c3c1: Bootstrap starting.
I20260709 12:56:26.294030   758 tablet_bootstrap.cc:492] T 97708e4bd61f4fc8aeea1a4ebaf13678 P ec0a78c3a0fd49c0b13794531db6374e: No bootstrap required, opened a new log
I20260709 12:56:26.294533   758 ts_tablet_manager.cc:1403] T 97708e4bd61f4fc8aeea1a4ebaf13678 P ec0a78c3a0fd49c0b13794531db6374e: Time spent bootstrapping tablet: real 0.048s	user 0.012s	sys 0.004s
I20260709 12:56:26.297847   761 tablet_bootstrap.cc:654] T 4512ab2aacb84cf0829ac1bf0d5b1e8e P 04461d7ded264404a2a53ca00e00c3c1: Neither blocks nor log segments found. Creating new log.
I20260709 12:56:26.307233   758 raft_consensus.cc:359] T 97708e4bd61f4fc8aeea1a4ebaf13678 P ec0a78c3a0fd49c0b13794531db6374e [term 0 FOLLOWER]: Replica starting. Triggering 0 pending ops. Active config: opid_index: -1 OBSOLETE_local: false peers { permanent_uuid: "ec0a78c3a0fd49c0b13794531db6374e" member_type: VOTER last_known_addr { host: "127.0.107.193" port: 42171 } } peers { permanent_uuid: "04461d7ded264404a2a53ca00e00c3c1" member_type: VOTER last_known_addr { host: "127.0.107.194" port: 38897 } } peers { permanent_uuid: "6929107b001c421e88b37be6ef9ea789" member_type: VOTER last_known_addr { host: "127.0.107.195" port: 33011 } }
I20260709 12:56:26.308293   758 raft_consensus.cc:385] T 97708e4bd61f4fc8aeea1a4ebaf13678 P ec0a78c3a0fd49c0b13794531db6374e [term 0 FOLLOWER]: Consensus starting up: Expiring failure detector timer to make a prompt election more likely
I20260709 12:56:26.318645   766 raft_consensus.cc:493] T 7fc86be1a3a14b3784f6c891b2a35d99 P 04461d7ded264404a2a53ca00e00c3c1 [term 0 FOLLOWER]: Starting pre-election (no leader contacted us within the election timeout)
I20260709 12:56:26.319425   766 raft_consensus.cc:515] T 7fc86be1a3a14b3784f6c891b2a35d99 P 04461d7ded264404a2a53ca00e00c3c1 [term 0 FOLLOWER]: Starting pre-election with config: opid_index: -1 OBSOLETE_local: false peers { permanent_uuid: "ec0a78c3a0fd49c0b13794531db6374e" member_type: VOTER last_known_addr { host: "127.0.107.193" port: 42171 } } peers { permanent_uuid: "04461d7ded264404a2a53ca00e00c3c1" member_type: VOTER last_known_addr { host: "127.0.107.194" port: 38897 } } peers { permanent_uuid: "6929107b001c421e88b37be6ef9ea789" member_type: VOTER last_known_addr { host: "127.0.107.195" port: 33011 } }
I20260709 12:56:26.317842   758 raft_consensus.cc:740] T 97708e4bd61f4fc8aeea1a4ebaf13678 P ec0a78c3a0fd49c0b13794531db6374e [term 0 FOLLOWER]: Becoming Follower/Learner. State: Replica: ec0a78c3a0fd49c0b13794531db6374e, State: Initialized, Role: FOLLOWER
I20260709 12:56:26.323133   766 leader_election.cc:290] T 7fc86be1a3a14b3784f6c891b2a35d99 P 04461d7ded264404a2a53ca00e00c3c1 [CANDIDATE]: Term 1 pre-election: Requested pre-vote from peers ec0a78c3a0fd49c0b13794531db6374e (127.0.107.193:42171), 6929107b001c421e88b37be6ef9ea789 (127.0.107.195:33011)
I20260709 12:56:26.323266   758 consensus_queue.cc:260] T 97708e4bd61f4fc8aeea1a4ebaf13678 P ec0a78c3a0fd49c0b13794531db6374e [NON_LEADER]: Queue going to NON_LEADER mode. State: All replicated index: 0, Majority replicated index: 0, Committed index: 0, Last appended: 0.0, Last appended by leader: 0, Current term: 0, Majority size: -1, State: 0, Mode: NON_LEADER, active raft config: opid_index: -1 OBSOLETE_local: false peers { permanent_uuid: "ec0a78c3a0fd49c0b13794531db6374e" member_type: VOTER last_known_addr { host: "127.0.107.193" port: 42171 } } peers { permanent_uuid: "04461d7ded264404a2a53ca00e00c3c1" member_type: VOTER last_known_addr { host: "127.0.107.194" port: 38897 } } peers { permanent_uuid: "6929107b001c421e88b37be6ef9ea789" member_type: VOTER last_known_addr { host: "127.0.107.195" port: 33011 } }
I20260709 12:56:26.338400   758 ts_tablet_manager.cc:1434] T 97708e4bd61f4fc8aeea1a4ebaf13678 P ec0a78c3a0fd49c0b13794531db6374e: Time spent starting tablet: real 0.044s	user 0.010s	sys 0.000s
I20260709 12:56:26.339555   758 tablet_bootstrap.cc:492] T 5b95121f583944cd9ca883c6e5b49597 P ec0a78c3a0fd49c0b13794531db6374e: Bootstrap starting.
I20260709 12:56:26.340775   761 tablet_bootstrap.cc:492] T 4512ab2aacb84cf0829ac1bf0d5b1e8e P 04461d7ded264404a2a53ca00e00c3c1: No bootstrap required, opened a new log
I20260709 12:56:26.342351   761 ts_tablet_manager.cc:1403] T 4512ab2aacb84cf0829ac1bf0d5b1e8e P 04461d7ded264404a2a53ca00e00c3c1: Time spent bootstrapping tablet: real 0.055s	user 0.025s	sys 0.014s
I20260709 12:56:26.344578   765 raft_consensus.cc:493] T 4184623b83cf47e0a894131f17b741c9 P 6929107b001c421e88b37be6ef9ea789 [term 0 FOLLOWER]: Starting pre-election (no leader contacted us within the election timeout)
I20260709 12:56:26.345104   765 raft_consensus.cc:515] T 4184623b83cf47e0a894131f17b741c9 P 6929107b001c421e88b37be6ef9ea789 [term 0 FOLLOWER]: Starting pre-election with config: opid_index: -1 OBSOLETE_local: false peers { permanent_uuid: "ec0a78c3a0fd49c0b13794531db6374e" member_type: VOTER last_known_addr { host: "127.0.107.193" port: 42171 } } peers { permanent_uuid: "04461d7ded264404a2a53ca00e00c3c1" member_type: VOTER last_known_addr { host: "127.0.107.194" port: 38897 } } peers { permanent_uuid: "6929107b001c421e88b37be6ef9ea789" member_type: VOTER last_known_addr { host: "127.0.107.195" port: 33011 } }
I20260709 12:56:26.348124   765 leader_election.cc:290] T 4184623b83cf47e0a894131f17b741c9 P 6929107b001c421e88b37be6ef9ea789 [CANDIDATE]: Term 1 pre-election: Requested pre-vote from peers ec0a78c3a0fd49c0b13794531db6374e (127.0.107.193:42171), 04461d7ded264404a2a53ca00e00c3c1 (127.0.107.194:38897)
I20260709 12:56:26.347981   761 raft_consensus.cc:359] T 4512ab2aacb84cf0829ac1bf0d5b1e8e P 04461d7ded264404a2a53ca00e00c3c1 [term 0 FOLLOWER]: Replica starting. Triggering 0 pending ops. Active config: opid_index: -1 OBSOLETE_local: false peers { permanent_uuid: "ec0a78c3a0fd49c0b13794531db6374e" member_type: VOTER last_known_addr { host: "127.0.107.193" port: 42171 } } peers { permanent_uuid: "04461d7ded264404a2a53ca00e00c3c1" member_type: VOTER last_known_addr { host: "127.0.107.194" port: 38897 } } peers { permanent_uuid: "6929107b001c421e88b37be6ef9ea789" member_type: VOTER last_known_addr { host: "127.0.107.195" port: 33011 } }
I20260709 12:56:26.350723   761 raft_consensus.cc:385] T 4512ab2aacb84cf0829ac1bf0d5b1e8e P 04461d7ded264404a2a53ca00e00c3c1 [term 0 FOLLOWER]: Consensus starting up: Expiring failure detector timer to make a prompt election more likely
I20260709 12:56:26.351438   761 raft_consensus.cc:740] T 4512ab2aacb84cf0829ac1bf0d5b1e8e P 04461d7ded264404a2a53ca00e00c3c1 [term 0 FOLLOWER]: Becoming Follower/Learner. State: Replica: 04461d7ded264404a2a53ca00e00c3c1, State: Initialized, Role: FOLLOWER
I20260709 12:56:26.352572   761 consensus_queue.cc:260] T 4512ab2aacb84cf0829ac1bf0d5b1e8e P 04461d7ded264404a2a53ca00e00c3c1 [NON_LEADER]: Queue going to NON_LEADER mode. State: All replicated index: 0, Majority replicated index: 0, Committed index: 0, Last appended: 0.0, Last appended by leader: 0, Current term: 0, Majority size: -1, State: 0, Mode: NON_LEADER, active raft config: opid_index: -1 OBSOLETE_local: false peers { permanent_uuid: "ec0a78c3a0fd49c0b13794531db6374e" member_type: VOTER last_known_addr { host: "127.0.107.193" port: 42171 } } peers { permanent_uuid: "04461d7ded264404a2a53ca00e00c3c1" member_type: VOTER last_known_addr { host: "127.0.107.194" port: 38897 } } peers { permanent_uuid: "6929107b001c421e88b37be6ef9ea789" member_type: VOTER last_known_addr { host: "127.0.107.195" port: 33011 } }
I20260709 12:56:26.355690   766 raft_consensus.cc:493] T 97708e4bd61f4fc8aeea1a4ebaf13678 P 04461d7ded264404a2a53ca00e00c3c1 [term 0 FOLLOWER]: Starting pre-election (no leader contacted us within the election timeout)
I20260709 12:56:26.356123   766 raft_consensus.cc:515] T 97708e4bd61f4fc8aeea1a4ebaf13678 P 04461d7ded264404a2a53ca00e00c3c1 [term 0 FOLLOWER]: Starting pre-election with config: opid_index: -1 OBSOLETE_local: false peers { permanent_uuid: "ec0a78c3a0fd49c0b13794531db6374e" member_type: VOTER last_known_addr { host: "127.0.107.193" port: 42171 } } peers { permanent_uuid: "04461d7ded264404a2a53ca00e00c3c1" member_type: VOTER last_known_addr { host: "127.0.107.194" port: 38897 } } peers { permanent_uuid: "6929107b001c421e88b37be6ef9ea789" member_type: VOTER last_known_addr { host: "127.0.107.195" port: 33011 } }
I20260709 12:56:26.358017   766 leader_election.cc:290] T 97708e4bd61f4fc8aeea1a4ebaf13678 P 04461d7ded264404a2a53ca00e00c3c1 [CANDIDATE]: Term 1 pre-election: Requested pre-vote from peers ec0a78c3a0fd49c0b13794531db6374e (127.0.107.193:42171), 6929107b001c421e88b37be6ef9ea789 (127.0.107.195:33011)
I20260709 12:56:26.364939   761 ts_tablet_manager.cc:1434] T 4512ab2aacb84cf0829ac1bf0d5b1e8e P 04461d7ded264404a2a53ca00e00c3c1: Time spent starting tablet: real 0.022s	user 0.007s	sys 0.000s
I20260709 12:56:26.365347   639 tablet_service.cc:1917] Received RequestConsensusVote() RPC: tablet_id: "4184623b83cf47e0a894131f17b741c9" candidate_uuid: "6929107b001c421e88b37be6ef9ea789" candidate_term: 1 candidate_status { last_received { term: 0 index: 0 } } ignore_live_leader: false dest_uuid: "04461d7ded264404a2a53ca00e00c3c1" is_pre_election: true
I20260709 12:56:26.373279   761 tablet_bootstrap.cc:492] T bf55a351674549928bc450da3c76f05e P 04461d7ded264404a2a53ca00e00c3c1: Bootstrap starting.
I20260709 12:56:26.374020   640 tablet_service.cc:1917] Received RequestConsensusVote() RPC: tablet_id: "5b95121f583944cd9ca883c6e5b49597" candidate_uuid: "6929107b001c421e88b37be6ef9ea789" candidate_term: 1 candidate_status { last_received { term: 0 index: 0 } } ignore_live_leader: false dest_uuid: "04461d7ded264404a2a53ca00e00c3c1" is_pre_election: true
I20260709 12:56:26.373431   759 tablet_bootstrap.cc:492] T bf55a351674549928bc450da3c76f05e P 6929107b001c421e88b37be6ef9ea789: No bootstrap required, opened a new log
I20260709 12:56:26.375676   640 raft_consensus.cc:2468] T 5b95121f583944cd9ca883c6e5b49597 P 04461d7ded264404a2a53ca00e00c3c1 [term 0 FOLLOWER]: Leader pre-election vote request: Granting yes vote for candidate 6929107b001c421e88b37be6ef9ea789 in term 0.
I20260709 12:56:26.376154   759 ts_tablet_manager.cc:1403] T bf55a351674549928bc450da3c76f05e P 6929107b001c421e88b37be6ef9ea789: Time spent bootstrapping tablet: real 0.133s	user 0.026s	sys 0.033s
I20260709 12:56:26.382207   763 raft_consensus.cc:493] T bf55a351674549928bc450da3c76f05e P ec0a78c3a0fd49c0b13794531db6374e [term 0 FOLLOWER]: Starting pre-election (no leader contacted us within the election timeout)
I20260709 12:56:26.382719   680 leader_election.cc:304] T 5b95121f583944cd9ca883c6e5b49597 P 6929107b001c421e88b37be6ef9ea789 [CANDIDATE]: Term 1 pre-election: Election decided. Result: candidate won. Election summary: received 2 responses out of 3 voters: 2 yes votes; 0 no votes. yes voters: 04461d7ded264404a2a53ca00e00c3c1, 6929107b001c421e88b37be6ef9ea789; no voters: 
I20260709 12:56:26.383029   763 raft_consensus.cc:515] T bf55a351674549928bc450da3c76f05e P ec0a78c3a0fd49c0b13794531db6374e [term 0 FOLLOWER]: Starting pre-election with config: opid_index: -1 OBSOLETE_local: false peers { permanent_uuid: "ec0a78c3a0fd49c0b13794531db6374e" member_type: VOTER last_known_addr { host: "127.0.107.193" port: 42171 } } peers { permanent_uuid: "04461d7ded264404a2a53ca00e00c3c1" member_type: VOTER last_known_addr { host: "127.0.107.194" port: 38897 } } peers { permanent_uuid: "6929107b001c421e88b37be6ef9ea789" member_type: VOTER last_known_addr { host: "127.0.107.195" port: 33011 } }
I20260709 12:56:26.384485   641 tablet_service.cc:1917] Received RequestConsensusVote() RPC: tablet_id: "7fc86be1a3a14b3784f6c891b2a35d99" candidate_uuid: "6929107b001c421e88b37be6ef9ea789" candidate_term: 1 candidate_status { last_received { term: 0 index: 0 } } ignore_live_leader: false dest_uuid: "04461d7ded264404a2a53ca00e00c3c1" is_pre_election: true
I20260709 12:56:26.385826   765 raft_consensus.cc:2804] T 5b95121f583944cd9ca883c6e5b49597 P 6929107b001c421e88b37be6ef9ea789 [term 0 FOLLOWER]: Leader pre-election won for term 1
I20260709 12:56:26.386317   765 raft_consensus.cc:493] T 5b95121f583944cd9ca883c6e5b49597 P 6929107b001c421e88b37be6ef9ea789 [term 0 FOLLOWER]: Starting leader election (no leader contacted us within the election timeout)
I20260709 12:56:26.386734   765 raft_consensus.cc:3060] T 5b95121f583944cd9ca883c6e5b49597 P 6929107b001c421e88b37be6ef9ea789 [term 0 FOLLOWER]: Advancing to term 1
I20260709 12:56:26.393060   759 raft_consensus.cc:359] T bf55a351674549928bc450da3c76f05e P 6929107b001c421e88b37be6ef9ea789 [term 0 FOLLOWER]: Replica starting. Triggering 0 pending ops. Active config: opid_index: -1 OBSOLETE_local: false peers { permanent_uuid: "ec0a78c3a0fd49c0b13794531db6374e" member_type: VOTER last_known_addr { host: "127.0.107.193" port: 42171 } } peers { permanent_uuid: "04461d7ded264404a2a53ca00e00c3c1" member_type: VOTER last_known_addr { host: "127.0.107.194" port: 38897 } } peers { permanent_uuid: "6929107b001c421e88b37be6ef9ea789" member_type: VOTER last_known_addr { host: "127.0.107.195" port: 33011 } }
I20260709 12:56:26.393913   759 raft_consensus.cc:385] T bf55a351674549928bc450da3c76f05e P 6929107b001c421e88b37be6ef9ea789 [term 0 FOLLOWER]: Consensus starting up: Expiring failure detector timer to make a prompt election more likely
I20260709 12:56:26.394330   759 raft_consensus.cc:740] T bf55a351674549928bc450da3c76f05e P 6929107b001c421e88b37be6ef9ea789 [term 0 FOLLOWER]: Becoming Follower/Learner. State: Replica: 6929107b001c421e88b37be6ef9ea789, State: Initialized, Role: FOLLOWER
I20260709 12:56:26.394341   566 tablet_service.cc:1917] Received RequestConsensusVote() RPC: tablet_id: "7fc86be1a3a14b3784f6c891b2a35d99" candidate_uuid: "6929107b001c421e88b37be6ef9ea789" candidate_term: 1 candidate_status { last_received { term: 0 index: 0 } } ignore_live_leader: false dest_uuid: "ec0a78c3a0fd49c0b13794531db6374e" is_pre_election: true
I20260709 12:56:26.395231   566 raft_consensus.cc:2468] T 7fc86be1a3a14b3784f6c891b2a35d99 P ec0a78c3a0fd49c0b13794531db6374e [term 0 FOLLOWER]: Leader pre-election vote request: Granting yes vote for candidate 6929107b001c421e88b37be6ef9ea789 in term 0.
I20260709 12:56:26.395328   759 consensus_queue.cc:260] T bf55a351674549928bc450da3c76f05e P 6929107b001c421e88b37be6ef9ea789 [NON_LEADER]: Queue going to NON_LEADER mode. State: All replicated index: 0, Majority replicated index: 0, Committed index: 0, Last appended: 0.0, Last appended by leader: 0, Current term: 0, Majority size: -1, State: 0, Mode: NON_LEADER, active raft config: opid_index: -1 OBSOLETE_local: false peers { permanent_uuid: "ec0a78c3a0fd49c0b13794531db6374e" member_type: VOTER last_known_addr { host: "127.0.107.193" port: 42171 } } peers { permanent_uuid: "04461d7ded264404a2a53ca00e00c3c1" member_type: VOTER last_known_addr { host: "127.0.107.194" port: 38897 } } peers { permanent_uuid: "6929107b001c421e88b37be6ef9ea789" member_type: VOTER last_known_addr { host: "127.0.107.195" port: 33011 } }
I20260709 12:56:26.385844   641 raft_consensus.cc:2468] T 7fc86be1a3a14b3784f6c891b2a35d99 P 04461d7ded264404a2a53ca00e00c3c1 [term 0 FOLLOWER]: Leader pre-election vote request: Granting yes vote for candidate 6929107b001c421e88b37be6ef9ea789 in term 0.
I20260709 12:56:26.398846   763 leader_election.cc:290] T bf55a351674549928bc450da3c76f05e P ec0a78c3a0fd49c0b13794531db6374e [CANDIDATE]: Term 1 pre-election: Requested pre-vote from peers 04461d7ded264404a2a53ca00e00c3c1 (127.0.107.194:38897), 6929107b001c421e88b37be6ef9ea789 (127.0.107.195:33011)
I20260709 12:56:26.399603   763 raft_consensus.cc:493] T 6cdf74459e044d029880560df29c54d0 P ec0a78c3a0fd49c0b13794531db6374e [term 0 FOLLOWER]: Starting pre-election (no leader contacted us within the election timeout)
I20260709 12:56:26.399296   680 leader_election.cc:304] T 7fc86be1a3a14b3784f6c891b2a35d99 P 6929107b001c421e88b37be6ef9ea789 [CANDIDATE]: Term 1 pre-election: Election decided. Result: candidate won. Election summary: received 2 responses out of 3 voters: 2 yes votes; 0 no votes. yes voters: 04461d7ded264404a2a53ca00e00c3c1, 6929107b001c421e88b37be6ef9ea789; no voters: 
I20260709 12:56:26.375934   639 raft_consensus.cc:2468] T 4184623b83cf47e0a894131f17b741c9 P 04461d7ded264404a2a53ca00e00c3c1 [term 0 FOLLOWER]: Leader pre-election vote request: Granting yes vote for candidate 6929107b001c421e88b37be6ef9ea789 in term 0.
