I20260709 12:59:20.513494  1743 raft_consensus.cc:740] T ab7160a66d0848309ca368ab972f3a78 P 743447152733463cb0a0ee584341ddd8 [term 0 FOLLOWER]: Becoming Follower/Learner. State: Replica: 743447152733463cb0a0ee584341ddd8, State: Initialized, Role: FOLLOWER
I20260709 12:59:20.515601  1743 consensus_queue.cc:260] T ab7160a66d0848309ca368ab972f3a78 P 743447152733463cb0a0ee584341ddd8 [NON_LEADER]: Queue going to NON_LEADER mode. State: All replicated index: 0, Majority replicated index: 0, Committed index: 0, Last appended: 0.0, Last appended by leader: 0, Current term: 0, Majority size: -1, State: 0, Mode: NON_LEADER, active raft config: opid_index: -1 OBSOLETE_local: false peers { permanent_uuid: "743447152733463cb0a0ee584341ddd8" member_type: VOTER last_known_addr { host: "127.0.107.193" port: 33031 } } peers { permanent_uuid: "ff3ecb7f0cac44eeaa4b51a94fe16c30" member_type: VOTER last_known_addr { host: "127.0.107.194" port: 45155 } } peers { permanent_uuid: "f6608d677cb6472fbcbb5e7fa4f33c9c" member_type: VOTER last_known_addr { host: "127.0.107.195" port: 39233 } }
I20260709 12:59:20.520213  1743 ts_tablet_manager.cc:1434] T ab7160a66d0848309ca368ab972f3a78 P 743447152733463cb0a0ee584341ddd8: Time spent starting tablet: real 0.015s	user 0.007s	sys 0.000s
I20260709 12:59:20.523135  1621 raft_consensus.cc:3060] T e3110692ff834959a3855c168434f224 P ff3ecb7f0cac44eeaa4b51a94fe16c30 [term 0 FOLLOWER]: Advancing to term 1
I20260709 12:59:20.525426  1546 tablet_service.cc:1917] Received RequestConsensusVote() RPC: tablet_id: "78c78c1c50dc47e59b73b4120a7e89fb" candidate_uuid: "f6608d677cb6472fbcbb5e7fa4f33c9c" candidate_term: 1 candidate_status { last_received { term: 0 index: 0 } } ignore_live_leader: false dest_uuid: "743447152733463cb0a0ee584341ddd8" is_pre_election: true
I20260709 12:59:20.526281  1696 tablet_service.cc:1917] Received RequestConsensusVote() RPC: tablet_id: "e3110692ff834959a3855c168434f224" candidate_uuid: "ff3ecb7f0cac44eeaa4b51a94fe16c30" candidate_term: 1 candidate_status { last_received { term: 0 index: 0 } } ignore_live_leader: false dest_uuid: "f6608d677cb6472fbcbb5e7fa4f33c9c" is_pre_election: true
I20260709 12:59:20.528514  1740 raft_consensus.cc:359] T e3b26bda6b2c48a08d5f13572ad9be18 P ff3ecb7f0cac44eeaa4b51a94fe16c30 [term 0 FOLLOWER]: Replica starting. Triggering 0 pending ops. Active config: opid_index: -1 OBSOLETE_local: false peers { permanent_uuid: "743447152733463cb0a0ee584341ddd8" member_type: VOTER last_known_addr { host: "127.0.107.193" port: 33031 } } peers { permanent_uuid: "ff3ecb7f0cac44eeaa4b51a94fe16c30" member_type: VOTER last_known_addr { host: "127.0.107.194" port: 45155 } } peers { permanent_uuid: "f6608d677cb6472fbcbb5e7fa4f33c9c" member_type: VOTER last_known_addr { host: "127.0.107.195" port: 39233 } }
I20260709 12:59:20.528687  1547 tablet_service.cc:1917] Received RequestConsensusVote() RPC: tablet_id: "03f7cc17a78b4b21ab9c84342c7025f2" candidate_uuid: "f6608d677cb6472fbcbb5e7fa4f33c9c" candidate_term: 1 candidate_status { last_received { term: 0 index: 0 } } ignore_live_leader: false dest_uuid: "743447152733463cb0a0ee584341ddd8" is_pre_election: true
I20260709 12:59:20.511934  1550 raft_consensus.cc:2468] T 3eabee35ae6747c095f63fb57939d3c9 P 743447152733463cb0a0ee584341ddd8 [term 1 FOLLOWER]: Leader election vote request: Granting yes vote for candidate f6608d677cb6472fbcbb5e7fa4f33c9c in term 1.
I20260709 12:59:20.529785  1740 raft_consensus.cc:385] T e3b26bda6b2c48a08d5f13572ad9be18 P ff3ecb7f0cac44eeaa4b51a94fe16c30 [term 0 FOLLOWER]: Consensus starting up: Expiring failure detector timer to make a prompt election more likely
I20260709 12:59:20.530113  1740 raft_consensus.cc:740] T e3b26bda6b2c48a08d5f13572ad9be18 P ff3ecb7f0cac44eeaa4b51a94fe16c30 [term 0 FOLLOWER]: Becoming Follower/Learner. State: Replica: ff3ecb7f0cac44eeaa4b51a94fe16c30, State: Initialized, Role: FOLLOWER
I20260709 12:59:20.532497  1545 tablet_service.cc:1917] Received RequestConsensusVote() RPC: tablet_id: "ba90abcdd96e4497b41faf994a9448dd" candidate_uuid: "ff3ecb7f0cac44eeaa4b51a94fe16c30" candidate_term: 1 candidate_status { last_received { term: 0 index: 0 } } ignore_live_leader: false dest_uuid: "743447152733463cb0a0ee584341ddd8"
I20260709 12:59:20.533957  1740 consensus_queue.cc:260] T e3b26bda6b2c48a08d5f13572ad9be18 P ff3ecb7f0cac44eeaa4b51a94fe16c30 [NON_LEADER]: Queue going to NON_LEADER mode. State: All replicated index: 0, Majority replicated index: 0, Committed index: 0, Last appended: 0.0, Last appended by leader: 0, Current term: 0, Majority size: -1, State: 0, Mode: NON_LEADER, active raft config: opid_index: -1 OBSOLETE_local: false peers { permanent_uuid: "743447152733463cb0a0ee584341ddd8" member_type: VOTER last_known_addr { host: "127.0.107.193" port: 33031 } } peers { permanent_uuid: "ff3ecb7f0cac44eeaa4b51a94fe16c30" member_type: VOTER last_known_addr { host: "127.0.107.194" port: 45155 } } peers { permanent_uuid: "f6608d677cb6472fbcbb5e7fa4f33c9c" member_type: VOTER last_known_addr { host: "127.0.107.195" port: 39233 } }
I20260709 12:59:20.537308  1799 leader_election.cc:290] T 7da9b4e145e64631a24d527c5bdb51fb P 743447152733463cb0a0ee584341ddd8 [CANDIDATE]: Term 1 election: Requested vote from peers ff3ecb7f0cac44eeaa4b51a94fe16c30 (127.0.107.194:45155), f6608d677cb6472fbcbb5e7fa4f33c9c (127.0.107.195:39233)
I20260709 12:59:20.534155  1787 consensus_queue.cc:1048] T af8e5fcccdfc45b6b7d76ab12a55a154 P 743447152733463cb0a0ee584341ddd8 [LEADER]: Connected to new peer: Peer: permanent_uuid: "ff3ecb7f0cac44eeaa4b51a94fe16c30" member_type: VOTER last_known_addr { host: "127.0.107.194" port: 45155 }, Status: LMP_MISMATCH, Last received: 0.0, Next index: 1, Last known committed idx: 0, Time since last communication: 0.004s
I20260709 12:59:20.537801  1740 ts_tablet_manager.cc:1434] T e3b26bda6b2c48a08d5f13572ad9be18 P ff3ecb7f0cac44eeaa4b51a94fe16c30: Time spent starting tablet: real 0.031s	user 0.006s	sys 0.002s
I20260709 12:59:20.538765  1740 tablet_bootstrap.cc:492] T 3ae37fb7dc464dc5b841abdbebcc3917 P ff3ecb7f0cac44eeaa4b51a94fe16c30: Bootstrap starting.
W20260709 12:59:20.542135  1591 leader_election.cc:343] T ba90abcdd96e4497b41faf994a9448dd P ff3ecb7f0cac44eeaa4b51a94fe16c30 [CANDIDATE]: Term 1 election: Tablet error from VoteRequest() call to peer 743447152733463cb0a0ee584341ddd8 (127.0.107.193:33031): Illegal state: must be running to vote when last-logged opid is not known
I20260709 12:59:20.532577  1549 tablet_service.cc:1917] Received RequestConsensusVote() RPC: tablet_id: "7da9b4e145e64631a24d527c5bdb51fb" candidate_uuid: "ff3ecb7f0cac44eeaa4b51a94fe16c30" candidate_term: 1 candidate_status { last_received { term: 0 index: 0 } } ignore_live_leader: false dest_uuid: "743447152733463cb0a0ee584341ddd8" is_pre_election: true
I20260709 12:59:20.543071  1549 raft_consensus.cc:2393] T 7da9b4e145e64631a24d527c5bdb51fb P 743447152733463cb0a0ee584341ddd8 [term 1 FOLLOWER]: Leader pre-election vote request: Denying vote to candidate ff3ecb7f0cac44eeaa4b51a94fe16c30 in current term 1: Already voted for candidate 743447152733463cb0a0ee584341ddd8 in this term.
I20260709 12:59:20.544773  1622 tablet_service.cc:1917] Received RequestConsensusVote() RPC: tablet_id: "7da9b4e145e64631a24d527c5bdb51fb" candidate_uuid: "743447152733463cb0a0ee584341ddd8" candidate_term: 1 candidate_status { last_received { term: 0 index: 0 } } ignore_live_leader: false dest_uuid: "ff3ecb7f0cac44eeaa4b51a94fe16c30"
I20260709 12:59:20.544708  1813 consensus_queue.cc:1048] T 3a41ef724fce4325b2513b40c82f65d7 P ff3ecb7f0cac44eeaa4b51a94fe16c30 [LEADER]: Connected to new peer: Peer: permanent_uuid: "743447152733463cb0a0ee584341ddd8" member_type: VOTER last_known_addr { host: "127.0.107.193" port: 33031 }, Status: LMP_MISMATCH, Last received: 0.0, Next index: 1, Last known committed idx: 0, Time since last communication: 0.001s
I20260709 12:59:20.545467  1622 raft_consensus.cc:3060] T 7da9b4e145e64631a24d527c5bdb51fb P ff3ecb7f0cac44eeaa4b51a94fe16c30 [term 0 FOLLOWER]: Advancing to term 1
I20260709 12:59:20.530771  1809 consensus_queue.cc:1048] T 1755ab0fb9584267936ecb523d9a9d3d P ff3ecb7f0cac44eeaa4b51a94fe16c30 [LEADER]: Connected to new peer: Peer: permanent_uuid: "743447152733463cb0a0ee584341ddd8" member_type: VOTER last_known_addr { host: "127.0.107.193" port: 33031 }, Status: LMP_MISMATCH, Last received: 0.0, Next index: 1, Last known committed idx: 0, Time since last communication: 0.023s
I20260709 12:59:20.557637  1696 tablet_service.cc:1917] Received RequestConsensusVote() RPC: tablet_id: "ba90abcdd96e4497b41faf994a9448dd" candidate_uuid: "ff3ecb7f0cac44eeaa4b51a94fe16c30" candidate_term: 1 candidate_status { last_received { term: 0 index: 0 } } ignore_live_leader: false dest_uuid: "f6608d677cb6472fbcbb5e7fa4f33c9c"
I20260709 12:59:20.558388  1696 raft_consensus.cc:3060] T ba90abcdd96e4497b41faf994a9448dd P f6608d677cb6472fbcbb5e7fa4f33c9c [term 0 FOLLOWER]: Advancing to term 1
I20260709 12:59:20.559028  1449 catalog_manager.cc:5697] T ab7160a66d0848309ca368ab972f3a78 P ff3ecb7f0cac44eeaa4b51a94fe16c30 reported cstate change: term changed from 0 to 1, leader changed from <none> to ff3ecb7f0cac44eeaa4b51a94fe16c30 (127.0.107.194). New cstate: current_term: 1 leader_uuid: "ff3ecb7f0cac44eeaa4b51a94fe16c30" committed_config { opid_index: -1 OBSOLETE_local: false peers { permanent_uuid: "743447152733463cb0a0ee584341ddd8" member_type: VOTER last_known_addr { host: "127.0.107.193" port: 33031 } health_report { overall_health: UNKNOWN } } peers { permanent_uuid: "ff3ecb7f0cac44eeaa4b51a94fe16c30" member_type: VOTER last_known_addr { host: "127.0.107.194" port: 45155 } health_report { overall_health: HEALTHY } } peers { permanent_uuid: "f6608d677cb6472fbcbb5e7fa4f33c9c" member_type: VOTER last_known_addr { host: "127.0.107.195" port: 39233 } health_report { overall_health: UNKNOWN } } }
I20260709 12:59:20.566934  1808 consensus_queue.cc:1048] T 37b73c9b580b4bb4880ffe7a7a4736c2 P f6608d677cb6472fbcbb5e7fa4f33c9c [LEADER]: Connected to new peer: Peer: permanent_uuid: "743447152733463cb0a0ee584341ddd8" member_type: VOTER last_known_addr { host: "127.0.107.193" port: 33031 }, Status: LMP_MISMATCH, Last received: 0.0, Next index: 1, Last known committed idx: 0, Time since last communication: 0.000s
I20260709 12:59:20.548027  1551 tablet_service.cc:1917] Received RequestConsensusVote() RPC: tablet_id: "e3110692ff834959a3855c168434f224" candidate_uuid: "ff3ecb7f0cac44eeaa4b51a94fe16c30" candidate_term: 1 candidate_status { last_received { term: 0 index: 0 } } ignore_live_leader: false dest_uuid: "743447152733463cb0a0ee584341ddd8" is_pre_election: true
I20260709 12:59:20.595566  1517 leader_election.cc:304] T d56344056b2b467baf57e91515e404f2 P 743447152733463cb0a0ee584341ddd8 [CANDIDATE]: Term 1 election: Election decided. Result: candidate won. Election summary: received 3 responses out of 3 voters: 2 yes votes; 1 no votes. yes voters: 743447152733463cb0a0ee584341ddd8, f6608d677cb6472fbcbb5e7fa4f33c9c; no voters: ff3ecb7f0cac44eeaa4b51a94fe16c30
I20260709 12:59:20.606035  1741 tablet_bootstrap.cc:492] T 90358779248d4883a7eb11249b7e4e04 P f6608d677cb6472fbcbb5e7fa4f33c9c: No bootstrap required, opened a new log
I20260709 12:59:20.606531  1741 ts_tablet_manager.cc:1403] T 90358779248d4883a7eb11249b7e4e04 P f6608d677cb6472fbcbb5e7fa4f33c9c: Time spent bootstrapping tablet: real 0.314s	user 0.008s	sys 0.029s
I20260709 12:59:20.606838  1743 tablet_bootstrap.cc:492] T ba90abcdd96e4497b41faf994a9448dd P 743447152733463cb0a0ee584341ddd8: Bootstrap starting.
I20260709 12:59:20.556171  1592 leader_election.cc:304] T 1f03e75e4403425c8c9d0477a35aa52d P ff3ecb7f0cac44eeaa4b51a94fe16c30 [CANDIDATE]: Term 1 election: Election decided. Result: candidate lost. Election summary: received 3 responses out of 3 voters: 1 yes votes; 2 no votes. yes voters: ff3ecb7f0cac44eeaa4b51a94fe16c30; no voters: 743447152733463cb0a0ee584341ddd8, f6608d677cb6472fbcbb5e7fa4f33c9c
W20260709 12:59:20.611603  1665 leader_election.cc:343] T 78058c4d8f234dee8a1666cc764fae2e P f6608d677cb6472fbcbb5e7fa4f33c9c [CANDIDATE]: Term 1 pre-election: Tablet error from VoteRequest() call to peer 743447152733463cb0a0ee584341ddd8 (127.0.107.193:33031): Illegal state: must be running to vote when last-logged opid is not known
I20260709 12:59:20.611330  1622 raft_consensus.cc:2468] T 7da9b4e145e64631a24d527c5bdb51fb P ff3ecb7f0cac44eeaa4b51a94fe16c30 [term 1 FOLLOWER]: Leader election vote request: Granting yes vote for candidate 743447152733463cb0a0ee584341ddd8 in term 1.
I20260709 12:59:20.607599  1787 raft_consensus.cc:2804] T d56344056b2b467baf57e91515e404f2 P 743447152733463cb0a0ee584341ddd8 [term 1 FOLLOWER]: Leader election won for term 1
I20260709 12:59:20.614549  1809 raft_consensus.cc:2749] T 1f03e75e4403425c8c9d0477a35aa52d P ff3ecb7f0cac44eeaa4b51a94fe16c30 [term 1 FOLLOWER]: Leader election lost for term 1. Reason: could not achieve majority
I20260709 12:59:20.612143  1665 leader_election.cc:304] T 78058c4d8f234dee8a1666cc764fae2e P f6608d677cb6472fbcbb5e7fa4f33c9c [CANDIDATE]: Term 1 pre-election: Election decided. Result: candidate lost. Election summary: received 3 responses out of 3 voters: 1 yes votes; 2 no votes. yes voters: f6608d677cb6472fbcbb5e7fa4f33c9c; no voters: 743447152733463cb0a0ee584341ddd8, ff3ecb7f0cac44eeaa4b51a94fe16c30
I20260709 12:59:20.616576  1744 raft_consensus.cc:2749] T 78058c4d8f234dee8a1666cc764fae2e P f6608d677cb6472fbcbb5e7fa4f33c9c [term 0 FOLLOWER]: Leader pre-election lost for term 1. Reason: could not achieve majority
I20260709 12:59:20.630633  1516 leader_election.cc:304] T 7da9b4e145e64631a24d527c5bdb51fb P 743447152733463cb0a0ee584341ddd8 [CANDIDATE]: Term 1 election: Election decided. Result: candidate won. Election summary: received 2 responses out of 3 voters: 2 yes votes; 0 no votes. yes voters: 743447152733463cb0a0ee584341ddd8, ff3ecb7f0cac44eeaa4b51a94fe16c30; no voters: 
I20260709 12:59:20.631474  1799 raft_consensus.cc:2804] T 7da9b4e145e64631a24d527c5bdb51fb P 743447152733463cb0a0ee584341ddd8 [term 1 FOLLOWER]: Leader election won for term 1
W20260709 12:59:20.631773  1665 leader_election.cc:343] T 78c78c1c50dc47e59b73b4120a7e89fb P f6608d677cb6472fbcbb5e7fa4f33c9c [CANDIDATE]: Term 1 pre-election: Tablet error from VoteRequest() call to peer 743447152733463cb0a0ee584341ddd8 (127.0.107.193:33031): Illegal state: must be running to vote when last-logged opid is not known
I20260709 12:59:20.632139  1799 raft_consensus.cc:697] T 7da9b4e145e64631a24d527c5bdb51fb P 743447152733463cb0a0ee584341ddd8 [term 1 LEADER]: Becoming Leader. State: Replica: 743447152733463cb0a0ee584341ddd8, State: Running, Role: LEADER
I20260709 12:59:20.632205  1665 leader_election.cc:304] T 78c78c1c50dc47e59b73b4120a7e89fb P f6608d677cb6472fbcbb5e7fa4f33c9c [CANDIDATE]: Term 1 pre-election: Election decided. Result: candidate lost. Election summary: received 3 responses out of 3 voters: 1 yes votes; 2 no votes. yes voters: f6608d677cb6472fbcbb5e7fa4f33c9c; no voters: 743447152733463cb0a0ee584341ddd8, ff3ecb7f0cac44eeaa4b51a94fe16c30
I20260709 12:59:20.632938  1744 raft_consensus.cc:2749] T 78c78c1c50dc47e59b73b4120a7e89fb P f6608d677cb6472fbcbb5e7fa4f33c9c [term 0 FOLLOWER]: Leader pre-election lost for term 1. Reason: could not achieve majority
W20260709 12:59:20.626507  1592 outbound_call.cc:321] RPC callback for RPC call kudu.consensus.ConsensusService.RequestConsensusVote -> {remote=127.0.107.195:39233, user_credentials={real_user=slave}} blocked reactor thread for 76459.4us
I20260709 12:59:20.633361  1799 consensus_queue.cc:237] T 7da9b4e145e64631a24d527c5bdb51fb P 743447152733463cb0a0ee584341ddd8 [LEADER]: Queue going to LEADER mode. State: All replicated index: 0, Majority replicated index: 0, Committed index: 0, Last appended: 0.0, Last appended by leader: 0, Current term: 1, Majority size: 2, State: 0, Mode: LEADER, active raft config: opid_index: -1 OBSOLETE_local: false peers { permanent_uuid: "743447152733463cb0a0ee584341ddd8" member_type: VOTER last_known_addr { host: "127.0.107.193" port: 33031 } } peers { permanent_uuid: "ff3ecb7f0cac44eeaa4b51a94fe16c30" member_type: VOTER last_known_addr { host: "127.0.107.194" port: 45155 } } peers { permanent_uuid: "f6608d677cb6472fbcbb5e7fa4f33c9c" member_type: VOTER last_known_addr { host: "127.0.107.195" port: 39233 } }
I20260709 12:59:20.634532  1592 leader_election.cc:304] T 7da9b4e145e64631a24d527c5bdb51fb P ff3ecb7f0cac44eeaa4b51a94fe16c30 [CANDIDATE]: Term 1 pre-election: Election decided. Result: candidate won. Election summary: received 3 responses out of 3 voters: 2 yes votes; 1 no votes. yes voters: f6608d677cb6472fbcbb5e7fa4f33c9c, ff3ecb7f0cac44eeaa4b51a94fe16c30; no voters: 743447152733463cb0a0ee584341ddd8
I20260709 12:59:20.634438  1809 consensus_queue.cc:1048] T 1755ab0fb9584267936ecb523d9a9d3d P ff3ecb7f0cac44eeaa4b51a94fe16c30 [LEADER]: Connected to new peer: Peer: permanent_uuid: "f6608d677cb6472fbcbb5e7fa4f33c9c" member_type: VOTER last_known_addr { host: "127.0.107.195" port: 39233 }, Status: LMP_MISMATCH, Last received: 0.0, Next index: 1, Last known committed idx: 0, Time since last communication: 0.001s
I20260709 12:59:20.635381  1813 raft_consensus.cc:2764] T 7da9b4e145e64631a24d527c5bdb51fb P ff3ecb7f0cac44eeaa4b51a94fe16c30 [term 1 FOLLOWER]: Leader pre-election decision vote started in defunct term 0: won
I20260709 12:59:20.636399  1592 leader_election.cc:304] T e3110692ff834959a3855c168434f224 P ff3ecb7f0cac44eeaa4b51a94fe16c30 [CANDIDATE]: Term 1 pre-election: Election decided. Result: candidate lost. Election summary: received 3 responses out of 3 voters: 1 yes votes; 2 no votes. yes voters: ff3ecb7f0cac44eeaa4b51a94fe16c30; no voters: 743447152733463cb0a0ee584341ddd8, f6608d677cb6472fbcbb5e7fa4f33c9c
I20260709 12:59:20.613466  1548 raft_consensus.cc:2468] T 4d90b310a5884055bcbd083d0c844e37 P 743447152733463cb0a0ee584341ddd8 [term 1 FOLLOWER]: Leader election vote request: Granting yes vote for candidate f6608d677cb6472fbcbb5e7fa4f33c9c in term 1.
I20260709 12:59:20.625274  1787 raft_consensus.cc:697] T d56344056b2b467baf57e91515e404f2 P 743447152733463cb0a0ee584341ddd8 [term 1 LEADER]: Becoming Leader. State: Replica: 743447152733463cb0a0ee584341ddd8, State: Running, Role: LEADER
I20260709 12:59:20.652755  1696 raft_consensus.cc:2468] T ba90abcdd96e4497b41faf994a9448dd P f6608d677cb6472fbcbb5e7fa4f33c9c [term 1 FOLLOWER]: Leader election vote request: Granting yes vote for candidate ff3ecb7f0cac44eeaa4b51a94fe16c30 in term 1.
W20260709 12:59:20.649156  1665 leader_election.cc:343] T 03f7cc17a78b4b21ab9c84342c7025f2 P f6608d677cb6472fbcbb5e7fa4f33c9c [CANDIDATE]: Term 1 pre-election: Tablet error from VoteRequest() call to peer 743447152733463cb0a0ee584341ddd8 (127.0.107.193:33031): Illegal state: must be running to vote when last-logged opid is not known
I20260709 12:59:20.685250  1665 leader_election.cc:304] T 03f7cc17a78b4b21ab9c84342c7025f2 P f6608d677cb6472fbcbb5e7fa4f33c9c [CANDIDATE]: Term 1 pre-election: Election decided. Result: candidate lost. Election summary: received 3 responses out of 3 voters: 1 yes votes; 2 no votes. yes voters: f6608d677cb6472fbcbb5e7fa4f33c9c; no voters: 743447152733463cb0a0ee584341ddd8, ff3ecb7f0cac44eeaa4b51a94fe16c30
I20260709 12:59:20.686390  1744 raft_consensus.cc:2749] T 03f7cc17a78b4b21ab9c84342c7025f2 P f6608d677cb6472fbcbb5e7fa4f33c9c [term 0 FOLLOWER]: Leader pre-election lost for term 1. Reason: could not achieve majority
I20260709 12:59:20.686877  1665 leader_election.cc:304] T 3eabee35ae6747c095f63fb57939d3c9 P f6608d677cb6472fbcbb5e7fa4f33c9c [CANDIDATE]: Term 1 election: Election decided. Result: candidate won. Election summary: received 3 responses out of 3 voters: 2 yes votes; 1 no votes. yes voters: 743447152733463cb0a0ee584341ddd8, f6608d677cb6472fbcbb5e7fa4f33c9c; no voters: ff3ecb7f0cac44eeaa4b51a94fe16c30
I20260709 12:59:20.687707  1744 raft_consensus.cc:2804] T 3eabee35ae6747c095f63fb57939d3c9 P f6608d677cb6472fbcbb5e7fa4f33c9c [term 1 FOLLOWER]: Leader election won for term 1
I20260709 12:59:20.659742  1787 consensus_queue.cc:237] T d56344056b2b467baf57e91515e404f2 P 743447152733463cb0a0ee584341ddd8 [LEADER]: Queue going to LEADER mode. State: All replicated index: 0, Majority replicated index: 0, Committed index: 0, Last appended: 0.0, Last appended by leader: 0, Current term: 1, Majority size: 2, State: 0, Mode: LEADER, active raft config: opid_index: -1 OBSOLETE_local: false peers { permanent_uuid: "743447152733463cb0a0ee584341ddd8" member_type: VOTER last_known_addr { host: "127.0.107.193" port: 33031 } } peers { permanent_uuid: "ff3ecb7f0cac44eeaa4b51a94fe16c30" member_type: VOTER last_known_addr { host: "127.0.107.194" port: 45155 } } peers { permanent_uuid: "f6608d677cb6472fbcbb5e7fa4f33c9c" member_type: VOTER last_known_addr { host: "127.0.107.195" port: 39233 } }
I20260709 12:59:20.665874  1448 catalog_manager.cc:5697] T 4d90b310a5884055bcbd083d0c844e37 P f6608d677cb6472fbcbb5e7fa4f33c9c reported cstate change: term changed from 0 to 1, leader changed from <none> to f6608d677cb6472fbcbb5e7fa4f33c9c (127.0.107.195). New cstate: current_term: 1 leader_uuid: "f6608d677cb6472fbcbb5e7fa4f33c9c" committed_config { opid_index: -1 OBSOLETE_local: false peers { permanent_uuid: "743447152733463cb0a0ee584341ddd8" member_type: VOTER last_known_addr { host: "127.0.107.193" port: 33031 } health_report { overall_health: UNKNOWN } } peers { permanent_uuid: "ff3ecb7f0cac44eeaa4b51a94fe16c30" member_type: VOTER last_known_addr { host: "127.0.107.194" port: 45155 } health_report { overall_health: UNKNOWN } } peers { permanent_uuid: "f6608d677cb6472fbcbb5e7fa4f33c9c" member_type: VOTER last_known_addr { host: "127.0.107.195" port: 39233 } health_report { overall_health: HEALTHY } } }
I20260709 12:59:20.691533  1448 catalog_manager.cc:5697] T db188641e4e746a5b40a0014ad98c305 P f6608d677cb6472fbcbb5e7fa4f33c9c reported cstate change: term changed from 0 to 1, leader changed from <none> to f6608d677cb6472fbcbb5e7fa4f33c9c (127.0.107.195). New cstate: current_term: 1 leader_uuid: "f6608d677cb6472fbcbb5e7fa4f33c9c" committed_config { opid_index: -1 OBSOLETE_local: false peers { permanent_uuid: "743447152733463cb0a0ee584341ddd8" member_type: VOTER last_known_addr { host: "127.0.107.193" port: 33031 } health_report { overall_health: UNKNOWN } } peers { permanent_uuid: "ff3ecb7f0cac44eeaa4b51a94fe16c30" member_type: VOTER last_known_addr { host: "127.0.107.194" port: 45155 } health_report { overall_health: UNKNOWN } } peers { permanent_uuid: "f6608d677cb6472fbcbb5e7fa4f33c9c" member_type: VOTER last_known_addr { host: "127.0.107.195" port: 39233 } health_report { overall_health: HEALTHY } } }
I20260709 12:59:20.688191  1744 raft_consensus.cc:697] T 3eabee35ae6747c095f63fb57939d3c9 P f6608d677cb6472fbcbb5e7fa4f33c9c [term 1 LEADER]: Becoming Leader. State: Replica: f6608d677cb6472fbcbb5e7fa4f33c9c, State: Running, Role: LEADER
I20260709 12:59:20.694294  1744 consensus_queue.cc:237] T 3eabee35ae6747c095f63fb57939d3c9 P f6608d677cb6472fbcbb5e7fa4f33c9c [LEADER]: Queue going to LEADER mode. State: All replicated index: 0, Majority replicated index: 0, Committed index: 0, Last appended: 0.0, Last appended by leader: 0, Current term: 1, Majority size: 2, State: 0, Mode: LEADER, active raft config: opid_index: -1 OBSOLETE_local: false peers { permanent_uuid: "743447152733463cb0a0ee584341ddd8" member_type: VOTER last_known_addr { host: "127.0.107.193" port: 33031 } } peers { permanent_uuid: "ff3ecb7f0cac44eeaa4b51a94fe16c30" member_type: VOTER last_known_addr { host: "127.0.107.194" port: 45155 } } peers { permanent_uuid: "f6608d677cb6472fbcbb5e7fa4f33c9c" member_type: VOTER last_known_addr { host: "127.0.107.195" port: 39233 } }
I20260709 12:59:20.719420  1743 tablet_bootstrap.cc:654] T ba90abcdd96e4497b41faf994a9448dd P 743447152733463cb0a0ee584341ddd8: Neither blocks nor log segments found. Creating new log.
W20260709 12:59:20.721794  1891 log.cc:927] Time spent T 1755ab0fb9584267936ecb523d9a9d3d P 743447152733463cb0a0ee584341ddd8: Append to log took a long time: real 0.061s	user 0.000s	sys 0.001s
I20260709 12:59:20.697280  1592 leader_election.cc:304] T ba90abcdd96e4497b41faf994a9448dd P ff3ecb7f0cac44eeaa4b51a94fe16c30 [CANDIDATE]: Term 1 election: Election decided. Result: candidate won. Election summary: received 3 responses out of 3 voters: 2 yes votes; 1 no votes. yes voters: f6608d677cb6472fbcbb5e7fa4f33c9c, ff3ecb7f0cac44eeaa4b51a94fe16c30; no voters: 743447152733463cb0a0ee584341ddd8
I20260709 12:59:20.734714  1741 raft_consensus.cc:359] T 90358779248d4883a7eb11249b7e4e04 P f6608d677cb6472fbcbb5e7fa4f33c9c [term 0 FOLLOWER]: Replica starting. Triggering 0 pending ops. Active config: opid_index: -1 OBSOLETE_local: false peers { permanent_uuid: "743447152733463cb0a0ee584341ddd8" member_type: VOTER last_known_addr { host: "127.0.107.193" port: 33031 } } peers { permanent_uuid: "ff3ecb7f0cac44eeaa4b51a94fe16c30" member_type: VOTER last_known_addr { host: "127.0.107.194" port: 45155 } } peers { permanent_uuid: "f6608d677cb6472fbcbb5e7fa4f33c9c" member_type: VOTER last_known_addr { host: "127.0.107.195" port: 39233 } }
I20260709 12:59:20.735745  1741 raft_consensus.cc:385] T 90358779248d4883a7eb11249b7e4e04 P f6608d677cb6472fbcbb5e7fa4f33c9c [term 0 FOLLOWER]: Consensus starting up: Expiring failure detector timer to make a prompt election more likely
I20260709 12:59:20.736115  1741 raft_consensus.cc:740] T 90358779248d4883a7eb11249b7e4e04 P f6608d677cb6472fbcbb5e7fa4f33c9c [term 0 FOLLOWER]: Becoming Follower/Learner. State: Replica: f6608d677cb6472fbcbb5e7fa4f33c9c, State: Initialized, Role: FOLLOWER
I20260709 12:59:20.737018  1741 consensus_queue.cc:260] T 90358779248d4883a7eb11249b7e4e04 P f6608d677cb6472fbcbb5e7fa4f33c9c [NON_LEADER]: Queue going to NON_LEADER mode. State: All replicated index: 0, Majority replicated index: 0, Committed index: 0, Last appended: 0.0, Last appended by leader: 0, Current term: 0, Majority size: -1, State: 0, Mode: NON_LEADER, active raft config: opid_index: -1 OBSOLETE_local: false peers { permanent_uuid: "743447152733463cb0a0ee584341ddd8" member_type: VOTER last_known_addr { host: "127.0.107.193" port: 33031 } } peers { permanent_uuid: "ff3ecb7f0cac44eeaa4b51a94fe16c30" member_type: VOTER last_known_addr { host: "127.0.107.194" port: 45155 } } peers { permanent_uuid: "f6608d677cb6472fbcbb5e7fa4f33c9c" member_type: VOTER last_known_addr { host: "127.0.107.195" port: 39233 } }
I20260709 12:59:20.747884  1741 ts_tablet_manager.cc:1434] T 90358779248d4883a7eb11249b7e4e04 P f6608d677cb6472fbcbb5e7fa4f33c9c: Time spent starting tablet: real 0.141s	user 0.004s	sys 0.005s
I20260709 12:59:20.748910  1741 tablet_bootstrap.cc:492] T b0dd9c25022e46219f622e9392b37ea1 P f6608d677cb6472fbcbb5e7fa4f33c9c: Bootstrap starting.
I20260709 12:59:20.745728  1813 raft_consensus.cc:2804] T ba90abcdd96e4497b41faf994a9448dd P ff3ecb7f0cac44eeaa4b51a94fe16c30 [term 1 FOLLOWER]: Leader election won for term 1
I20260709 12:59:20.745187  1809 raft_consensus.cc:2749] T e3110692ff834959a3855c168434f224 P ff3ecb7f0cac44eeaa4b51a94fe16c30 [term 1 FOLLOWER]: Leader pre-election lost for term 1. Reason: could not achieve majority
W20260709 12:59:20.752864  1890 log.cc:927] Time spent T 3a41ef724fce4325b2513b40c82f65d7 P 743447152733463cb0a0ee584341ddd8: Append to log took a long time: real 0.102s	user 0.001s	sys 0.000s
I20260709 12:59:20.753062  1813 raft_consensus.cc:697] T ba90abcdd96e4497b41faf994a9448dd P ff3ecb7f0cac44eeaa4b51a94fe16c30 [term 1 LEADER]: Becoming Leader. State: Replica: ff3ecb7f0cac44eeaa4b51a94fe16c30, State: Running, Role: LEADER
I20260709 12:59:20.754259  1740 tablet_bootstrap.cc:654] T 3ae37fb7dc464dc5b841abdbebcc3917 P ff3ecb7f0cac44eeaa4b51a94fe16c30: Neither blocks nor log segments found. Creating new log.
W20260709 12:59:20.749074  1592 outbound_call.cc:321] RPC callback for RPC call kudu.consensus.ConsensusService.RequestConsensusVote -> {remote=127.0.107.195:39233, user_credentials={real_user=slave}} blocked reactor thread for 51885.4us
I20260709 12:59:20.763860  1698 tablet_service.cc:1917] Received RequestConsensusVote() RPC: tablet_id: "7da9b4e145e64631a24d527c5bdb51fb" candidate_uuid: "743447152733463cb0a0ee584341ddd8" candidate_term: 1 candidate_status { last_received { term: 0 index: 0 } } ignore_live_leader: false dest_uuid: "f6608d677cb6472fbcbb5e7fa4f33c9c"
I20260709 12:59:20.764531  1698 raft_consensus.cc:3060] T 7da9b4e145e64631a24d527c5bdb51fb P f6608d677cb6472fbcbb5e7fa4f33c9c [term 0 FOLLOWER]: Advancing to term 1
I20260709 12:59:20.769837  1799 consensus_queue.cc:1048] T edf08548ad954010bfb76d057f7c5029 P 743447152733463cb0a0ee584341ddd8 [LEADER]: Connected to new peer: Peer: permanent_uuid: "ff3ecb7f0cac44eeaa4b51a94fe16c30" member_type: VOTER last_known_addr { host: "127.0.107.194" port: 45155 }, Status: LMP_MISMATCH, Last received: 0.0, Next index: 1, Last known committed idx: 0, Time since last communication: 0.009s
I20260709 12:59:20.772519  1813 consensus_queue.cc:237] T ba90abcdd96e4497b41faf994a9448dd P ff3ecb7f0cac44eeaa4b51a94fe16c30 [LEADER]: Queue going to LEADER mode. State: All replicated index: 0, Majority replicated index: 0, Committed index: 0, Last appended: 0.0, Last appended by leader: 0, Current term: 1, Majority size: 2, State: 0, Mode: LEADER, active raft config: opid_index: -1 OBSOLETE_local: false peers { permanent_uuid: "743447152733463cb0a0ee584341ddd8" member_type: VOTER last_known_addr { host: "127.0.107.193" port: 33031 } } peers { permanent_uuid: "ff3ecb7f0cac44eeaa4b51a94fe16c30" member_type: VOTER last_known_addr { host: "127.0.107.194" port: 45155 } } peers { permanent_uuid: "f6608d677cb6472fbcbb5e7fa4f33c9c" member_type: VOTER last_known_addr { host: "127.0.107.195" port: 39233 } }
I20260709 12:59:20.787057  1752 consensus_queue.cc:1048] T 3a41ef724fce4325b2513b40c82f65d7 P ff3ecb7f0cac44eeaa4b51a94fe16c30 [LEADER]: Connected to new peer: Peer: permanent_uuid: "f6608d677cb6472fbcbb5e7fa4f33c9c" member_type: VOTER last_known_addr { host: "127.0.107.195" port: 39233 }, Status: LMP_MISMATCH, Last received: 0.0, Next index: 1, Last known committed idx: 0, Time since last communication: 0.001s
I20260709 12:59:20.790393  1873 raft_consensus.cc:493] T ab7160a66d0848309ca368ab972f3a78 P 743447152733463cb0a0ee584341ddd8 [term 0 FOLLOWER]: Starting pre-election (no leader contacted us within the election timeout)
I20260709 12:59:20.790891  1873 raft_consensus.cc:515] T ab7160a66d0848309ca368ab972f3a78 P 743447152733463cb0a0ee584341ddd8 [term 0 FOLLOWER]: Starting pre-election with config: opid_index: -1 OBSOLETE_local: false peers { permanent_uuid: "743447152733463cb0a0ee584341ddd8" member_type: VOTER last_known_addr { host: "127.0.107.193" port: 33031 } } peers { permanent_uuid: "ff3ecb7f0cac44eeaa4b51a94fe16c30" member_type: VOTER last_known_addr { host: "127.0.107.194" port: 45155 } } peers { permanent_uuid: "f6608d677cb6472fbcbb5e7fa4f33c9c" member_type: VOTER last_known_addr { host: "127.0.107.195" port: 39233 } }
I20260709 12:59:20.792850  1873 leader_election.cc:290] T ab7160a66d0848309ca368ab972f3a78 P 743447152733463cb0a0ee584341ddd8 [CANDIDATE]: Term 1 pre-election: Requested pre-vote from peers ff3ecb7f0cac44eeaa4b51a94fe16c30 (127.0.107.194:45155), f6608d677cb6472fbcbb5e7fa4f33c9c (127.0.107.195:39233)
I20260709 12:59:20.799492  1626 tablet_service.cc:1917] Received RequestConsensusVote() RPC: tablet_id: "ab7160a66d0848309ca368ab972f3a78" candidate_uuid: "743447152733463cb0a0ee584341ddd8" candidate_term: 1 candidate_status { last_received { term: 0 index: 0 } } ignore_live_leader: false dest_uuid: "ff3ecb7f0cac44eeaa4b51a94fe16c30" is_pre_election: true
I20260709 12:59:20.806943  1741 tablet_bootstrap.cc:654] T b0dd9c25022e46219f622e9392b37ea1 P f6608d677cb6472fbcbb5e7fa4f33c9c: Neither blocks nor log segments found. Creating new log.
I20260709 12:59:20.815713  1743 tablet_bootstrap.cc:492] T ba90abcdd96e4497b41faf994a9448dd P 743447152733463cb0a0ee584341ddd8: No bootstrap required, opened a new log
I20260709 12:59:20.816512  1743 ts_tablet_manager.cc:1403] T ba90abcdd96e4497b41faf994a9448dd P 743447152733463cb0a0ee584341ddd8: Time spent bootstrapping tablet: real 0.210s	user 0.014s	sys 0.010s
I20260709 12:59:20.853938  1695 tablet_service.cc:1917] Received RequestConsensusVote() RPC: tablet_id: "ab7160a66d0848309ca368ab972f3a78" candidate_uuid: "743447152733463cb0a0ee584341ddd8" candidate_term: 1 candidate_status { last_received { term: 0 index: 0 } } ignore_live_leader: false dest_uuid: "f6608d677cb6472fbcbb5e7fa4f33c9c" is_pre_election: true
I20260709 12:59:20.854857  1695 raft_consensus.cc:2393] T ab7160a66d0848309ca368ab972f3a78 P f6608d677cb6472fbcbb5e7fa4f33c9c [term 1 FOLLOWER]: Leader pre-election vote request: Denying vote to candidate 743447152733463cb0a0ee584341ddd8 in current term 1: Already voted for candidate ff3ecb7f0cac44eeaa4b51a94fe16c30 in this term.
I20260709 12:59:20.856906  1753 consensus_queue.cc:1048] T af8e5fcccdfc45b6b7d76ab12a55a154 P 743447152733463cb0a0ee584341ddd8 [LEADER]: Connected to new peer: Peer: permanent_uuid: "f6608d677cb6472fbcbb5e7fa4f33c9c" member_type: VOTER last_known_addr { host: "127.0.107.195" port: 39233 }, Status: LMP_MISMATCH, Last received: 0.0, Next index: 1, Last known committed idx: 0, Time since last communication: 0.000s
I20260709 12:59:20.860976  1698 raft_consensus.cc:2468] T 7da9b4e145e64631a24d527c5bdb51fb P f6608d677cb6472fbcbb5e7fa4f33c9c [term 1 FOLLOWER]: Leader election vote request: Granting yes vote for candidate 743447152733463cb0a0ee584341ddd8 in term 1.
I20260709 12:59:20.866006  1447 catalog_manager.cc:5697] T 3eabee35ae6747c095f63fb57939d3c9 P f6608d677cb6472fbcbb5e7fa4f33c9c reported cstate change: term changed from 0 to 1, leader changed from <none> to f6608d677cb6472fbcbb5e7fa4f33c9c (127.0.107.195). New cstate: current_term: 1 leader_uuid: "f6608d677cb6472fbcbb5e7fa4f33c9c" committed_config { opid_index: -1 OBSOLETE_local: false peers { permanent_uuid: "743447152733463cb0a0ee584341ddd8" member_type: VOTER last_known_addr { host: "127.0.107.193" port: 33031 } health_report { overall_health: UNKNOWN } } peers { permanent_uuid: "ff3ecb7f0cac44eeaa4b51a94fe16c30" member_type: VOTER last_known_addr { host: "127.0.107.194" port: 45155 } health_report { overall_health: UNKNOWN } } peers { permanent_uuid: "f6608d677cb6472fbcbb5e7fa4f33c9c" member_type: VOTER last_known_addr { host: "127.0.107.195" port: 39233 } health_report { overall_health: HEALTHY } } }
I20260709 12:59:20.879302  1517 leader_election.cc:304] T ab7160a66d0848309ca368ab972f3a78 P 743447152733463cb0a0ee584341ddd8 [CANDIDATE]: Term 1 pre-election: Election decided. Result: candidate lost. Election summary: received 3 responses out of 3 voters: 1 yes votes; 2 no votes. yes voters: 743447152733463cb0a0ee584341ddd8; no voters: f6608d677cb6472fbcbb5e7fa4f33c9c, ff3ecb7f0cac44eeaa4b51a94fe16c30
I20260709 12:59:20.881225  1549 raft_consensus.cc:3060] T ab7160a66d0848309ca368ab972f3a78 P 743447152733463cb0a0ee584341ddd8 [term 0 FOLLOWER]: Advancing to term 1
I20260709 12:59:20.882025  1799 consensus_queue.cc:1048] T edf08548ad954010bfb76d057f7c5029 P 743447152733463cb0a0ee584341ddd8 [LEADER]: Connected to new peer: Peer: permanent_uuid: "f6608d677cb6472fbcbb5e7fa4f33c9c" member_type: VOTER last_known_addr { host: "127.0.107.195" port: 39233 }, Status: LMP_MISMATCH, Last received: 0.0, Next index: 1, Last known committed idx: 0, Time since last communication: 0.001s
I20260709 12:59:20.892576  1743 raft_consensus.cc:359] T ba90abcdd96e4497b41faf994a9448dd P 743447152733463cb0a0ee584341ddd8 [term 0 FOLLOWER]: Replica starting. Triggering 0 pending ops. Active config: opid_index: -1 OBSOLETE_local: false peers { permanent_uuid: "743447152733463cb0a0ee584341ddd8" member_type: VOTER last_known_addr { host: "127.0.107.193" port: 33031 } } peers { permanent_uuid: "ff3ecb7f0cac44eeaa4b51a94fe16c30" member_type: VOTER last_known_addr { host: "127.0.107.194" port: 45155 } } peers { permanent_uuid: "f6608d677cb6472fbcbb5e7fa4f33c9c" member_type: VOTER last_known_addr { host: "127.0.107.195" port: 39233 } }
I20260709 12:59:20.893383  1743 raft_consensus.cc:385] T ba90abcdd96e4497b41faf994a9448dd P 743447152733463cb0a0ee584341ddd8 [term 0 FOLLOWER]: Consensus starting up: Expiring failure detector timer to make a prompt election more likely
I20260709 12:59:20.893675  1743 raft_consensus.cc:740] T ba90abcdd96e4497b41faf994a9448dd P 743447152733463cb0a0ee584341ddd8 [term 0 FOLLOWER]: Becoming Follower/Learner. State: Replica: 743447152733463cb0a0ee584341ddd8, State: Initialized, Role: FOLLOWER
I20260709 12:59:20.894275  1448 catalog_manager.cc:5697] T 7da9b4e145e64631a24d527c5bdb51fb P 743447152733463cb0a0ee584341ddd8 reported cstate change: term changed from 0 to 1, leader changed from <none> to 743447152733463cb0a0ee584341ddd8 (127.0.107.193). New cstate: current_term: 1 leader_uuid: "743447152733463cb0a0ee584341ddd8" committed_config { opid_index: -1 OBSOLETE_local: false peers { permanent_uuid: "743447152733463cb0a0ee584341ddd8" member_type: VOTER last_known_addr { host: "127.0.107.193" port: 33031 } health_report { overall_health: HEALTHY } } peers { permanent_uuid: "ff3ecb7f0cac44eeaa4b51a94fe16c30" member_type: VOTER last_known_addr { host: "127.0.107.194" port: 45155 } health_report { overall_health: UNKNOWN } } peers { permanent_uuid: "f6608d677cb6472fbcbb5e7fa4f33c9c" member_type: VOTER last_known_addr { host: "127.0.107.195" port: 39233 } health_report { overall_health: UNKNOWN } } }
I20260709 12:59:20.894330  1743 consensus_queue.cc:260] T ba90abcdd96e4497b41faf994a9448dd P 743447152733463cb0a0ee584341ddd8 [NON_LEADER]: Queue going to NON_LEADER mode. State: All replicated index: 0, Majority replicated index: 0, Committed index: 0, Last appended: 0.0, Last appended by leader: 0, Current term: 0, Majority size: -1, State: 0, Mode: NON_LEADER, active raft config: opid_index: -1 OBSOLETE_local: false peers { permanent_uuid: "743447152733463cb0a0ee584341ddd8" member_type: VOTER last_known_addr { host: "127.0.107.193" port: 33031 } } peers { permanent_uuid: "ff3ecb7f0cac44eeaa4b51a94fe16c30" member_type: VOTER last_known_addr { host: "127.0.107.194" port: 45155 } } peers { permanent_uuid: "f6608d677cb6472fbcbb5e7fa4f33c9c" member_type: VOTER last_known_addr { host: "127.0.107.195" port: 39233 } }
I20260709 12:59:20.896077  1448 catalog_manager.cc:5697] T d56344056b2b467baf57e91515e404f2 P 743447152733463cb0a0ee584341ddd8 reported cstate change: term changed from 0 to 1, leader changed from <none> to 743447152733463cb0a0ee584341ddd8 (127.0.107.193). New cstate: current_term: 1 leader_uuid: "743447152733463cb0a0ee584341ddd8" committed_config { opid_index: -1 OBSOLETE_local: false peers { permanent_uuid: "743447152733463cb0a0ee584341ddd8" member_type: VOTER last_known_addr { host: "127.0.107.193" port: 33031 } health_report { overall_health: HEALTHY } } peers { permanent_uuid: "ff3ecb7f0cac44eeaa4b51a94fe16c30" member_type: VOTER last_known_addr { host: "127.0.107.194" port: 45155 } health_report { overall_health: UNKNOWN } } peers { permanent_uuid: "f6608d677cb6472fbcbb5e7fa4f33c9c" member_type: VOTER last_known_addr { host: "127.0.107.195" port: 39233 } health_report { overall_health: UNKNOWN } } }
I20260709 12:59:20.893887  1808 consensus_queue.cc:1048] T 1f03e75e4403425c8c9d0477a35aa52d P f6608d677cb6472fbcbb5e7fa4f33c9c [LEADER]: Connected to new peer: Peer: permanent_uuid: "ff3ecb7f0cac44eeaa4b51a94fe16c30" member_type: VOTER last_known_addr { host: "127.0.107.194" port: 45155 }, Status: LMP_MISMATCH, Last received: 0.0, Next index: 1, Last known committed idx: 0, Time since last communication: 0.006s
I20260709 12:59:20.897818  1787 raft_consensus.cc:2749] T ab7160a66d0848309ca368ab972f3a78 P 743447152733463cb0a0ee584341ddd8 [term 1 FOLLOWER]: Leader pre-election lost for term 1. Reason: could not achieve majority
I20260709 12:59:20.907042  1740 tablet_bootstrap.cc:492] T 3ae37fb7dc464dc5b841abdbebcc3917 P ff3ecb7f0cac44eeaa4b51a94fe16c30: No bootstrap required, opened a new log
I20260709 12:59:20.907611  1740 ts_tablet_manager.cc:1403] T 3ae37fb7dc464dc5b841abdbebcc3917 P ff3ecb7f0cac44eeaa4b51a94fe16c30: Time spent bootstrapping tablet: real 0.369s	user 0.016s	sys 0.017s
I20260709 12:59:20.911674  1740 raft_consensus.cc:359] T 3ae37fb7dc464dc5b841abdbebcc3917 P ff3ecb7f0cac44eeaa4b51a94fe16c30 [term 0 FOLLOWER]: Replica starting. Triggering 0 pending ops. Active config: opid_index: -1 OBSOLETE_local: false peers { permanent_uuid: "743447152733463cb0a0ee584341ddd8" member_type: VOTER last_known_addr { host: "127.0.107.193" port: 33031 } } peers { permanent_uuid: "ff3ecb7f0cac44eeaa4b51a94fe16c30" member_type: VOTER last_known_addr { host: "127.0.107.194" port: 45155 } } peers { permanent_uuid: "f6608d677cb6472fbcbb5e7fa4f33c9c" member_type: VOTER last_known_addr { host: "127.0.107.195" port: 39233 } }
I20260709 12:59:20.912412  1740 raft_consensus.cc:385] T 3ae37fb7dc464dc5b841abdbebcc3917 P ff3ecb7f0cac44eeaa4b51a94fe16c30 [term 0 FOLLOWER]: Consensus starting up: Expiring failure detector timer to make a prompt election more likely
I20260709 12:59:20.912745  1740 raft_consensus.cc:740] T 3ae37fb7dc464dc5b841abdbebcc3917 P ff3ecb7f0cac44eeaa4b51a94fe16c30 [term 0 FOLLOWER]: Becoming Follower/Learner. State: Replica: ff3ecb7f0cac44eeaa4b51a94fe16c30, State: Initialized, Role: FOLLOWER
I20260709 12:59:20.913431  1740 consensus_queue.cc:260] T 3ae37fb7dc464dc5b841abdbebcc3917 P ff3ecb7f0cac44eeaa4b51a94fe16c30 [NON_LEADER]: Queue going to NON_LEADER mode. State: All replicated index: 0, Majority replicated index: 0, Committed index: 0, Last appended: 0.0, Last appended by leader: 0, Current term: 0, Majority size: -1, State: 0, Mode: NON_LEADER, active raft config: opid_index: -1 OBSOLETE_local: false peers { permanent_uuid: "743447152733463cb0a0ee584341ddd8" member_type: VOTER last_known_addr { host: "127.0.107.193" port: 33031 } } peers { permanent_uuid: "ff3ecb7f0cac44eeaa4b51a94fe16c30" member_type: VOTER last_known_addr { host: "127.0.107.194" port: 45155 } } peers { permanent_uuid: "f6608d677cb6472fbcbb5e7fa4f33c9c" member_type: VOTER last_known_addr { host: "127.0.107.195" port: 39233 } }
I20260709 12:59:20.923905  1743 ts_tablet_manager.cc:1434] T ba90abcdd96e4497b41faf994a9448dd P 743447152733463cb0a0ee584341ddd8: Time spent starting tablet: real 0.107s	user 0.004s	sys 0.004s
I20260709 12:59:20.925262  1743 tablet_bootstrap.cc:492] T 3ae37fb7dc464dc5b841abdbebcc3917 P 743447152733463cb0a0ee584341ddd8: Bootstrap starting.
W20260709 12:59:20.930888  1898 log.cc:927] Time spent T d56344056b2b467baf57e91515e404f2 P 743447152733463cb0a0ee584341ddd8: Append to log took a long time: real 0.054s	user 0.000s	sys 0.000s
I20260709 12:59:20.927139  1900 consensus_queue.cc:1048] T ab7160a66d0848309ca368ab972f3a78 P ff3ecb7f0cac44eeaa4b51a94fe16c30 [LEADER]: Connected to new peer: Peer: permanent_uuid: "743447152733463cb0a0ee584341ddd8" member_type: VOTER last_known_addr { host: "127.0.107.193" port: 33031 }, Status: LMP_MISMATCH, Last received: 0.0, Next index: 1, Last known committed idx: 0, Time since last communication: 0.019s
I20260709 12:59:20.934104  1740 ts_tablet_manager.cc:1434] T 3ae37fb7dc464dc5b841abdbebcc3917 P ff3ecb7f0cac44eeaa4b51a94fe16c30: Time spent starting tablet: real 0.026s	user 0.009s	sys 0.000s
I20260709 12:59:20.935448  1740 tablet_bootstrap.cc:492] T d56344056b2b467baf57e91515e404f2 P ff3ecb7f0cac44eeaa4b51a94fe16c30: Bootstrap starting.
I20260709 12:59:20.956763  1449 catalog_manager.cc:5697] T ba90abcdd96e4497b41faf994a9448dd P ff3ecb7f0cac44eeaa4b51a94fe16c30 reported cstate change: term changed from 0 to 1, leader changed from <none> to ff3ecb7f0cac44eeaa4b51a94fe16c30 (127.0.107.194). New cstate: current_term: 1 leader_uuid: "ff3ecb7f0cac44eeaa4b51a94fe16c30" committed_config { opid_index: -1 OBSOLETE_local: false peers { permanent_uuid: "743447152733463cb0a0ee584341ddd8" member_type: VOTER last_known_addr { host: "127.0.107.193" port: 33031 } health_report { overall_health: UNKNOWN } } peers { permanent_uuid: "ff3ecb7f0cac44eeaa4b51a94fe16c30" member_type: VOTER last_known_addr { host: "127.0.107.194" port: 45155 } health_report { overall_health: HEALTHY } } peers { permanent_uuid: "f6608d677cb6472fbcbb5e7fa4f33c9c" member_type: VOTER last_known_addr { host: "127.0.107.195" port: 39233 } health_report { overall_health: UNKNOWN } } }
I20260709 12:59:20.962970  1744 consensus_queue.cc:1048] T 1f03e75e4403425c8c9d0477a35aa52d P f6608d677cb6472fbcbb5e7fa4f33c9c [LEADER]: Connected to new peer: Peer: permanent_uuid: "743447152733463cb0a0ee584341ddd8" member_type: VOTER last_known_addr { host: "127.0.107.193" port: 33031 }, Status: LMP_MISMATCH, Last received: 0.0, Next index: 1, Last known committed idx: 0, Time since last communication: 0.001s
I20260709 12:59:20.971263  1900 raft_consensus.cc:493] T e3b26bda6b2c48a08d5f13572ad9be18 P ff3ecb7f0cac44eeaa4b51a94fe16c30 [term 0 FOLLOWER]: Starting pre-election (no leader contacted us within the election timeout)
I20260709 12:59:20.972517  1741 tablet_bootstrap.cc:492] T b0dd9c25022e46219f622e9392b37ea1 P f6608d677cb6472fbcbb5e7fa4f33c9c: No bootstrap required, opened a new log
I20260709 12:59:20.973451  1741 ts_tablet_manager.cc:1403] T b0dd9c25022e46219f622e9392b37ea1 P f6608d677cb6472fbcbb5e7fa4f33c9c: Time spent bootstrapping tablet: real 0.225s	user 0.010s	sys 0.018s
I20260709 12:59:20.974458  1900 raft_consensus.cc:515] T e3b26bda6b2c48a08d5f13572ad9be18 P ff3ecb7f0cac44eeaa4b51a94fe16c30 [term 0 FOLLOWER]: Starting pre-election with config: opid_index: -1 OBSOLETE_local: false peers { permanent_uuid: "743447152733463cb0a0ee584341ddd8" member_type: VOTER last_known_addr { host: "127.0.107.193" port: 33031 } } peers { permanent_uuid: "ff3ecb7f0cac44eeaa4b51a94fe16c30" member_type: VOTER last_known_addr { host: "127.0.107.194" port: 45155 } } peers { permanent_uuid: "f6608d677cb6472fbcbb5e7fa4f33c9c" member_type: VOTER last_known_addr { host: "127.0.107.195" port: 39233 } }
I20260709 12:59:20.983902  1809 consensus_queue.cc:1048] T ab7160a66d0848309ca368ab972f3a78 P ff3ecb7f0cac44eeaa4b51a94fe16c30 [LEADER]: Connected to new peer: Peer: permanent_uuid: "f6608d677cb6472fbcbb5e7fa4f33c9c" member_type: VOTER last_known_addr { host: "127.0.107.195" port: 39233 }, Status: LMP_MISMATCH, Last received: 0.0, Next index: 1, Last known committed idx: 0, Time since last communication: 0.000s
I20260709 12:59:20.986258  1697 tablet_service.cc:1917] Received RequestConsensusVote() RPC: tablet_id: "e3b26bda6b2c48a08d5f13572ad9be18" candidate_uuid: "ff3ecb7f0cac44eeaa4b51a94fe16c30" candidate_term: 1 candidate_status { last_received { term: 0 index: 0 } } ignore_live_leader: false dest_uuid: "f6608d677cb6472fbcbb5e7fa4f33c9c" is_pre_election: true
I20260709 12:59:20.986853  1697 raft_consensus.cc:2468] T e3b26bda6b2c48a08d5f13572ad9be18 P f6608d677cb6472fbcbb5e7fa4f33c9c [term 0 FOLLOWER]: Leader pre-election vote request: Granting yes vote for candidate ff3ecb7f0cac44eeaa4b51a94fe16c30 in term 0.
I20260709 12:59:20.986698  1900 leader_election.cc:290] T e3b26bda6b2c48a08d5f13572ad9be18 P ff3ecb7f0cac44eeaa4b51a94fe16c30 [CANDIDATE]: Term 1 pre-election: Requested pre-vote from peers 743447152733463cb0a0ee584341ddd8 (127.0.107.193:33031), f6608d677cb6472fbcbb5e7fa4f33c9c (127.0.107.195:39233)
I20260709 12:59:20.987031  1549 tablet_service.cc:1917] Received RequestConsensusVote() RPC: tablet_id: "e3b26bda6b2c48a08d5f13572ad9be18" candidate_uuid: "ff3ecb7f0cac44eeaa4b51a94fe16c30" candidate_term: 1 candidate_status { last_received { term: 0 index: 0 } } ignore_live_leader: false dest_uuid: "743447152733463cb0a0ee584341ddd8" is_pre_election: true
I20260709 12:59:20.988143  1592 leader_election.cc:304] T e3b26bda6b2c48a08d5f13572ad9be18 P ff3ecb7f0cac44eeaa4b51a94fe16c30 [CANDIDATE]: Term 1 pre-election: Election decided. Result: candidate won. Election summary: received 2 responses out of 3 voters: 2 yes votes; 0 no votes. yes voters: f6608d677cb6472fbcbb5e7fa4f33c9c, ff3ecb7f0cac44eeaa4b51a94fe16c30; no voters: 
I20260709 12:59:20.988893  1900 raft_consensus.cc:2804] T e3b26bda6b2c48a08d5f13572ad9be18 P ff3ecb7f0cac44eeaa4b51a94fe16c30 [term 0 FOLLOWER]: Leader pre-election won for term 1
I20260709 12:59:20.989241  1900 raft_consensus.cc:493] T e3b26bda6b2c48a08d5f13572ad9be18 P ff3ecb7f0cac44eeaa4b51a94fe16c30 [term 0 FOLLOWER]: Starting leader election (no leader contacted us within the election timeout)
I20260709 12:59:20.989552  1900 raft_consensus.cc:3060] T e3b26bda6b2c48a08d5f13572ad9be18 P ff3ecb7f0cac44eeaa4b51a94fe16c30 [term 0 FOLLOWER]: Advancing to term 1
I20260709 12:59:20.991386  1856 raft_consensus.cc:493] T 90358779248d4883a7eb11249b7e4e04 P f6608d677cb6472fbcbb5e7fa4f33c9c [term 0 FOLLOWER]: Starting pre-election (no leader contacted us within the election timeout)
I20260709 12:59:20.993705  1856 raft_consensus.cc:515] T 90358779248d4883a7eb11249b7e4e04 P f6608d677cb6472fbcbb5e7fa4f33c9c [term 0 FOLLOWER]: Starting pre-election with config: opid_index: -1 OBSOLETE_local: false peers { permanent_uuid: "743447152733463cb0a0ee584341ddd8" member_type: VOTER last_known_addr { host: "127.0.107.193" port: 33031 } } peers { permanent_uuid: "ff3ecb7f0cac44eeaa4b51a94fe16c30" member_type: VOTER last_known_addr { host: "127.0.107.194" port: 45155 } } peers { permanent_uuid: "f6608d677cb6472fbcbb5e7fa4f33c9c" member_type: VOTER last_known_addr { host: "127.0.107.195" port: 39233 } }
