I20260709 12:59:13.267735  2002 consensus_queue.cc:1048] T 5bd6e156cc53430d8ff14a8129111fed P f13681b9d9f1498ba5a07877faa73394 [LEADER]: Connected to new peer: Peer: permanent_uuid: "6603be6f91494d7fbad4db7ed5220cc6" member_type: VOTER last_known_addr { host: "127.0.107.193" port: 44313 }, Status: LMP_MISMATCH, Last received: 0.0, Next index: 1, Last known committed idx: 0, Time since last communication: 0.024s
I20260709 12:59:13.320276  1695 raft_consensus.cc:3060] T 0adac48afb634f3b960ca44dce02da0f P f13681b9d9f1498ba5a07877faa73394 [term 0 FOLLOWER]: Advancing to term 1
I20260709 12:59:13.351084  2013 consensus_queue.cc:1048] T c742cc4ea8594b3abf4010824afed27a P f13681b9d9f1498ba5a07877faa73394 [LEADER]: Connected to new peer: Peer: permanent_uuid: "6603be6f91494d7fbad4db7ed5220cc6" member_type: VOTER last_known_addr { host: "127.0.107.193" port: 44313 }, Status: LMP_MISMATCH, Last received: 0.0, Next index: 1, Last known committed idx: 0, Time since last communication: 0.001s
I20260709 12:59:13.367076  1546 raft_consensus.cc:2468] T 00510d044eec4f90a96fb40cc2a9c9d0 P 6603be6f91494d7fbad4db7ed5220cc6 [term 1 FOLLOWER]: Leader election vote request: Granting yes vote for candidate f13681b9d9f1498ba5a07877faa73394 in term 1.
I20260709 12:59:13.378276  1622 tablet_service.cc:1917] Received RequestConsensusVote() RPC: tablet_id: "0adac48afb634f3b960ca44dce02da0f" candidate_uuid: "f13681b9d9f1498ba5a07877faa73394" candidate_term: 1 candidate_status { last_received { term: 0 index: 0 } } ignore_live_leader: false dest_uuid: "79adbc72dec0457fae206d0efa84a557" is_pre_election: true
I20260709 12:59:13.383550  1738 tablet_bootstrap.cc:492] T 075ec7eda2b141faaefdb8aea21ebbb9 P 79adbc72dec0457fae206d0efa84a557: No bootstrap required, opened a new log
I20260709 12:59:13.384040  1738 ts_tablet_manager.cc:1403] T 075ec7eda2b141faaefdb8aea21ebbb9 P 79adbc72dec0457fae206d0efa84a557: Time spent bootstrapping tablet: real 0.275s	user 0.024s	sys 0.049s
I20260709 12:59:13.384545  1737 raft_consensus.cc:359] T 33eaac52a65245cab2056a462ec3a5d6 P f13681b9d9f1498ba5a07877faa73394 [term 0 FOLLOWER]: Replica starting. Triggering 0 pending ops. Active config: opid_index: -1 OBSOLETE_local: false peers { permanent_uuid: "6603be6f91494d7fbad4db7ed5220cc6" member_type: VOTER last_known_addr { host: "127.0.107.193" port: 44313 } } peers { permanent_uuid: "79adbc72dec0457fae206d0efa84a557" member_type: VOTER last_known_addr { host: "127.0.107.194" port: 46767 } } peers { permanent_uuid: "f13681b9d9f1498ba5a07877faa73394" member_type: VOTER last_known_addr { host: "127.0.107.195" port: 43669 } }
I20260709 12:59:13.385201  1737 raft_consensus.cc:385] T 33eaac52a65245cab2056a462ec3a5d6 P f13681b9d9f1498ba5a07877faa73394 [term 0 FOLLOWER]: Consensus starting up: Expiring failure detector timer to make a prompt election more likely
I20260709 12:59:13.385422  1737 raft_consensus.cc:740] T 33eaac52a65245cab2056a462ec3a5d6 P f13681b9d9f1498ba5a07877faa73394 [term 0 FOLLOWER]: Becoming Follower/Learner. State: Replica: f13681b9d9f1498ba5a07877faa73394, State: Initialized, Role: FOLLOWER
I20260709 12:59:13.385939  1737 consensus_queue.cc:260] T 33eaac52a65245cab2056a462ec3a5d6 P f13681b9d9f1498ba5a07877faa73394 [NON_LEADER]: Queue going to NON_LEADER mode. State: All replicated index: 0, Majority replicated index: 0, Committed index: 0, Last appended: 0.0, Last appended by leader: 0, Current term: 0, Majority size: -1, State: 0, Mode: NON_LEADER, active raft config: opid_index: -1 OBSOLETE_local: false peers { permanent_uuid: "6603be6f91494d7fbad4db7ed5220cc6" member_type: VOTER last_known_addr { host: "127.0.107.193" port: 44313 } } peers { permanent_uuid: "79adbc72dec0457fae206d0efa84a557" member_type: VOTER last_known_addr { host: "127.0.107.194" port: 46767 } } peers { permanent_uuid: "f13681b9d9f1498ba5a07877faa73394" member_type: VOTER last_known_addr { host: "127.0.107.195" port: 43669 } }
I20260709 12:59:13.392913  1659 leader_election.cc:304] T 0adac48afb634f3b960ca44dce02da0f P f13681b9d9f1498ba5a07877faa73394 [CANDIDATE]: Term 1 pre-election: Election decided. Result: candidate lost. Election summary: received 3 responses out of 3 voters: 1 yes votes; 2 no votes. yes voters: f13681b9d9f1498ba5a07877faa73394; no voters: 6603be6f91494d7fbad4db7ed5220cc6, 79adbc72dec0457fae206d0efa84a557
I20260709 12:59:13.391968  1662 leader_election.cc:304] T 00510d044eec4f90a96fb40cc2a9c9d0 P f13681b9d9f1498ba5a07877faa73394 [CANDIDATE]: Term 1 election: Election decided. Result: candidate won. Election summary: received 2 responses out of 3 voters: 2 yes votes; 0 no votes. yes voters: 6603be6f91494d7fbad4db7ed5220cc6, f13681b9d9f1498ba5a07877faa73394; no voters: 
I20260709 12:59:13.397943  2059 raft_consensus.cc:2749] T 0adac48afb634f3b960ca44dce02da0f P f13681b9d9f1498ba5a07877faa73394 [term 1 FOLLOWER]: Leader pre-election lost for term 1. Reason: could not achieve majority
I20260709 12:59:13.398595  2059 raft_consensus.cc:2804] T 00510d044eec4f90a96fb40cc2a9c9d0 P f13681b9d9f1498ba5a07877faa73394 [term 1 FOLLOWER]: Leader election won for term 1
I20260709 12:59:13.398998  2059 raft_consensus.cc:697] T 00510d044eec4f90a96fb40cc2a9c9d0 P f13681b9d9f1498ba5a07877faa73394 [term 1 LEADER]: Becoming Leader. State: Replica: f13681b9d9f1498ba5a07877faa73394, State: Running, Role: LEADER
I20260709 12:59:13.399789  2059 consensus_queue.cc:237] T 00510d044eec4f90a96fb40cc2a9c9d0 P f13681b9d9f1498ba5a07877faa73394 [LEADER]: Queue going to LEADER mode. State: All replicated index: 0, Majority replicated index: 0, Committed index: 0, Last appended: 0.0, Last appended by leader: 0, Current term: 1, Majority size: 2, State: 0, Mode: LEADER, active raft config: opid_index: -1 OBSOLETE_local: false peers { permanent_uuid: "6603be6f91494d7fbad4db7ed5220cc6" member_type: VOTER last_known_addr { host: "127.0.107.193" port: 44313 } } peers { permanent_uuid: "79adbc72dec0457fae206d0efa84a557" member_type: VOTER last_known_addr { host: "127.0.107.194" port: 46767 } } peers { permanent_uuid: "f13681b9d9f1498ba5a07877faa73394" member_type: VOTER last_known_addr { host: "127.0.107.195" port: 43669 } }
I20260709 12:59:13.406236  1737 ts_tablet_manager.cc:1434] T 33eaac52a65245cab2056a462ec3a5d6 P f13681b9d9f1498ba5a07877faa73394: Time spent starting tablet: real 0.102s	user 0.016s	sys 0.000s
I20260709 12:59:13.405272  1927 consensus_queue.cc:1048] T 0adac48afb634f3b960ca44dce02da0f P 79adbc72dec0457fae206d0efa84a557 [LEADER]: Connected to new peer: Peer: permanent_uuid: "f13681b9d9f1498ba5a07877faa73394" member_type: VOTER last_known_addr { host: "127.0.107.195" port: 43669 }, Status: LMP_MISMATCH, Last received: 0.0, Next index: 1, Last known committed idx: 0, Time since last communication: 0.011s
I20260709 12:59:13.396150  1934 raft_consensus.cc:493] T 9e50079f8c944c63bcf43ef58fb0e2fb P 6603be6f91494d7fbad4db7ed5220cc6 [term 0 FOLLOWER]: Starting pre-election (no leader contacted us within the election timeout)
I20260709 12:59:13.415055  1546 raft_consensus.cc:3060] T e47f8f93807e466498493001179fd606 P 6603be6f91494d7fbad4db7ed5220cc6 [term 0 FOLLOWER]: Advancing to term 1
I20260709 12:59:13.416972  2022 raft_consensus.cc:493] T 9e50079f8c944c63bcf43ef58fb0e2fb P 79adbc72dec0457fae206d0efa84a557 [term 0 FOLLOWER]: Starting pre-election (no leader contacted us within the election timeout)
I20260709 12:59:13.433218  1737 tablet_bootstrap.cc:492] T cdd584de3c4a49888e6e15623fd138a6 P f13681b9d9f1498ba5a07877faa73394: Bootstrap starting.
I20260709 12:59:13.435117  1621 raft_consensus.cc:2468] T 00510d044eec4f90a96fb40cc2a9c9d0 P 79adbc72dec0457fae206d0efa84a557 [term 1 FOLLOWER]: Leader election vote request: Granting yes vote for candidate f13681b9d9f1498ba5a07877faa73394 in term 1.
I20260709 12:59:13.428683  1934 raft_consensus.cc:515] T 9e50079f8c944c63bcf43ef58fb0e2fb P 6603be6f91494d7fbad4db7ed5220cc6 [term 0 FOLLOWER]: Starting pre-election with config: opid_index: -1 OBSOLETE_local: false peers { permanent_uuid: "6603be6f91494d7fbad4db7ed5220cc6" member_type: VOTER last_known_addr { host: "127.0.107.193" port: 44313 } } peers { permanent_uuid: "79adbc72dec0457fae206d0efa84a557" member_type: VOTER last_known_addr { host: "127.0.107.194" port: 46767 } } peers { permanent_uuid: "f13681b9d9f1498ba5a07877faa73394" member_type: VOTER last_known_addr { host: "127.0.107.195" port: 43669 } }
I20260709 12:59:13.436870  2022 raft_consensus.cc:515] T 9e50079f8c944c63bcf43ef58fb0e2fb P 79adbc72dec0457fae206d0efa84a557 [term 0 FOLLOWER]: Starting pre-election with config: opid_index: -1 OBSOLETE_local: false peers { permanent_uuid: "6603be6f91494d7fbad4db7ed5220cc6" member_type: VOTER last_known_addr { host: "127.0.107.193" port: 44313 } } peers { permanent_uuid: "79adbc72dec0457fae206d0efa84a557" member_type: VOTER last_known_addr { host: "127.0.107.194" port: 46767 } } peers { permanent_uuid: "f13681b9d9f1498ba5a07877faa73394" member_type: VOTER last_known_addr { host: "127.0.107.195" port: 43669 } }
I20260709 12:59:13.493081  1738 raft_consensus.cc:359] T 075ec7eda2b141faaefdb8aea21ebbb9 P 79adbc72dec0457fae206d0efa84a557 [term 0 FOLLOWER]: Replica starting. Triggering 0 pending ops. Active config: opid_index: -1 OBSOLETE_local: false peers { permanent_uuid: "6603be6f91494d7fbad4db7ed5220cc6" member_type: VOTER last_known_addr { host: "127.0.107.193" port: 44313 } } peers { permanent_uuid: "79adbc72dec0457fae206d0efa84a557" member_type: VOTER last_known_addr { host: "127.0.107.194" port: 46767 } } peers { permanent_uuid: "f13681b9d9f1498ba5a07877faa73394" member_type: VOTER last_known_addr { host: "127.0.107.195" port: 43669 } }
I20260709 12:59:13.493839  1738 raft_consensus.cc:385] T 075ec7eda2b141faaefdb8aea21ebbb9 P 79adbc72dec0457fae206d0efa84a557 [term 0 FOLLOWER]: Consensus starting up: Expiring failure detector timer to make a prompt election more likely
I20260709 12:59:13.494124  1738 raft_consensus.cc:740] T 075ec7eda2b141faaefdb8aea21ebbb9 P 79adbc72dec0457fae206d0efa84a557 [term 0 FOLLOWER]: Becoming Follower/Learner. State: Replica: 79adbc72dec0457fae206d0efa84a557, State: Initialized, Role: FOLLOWER
I20260709 12:59:13.496592  1738 consensus_queue.cc:260] T 075ec7eda2b141faaefdb8aea21ebbb9 P 79adbc72dec0457fae206d0efa84a557 [NON_LEADER]: Queue going to NON_LEADER mode. State: All replicated index: 0, Majority replicated index: 0, Committed index: 0, Last appended: 0.0, Last appended by leader: 0, Current term: 0, Majority size: -1, State: 0, Mode: NON_LEADER, active raft config: opid_index: -1 OBSOLETE_local: false peers { permanent_uuid: "6603be6f91494d7fbad4db7ed5220cc6" member_type: VOTER last_known_addr { host: "127.0.107.193" port: 44313 } } peers { permanent_uuid: "79adbc72dec0457fae206d0efa84a557" member_type: VOTER last_known_addr { host: "127.0.107.194" port: 46767 } } peers { permanent_uuid: "f13681b9d9f1498ba5a07877faa73394" member_type: VOTER last_known_addr { host: "127.0.107.195" port: 43669 } }
I20260709 12:59:13.482918  1925 consensus_queue.cc:1048] T 0adac48afb634f3b960ca44dce02da0f P 79adbc72dec0457fae206d0efa84a557 [LEADER]: Connected to new peer: Peer: permanent_uuid: "6603be6f91494d7fbad4db7ed5220cc6" member_type: VOTER last_known_addr { host: "127.0.107.193" port: 44313 }, Status: LMP_MISMATCH, Last received: 0.0, Next index: 1, Last known committed idx: 0, Time since last communication: 0.013s
I20260709 12:59:13.540225  1738 ts_tablet_manager.cc:1434] T 075ec7eda2b141faaefdb8aea21ebbb9 P 79adbc72dec0457fae206d0efa84a557: Time spent starting tablet: real 0.156s	user 0.011s	sys 0.009s
W20260709 12:59:13.536340  1586 outbound_call.cc:321] RPC callback for RPC call kudu.consensus.ConsensusService.UpdateConsensus -> {remote=127.0.107.195:43669, user_credentials={real_user=slave}} blocked reactor thread for 52465.9us
I20260709 12:59:13.551347  1738 tablet_bootstrap.cc:492] T ce3a93c5d12842e88639483af0650122 P 79adbc72dec0457fae206d0efa84a557: Bootstrap starting.
I20260709 12:59:13.507910  1927 consensus_queue.cc:1048] T 3a89c5dcbfa2490295311ea9bd0d3e87 P 79adbc72dec0457fae206d0efa84a557 [LEADER]: Connected to new peer: Peer: permanent_uuid: "f13681b9d9f1498ba5a07877faa73394" member_type: VOTER last_known_addr { host: "127.0.107.195" port: 43669 }, Status: LMP_MISMATCH, Last received: 0.0, Next index: 1, Last known committed idx: 0, Time since last communication: 0.037s
I20260709 12:59:13.584800  1934 leader_election.cc:290] T 9e50079f8c944c63bcf43ef58fb0e2fb P 6603be6f91494d7fbad4db7ed5220cc6 [CANDIDATE]: Term 1 pre-election: Requested pre-vote from peers 79adbc72dec0457fae206d0efa84a557 (127.0.107.194:46767), f13681b9d9f1498ba5a07877faa73394 (127.0.107.195:43669)
W20260709 12:59:13.603098  1588 outbound_call.cc:321] RPC callback for RPC call kudu.consensus.ConsensusService.UpdateConsensus -> {remote=127.0.107.193:44313, user_credentials={real_user=slave}} blocked reactor thread for 68734us
I20260709 12:59:13.608444  2016 raft_consensus.cc:493] T 33eaac52a65245cab2056a462ec3a5d6 P f13681b9d9f1498ba5a07877faa73394 [term 0 FOLLOWER]: Starting pre-election (no leader contacted us within the election timeout)
I20260709 12:59:13.608924  2016 raft_consensus.cc:515] T 33eaac52a65245cab2056a462ec3a5d6 P f13681b9d9f1498ba5a07877faa73394 [term 0 FOLLOWER]: Starting pre-election with config: opid_index: -1 OBSOLETE_local: false peers { permanent_uuid: "6603be6f91494d7fbad4db7ed5220cc6" member_type: VOTER last_known_addr { host: "127.0.107.193" port: 44313 } } peers { permanent_uuid: "79adbc72dec0457fae206d0efa84a557" member_type: VOTER last_known_addr { host: "127.0.107.194" port: 46767 } } peers { permanent_uuid: "f13681b9d9f1498ba5a07877faa73394" member_type: VOTER last_known_addr { host: "127.0.107.195" port: 43669 } }
I20260709 12:59:13.614606  1621 tablet_service.cc:1917] Received RequestConsensusVote() RPC: tablet_id: "9e50079f8c944c63bcf43ef58fb0e2fb" candidate_uuid: "6603be6f91494d7fbad4db7ed5220cc6" candidate_term: 1 candidate_status { last_received { term: 0 index: 0 } } ignore_live_leader: false dest_uuid: "79adbc72dec0457fae206d0efa84a557" is_pre_election: true
I20260709 12:59:13.636303  2022 leader_election.cc:290] T 9e50079f8c944c63bcf43ef58fb0e2fb P 79adbc72dec0457fae206d0efa84a557 [CANDIDATE]: Term 1 pre-election: Requested pre-vote from peers 6603be6f91494d7fbad4db7ed5220cc6 (127.0.107.193:44313), f13681b9d9f1498ba5a07877faa73394 (127.0.107.195:43669)
I20260709 12:59:13.639550  1621 raft_consensus.cc:2468] T 9e50079f8c944c63bcf43ef58fb0e2fb P 79adbc72dec0457fae206d0efa84a557 [term 0 FOLLOWER]: Leader pre-election vote request: Granting yes vote for candidate 6603be6f91494d7fbad4db7ed5220cc6 in term 0.
I20260709 12:59:13.644721  2068 raft_consensus.cc:493] T 075ec7eda2b141faaefdb8aea21ebbb9 P 79adbc72dec0457fae206d0efa84a557 [term 0 FOLLOWER]: Starting pre-election (no leader contacted us within the election timeout)
W20260709 12:59:13.643524  1511 outbound_call.cc:321] RPC callback for RPC call kudu.consensus.ConsensusService.UpdateConsensus -> {remote=127.0.107.195:43669, user_credentials={real_user=slave}} blocked reactor thread for 98190.4us
I20260709 12:59:13.660941  1736 tablet_bootstrap.cc:654] T 075ec7eda2b141faaefdb8aea21ebbb9 P 6603be6f91494d7fbad4db7ed5220cc6: Neither blocks nor log segments found. Creating new log.
I20260709 12:59:13.664148  1935 raft_consensus.cc:493] T e47f8f93807e466498493001179fd606 P 6603be6f91494d7fbad4db7ed5220cc6 [term 1 FOLLOWER]: Starting pre-election (no leader contacted us within the election timeout)
I20260709 12:59:13.666164  2016 leader_election.cc:290] T 33eaac52a65245cab2056a462ec3a5d6 P f13681b9d9f1498ba5a07877faa73394 [CANDIDATE]: Term 1 pre-election: Requested pre-vote from peers 6603be6f91494d7fbad4db7ed5220cc6 (127.0.107.193:44313), 79adbc72dec0457fae206d0efa84a557 (127.0.107.194:46767)
I20260709 12:59:13.661639  1540 tablet_service.cc:1917] Received RequestConsensusVote() RPC: tablet_id: "9e50079f8c944c63bcf43ef58fb0e2fb" candidate_uuid: "79adbc72dec0457fae206d0efa84a557" candidate_term: 1 candidate_status { last_received { term: 0 index: 0 } } ignore_live_leader: false dest_uuid: "6603be6f91494d7fbad4db7ed5220cc6" is_pre_election: true
I20260709 12:59:13.659250  2068 raft_consensus.cc:515] T 075ec7eda2b141faaefdb8aea21ebbb9 P 79adbc72dec0457fae206d0efa84a557 [term 0 FOLLOWER]: Starting pre-election with config: opid_index: -1 OBSOLETE_local: false peers { permanent_uuid: "6603be6f91494d7fbad4db7ed5220cc6" member_type: VOTER last_known_addr { host: "127.0.107.193" port: 44313 } } peers { permanent_uuid: "79adbc72dec0457fae206d0efa84a557" member_type: VOTER last_known_addr { host: "127.0.107.194" port: 46767 } } peers { permanent_uuid: "f13681b9d9f1498ba5a07877faa73394" member_type: VOTER last_known_addr { host: "127.0.107.195" port: 43669 } }
I20260709 12:59:13.674327  1539 tablet_service.cc:1917] Received RequestConsensusVote() RPC: tablet_id: "33eaac52a65245cab2056a462ec3a5d6" candidate_uuid: "f13681b9d9f1498ba5a07877faa73394" candidate_term: 1 candidate_status { last_received { term: 0 index: 0 } } ignore_live_leader: false dest_uuid: "6603be6f91494d7fbad4db7ed5220cc6" is_pre_election: true
I20260709 12:59:13.666778  1935 raft_consensus.cc:515] T e47f8f93807e466498493001179fd606 P 6603be6f91494d7fbad4db7ed5220cc6 [term 1 FOLLOWER]: Starting pre-election with config: opid_index: -1 OBSOLETE_local: false peers { permanent_uuid: "6603be6f91494d7fbad4db7ed5220cc6" member_type: VOTER last_known_addr { host: "127.0.107.193" port: 44313 } } peers { permanent_uuid: "79adbc72dec0457fae206d0efa84a557" member_type: VOTER last_known_addr { host: "127.0.107.194" port: 46767 } } peers { permanent_uuid: "f13681b9d9f1498ba5a07877faa73394" member_type: VOTER last_known_addr { host: "127.0.107.195" port: 43669 } }
I20260709 12:59:13.679273  1737 tablet_bootstrap.cc:654] T cdd584de3c4a49888e6e15623fd138a6 P f13681b9d9f1498ba5a07877faa73394: Neither blocks nor log segments found. Creating new log.
I20260709 12:59:13.681488  1540 raft_consensus.cc:2468] T 9e50079f8c944c63bcf43ef58fb0e2fb P 6603be6f91494d7fbad4db7ed5220cc6 [term 0 FOLLOWER]: Leader pre-election vote request: Granting yes vote for candidate 79adbc72dec0457fae206d0efa84a557 in term 0.
I20260709 12:59:13.688180  1694 tablet_service.cc:1917] Received RequestConsensusVote() RPC: tablet_id: "9e50079f8c944c63bcf43ef58fb0e2fb" candidate_uuid: "6603be6f91494d7fbad4db7ed5220cc6" candidate_term: 1 candidate_status { last_received { term: 0 index: 0 } } ignore_live_leader: false dest_uuid: "f13681b9d9f1498ba5a07877faa73394" is_pre_election: true
I20260709 12:59:13.692080  1935 leader_election.cc:290] T e47f8f93807e466498493001179fd606 P 6603be6f91494d7fbad4db7ed5220cc6 [CANDIDATE]: Term 2 pre-election: Requested pre-vote from peers 79adbc72dec0457fae206d0efa84a557 (127.0.107.194:46767), f13681b9d9f1498ba5a07877faa73394 (127.0.107.195:43669)
I20260709 12:59:13.696554  1738 tablet_bootstrap.cc:654] T ce3a93c5d12842e88639483af0650122 P 79adbc72dec0457fae206d0efa84a557: Neither blocks nor log segments found. Creating new log.
I20260709 12:59:13.700354  2012 consensus_queue.cc:1048] T e47f8f93807e466498493001179fd606 P f13681b9d9f1498ba5a07877faa73394 [LEADER]: Connected to new peer: Peer: permanent_uuid: "6603be6f91494d7fbad4db7ed5220cc6" member_type: VOTER last_known_addr { host: "127.0.107.193" port: 44313 }, Status: LMP_MISMATCH, Last received: 0.0, Next index: 1, Last known committed idx: 0, Time since last communication: 0.000s
I20260709 12:59:13.703809  1588 leader_election.cc:304] T 9e50079f8c944c63bcf43ef58fb0e2fb P 79adbc72dec0457fae206d0efa84a557 [CANDIDATE]: Term 1 pre-election: Election decided. Result: candidate won. Election summary: received 2 responses out of 3 voters: 2 yes votes; 0 no votes. yes voters: 6603be6f91494d7fbad4db7ed5220cc6, 79adbc72dec0457fae206d0efa84a557; no voters: 
W20260709 12:59:13.704789  2063 log.cc:927] Time spent T 5bd6e156cc53430d8ff14a8129111fed P 6603be6f91494d7fbad4db7ed5220cc6: Append to log took a long time: real 0.132s	user 0.002s	sys 0.002s
I20260709 12:59:13.738924  2074 raft_consensus.cc:2804] T 9e50079f8c944c63bcf43ef58fb0e2fb P 79adbc72dec0457fae206d0efa84a557 [term 0 FOLLOWER]: Leader pre-election won for term 1
I20260709 12:59:13.739355  2074 raft_consensus.cc:493] T 9e50079f8c944c63bcf43ef58fb0e2fb P 79adbc72dec0457fae206d0efa84a557 [term 0 FOLLOWER]: Starting leader election (no leader contacted us within the election timeout)
I20260709 12:59:13.739709  2074 raft_consensus.cc:3060] T 9e50079f8c944c63bcf43ef58fb0e2fb P 79adbc72dec0457fae206d0efa84a557 [term 0 FOLLOWER]: Advancing to term 1
I20260709 12:59:13.749899  2074 raft_consensus.cc:515] T 9e50079f8c944c63bcf43ef58fb0e2fb P 79adbc72dec0457fae206d0efa84a557 [term 1 FOLLOWER]: Starting leader election with config: opid_index: -1 OBSOLETE_local: false peers { permanent_uuid: "6603be6f91494d7fbad4db7ed5220cc6" member_type: VOTER last_known_addr { host: "127.0.107.193" port: 44313 } } peers { permanent_uuid: "79adbc72dec0457fae206d0efa84a557" member_type: VOTER last_known_addr { host: "127.0.107.194" port: 46767 } } peers { permanent_uuid: "f13681b9d9f1498ba5a07877faa73394" member_type: VOTER last_known_addr { host: "127.0.107.195" port: 43669 } }
I20260709 12:59:13.774780  2074 leader_election.cc:290] T 9e50079f8c944c63bcf43ef58fb0e2fb P 79adbc72dec0457fae206d0efa84a557 [CANDIDATE]: Term 1 election: Requested vote from peers 6603be6f91494d7fbad4db7ed5220cc6 (127.0.107.193:44313), f13681b9d9f1498ba5a07877faa73394 (127.0.107.195:43669)
I20260709 12:59:13.777501  1442 catalog_manager.cc:5697] T 00510d044eec4f90a96fb40cc2a9c9d0 P f13681b9d9f1498ba5a07877faa73394 reported cstate change: term changed from 0 to 1, leader changed from <none> to f13681b9d9f1498ba5a07877faa73394 (127.0.107.195). New cstate: current_term: 1 leader_uuid: "f13681b9d9f1498ba5a07877faa73394" committed_config { opid_index: -1 OBSOLETE_local: false peers { permanent_uuid: "6603be6f91494d7fbad4db7ed5220cc6" member_type: VOTER last_known_addr { host: "127.0.107.193" port: 44313 } health_report { overall_health: UNKNOWN } } peers { permanent_uuid: "79adbc72dec0457fae206d0efa84a557" member_type: VOTER last_known_addr { host: "127.0.107.194" port: 46767 } health_report { overall_health: UNKNOWN } } peers { permanent_uuid: "f13681b9d9f1498ba5a07877faa73394" member_type: VOTER last_known_addr { host: "127.0.107.195" port: 43669 } health_report { overall_health: HEALTHY } } }
I20260709 12:59:13.780668  1694 tablet_service.cc:1917] Received RequestConsensusVote() RPC: tablet_id: "9e50079f8c944c63bcf43ef58fb0e2fb" candidate_uuid: "79adbc72dec0457fae206d0efa84a557" candidate_term: 1 candidate_status { last_received { term: 0 index: 0 } } ignore_live_leader: false dest_uuid: "f13681b9d9f1498ba5a07877faa73394" is_pre_election: true
I20260709 12:59:13.784586  1617 tablet_service.cc:1917] Received RequestConsensusVote() RPC: tablet_id: "e47f8f93807e466498493001179fd606" candidate_uuid: "6603be6f91494d7fbad4db7ed5220cc6" candidate_term: 2 candidate_status { last_received { term: 0 index: 0 } } ignore_live_leader: false dest_uuid: "79adbc72dec0457fae206d0efa84a557" is_pre_election: true
I20260709 12:59:13.780848  2068 leader_election.cc:290] T 075ec7eda2b141faaefdb8aea21ebbb9 P 79adbc72dec0457fae206d0efa84a557 [CANDIDATE]: Term 1 pre-election: Requested pre-vote from peers 6603be6f91494d7fbad4db7ed5220cc6 (127.0.107.193:44313), f13681b9d9f1498ba5a07877faa73394 (127.0.107.195:43669)
I20260709 12:59:13.791208  1510 leader_election.cc:304] T 9e50079f8c944c63bcf43ef58fb0e2fb P 6603be6f91494d7fbad4db7ed5220cc6 [CANDIDATE]: Term 1 pre-election: Election decided. Result: candidate won. Election summary: received 2 responses out of 3 voters: 2 yes votes; 0 no votes. yes voters: 6603be6f91494d7fbad4db7ed5220cc6, 79adbc72dec0457fae206d0efa84a557; no voters: 
I20260709 12:59:13.792423  1935 raft_consensus.cc:2804] T 9e50079f8c944c63bcf43ef58fb0e2fb P 6603be6f91494d7fbad4db7ed5220cc6 [term 0 FOLLOWER]: Leader pre-election won for term 1
I20260709 12:59:13.791419  1622 tablet_service.cc:1917] Received RequestConsensusVote() RPC: tablet_id: "33eaac52a65245cab2056a462ec3a5d6" candidate_uuid: "f13681b9d9f1498ba5a07877faa73394" candidate_term: 1 candidate_status { last_received { term: 0 index: 0 } } ignore_live_leader: false dest_uuid: "79adbc72dec0457fae206d0efa84a557" is_pre_election: true
I20260709 12:59:13.792872  1935 raft_consensus.cc:493] T 9e50079f8c944c63bcf43ef58fb0e2fb P 6603be6f91494d7fbad4db7ed5220cc6 [term 0 FOLLOWER]: Starting leader election (no leader contacted us within the election timeout)
I20260709 12:59:13.794059  1622 raft_consensus.cc:2393] T 33eaac52a65245cab2056a462ec3a5d6 P 79adbc72dec0457fae206d0efa84a557 [term 1 FOLLOWER]: Leader pre-election vote request: Denying vote to candidate f13681b9d9f1498ba5a07877faa73394 in current term 1: Already voted for candidate 6603be6f91494d7fbad4db7ed5220cc6 in this term.
W20260709 12:59:13.792724  1511 leader_election.cc:343] T 9e50079f8c944c63bcf43ef58fb0e2fb P 6603be6f91494d7fbad4db7ed5220cc6 [CANDIDATE]: Term 1 pre-election: Tablet error from VoteRequest() call to peer f13681b9d9f1498ba5a07877faa73394 (127.0.107.195:43669): Illegal state: must be running to vote when last-logged opid is not known
I20260709 12:59:13.806245  1696 tablet_service.cc:1917] Received RequestConsensusVote() RPC: tablet_id: "9e50079f8c944c63bcf43ef58fb0e2fb" candidate_uuid: "79adbc72dec0457fae206d0efa84a557" candidate_term: 1 candidate_status { last_received { term: 0 index: 0 } } ignore_live_leader: false dest_uuid: "f13681b9d9f1498ba5a07877faa73394"
I20260709 12:59:13.794479  1935 raft_consensus.cc:3060] T 9e50079f8c944c63bcf43ef58fb0e2fb P 6603be6f91494d7fbad4db7ed5220cc6 [term 0 FOLLOWER]: Advancing to term 1
I20260709 12:59:13.812798  1694 tablet_service.cc:1917] Received RequestConsensusVote() RPC: tablet_id: "e47f8f93807e466498493001179fd606" candidate_uuid: "6603be6f91494d7fbad4db7ed5220cc6" candidate_term: 2 candidate_status { last_received { term: 0 index: 0 } } ignore_live_leader: false dest_uuid: "f13681b9d9f1498ba5a07877faa73394" is_pre_election: true
I20260709 12:59:13.814296  1695 raft_consensus.cc:3060] T 33eaac52a65245cab2056a462ec3a5d6 P f13681b9d9f1498ba5a07877faa73394 [term 0 FOLLOWER]: Advancing to term 1
I20260709 12:59:13.823362  1659 leader_election.cc:304] T 33eaac52a65245cab2056a462ec3a5d6 P f13681b9d9f1498ba5a07877faa73394 [CANDIDATE]: Term 1 pre-election: Election decided. Result: candidate lost. Election summary: received 3 responses out of 3 voters: 1 yes votes; 2 no votes. yes voters: f13681b9d9f1498ba5a07877faa73394; no voters: 6603be6f91494d7fbad4db7ed5220cc6, 79adbc72dec0457fae206d0efa84a557
I20260709 12:59:13.808058  1965 consensus_queue.cc:1048] T c742cc4ea8594b3abf4010824afed27a P f13681b9d9f1498ba5a07877faa73394 [LEADER]: Connected to new peer: Peer: permanent_uuid: "79adbc72dec0457fae206d0efa84a557" member_type: VOTER last_known_addr { host: "127.0.107.194" port: 46767 }, Status: LMP_MISMATCH, Last received: 0.0, Next index: 1, Last known committed idx: 0, Time since last communication: 0.010s
I20260709 12:59:13.824292  1736 tablet_bootstrap.cc:492] T 075ec7eda2b141faaefdb8aea21ebbb9 P 6603be6f91494d7fbad4db7ed5220cc6: No bootstrap required, opened a new log
I20260709 12:59:13.841770  1736 ts_tablet_manager.cc:1403] T 075ec7eda2b141faaefdb8aea21ebbb9 P 6603be6f91494d7fbad4db7ed5220cc6: Time spent bootstrapping tablet: real 0.581s	user 0.050s	sys 0.042s
I20260709 12:59:13.845306  1738 tablet_bootstrap.cc:492] T ce3a93c5d12842e88639483af0650122 P 79adbc72dec0457fae206d0efa84a557: No bootstrap required, opened a new log
I20260709 12:59:13.845645  1692 tablet_service.cc:1917] Received RequestConsensusVote() RPC: tablet_id: "075ec7eda2b141faaefdb8aea21ebbb9" candidate_uuid: "79adbc72dec0457fae206d0efa84a557" candidate_term: 1 candidate_status { last_received { term: 0 index: 0 } } ignore_live_leader: false dest_uuid: "f13681b9d9f1498ba5a07877faa73394" is_pre_election: true
I20260709 12:59:13.845794  1738 ts_tablet_manager.cc:1403] T ce3a93c5d12842e88639483af0650122 P 79adbc72dec0457fae206d0efa84a557: Time spent bootstrapping tablet: real 0.295s	user 0.024s	sys 0.012s
I20260709 12:59:13.818959  1541 tablet_service.cc:1917] Received RequestConsensusVote() RPC: tablet_id: "075ec7eda2b141faaefdb8aea21ebbb9" candidate_uuid: "79adbc72dec0457fae206d0efa84a557" candidate_term: 1 candidate_status { last_received { term: 0 index: 0 } } ignore_live_leader: false dest_uuid: "6603be6f91494d7fbad4db7ed5220cc6" is_pre_election: true
I20260709 12:59:13.888700  1736 raft_consensus.cc:359] T 075ec7eda2b141faaefdb8aea21ebbb9 P 6603be6f91494d7fbad4db7ed5220cc6 [term 0 FOLLOWER]: Replica starting. Triggering 0 pending ops. Active config: opid_index: -1 OBSOLETE_local: false peers { permanent_uuid: "6603be6f91494d7fbad4db7ed5220cc6" member_type: VOTER last_known_addr { host: "127.0.107.193" port: 44313 } } peers { permanent_uuid: "79adbc72dec0457fae206d0efa84a557" member_type: VOTER last_known_addr { host: "127.0.107.194" port: 46767 } } peers { permanent_uuid: "f13681b9d9f1498ba5a07877faa73394" member_type: VOTER last_known_addr { host: "127.0.107.195" port: 43669 } }
I20260709 12:59:13.889497  1736 raft_consensus.cc:385] T 075ec7eda2b141faaefdb8aea21ebbb9 P 6603be6f91494d7fbad4db7ed5220cc6 [term 0 FOLLOWER]: Consensus starting up: Expiring failure detector timer to make a prompt election more likely
I20260709 12:59:13.889750  1736 raft_consensus.cc:740] T 075ec7eda2b141faaefdb8aea21ebbb9 P 6603be6f91494d7fbad4db7ed5220cc6 [term 0 FOLLOWER]: Becoming Follower/Learner. State: Replica: 6603be6f91494d7fbad4db7ed5220cc6, State: Initialized, Role: FOLLOWER
I20260709 12:59:13.899451  1736 consensus_queue.cc:260] T 075ec7eda2b141faaefdb8aea21ebbb9 P 6603be6f91494d7fbad4db7ed5220cc6 [NON_LEADER]: Queue going to NON_LEADER mode. State: All replicated index: 0, Majority replicated index: 0, Committed index: 0, Last appended: 0.0, Last appended by leader: 0, Current term: 0, Majority size: -1, State: 0, Mode: NON_LEADER, active raft config: opid_index: -1 OBSOLETE_local: false peers { permanent_uuid: "6603be6f91494d7fbad4db7ed5220cc6" member_type: VOTER last_known_addr { host: "127.0.107.193" port: 44313 } } peers { permanent_uuid: "79adbc72dec0457fae206d0efa84a557" member_type: VOTER last_known_addr { host: "127.0.107.194" port: 46767 } } peers { permanent_uuid: "f13681b9d9f1498ba5a07877faa73394" member_type: VOTER last_known_addr { host: "127.0.107.195" port: 43669 } }
I20260709 12:59:13.900825  1541 raft_consensus.cc:2468] T 075ec7eda2b141faaefdb8aea21ebbb9 P 6603be6f91494d7fbad4db7ed5220cc6 [term 0 FOLLOWER]: Leader pre-election vote request: Granting yes vote for candidate 79adbc72dec0457fae206d0efa84a557 in term 0.
I20260709 12:59:13.902827  1738 raft_consensus.cc:359] T ce3a93c5d12842e88639483af0650122 P 79adbc72dec0457fae206d0efa84a557 [term 0 FOLLOWER]: Replica starting. Triggering 0 pending ops. Active config: opid_index: -1 OBSOLETE_local: false peers { permanent_uuid: "6603be6f91494d7fbad4db7ed5220cc6" member_type: VOTER last_known_addr { host: "127.0.107.193" port: 44313 } } peers { permanent_uuid: "79adbc72dec0457fae206d0efa84a557" member_type: VOTER last_known_addr { host: "127.0.107.194" port: 46767 } } peers { permanent_uuid: "f13681b9d9f1498ba5a07877faa73394" member_type: VOTER last_known_addr { host: "127.0.107.195" port: 43669 } }
I20260709 12:59:13.903599  1738 raft_consensus.cc:385] T ce3a93c5d12842e88639483af0650122 P 79adbc72dec0457fae206d0efa84a557 [term 0 FOLLOWER]: Consensus starting up: Expiring failure detector timer to make a prompt election more likely
I20260709 12:59:13.903860  1738 raft_consensus.cc:740] T ce3a93c5d12842e88639483af0650122 P 79adbc72dec0457fae206d0efa84a557 [term 0 FOLLOWER]: Becoming Follower/Learner. State: Replica: 79adbc72dec0457fae206d0efa84a557, State: Initialized, Role: FOLLOWER
W20260709 12:59:13.898267  1586 leader_election.cc:343] T 9e50079f8c944c63bcf43ef58fb0e2fb P 79adbc72dec0457fae206d0efa84a557 [CANDIDATE]: Term 1 pre-election: Tablet error from VoteRequest() call to peer f13681b9d9f1498ba5a07877faa73394 (127.0.107.195:43669): Illegal state: must be running to vote when last-logged opid is not known
I20260709 12:59:13.904539  1738 consensus_queue.cc:260] T ce3a93c5d12842e88639483af0650122 P 79adbc72dec0457fae206d0efa84a557 [NON_LEADER]: Queue going to NON_LEADER mode. State: All replicated index: 0, Majority replicated index: 0, Committed index: 0, Last appended: 0.0, Last appended by leader: 0, Current term: 0, Majority size: -1, State: 0, Mode: NON_LEADER, active raft config: opid_index: -1 OBSOLETE_local: false peers { permanent_uuid: "6603be6f91494d7fbad4db7ed5220cc6" member_type: VOTER last_known_addr { host: "127.0.107.193" port: 44313 } } peers { permanent_uuid: "79adbc72dec0457fae206d0efa84a557" member_type: VOTER last_known_addr { host: "127.0.107.194" port: 46767 } } peers { permanent_uuid: "f13681b9d9f1498ba5a07877faa73394" member_type: VOTER last_known_addr { host: "127.0.107.195" port: 43669 } }
I20260709 12:59:13.912446  1935 raft_consensus.cc:515] T 9e50079f8c944c63bcf43ef58fb0e2fb P 6603be6f91494d7fbad4db7ed5220cc6 [term 1 FOLLOWER]: Starting leader election with config: opid_index: -1 OBSOLETE_local: false peers { permanent_uuid: "6603be6f91494d7fbad4db7ed5220cc6" member_type: VOTER last_known_addr { host: "127.0.107.193" port: 44313 } } peers { permanent_uuid: "79adbc72dec0457fae206d0efa84a557" member_type: VOTER last_known_addr { host: "127.0.107.194" port: 46767 } } peers { permanent_uuid: "f13681b9d9f1498ba5a07877faa73394" member_type: VOTER last_known_addr { host: "127.0.107.195" port: 43669 } }
I20260709 12:59:13.917224  1737 tablet_bootstrap.cc:492] T cdd584de3c4a49888e6e15623fd138a6 P f13681b9d9f1498ba5a07877faa73394: No bootstrap required, opened a new log
W20260709 12:59:13.917137  1493 auto_rebalancer.cc:288] Could not retrieve cluster info: Service unavailable: Tablet not running
I20260709 12:59:13.917722  1737 ts_tablet_manager.cc:1403] T cdd584de3c4a49888e6e15623fd138a6 P f13681b9d9f1498ba5a07877faa73394: Time spent bootstrapping tablet: real 0.502s	user 0.020s	sys 0.003s
W20260709 12:59:13.922219  1659 outbound_call.cc:321] RPC callback for RPC call kudu.consensus.ConsensusService.RequestConsensusVote -> {remote=127.0.107.194:46767, user_credentials={real_user=slave}} blocked reactor thread for 98893.9us
I20260709 12:59:13.923318  1736 ts_tablet_manager.cc:1434] T 075ec7eda2b141faaefdb8aea21ebbb9 P 6603be6f91494d7fbad4db7ed5220cc6: Time spent starting tablet: real 0.081s	user 0.007s	sys 0.000s
I20260709 12:59:13.924394  1738 ts_tablet_manager.cc:1434] T ce3a93c5d12842e88639483af0650122 P 79adbc72dec0457fae206d0efa84a557: Time spent starting tablet: real 0.077s	user 0.006s	sys 0.000s
I20260709 12:59:13.914507  2001 raft_consensus.cc:2749] T 33eaac52a65245cab2056a462ec3a5d6 P f13681b9d9f1498ba5a07877faa73394 [term 1 FOLLOWER]: Leader pre-election lost for term 1. Reason: could not achieve majority
I20260709 12:59:13.967303  1511 leader_election.cc:304] T e47f8f93807e466498493001179fd606 P 6603be6f91494d7fbad4db7ed5220cc6 [CANDIDATE]: Term 2 pre-election: Election decided. Result: candidate lost. Election summary: received 3 responses out of 3 voters: 1 yes votes; 2 no votes. yes voters: 6603be6f91494d7fbad4db7ed5220cc6; no voters: 79adbc72dec0457fae206d0efa84a557, f13681b9d9f1498ba5a07877faa73394
I20260709 12:59:13.968873  2047 raft_consensus.cc:2749] T e47f8f93807e466498493001179fd606 P 6603be6f91494d7fbad4db7ed5220cc6 [term 1 FOLLOWER]: Leader pre-election lost for term 2. Reason: could not achieve majority
I20260709 12:59:13.969543  2047 consensus_queue.cc:1048] T 33eaac52a65245cab2056a462ec3a5d6 P 6603be6f91494d7fbad4db7ed5220cc6 [LEADER]: Connected to new peer: Peer: permanent_uuid: "f13681b9d9f1498ba5a07877faa73394" member_type: VOTER last_known_addr { host: "127.0.107.195" port: 43669 }, Status: LMP_MISMATCH, Last received: 0.0, Next index: 1, Last known committed idx: 0, Time since last communication: 0.001s
I20260709 12:59:13.971665  1738 tablet_bootstrap.cc:492] T 876bd64e6df349edb6d910cfd2d0944c P 79adbc72dec0457fae206d0efa84a557: Bootstrap starting.
I20260709 12:59:13.971316  1737 raft_consensus.cc:359] T cdd584de3c4a49888e6e15623fd138a6 P f13681b9d9f1498ba5a07877faa73394 [term 0 FOLLOWER]: Replica starting. Triggering 0 pending ops. Active config: opid_index: -1 OBSOLETE_local: false peers { permanent_uuid: "6603be6f91494d7fbad4db7ed5220cc6" member_type: VOTER last_known_addr { host: "127.0.107.193" port: 44313 } } peers { permanent_uuid: "79adbc72dec0457fae206d0efa84a557" member_type: VOTER last_known_addr { host: "127.0.107.194" port: 46767 } } peers { permanent_uuid: "f13681b9d9f1498ba5a07877faa73394" member_type: VOTER last_known_addr { host: "127.0.107.195" port: 43669 } }
I20260709 12:59:13.971978  1737 raft_consensus.cc:385] T cdd584de3c4a49888e6e15623fd138a6 P f13681b9d9f1498ba5a07877faa73394 [term 0 FOLLOWER]: Consensus starting up: Expiring failure detector timer to make a prompt election more likely
I20260709 12:59:13.972239  1737 raft_consensus.cc:740] T cdd584de3c4a49888e6e15623fd138a6 P f13681b9d9f1498ba5a07877faa73394 [term 0 FOLLOWER]: Becoming Follower/Learner. State: Replica: f13681b9d9f1498ba5a07877faa73394, State: Initialized, Role: FOLLOWER
I20260709 12:59:13.972889  1737 consensus_queue.cc:260] T cdd584de3c4a49888e6e15623fd138a6 P f13681b9d9f1498ba5a07877faa73394 [NON_LEADER]: Queue going to NON_LEADER mode. State: All replicated index: 0, Majority replicated index: 0, Committed index: 0, Last appended: 0.0, Last appended by leader: 0, Current term: 0, Majority size: -1, State: 0, Mode: NON_LEADER, active raft config: opid_index: -1 OBSOLETE_local: false peers { permanent_uuid: "6603be6f91494d7fbad4db7ed5220cc6" member_type: VOTER last_known_addr { host: "127.0.107.193" port: 44313 } } peers { permanent_uuid: "79adbc72dec0457fae206d0efa84a557" member_type: VOTER last_known_addr { host: "127.0.107.194" port: 46767 } } peers { permanent_uuid: "f13681b9d9f1498ba5a07877faa73394" member_type: VOTER last_known_addr { host: "127.0.107.195" port: 43669 } }
I20260709 12:59:13.976954  2069 consensus_queue.cc:1048] T 00510d044eec4f90a96fb40cc2a9c9d0 P f13681b9d9f1498ba5a07877faa73394 [LEADER]: Connected to new peer: Peer: permanent_uuid: "79adbc72dec0457fae206d0efa84a557" member_type: VOTER last_known_addr { host: "127.0.107.194" port: 46767 }, Status: LMP_MISMATCH, Last received: 0.0, Next index: 1, Last known committed idx: 0, Time since last communication: 0.001s
I20260709 12:59:13.990216  1935 leader_election.cc:290] T 9e50079f8c944c63bcf43ef58fb0e2fb P 6603be6f91494d7fbad4db7ed5220cc6 [CANDIDATE]: Term 1 election: Requested vote from peers 79adbc72dec0457fae206d0efa84a557 (127.0.107.194:46767), f13681b9d9f1498ba5a07877faa73394 (127.0.107.195:43669)
I20260709 12:59:13.992762  1737 ts_tablet_manager.cc:1434] T cdd584de3c4a49888e6e15623fd138a6 P f13681b9d9f1498ba5a07877faa73394: Time spent starting tablet: real 0.075s	user 0.004s	sys 0.001s
I20260709 12:59:13.994630  1617 tablet_service.cc:1917] Received RequestConsensusVote() RPC: tablet_id: "9e50079f8c944c63bcf43ef58fb0e2fb" candidate_uuid: "6603be6f91494d7fbad4db7ed5220cc6" candidate_term: 1 candidate_status { last_received { term: 0 index: 0 } } ignore_live_leader: false dest_uuid: "79adbc72dec0457fae206d0efa84a557"
I20260709 12:59:14.002049  1617 raft_consensus.cc:2393] T 9e50079f8c944c63bcf43ef58fb0e2fb P 79adbc72dec0457fae206d0efa84a557 [term 1 FOLLOWER]: Leader election vote request: Denying vote to candidate 6603be6f91494d7fbad4db7ed5220cc6 in current term 1: Already voted for candidate 79adbc72dec0457fae206d0efa84a557 in this term.
I20260709 12:59:14.007563  1737 tablet_bootstrap.cc:492] T ce3a93c5d12842e88639483af0650122 P f13681b9d9f1498ba5a07877faa73394: Bootstrap starting.
I20260709 12:59:14.014752  1588 leader_election.cc:304] T 075ec7eda2b141faaefdb8aea21ebbb9 P 79adbc72dec0457fae206d0efa84a557 [CANDIDATE]: Term 1 pre-election: Election decided. Result: candidate won. Election summary: received 2 responses out of 3 voters: 2 yes votes; 0 no votes. yes voters: 6603be6f91494d7fbad4db7ed5220cc6, 79adbc72dec0457fae206d0efa84a557; no voters: 
I20260709 12:59:14.018083  1935 consensus_queue.cc:1048] T 33eaac52a65245cab2056a462ec3a5d6 P 6603be6f91494d7fbad4db7ed5220cc6 [LEADER]: Connected to new peer: Peer: permanent_uuid: "79adbc72dec0457fae206d0efa84a557" member_type: VOTER last_known_addr { host: "127.0.107.194" port: 46767 }, Status: LMP_MISMATCH, Last received: 0.0, Next index: 1, Last known committed idx: 0, Time since last communication: 0.001s
I20260709 12:59:14.018095  1927 raft_consensus.cc:2804] T 075ec7eda2b141faaefdb8aea21ebbb9 P 79adbc72dec0457fae206d0efa84a557 [term 0 FOLLOWER]: Leader pre-election won for term 1
I20260709 12:59:14.019501  1927 raft_consensus.cc:493] T 075ec7eda2b141faaefdb8aea21ebbb9 P 79adbc72dec0457fae206d0efa84a557 [term 0 FOLLOWER]: Starting leader election (no leader contacted us within the election timeout)
I20260709 12:59:14.019836  1927 raft_consensus.cc:3060] T 075ec7eda2b141faaefdb8aea21ebbb9 P 79adbc72dec0457fae206d0efa84a557 [term 0 FOLLOWER]: Advancing to term 1
I20260709 12:59:14.030581  1692 tablet_service.cc:1917] Received RequestConsensusVote() RPC: tablet_id: "9e50079f8c944c63bcf43ef58fb0e2fb" candidate_uuid: "6603be6f91494d7fbad4db7ed5220cc6" candidate_term: 1 candidate_status { last_received { term: 0 index: 0 } } ignore_live_leader: false dest_uuid: "f13681b9d9f1498ba5a07877faa73394"
I20260709 12:59:14.047906  1738 tablet_bootstrap.cc:654] T 876bd64e6df349edb6d910cfd2d0944c P 79adbc72dec0457fae206d0efa84a557: Neither blocks nor log segments found. Creating new log.
I20260709 12:59:14.094236  1736 tablet_bootstrap.cc:492] T ce3a93c5d12842e88639483af0650122 P 6603be6f91494d7fbad4db7ed5220cc6: Bootstrap starting.
I20260709 12:59:14.145289  1445 catalog_manager.cc:5697] T 33eaac52a65245cab2056a462ec3a5d6 P 6603be6f91494d7fbad4db7ed5220cc6 reported cstate change: term changed from 0 to 1, leader changed from <none> to 6603be6f91494d7fbad4db7ed5220cc6 (127.0.107.193). New cstate: current_term: 1 leader_uuid: "6603be6f91494d7fbad4db7ed5220cc6" committed_config { opid_index: -1 OBSOLETE_local: false peers { permanent_uuid: "6603be6f91494d7fbad4db7ed5220cc6" member_type: VOTER last_known_addr { host: "127.0.107.193" port: 44313 } health_report { overall_health: HEALTHY } } peers { permanent_uuid: "79adbc72dec0457fae206d0efa84a557" member_type: VOTER last_known_addr { host: "127.0.107.194" port: 46767 } health_report { overall_health: UNKNOWN } } peers { permanent_uuid: "f13681b9d9f1498ba5a07877faa73394" member_type: VOTER last_known_addr { host: "127.0.107.195" port: 43669 } health_report { overall_health: UNKNOWN } } }
W20260709 12:59:14.063726  1511 leader_election.cc:343] T 9e50079f8c944c63bcf43ef58fb0e2fb P 6603be6f91494d7fbad4db7ed5220cc6 [CANDIDATE]: Term 1 election: Tablet error from VoteRequest() call to peer f13681b9d9f1498ba5a07877faa73394 (127.0.107.195:43669): Illegal state: must be running to vote when last-logged opid is not known
W20260709 12:59:14.060475  1586 leader_election.cc:343] T 9e50079f8c944c63bcf43ef58fb0e2fb P 79adbc72dec0457fae206d0efa84a557 [CANDIDATE]: Term 1 election: Tablet error from VoteRequest() call to peer f13681b9d9f1498ba5a07877faa73394 (127.0.107.195:43669): Illegal state: must be running to vote when last-logged opid is not known
I20260709 12:59:14.049497  1547 tablet_service.cc:1917] Received RequestConsensusVote() RPC: tablet_id: "9e50079f8c944c63bcf43ef58fb0e2fb" candidate_uuid: "79adbc72dec0457fae206d0efa84a557" candidate_term: 1 candidate_status { last_received { term: 0 index: 0 } } ignore_live_leader: false dest_uuid: "6603be6f91494d7fbad4db7ed5220cc6"
I20260709 12:59:14.051095  1927 raft_consensus.cc:515] T 075ec7eda2b141faaefdb8aea21ebbb9 P 79adbc72dec0457fae206d0efa84a557 [term 1 FOLLOWER]: Starting leader election with config: opid_index: -1 OBSOLETE_local: false peers { permanent_uuid: "6603be6f91494d7fbad4db7ed5220cc6" member_type: VOTER last_known_addr { host: "127.0.107.193" port: 44313 } } peers { permanent_uuid: "79adbc72dec0457fae206d0efa84a557" member_type: VOTER last_known_addr { host: "127.0.107.194" port: 46767 } } peers { permanent_uuid: "f13681b9d9f1498ba5a07877faa73394" member_type: VOTER last_known_addr { host: "127.0.107.195" port: 43669 } }
I20260709 12:59:14.157012  1511 leader_election.cc:304] T 9e50079f8c944c63bcf43ef58fb0e2fb P 6603be6f91494d7fbad4db7ed5220cc6 [CANDIDATE]: Term 1 election: Election decided. Result: candidate lost. Election summary: received 3 responses out of 3 voters: 1 yes votes; 2 no votes. yes voters: 6603be6f91494d7fbad4db7ed5220cc6; no voters: 79adbc72dec0457fae206d0efa84a557, f13681b9d9f1498ba5a07877faa73394
I20260709 12:59:14.160816  2002 consensus_queue.cc:1048] T 00510d044eec4f90a96fb40cc2a9c9d0 P f13681b9d9f1498ba5a07877faa73394 [LEADER]: Connected to new peer: Peer: permanent_uuid: "6603be6f91494d7fbad4db7ed5220cc6" member_type: VOTER last_known_addr { host: "127.0.107.193" port: 44313 }, Status: LMP_MISMATCH, Last received: 0.0, Next index: 1, Last known committed idx: 0, Time since last communication: 0.002s
W20260709 12:59:14.163362  1511 outbound_call.cc:321] RPC callback for RPC call kudu.consensus.ConsensusService.RequestConsensusVote -> {remote=127.0.107.195:43669, user_credentials={real_user=slave}} blocked reactor thread for 99661.6us
W20260709 12:59:14.156785  1586 outbound_call.cc:321] RPC callback for RPC call kudu.consensus.ConsensusService.RequestConsensusVote -> {remote=127.0.107.195:43669, user_credentials={real_user=slave}} blocked reactor thread for 96334.3us
I20260709 12:59:14.168911  1547 raft_consensus.cc:2393] T 9e50079f8c944c63bcf43ef58fb0e2fb P 6603be6f91494d7fbad4db7ed5220cc6 [term 1 FOLLOWER]: Leader election vote request: Denying vote to candidate 79adbc72dec0457fae206d0efa84a557 in current term 1: Already voted for candidate 6603be6f91494d7fbad4db7ed5220cc6 in this term.
W20260709 12:59:14.175880  1648 tablet.cc:2406] T ce3a93c5d12842e88639483af0650122 P 79adbc72dec0457fae206d0efa84a557: Can't schedule compaction. Clean time has not been advanced past its initial value.
I20260709 12:59:14.178838  1737 tablet_bootstrap.cc:654] T ce3a93c5d12842e88639483af0650122 P f13681b9d9f1498ba5a07877faa73394: Neither blocks nor log segments found. Creating new log.
I20260709 12:59:14.179975  1744 raft_consensus.cc:2749] T 9e50079f8c944c63bcf43ef58fb0e2fb P 6603be6f91494d7fbad4db7ed5220cc6 [term 1 FOLLOWER]: Leader election lost for term 1. Reason: could not achieve majority
W20260709 12:59:14.181216  1586 leader_election.cc:343] T 075ec7eda2b141faaefdb8aea21ebbb9 P 79adbc72dec0457fae206d0efa84a557 [CANDIDATE]: Term 1 pre-election: Tablet error from VoteRequest() call to peer f13681b9d9f1498ba5a07877faa73394 (127.0.107.195:43669): Illegal state: must be running to vote when last-logged opid is not known
I20260709 12:59:14.184798  1542 tablet_service.cc:1917] Received RequestConsensusVote() RPC: tablet_id: "075ec7eda2b141faaefdb8aea21ebbb9" candidate_uuid: "79adbc72dec0457fae206d0efa84a557" candidate_term: 1 candidate_status { last_received { term: 0 index: 0 } } ignore_live_leader: false dest_uuid: "6603be6f91494d7fbad4db7ed5220cc6"
I20260709 12:59:14.186568  1542 raft_consensus.cc:3060] T 075ec7eda2b141faaefdb8aea21ebbb9 P 6603be6f91494d7fbad4db7ed5220cc6 [term 0 FOLLOWER]: Advancing to term 1
I20260709 12:59:14.202231  1588 leader_election.cc:304] T 9e50079f8c944c63bcf43ef58fb0e2fb P 79adbc72dec0457fae206d0efa84a557 [CANDIDATE]: Term 1 election: Election decided. Result: candidate lost. Election summary: received 3 responses out of 3 voters: 1 yes votes; 2 no votes. yes voters: 79adbc72dec0457fae206d0efa84a557; no voters: 6603be6f91494d7fbad4db7ed5220cc6, f13681b9d9f1498ba5a07877faa73394
I20260709 12:59:14.203460  1925 raft_consensus.cc:2749] T 9e50079f8c944c63bcf43ef58fb0e2fb P 79adbc72dec0457fae206d0efa84a557 [term 1 FOLLOWER]: Leader election lost for term 1. Reason: could not achieve majority
I20260709 12:59:14.204066  1542 raft_consensus.cc:2468] T 075ec7eda2b141faaefdb8aea21ebbb9 P 6603be6f91494d7fbad4db7ed5220cc6 [term 1 FOLLOWER]: Leader election vote request: Granting yes vote for candidate 79adbc72dec0457fae206d0efa84a557 in term 1.
I20260709 12:59:14.205691  1588 leader_election.cc:304] T 075ec7eda2b141faaefdb8aea21ebbb9 P 79adbc72dec0457fae206d0efa84a557 [CANDIDATE]: Term 1 election: Election decided. Result: candidate won. Election summary: received 2 responses out of 3 voters: 2 yes votes; 0 no votes. yes voters: 6603be6f91494d7fbad4db7ed5220cc6, 79adbc72dec0457fae206d0efa84a557; no voters: 
I20260709 12:59:14.211911  1925 raft_consensus.cc:2804] T 075ec7eda2b141faaefdb8aea21ebbb9 P 79adbc72dec0457fae206d0efa84a557 [term 1 FOLLOWER]: Leader election won for term 1
I20260709 12:59:14.218289  1925 raft_consensus.cc:697] T 075ec7eda2b141faaefdb8aea21ebbb9 P 79adbc72dec0457fae206d0efa84a557 [term 1 LEADER]: Becoming Leader. State: Replica: 79adbc72dec0457fae206d0efa84a557, State: Running, Role: LEADER
I20260709 12:59:14.219231  1925 consensus_queue.cc:237] T 075ec7eda2b141faaefdb8aea21ebbb9 P 79adbc72dec0457fae206d0efa84a557 [LEADER]: Queue going to LEADER mode. State: All replicated index: 0, Majority replicated index: 0, Committed index: 0, Last appended: 0.0, Last appended by leader: 0, Current term: 1, Majority size: 2, State: 0, Mode: LEADER, active raft config: opid_index: -1 OBSOLETE_local: false peers { permanent_uuid: "6603be6f91494d7fbad4db7ed5220cc6" member_type: VOTER last_known_addr { host: "127.0.107.193" port: 44313 } } peers { permanent_uuid: "79adbc72dec0457fae206d0efa84a557" member_type: VOTER last_known_addr { host: "127.0.107.194" port: 46767 } } peers { permanent_uuid: "f13681b9d9f1498ba5a07877faa73394" member_type: VOTER last_known_addr { host: "127.0.107.195" port: 43669 } }
