I20260709 12:58:42.343124   765 consensus_queue.cc:1048] T 8eac9000805a4d39b8746353c771b00b P 9263682c5a15478798b3ef7b3f6e2ba1 [LEADER]: Connected to new peer: Peer: permanent_uuid: "f2d73bf9579243429b648e4d37a1d944" member_type: VOTER last_known_addr { host: "127.0.107.193" port: 45433 }, Status: LMP_MISMATCH, Last received: 0.0, Next index: 1, Last known committed idx: 0, Time since last communication: 0.000s
I20260709 12:58:42.344220   641 raft_consensus.cc:3060] T be93915583a84fd99913f3cf3897905c P 9263682c5a15478798b3ef7b3f6e2ba1 [term 0 FOLLOWER]: Advancing to term 1
I20260709 12:58:42.365798   799 consensus_queue.cc:1048] T f966d3625bbf479d879a0c268e4a054e P 9263682c5a15478798b3ef7b3f6e2ba1 [LEADER]: Connected to new peer: Peer: permanent_uuid: "1b4e394500c44c709752771d1eb2deee" member_type: VOTER last_known_addr { host: "127.0.107.195" port: 43733 }, Status: LMP_MISMATCH, Last received: 0.0, Next index: 1, Last known committed idx: 0, Time since last communication: 0.000s
I20260709 12:58:42.373085   825 consensus_queue.cc:1048] T be93915583a84fd99913f3cf3897905c P 1b4e394500c44c709752771d1eb2deee [LEADER]: Connected to new peer: Peer: permanent_uuid: "9263682c5a15478798b3ef7b3f6e2ba1" member_type: VOTER last_known_addr { host: "127.0.107.194" port: 33989 }, Status: LMP_MISMATCH, Last received: 0.0, Next index: 1, Last known committed idx: 0, Time since last communication: 0.001s
I20260709 12:58:42.396869   779 consensus_queue.cc:1048] T c996c614c034441c8d1465ef78b16bf6 P f2d73bf9579243429b648e4d37a1d944 [LEADER]: Connected to new peer: Peer: permanent_uuid: "9263682c5a15478798b3ef7b3f6e2ba1" member_type: VOTER last_known_addr { host: "127.0.107.194" port: 33989 }, Status: LMP_MISMATCH, Last received: 0.0, Next index: 1, Last known committed idx: 0, Time since last communication: 0.000s
I20260709 12:58:42.400619   825 raft_consensus.cc:493] T 67e51f2108504c82b63504a8d3ae5562 P 1b4e394500c44c709752771d1eb2deee [term 0 FOLLOWER]: Starting pre-election (no leader contacted us within the election timeout)
I20260709 12:58:42.401170   825 raft_consensus.cc:515] T 67e51f2108504c82b63504a8d3ae5562 P 1b4e394500c44c709752771d1eb2deee [term 0 FOLLOWER]: Starting pre-election with config: opid_index: -1 OBSOLETE_local: false peers { permanent_uuid: "f2d73bf9579243429b648e4d37a1d944" member_type: VOTER last_known_addr { host: "127.0.107.193" port: 45433 } } peers { permanent_uuid: "9263682c5a15478798b3ef7b3f6e2ba1" member_type: VOTER last_known_addr { host: "127.0.107.194" port: 33989 } } peers { permanent_uuid: "1b4e394500c44c709752771d1eb2deee" member_type: VOTER last_known_addr { host: "127.0.107.195" port: 43733 } }
I20260709 12:58:42.405473   564 tablet_service.cc:1917] Received RequestConsensusVote() RPC: tablet_id: "67e51f2108504c82b63504a8d3ae5562" candidate_uuid: "1b4e394500c44c709752771d1eb2deee" candidate_term: 1 candidate_status { last_received { term: 0 index: 0 } } ignore_live_leader: false dest_uuid: "f2d73bf9579243429b648e4d37a1d944" is_pre_election: true
I20260709 12:58:42.406383   564 raft_consensus.cc:2468] T 67e51f2108504c82b63504a8d3ae5562 P f2d73bf9579243429b648e4d37a1d944 [term 0 FOLLOWER]: Leader pre-election vote request: Granting yes vote for candidate 1b4e394500c44c709752771d1eb2deee in term 0.
I20260709 12:58:42.408102   681 leader_election.cc:304] T 67e51f2108504c82b63504a8d3ae5562 P 1b4e394500c44c709752771d1eb2deee [CANDIDATE]: Term 1 pre-election: Election decided. Result: candidate won. Election summary: received 2 responses out of 3 voters: 2 yes votes; 0 no votes. yes voters: 1b4e394500c44c709752771d1eb2deee, f2d73bf9579243429b648e4d37a1d944; no voters: 
I20260709 12:58:42.409075   826 raft_consensus.cc:2804] T 67e51f2108504c82b63504a8d3ae5562 P 1b4e394500c44c709752771d1eb2deee [term 0 FOLLOWER]: Leader pre-election won for term 1
I20260709 12:58:42.409474   826 raft_consensus.cc:493] T 67e51f2108504c82b63504a8d3ae5562 P 1b4e394500c44c709752771d1eb2deee [term 0 FOLLOWER]: Starting leader election (no leader contacted us within the election timeout)
I20260709 12:58:42.409811   826 raft_consensus.cc:3060] T 67e51f2108504c82b63504a8d3ae5562 P 1b4e394500c44c709752771d1eb2deee [term 0 FOLLOWER]: Advancing to term 1
I20260709 12:58:42.413448   641 tablet_service.cc:1917] Received RequestConsensusVote() RPC: tablet_id: "67e51f2108504c82b63504a8d3ae5562" candidate_uuid: "1b4e394500c44c709752771d1eb2deee" candidate_term: 1 candidate_status { last_received { term: 0 index: 0 } } ignore_live_leader: false dest_uuid: "9263682c5a15478798b3ef7b3f6e2ba1" is_pre_election: true
I20260709 12:58:42.414088   641 raft_consensus.cc:2468] T 67e51f2108504c82b63504a8d3ae5562 P 9263682c5a15478798b3ef7b3f6e2ba1 [term 0 FOLLOWER]: Leader pre-election vote request: Granting yes vote for candidate 1b4e394500c44c709752771d1eb2deee in term 0.
I20260709 12:58:42.415623   825 leader_election.cc:290] T 67e51f2108504c82b63504a8d3ae5562 P 1b4e394500c44c709752771d1eb2deee [CANDIDATE]: Term 1 pre-election: Requested pre-vote from peers f2d73bf9579243429b648e4d37a1d944 (127.0.107.193:45433), 9263682c5a15478798b3ef7b3f6e2ba1 (127.0.107.194:33989)
I20260709 12:58:42.418608   826 raft_consensus.cc:515] T 67e51f2108504c82b63504a8d3ae5562 P 1b4e394500c44c709752771d1eb2deee [term 1 FOLLOWER]: Starting leader election with config: opid_index: -1 OBSOLETE_local: false peers { permanent_uuid: "f2d73bf9579243429b648e4d37a1d944" member_type: VOTER last_known_addr { host: "127.0.107.193" port: 45433 } } peers { permanent_uuid: "9263682c5a15478798b3ef7b3f6e2ba1" member_type: VOTER last_known_addr { host: "127.0.107.194" port: 33989 } } peers { permanent_uuid: "1b4e394500c44c709752771d1eb2deee" member_type: VOTER last_known_addr { host: "127.0.107.195" port: 43733 } }
I20260709 12:58:42.425231   765 consensus_queue.cc:1048] T 8eac9000805a4d39b8746353c771b00b P 9263682c5a15478798b3ef7b3f6e2ba1 [LEADER]: Connected to new peer: Peer: permanent_uuid: "1b4e394500c44c709752771d1eb2deee" member_type: VOTER last_known_addr { host: "127.0.107.195" port: 43733 }, Status: LMP_MISMATCH, Last received: 0.0, Next index: 1, Last known committed idx: 0, Time since last communication: 0.000s
I20260709 12:58:42.433661   826 leader_election.cc:290] T 67e51f2108504c82b63504a8d3ae5562 P 1b4e394500c44c709752771d1eb2deee [CANDIDATE]: Term 1 election: Requested vote from peers f2d73bf9579243429b648e4d37a1d944 (127.0.107.193:45433), 9263682c5a15478798b3ef7b3f6e2ba1 (127.0.107.194:33989)
I20260709 12:58:42.433883   565 tablet_service.cc:1917] Received RequestConsensusVote() RPC: tablet_id: "67e51f2108504c82b63504a8d3ae5562" candidate_uuid: "1b4e394500c44c709752771d1eb2deee" candidate_term: 1 candidate_status { last_received { term: 0 index: 0 } } ignore_live_leader: false dest_uuid: "f2d73bf9579243429b648e4d37a1d944"
I20260709 12:58:42.436895   565 raft_consensus.cc:3060] T 67e51f2108504c82b63504a8d3ae5562 P f2d73bf9579243429b648e4d37a1d944 [term 0 FOLLOWER]: Advancing to term 1
I20260709 12:58:42.434654   641 tablet_service.cc:1917] Received RequestConsensusVote() RPC: tablet_id: "67e51f2108504c82b63504a8d3ae5562" candidate_uuid: "1b4e394500c44c709752771d1eb2deee" candidate_term: 1 candidate_status { last_received { term: 0 index: 0 } } ignore_live_leader: false dest_uuid: "9263682c5a15478798b3ef7b3f6e2ba1"
I20260709 12:58:42.444054   641 raft_consensus.cc:3060] T 67e51f2108504c82b63504a8d3ae5562 P 9263682c5a15478798b3ef7b3f6e2ba1 [term 0 FOLLOWER]: Advancing to term 1
I20260709 12:58:42.452010   565 raft_consensus.cc:2468] T 67e51f2108504c82b63504a8d3ae5562 P f2d73bf9579243429b648e4d37a1d944 [term 1 FOLLOWER]: Leader election vote request: Granting yes vote for candidate 1b4e394500c44c709752771d1eb2deee in term 1.
I20260709 12:58:42.453337   681 leader_election.cc:304] T 67e51f2108504c82b63504a8d3ae5562 P 1b4e394500c44c709752771d1eb2deee [CANDIDATE]: Term 1 election: Election decided. Result: candidate won. Election summary: received 2 responses out of 3 voters: 2 yes votes; 0 no votes. yes voters: 1b4e394500c44c709752771d1eb2deee, f2d73bf9579243429b648e4d37a1d944; no voters: 
I20260709 12:58:42.453692   641 raft_consensus.cc:2468] T 67e51f2108504c82b63504a8d3ae5562 P 9263682c5a15478798b3ef7b3f6e2ba1 [term 1 FOLLOWER]: Leader election vote request: Granting yes vote for candidate 1b4e394500c44c709752771d1eb2deee in term 1.
I20260709 12:58:42.454233   825 raft_consensus.cc:2804] T 67e51f2108504c82b63504a8d3ae5562 P 1b4e394500c44c709752771d1eb2deee [term 1 FOLLOWER]: Leader election won for term 1
I20260709 12:58:42.454694   825 raft_consensus.cc:697] T 67e51f2108504c82b63504a8d3ae5562 P 1b4e394500c44c709752771d1eb2deee [term 1 LEADER]: Becoming Leader. State: Replica: 1b4e394500c44c709752771d1eb2deee, State: Running, Role: LEADER
I20260709 12:58:42.455487   825 consensus_queue.cc:237] T 67e51f2108504c82b63504a8d3ae5562 P 1b4e394500c44c709752771d1eb2deee [LEADER]: Queue going to LEADER mode. State: All replicated index: 0, Majority replicated index: 0, Committed index: 0, Last appended: 0.0, Last appended by leader: 0, Current term: 1, Majority size: 2, State: 0, Mode: LEADER, active raft config: opid_index: -1 OBSOLETE_local: false peers { permanent_uuid: "f2d73bf9579243429b648e4d37a1d944" member_type: VOTER last_known_addr { host: "127.0.107.193" port: 45433 } } peers { permanent_uuid: "9263682c5a15478798b3ef7b3f6e2ba1" member_type: VOTER last_known_addr { host: "127.0.107.194" port: 33989 } } peers { permanent_uuid: "1b4e394500c44c709752771d1eb2deee" member_type: VOTER last_known_addr { host: "127.0.107.195" port: 43733 } }
I20260709 12:58:42.466310   463 catalog_manager.cc:5697] T 67e51f2108504c82b63504a8d3ae5562 P 1b4e394500c44c709752771d1eb2deee reported cstate change: term changed from 0 to 1, leader changed from <none> to 1b4e394500c44c709752771d1eb2deee (127.0.107.195). New cstate: current_term: 1 leader_uuid: "1b4e394500c44c709752771d1eb2deee" committed_config { opid_index: -1 OBSOLETE_local: false peers { permanent_uuid: "f2d73bf9579243429b648e4d37a1d944" member_type: VOTER last_known_addr { host: "127.0.107.193" port: 45433 } health_report { overall_health: UNKNOWN } } peers { permanent_uuid: "9263682c5a15478798b3ef7b3f6e2ba1" member_type: VOTER last_known_addr { host: "127.0.107.194" port: 33989 } health_report { overall_health: UNKNOWN } } peers { permanent_uuid: "1b4e394500c44c709752771d1eb2deee" member_type: VOTER last_known_addr { host: "127.0.107.195" port: 43733 } health_report { overall_health: HEALTHY } } }
I20260709 12:58:42.518055   800 consensus_queue.cc:1048] T 1b01c8fc2bc64bfba3a220dcef94825f P 9263682c5a15478798b3ef7b3f6e2ba1 [LEADER]: Connected to new peer: Peer: permanent_uuid: "1b4e394500c44c709752771d1eb2deee" member_type: VOTER last_known_addr { host: "127.0.107.195" port: 43733 }, Status: LMP_MISMATCH, Last received: 0.0, Next index: 1, Last known committed idx: 0, Time since last communication: 0.000s
I20260709 12:58:42.531131   765 consensus_queue.cc:1048] T 1b01c8fc2bc64bfba3a220dcef94825f P 9263682c5a15478798b3ef7b3f6e2ba1 [LEADER]: Connected to new peer: Peer: permanent_uuid: "f2d73bf9579243429b648e4d37a1d944" member_type: VOTER last_known_addr { host: "127.0.107.193" port: 45433 }, Status: LMP_MISMATCH, Last received: 0.0, Next index: 1, Last known committed idx: 0, Time since last communication: 0.000s
I20260709 12:58:42.569064   641 tablet_service.cc:2072] Received LeaderStepDown RPC: tablet_id: "f966d3625bbf479d879a0c268e4a054e"
dest_uuid: "9263682c5a15478798b3ef7b3f6e2ba1"
mode: GRACEFUL
new_leader_uuid: "f2d73bf9579243429b648e4d37a1d944"
 from {username='slave'} at 127.0.0.1:59994
I20260709 12:58:42.569738   641 raft_consensus.cc:606] T f966d3625bbf479d879a0c268e4a054e P 9263682c5a15478798b3ef7b3f6e2ba1 [term 1 LEADER]: Received request to transfer leadership to TS f2d73bf9579243429b648e4d37a1d944
I20260709 12:58:42.575472   641 tablet_service.cc:2072] Received LeaderStepDown RPC: tablet_id: "8eac9000805a4d39b8746353c771b00b"
dest_uuid: "9263682c5a15478798b3ef7b3f6e2ba1"
mode: GRACEFUL
new_leader_uuid: "f2d73bf9579243429b648e4d37a1d944"
 from {username='slave'} at 127.0.0.1:59994
I20260709 12:58:42.576099   641 raft_consensus.cc:606] T 8eac9000805a4d39b8746353c771b00b P 9263682c5a15478798b3ef7b3f6e2ba1 [term 1 LEADER]: Received request to transfer leadership to TS f2d73bf9579243429b648e4d37a1d944
I20260709 12:58:42.581208   641 tablet_service.cc:2072] Received LeaderStepDown RPC: tablet_id: "f22a2db5f1214ebd9876625140df63bd"
dest_uuid: "9263682c5a15478798b3ef7b3f6e2ba1"
mode: GRACEFUL
new_leader_uuid: "f2d73bf9579243429b648e4d37a1d944"
 from {username='slave'} at 127.0.0.1:59994
I20260709 12:58:42.581748   641 raft_consensus.cc:606] T f22a2db5f1214ebd9876625140df63bd P 9263682c5a15478798b3ef7b3f6e2ba1 [term 1 LEADER]: Received request to transfer leadership to TS f2d73bf9579243429b648e4d37a1d944
I20260709 12:58:42.596236   715 tablet_service.cc:2072] Received LeaderStepDown RPC: tablet_id: "be93915583a84fd99913f3cf3897905c"
dest_uuid: "1b4e394500c44c709752771d1eb2deee"
mode: GRACEFUL
new_leader_uuid: "9263682c5a15478798b3ef7b3f6e2ba1"
 from {username='slave'} at 127.0.0.1:48742
I20260709 12:58:42.596791   715 raft_consensus.cc:606] T be93915583a84fd99913f3cf3897905c P 1b4e394500c44c709752771d1eb2deee [term 1 LEADER]: Received request to transfer leadership to TS 9263682c5a15478798b3ef7b3f6e2ba1
I20260709 12:58:42.612423   565 tablet_service.cc:2072] Received LeaderStepDown RPC: tablet_id: "df553ac275fd489e80037eee3690a717"
dest_uuid: "f2d73bf9579243429b648e4d37a1d944"
mode: GRACEFUL
new_leader_uuid: "9263682c5a15478798b3ef7b3f6e2ba1"
 from {username='slave'} at 127.0.0.1:51298
I20260709 12:58:42.613068   565 raft_consensus.cc:606] T df553ac275fd489e80037eee3690a717 P f2d73bf9579243429b648e4d37a1d944 [term 1 LEADER]: Received request to transfer leadership to TS 9263682c5a15478798b3ef7b3f6e2ba1
I20260709 12:58:42.618566   565 tablet_service.cc:2072] Received LeaderStepDown RPC: tablet_id: "a7311521ab4c4d10addbf4f042c68dc7"
dest_uuid: "f2d73bf9579243429b648e4d37a1d944"
mode: GRACEFUL
new_leader_uuid: "9263682c5a15478798b3ef7b3f6e2ba1"
 from {username='slave'} at 127.0.0.1:51298
I20260709 12:58:42.619148   565 raft_consensus.cc:606] T a7311521ab4c4d10addbf4f042c68dc7 P f2d73bf9579243429b648e4d37a1d944 [term 1 LEADER]: Received request to transfer leadership to TS 9263682c5a15478798b3ef7b3f6e2ba1
I20260709 12:58:42.697445   779 consensus_queue.cc:1048] T a7311521ab4c4d10addbf4f042c68dc7 P f2d73bf9579243429b648e4d37a1d944 [LEADER]: Connected to new peer: Peer: permanent_uuid: "1b4e394500c44c709752771d1eb2deee" member_type: VOTER last_known_addr { host: "127.0.107.195" port: 43733 }, Status: LMP_MISMATCH, Last received: 0.0, Next index: 1, Last known committed idx: 0, Time since last communication: 0.000s
I20260709 12:58:42.709738   779 consensus_queue.cc:1048] T a7311521ab4c4d10addbf4f042c68dc7 P f2d73bf9579243429b648e4d37a1d944 [LEADER]: Connected to new peer: Peer: permanent_uuid: "9263682c5a15478798b3ef7b3f6e2ba1" member_type: VOTER last_known_addr { host: "127.0.107.194" port: 33989 }, Status: LMP_MISMATCH, Last received: 0.0, Next index: 1, Last known committed idx: 0, Time since last communication: 0.001s
I20260709 12:58:42.721966   766 raft_consensus.cc:993] T a7311521ab4c4d10addbf4f042c68dc7 P f2d73bf9579243429b648e4d37a1d944: : Instructing follower 9263682c5a15478798b3ef7b3f6e2ba1 to start an election
I20260709 12:58:42.722453   766 raft_consensus.cc:1081] T a7311521ab4c4d10addbf4f042c68dc7 P f2d73bf9579243429b648e4d37a1d944 [term 1 LEADER]: Signalling peer 9263682c5a15478798b3ef7b3f6e2ba1 to start an election
I20260709 12:58:42.724330   641 tablet_service.cc:2044] Received Run Leader Election RPC: tablet_id: "a7311521ab4c4d10addbf4f042c68dc7"
dest_uuid: "9263682c5a15478798b3ef7b3f6e2ba1"
 from {username='slave'} at 127.0.0.1:59990
I20260709 12:58:42.725008   641 raft_consensus.cc:493] T a7311521ab4c4d10addbf4f042c68dc7 P 9263682c5a15478798b3ef7b3f6e2ba1 [term 1 FOLLOWER]: Starting forced leader election (received explicit request)
I20260709 12:58:42.725384   641 raft_consensus.cc:3060] T a7311521ab4c4d10addbf4f042c68dc7 P 9263682c5a15478798b3ef7b3f6e2ba1 [term 1 FOLLOWER]: Advancing to term 2
I20260709 12:58:42.732409   641 raft_consensus.cc:515] T a7311521ab4c4d10addbf4f042c68dc7 P 9263682c5a15478798b3ef7b3f6e2ba1 [term 2 FOLLOWER]: Starting forced leader election with config: opid_index: -1 OBSOLETE_local: false peers { permanent_uuid: "f2d73bf9579243429b648e4d37a1d944" member_type: VOTER last_known_addr { host: "127.0.107.193" port: 45433 } } peers { permanent_uuid: "9263682c5a15478798b3ef7b3f6e2ba1" member_type: VOTER last_known_addr { host: "127.0.107.194" port: 33989 } } peers { permanent_uuid: "1b4e394500c44c709752771d1eb2deee" member_type: VOTER last_known_addr { host: "127.0.107.195" port: 43733 } }
I20260709 12:58:42.734452   641 leader_election.cc:290] T a7311521ab4c4d10addbf4f042c68dc7 P 9263682c5a15478798b3ef7b3f6e2ba1 [CANDIDATE]: Term 2 election: Requested vote from peers f2d73bf9579243429b648e4d37a1d944 (127.0.107.193:45433), 1b4e394500c44c709752771d1eb2deee (127.0.107.195:43733)
I20260709 12:58:42.735561   565 tablet_service.cc:1917] Received RequestConsensusVote() RPC: tablet_id: "a7311521ab4c4d10addbf4f042c68dc7" candidate_uuid: "9263682c5a15478798b3ef7b3f6e2ba1" candidate_term: 2 candidate_status { last_received { term: 1 index: 1 } } ignore_live_leader: true dest_uuid: "f2d73bf9579243429b648e4d37a1d944"
I20260709 12:58:42.736176   565 raft_consensus.cc:3055] T a7311521ab4c4d10addbf4f042c68dc7 P f2d73bf9579243429b648e4d37a1d944 [term 1 LEADER]: Stepping down as leader of term 1
I20260709 12:58:42.736481   565 raft_consensus.cc:740] T a7311521ab4c4d10addbf4f042c68dc7 P f2d73bf9579243429b648e4d37a1d944 [term 1 LEADER]: Becoming Follower/Learner. State: Replica: f2d73bf9579243429b648e4d37a1d944, State: Running, Role: LEADER
I20260709 12:58:42.736809   715 tablet_service.cc:1917] Received RequestConsensusVote() RPC: tablet_id: "a7311521ab4c4d10addbf4f042c68dc7" candidate_uuid: "9263682c5a15478798b3ef7b3f6e2ba1" candidate_term: 2 candidate_status { last_received { term: 1 index: 1 } } ignore_live_leader: true dest_uuid: "1b4e394500c44c709752771d1eb2deee"
I20260709 12:58:42.737360   715 raft_consensus.cc:3060] T a7311521ab4c4d10addbf4f042c68dc7 P 1b4e394500c44c709752771d1eb2deee [term 1 FOLLOWER]: Advancing to term 2
I20260709 12:58:42.737277   565 consensus_queue.cc:260] T a7311521ab4c4d10addbf4f042c68dc7 P f2d73bf9579243429b648e4d37a1d944 [NON_LEADER]: Queue going to NON_LEADER mode. State: All replicated index: 0, Majority replicated index: 1, Committed index: 1, Last appended: 1.1, Last appended by leader: 1, Current term: 1, Majority size: -1, State: 0, Mode: NON_LEADER, active raft config: opid_index: -1 OBSOLETE_local: false peers { permanent_uuid: "f2d73bf9579243429b648e4d37a1d944" member_type: VOTER last_known_addr { host: "127.0.107.193" port: 45433 } } peers { permanent_uuid: "9263682c5a15478798b3ef7b3f6e2ba1" member_type: VOTER last_known_addr { host: "127.0.107.194" port: 33989 } } peers { permanent_uuid: "1b4e394500c44c709752771d1eb2deee" member_type: VOTER last_known_addr { host: "127.0.107.195" port: 43733 } }
I20260709 12:58:42.738757   565 raft_consensus.cc:3060] T a7311521ab4c4d10addbf4f042c68dc7 P f2d73bf9579243429b648e4d37a1d944 [term 1 FOLLOWER]: Advancing to term 2
I20260709 12:58:42.743203   565 raft_consensus.cc:2468] T a7311521ab4c4d10addbf4f042c68dc7 P f2d73bf9579243429b648e4d37a1d944 [term 2 FOLLOWER]: Leader election vote request: Granting yes vote for candidate 9263682c5a15478798b3ef7b3f6e2ba1 in term 2.
I20260709 12:58:42.744308   607 leader_election.cc:304] T a7311521ab4c4d10addbf4f042c68dc7 P 9263682c5a15478798b3ef7b3f6e2ba1 [CANDIDATE]: Term 2 election: Election decided. Result: candidate won. Election summary: received 2 responses out of 3 voters: 2 yes votes; 0 no votes. yes voters: 9263682c5a15478798b3ef7b3f6e2ba1, f2d73bf9579243429b648e4d37a1d944; no voters: 
I20260709 12:58:42.745048   715 raft_consensus.cc:2468] T a7311521ab4c4d10addbf4f042c68dc7 P 1b4e394500c44c709752771d1eb2deee [term 2 FOLLOWER]: Leader election vote request: Granting yes vote for candidate 9263682c5a15478798b3ef7b3f6e2ba1 in term 2.
I20260709 12:58:42.745193   800 raft_consensus.cc:2804] T a7311521ab4c4d10addbf4f042c68dc7 P 9263682c5a15478798b3ef7b3f6e2ba1 [term 2 FOLLOWER]: Leader election won for term 2
I20260709 12:58:42.745704   800 raft_consensus.cc:697] T a7311521ab4c4d10addbf4f042c68dc7 P 9263682c5a15478798b3ef7b3f6e2ba1 [term 2 LEADER]: Becoming Leader. State: Replica: 9263682c5a15478798b3ef7b3f6e2ba1, State: Running, Role: LEADER
I20260709 12:58:42.746551   800 consensus_queue.cc:237] T a7311521ab4c4d10addbf4f042c68dc7 P 9263682c5a15478798b3ef7b3f6e2ba1 [LEADER]: Queue going to LEADER mode. State: All replicated index: 0, Majority replicated index: 1, Committed index: 1, Last appended: 1.1, Last appended by leader: 1, Current term: 2, Majority size: 2, State: 0, Mode: LEADER, active raft config: opid_index: -1 OBSOLETE_local: false peers { permanent_uuid: "f2d73bf9579243429b648e4d37a1d944" member_type: VOTER last_known_addr { host: "127.0.107.193" port: 45433 } } peers { permanent_uuid: "9263682c5a15478798b3ef7b3f6e2ba1" member_type: VOTER last_known_addr { host: "127.0.107.194" port: 33989 } } peers { permanent_uuid: "1b4e394500c44c709752771d1eb2deee" member_type: VOTER last_known_addr { host: "127.0.107.195" port: 43733 } }
I20260709 12:58:42.753365   463 catalog_manager.cc:5697] T a7311521ab4c4d10addbf4f042c68dc7 P 9263682c5a15478798b3ef7b3f6e2ba1 reported cstate change: term changed from 1 to 2, leader changed from f2d73bf9579243429b648e4d37a1d944 (127.0.107.193) to 9263682c5a15478798b3ef7b3f6e2ba1 (127.0.107.194). New cstate: current_term: 2 leader_uuid: "9263682c5a15478798b3ef7b3f6e2ba1" committed_config { opid_index: -1 OBSOLETE_local: false peers { permanent_uuid: "f2d73bf9579243429b648e4d37a1d944" member_type: VOTER last_known_addr { host: "127.0.107.193" port: 45433 } health_report { overall_health: UNKNOWN } } peers { permanent_uuid: "9263682c5a15478798b3ef7b3f6e2ba1" member_type: VOTER last_known_addr { host: "127.0.107.194" port: 33989 } health_report { overall_health: HEALTHY } } peers { permanent_uuid: "1b4e394500c44c709752771d1eb2deee" member_type: VOTER last_known_addr { host: "127.0.107.195" port: 43733 } health_report { overall_health: UNKNOWN } } }
I20260709 12:58:42.806303   800 raft_consensus.cc:993] T f22a2db5f1214ebd9876625140df63bd P 9263682c5a15478798b3ef7b3f6e2ba1: : Instructing follower f2d73bf9579243429b648e4d37a1d944 to start an election
I20260709 12:58:42.806934   765 raft_consensus.cc:993] T 8eac9000805a4d39b8746353c771b00b P 9263682c5a15478798b3ef7b3f6e2ba1: : Instructing follower f2d73bf9579243429b648e4d37a1d944 to start an election
I20260709 12:58:42.806975   791 raft_consensus.cc:1081] T f22a2db5f1214ebd9876625140df63bd P 9263682c5a15478798b3ef7b3f6e2ba1 [term 1 LEADER]: Signalling peer f2d73bf9579243429b648e4d37a1d944 to start an election
I20260709 12:58:42.807451   765 raft_consensus.cc:1081] T 8eac9000805a4d39b8746353c771b00b P 9263682c5a15478798b3ef7b3f6e2ba1 [term 1 LEADER]: Signalling peer f2d73bf9579243429b648e4d37a1d944 to start an election
I20260709 12:58:42.809020   564 tablet_service.cc:2044] Received Run Leader Election RPC: tablet_id: "f22a2db5f1214ebd9876625140df63bd"
dest_uuid: "f2d73bf9579243429b648e4d37a1d944"
 from {username='slave'} at 127.0.0.1:51284
I20260709 12:58:42.809626   564 raft_consensus.cc:493] T f22a2db5f1214ebd9876625140df63bd P f2d73bf9579243429b648e4d37a1d944 [term 1 FOLLOWER]: Starting forced leader election (received explicit request)
I20260709 12:58:42.809558   565 tablet_service.cc:2044] Received Run Leader Election RPC: tablet_id: "8eac9000805a4d39b8746353c771b00b"
dest_uuid: "f2d73bf9579243429b648e4d37a1d944"
 from {username='slave'} at 127.0.0.1:51284
I20260709 12:58:42.810097   564 raft_consensus.cc:3060] T f22a2db5f1214ebd9876625140df63bd P f2d73bf9579243429b648e4d37a1d944 [term 1 FOLLOWER]: Advancing to term 2
I20260709 12:58:42.810340   565 raft_consensus.cc:493] T 8eac9000805a4d39b8746353c771b00b P f2d73bf9579243429b648e4d37a1d944 [term 1 FOLLOWER]: Starting forced leader election (received explicit request)
I20260709 12:58:42.810842   565 raft_consensus.cc:3060] T 8eac9000805a4d39b8746353c771b00b P f2d73bf9579243429b648e4d37a1d944 [term 1 FOLLOWER]: Advancing to term 2
I20260709 12:58:42.817632   565 raft_consensus.cc:515] T 8eac9000805a4d39b8746353c771b00b P f2d73bf9579243429b648e4d37a1d944 [term 2 FOLLOWER]: Starting forced leader election with config: opid_index: -1 OBSOLETE_local: false peers { permanent_uuid: "f2d73bf9579243429b648e4d37a1d944" member_type: VOTER last_known_addr { host: "127.0.107.193" port: 45433 } } peers { permanent_uuid: "9263682c5a15478798b3ef7b3f6e2ba1" member_type: VOTER last_known_addr { host: "127.0.107.194" port: 33989 } } peers { permanent_uuid: "1b4e394500c44c709752771d1eb2deee" member_type: VOTER last_known_addr { host: "127.0.107.195" port: 43733 } }
I20260709 12:58:42.817601   564 raft_consensus.cc:515] T f22a2db5f1214ebd9876625140df63bd P f2d73bf9579243429b648e4d37a1d944 [term 2 FOLLOWER]: Starting forced leader election with config: opid_index: -1 OBSOLETE_local: false peers { permanent_uuid: "f2d73bf9579243429b648e4d37a1d944" member_type: VOTER last_known_addr { host: "127.0.107.193" port: 45433 } } peers { permanent_uuid: "9263682c5a15478798b3ef7b3f6e2ba1" member_type: VOTER last_known_addr { host: "127.0.107.194" port: 33989 } } peers { permanent_uuid: "1b4e394500c44c709752771d1eb2deee" member_type: VOTER last_known_addr { host: "127.0.107.195" port: 43733 } }
I20260709 12:58:42.820197   564 leader_election.cc:290] T f22a2db5f1214ebd9876625140df63bd P f2d73bf9579243429b648e4d37a1d944 [CANDIDATE]: Term 2 election: Requested vote from peers 9263682c5a15478798b3ef7b3f6e2ba1 (127.0.107.194:33989), 1b4e394500c44c709752771d1eb2deee (127.0.107.195:43733)
I20260709 12:58:42.821095   565 leader_election.cc:290] T 8eac9000805a4d39b8746353c771b00b P f2d73bf9579243429b648e4d37a1d944 [CANDIDATE]: Term 2 election: Requested vote from peers 9263682c5a15478798b3ef7b3f6e2ba1 (127.0.107.194:33989), 1b4e394500c44c709752771d1eb2deee (127.0.107.195:43733)
I20260709 12:58:42.821815   641 tablet_service.cc:1917] Received RequestConsensusVote() RPC: tablet_id: "8eac9000805a4d39b8746353c771b00b" candidate_uuid: "f2d73bf9579243429b648e4d37a1d944" candidate_term: 2 candidate_status { last_received { term: 1 index: 1 } } ignore_live_leader: true dest_uuid: "9263682c5a15478798b3ef7b3f6e2ba1"
I20260709 12:58:42.822417   641 raft_consensus.cc:3055] T 8eac9000805a4d39b8746353c771b00b P 9263682c5a15478798b3ef7b3f6e2ba1 [term 1 LEADER]: Stepping down as leader of term 1
I20260709 12:58:42.822485   713 tablet_service.cc:1917] Received RequestConsensusVote() RPC: tablet_id: "8eac9000805a4d39b8746353c771b00b" candidate_uuid: "f2d73bf9579243429b648e4d37a1d944" candidate_term: 2 candidate_status { last_received { term: 1 index: 1 } } ignore_live_leader: true dest_uuid: "1b4e394500c44c709752771d1eb2deee"
I20260709 12:58:42.822801   641 raft_consensus.cc:740] T 8eac9000805a4d39b8746353c771b00b P 9263682c5a15478798b3ef7b3f6e2ba1 [term 1 LEADER]: Becoming Follower/Learner. State: Replica: 9263682c5a15478798b3ef7b3f6e2ba1, State: Running, Role: LEADER
I20260709 12:58:42.823143   713 raft_consensus.cc:3060] T 8eac9000805a4d39b8746353c771b00b P 1b4e394500c44c709752771d1eb2deee [term 1 FOLLOWER]: Advancing to term 2
I20260709 12:58:42.822510   715 tablet_service.cc:1917] Received RequestConsensusVote() RPC: tablet_id: "f22a2db5f1214ebd9876625140df63bd" candidate_uuid: "f2d73bf9579243429b648e4d37a1d944" candidate_term: 2 candidate_status { last_received { term: 1 index: 1 } } ignore_live_leader: true dest_uuid: "1b4e394500c44c709752771d1eb2deee"
I20260709 12:58:42.824158   715 raft_consensus.cc:3060] T f22a2db5f1214ebd9876625140df63bd P 1b4e394500c44c709752771d1eb2deee [term 1 FOLLOWER]: Advancing to term 2
I20260709 12:58:42.823714   641 consensus_queue.cc:260] T 8eac9000805a4d39b8746353c771b00b P 9263682c5a15478798b3ef7b3f6e2ba1 [NON_LEADER]: Queue going to NON_LEADER mode. State: All replicated index: 0, Majority replicated index: 1, Committed index: 1, Last appended: 1.1, Last appended by leader: 1, Current term: 1, Majority size: -1, State: 0, Mode: NON_LEADER, active raft config: opid_index: -1 OBSOLETE_local: false peers { permanent_uuid: "f2d73bf9579243429b648e4d37a1d944" member_type: VOTER last_known_addr { host: "127.0.107.193" port: 45433 } } peers { permanent_uuid: "9263682c5a15478798b3ef7b3f6e2ba1" member_type: VOTER last_known_addr { host: "127.0.107.194" port: 33989 } } peers { permanent_uuid: "1b4e394500c44c709752771d1eb2deee" member_type: VOTER last_known_addr { host: "127.0.107.195" port: 43733 } }
I20260709 12:58:42.825037   641 raft_consensus.cc:3060] T 8eac9000805a4d39b8746353c771b00b P 9263682c5a15478798b3ef7b3f6e2ba1 [term 1 FOLLOWER]: Advancing to term 2
I20260709 12:58:42.828461   640 tablet_service.cc:1917] Received RequestConsensusVote() RPC: tablet_id: "f22a2db5f1214ebd9876625140df63bd" candidate_uuid: "f2d73bf9579243429b648e4d37a1d944" candidate_term: 2 candidate_status { last_received { term: 1 index: 1 } } ignore_live_leader: true dest_uuid: "9263682c5a15478798b3ef7b3f6e2ba1"
I20260709 12:58:42.829288   640 raft_consensus.cc:3055] T f22a2db5f1214ebd9876625140df63bd P 9263682c5a15478798b3ef7b3f6e2ba1 [term 1 LEADER]: Stepping down as leader of term 1
I20260709 12:58:42.829715   640 raft_consensus.cc:740] T f22a2db5f1214ebd9876625140df63bd P 9263682c5a15478798b3ef7b3f6e2ba1 [term 1 LEADER]: Becoming Follower/Learner. State: Replica: 9263682c5a15478798b3ef7b3f6e2ba1, State: Running, Role: LEADER
I20260709 12:58:42.830675   640 consensus_queue.cc:260] T f22a2db5f1214ebd9876625140df63bd P 9263682c5a15478798b3ef7b3f6e2ba1 [NON_LEADER]: Queue going to NON_LEADER mode. State: All replicated index: 0, Majority replicated index: 1, Committed index: 1, Last appended: 1.1, Last appended by leader: 1, Current term: 1, Majority size: -1, State: 0, Mode: NON_LEADER, active raft config: opid_index: -1 OBSOLETE_local: false peers { permanent_uuid: "f2d73bf9579243429b648e4d37a1d944" member_type: VOTER last_known_addr { host: "127.0.107.193" port: 45433 } } peers { permanent_uuid: "9263682c5a15478798b3ef7b3f6e2ba1" member_type: VOTER last_known_addr { host: "127.0.107.194" port: 33989 } } peers { permanent_uuid: "1b4e394500c44c709752771d1eb2deee" member_type: VOTER last_known_addr { host: "127.0.107.195" port: 43733 } }
I20260709 12:58:42.831209   713 raft_consensus.cc:2468] T 8eac9000805a4d39b8746353c771b00b P 1b4e394500c44c709752771d1eb2deee [term 2 FOLLOWER]: Leader election vote request: Granting yes vote for candidate f2d73bf9579243429b648e4d37a1d944 in term 2.
I20260709 12:58:42.831769   715 raft_consensus.cc:2468] T f22a2db5f1214ebd9876625140df63bd P 1b4e394500c44c709752771d1eb2deee [term 2 FOLLOWER]: Leader election vote request: Granting yes vote for candidate f2d73bf9579243429b648e4d37a1d944 in term 2.
I20260709 12:58:42.832661   640 raft_consensus.cc:3060] T f22a2db5f1214ebd9876625140df63bd P 9263682c5a15478798b3ef7b3f6e2ba1 [term 1 FOLLOWER]: Advancing to term 2
I20260709 12:58:42.833202   529 leader_election.cc:304] T 8eac9000805a4d39b8746353c771b00b P f2d73bf9579243429b648e4d37a1d944 [CANDIDATE]: Term 2 election: Election decided. Result: candidate won. Election summary: received 2 responses out of 3 voters: 2 yes votes; 0 no votes. yes voters: 1b4e394500c44c709752771d1eb2deee, f2d73bf9579243429b648e4d37a1d944; no voters: 
I20260709 12:58:42.834173   529 leader_election.cc:304] T f22a2db5f1214ebd9876625140df63bd P f2d73bf9579243429b648e4d37a1d944 [CANDIDATE]: Term 2 election: Election decided. Result: candidate won. Election summary: received 2 responses out of 3 voters: 2 yes votes; 0 no votes. yes voters: 1b4e394500c44c709752771d1eb2deee, f2d73bf9579243429b648e4d37a1d944; no voters: 
I20260709 12:58:42.834951   779 raft_consensus.cc:2804] T 8eac9000805a4d39b8746353c771b00b P f2d73bf9579243429b648e4d37a1d944 [term 2 FOLLOWER]: Leader election won for term 2
I20260709 12:58:42.835037   766 raft_consensus.cc:2804] T f22a2db5f1214ebd9876625140df63bd P f2d73bf9579243429b648e4d37a1d944 [term 2 FOLLOWER]: Leader election won for term 2
I20260709 12:58:42.835551   779 raft_consensus.cc:697] T 8eac9000805a4d39b8746353c771b00b P f2d73bf9579243429b648e4d37a1d944 [term 2 LEADER]: Becoming Leader. State: Replica: f2d73bf9579243429b648e4d37a1d944, State: Running, Role: LEADER
I20260709 12:58:42.835647   766 raft_consensus.cc:697] T f22a2db5f1214ebd9876625140df63bd P f2d73bf9579243429b648e4d37a1d944 [term 2 LEADER]: Becoming Leader. State: Replica: f2d73bf9579243429b648e4d37a1d944, State: Running, Role: LEADER
I20260709 12:58:42.836684   779 consensus_queue.cc:237] T 8eac9000805a4d39b8746353c771b00b P f2d73bf9579243429b648e4d37a1d944 [LEADER]: Queue going to LEADER mode. State: All replicated index: 0, Majority replicated index: 1, Committed index: 1, Last appended: 1.1, Last appended by leader: 1, Current term: 2, Majority size: 2, State: 0, Mode: LEADER, active raft config: opid_index: -1 OBSOLETE_local: false peers { permanent_uuid: "f2d73bf9579243429b648e4d37a1d944" member_type: VOTER last_known_addr { host: "127.0.107.193" port: 45433 } } peers { permanent_uuid: "9263682c5a15478798b3ef7b3f6e2ba1" member_type: VOTER last_known_addr { host: "127.0.107.194" port: 33989 } } peers { permanent_uuid: "1b4e394500c44c709752771d1eb2deee" member_type: VOTER last_known_addr { host: "127.0.107.195" port: 43733 } }
I20260709 12:58:42.836870   766 consensus_queue.cc:237] T f22a2db5f1214ebd9876625140df63bd P f2d73bf9579243429b648e4d37a1d944 [LEADER]: Queue going to LEADER mode. State: All replicated index: 0, Majority replicated index: 1, Committed index: 1, Last appended: 1.1, Last appended by leader: 1, Current term: 2, Majority size: 2, State: 0, Mode: LEADER, active raft config: opid_index: -1 OBSOLETE_local: false peers { permanent_uuid: "f2d73bf9579243429b648e4d37a1d944" member_type: VOTER last_known_addr { host: "127.0.107.193" port: 45433 } } peers { permanent_uuid: "9263682c5a15478798b3ef7b3f6e2ba1" member_type: VOTER last_known_addr { host: "127.0.107.194" port: 33989 } } peers { permanent_uuid: "1b4e394500c44c709752771d1eb2deee" member_type: VOTER last_known_addr { host: "127.0.107.195" port: 43733 } }
I20260709 12:58:42.838562   641 raft_consensus.cc:2468] T 8eac9000805a4d39b8746353c771b00b P 9263682c5a15478798b3ef7b3f6e2ba1 [term 2 FOLLOWER]: Leader election vote request: Granting yes vote for candidate f2d73bf9579243429b648e4d37a1d944 in term 2.
I20260709 12:58:42.845570   640 raft_consensus.cc:2468] T f22a2db5f1214ebd9876625140df63bd P 9263682c5a15478798b3ef7b3f6e2ba1 [term 2 FOLLOWER]: Leader election vote request: Granting yes vote for candidate f2d73bf9579243429b648e4d37a1d944 in term 2.
I20260709 12:58:42.846529   463 catalog_manager.cc:5697] T 8eac9000805a4d39b8746353c771b00b P f2d73bf9579243429b648e4d37a1d944 reported cstate change: term changed from 1 to 2, leader changed from 9263682c5a15478798b3ef7b3f6e2ba1 (127.0.107.194) to f2d73bf9579243429b648e4d37a1d944 (127.0.107.193). New cstate: current_term: 2 leader_uuid: "f2d73bf9579243429b648e4d37a1d944" committed_config { opid_index: -1 OBSOLETE_local: false peers { permanent_uuid: "f2d73bf9579243429b648e4d37a1d944" member_type: VOTER last_known_addr { host: "127.0.107.193" port: 45433 } health_report { overall_health: HEALTHY } } peers { permanent_uuid: "9263682c5a15478798b3ef7b3f6e2ba1" member_type: VOTER last_known_addr { host: "127.0.107.194" port: 33989 } health_report { overall_health: UNKNOWN } } peers { permanent_uuid: "1b4e394500c44c709752771d1eb2deee" member_type: VOTER last_known_addr { host: "127.0.107.195" port: 43733 } health_report { overall_health: UNKNOWN } } }
I20260709 12:58:42.848198   463 catalog_manager.cc:5697] T f22a2db5f1214ebd9876625140df63bd P f2d73bf9579243429b648e4d37a1d944 reported cstate change: term changed from 1 to 2, leader changed from 9263682c5a15478798b3ef7b3f6e2ba1 (127.0.107.194) to f2d73bf9579243429b648e4d37a1d944 (127.0.107.193). New cstate: current_term: 2 leader_uuid: "f2d73bf9579243429b648e4d37a1d944" committed_config { opid_index: -1 OBSOLETE_local: false peers { permanent_uuid: "f2d73bf9579243429b648e4d37a1d944" member_type: VOTER last_known_addr { host: "127.0.107.193" port: 45433 } health_report { overall_health: HEALTHY } } peers { permanent_uuid: "9263682c5a15478798b3ef7b3f6e2ba1" member_type: VOTER last_known_addr { host: "127.0.107.194" port: 33989 } health_report { overall_health: UNKNOWN } } peers { permanent_uuid: "1b4e394500c44c709752771d1eb2deee" member_type: VOTER last_known_addr { host: "127.0.107.195" port: 43733 } health_report { overall_health: UNKNOWN } } }
I20260709 12:58:42.852092   766 raft_consensus.cc:993] T df553ac275fd489e80037eee3690a717 P f2d73bf9579243429b648e4d37a1d944: : Instructing follower 9263682c5a15478798b3ef7b3f6e2ba1 to start an election
I20260709 12:58:42.852571   779 raft_consensus.cc:1081] T df553ac275fd489e80037eee3690a717 P f2d73bf9579243429b648e4d37a1d944 [term 1 LEADER]: Signalling peer 9263682c5a15478798b3ef7b3f6e2ba1 to start an election
I20260709 12:58:42.854164   640 tablet_service.cc:2044] Received Run Leader Election RPC: tablet_id: "df553ac275fd489e80037eee3690a717"
dest_uuid: "9263682c5a15478798b3ef7b3f6e2ba1"
 from {username='slave'} at 127.0.0.1:59990
I20260709 12:58:42.854795   640 raft_consensus.cc:493] T df553ac275fd489e80037eee3690a717 P 9263682c5a15478798b3ef7b3f6e2ba1 [term 1 FOLLOWER]: Starting forced leader election (received explicit request)
I20260709 12:58:42.855177   640 raft_consensus.cc:3060] T df553ac275fd489e80037eee3690a717 P 9263682c5a15478798b3ef7b3f6e2ba1 [term 1 FOLLOWER]: Advancing to term 2
I20260709 12:58:42.861726   640 raft_consensus.cc:515] T df553ac275fd489e80037eee3690a717 P 9263682c5a15478798b3ef7b3f6e2ba1 [term 2 FOLLOWER]: Starting forced leader election with config: opid_index: -1 OBSOLETE_local: false peers { permanent_uuid: "f2d73bf9579243429b648e4d37a1d944" member_type: VOTER last_known_addr { host: "127.0.107.193" port: 45433 } } peers { permanent_uuid: "9263682c5a15478798b3ef7b3f6e2ba1" member_type: VOTER last_known_addr { host: "127.0.107.194" port: 33989 } } peers { permanent_uuid: "1b4e394500c44c709752771d1eb2deee" member_type: VOTER last_known_addr { host: "127.0.107.195" port: 43733 } }
I20260709 12:58:42.864311   565 tablet_service.cc:1917] Received RequestConsensusVote() RPC: tablet_id: "df553ac275fd489e80037eee3690a717" candidate_uuid: "9263682c5a15478798b3ef7b3f6e2ba1" candidate_term: 2 candidate_status { last_received { term: 1 index: 1 } } ignore_live_leader: true dest_uuid: "f2d73bf9579243429b648e4d37a1d944"
I20260709 12:58:42.864490   713 tablet_service.cc:1917] Received RequestConsensusVote() RPC: tablet_id: "df553ac275fd489e80037eee3690a717" candidate_uuid: "9263682c5a15478798b3ef7b3f6e2ba1" candidate_term: 2 candidate_status { last_received { term: 1 index: 1 } } ignore_live_leader: true dest_uuid: "1b4e394500c44c709752771d1eb2deee"
I20260709 12:58:42.865049   713 raft_consensus.cc:3060] T df553ac275fd489e80037eee3690a717 P 1b4e394500c44c709752771d1eb2deee [term 1 FOLLOWER]: Advancing to term 2
I20260709 12:58:42.865309   565 raft_consensus.cc:3055] T df553ac275fd489e80037eee3690a717 P f2d73bf9579243429b648e4d37a1d944 [term 1 LEADER]: Stepping down as leader of term 1
I20260709 12:58:42.865749   565 raft_consensus.cc:740] T df553ac275fd489e80037eee3690a717 P f2d73bf9579243429b648e4d37a1d944 [term 1 LEADER]: Becoming Follower/Learner. State: Replica: f2d73bf9579243429b648e4d37a1d944, State: Running, Role: LEADER
I20260709 12:58:42.865046   640 leader_election.cc:290] T df553ac275fd489e80037eee3690a717 P 9263682c5a15478798b3ef7b3f6e2ba1 [CANDIDATE]: Term 2 election: Requested vote from peers f2d73bf9579243429b648e4d37a1d944 (127.0.107.193:45433), 1b4e394500c44c709752771d1eb2deee (127.0.107.195:43733)
I20260709 12:58:42.866751   565 consensus_queue.cc:260] T df553ac275fd489e80037eee3690a717 P f2d73bf9579243429b648e4d37a1d944 [NON_LEADER]: Queue going to NON_LEADER mode. State: All replicated index: 0, Majority replicated index: 1, Committed index: 1, Last appended: 1.1, Last appended by leader: 1, Current term: 1, Majority size: -1, State: 0, Mode: NON_LEADER, active raft config: opid_index: -1 OBSOLETE_local: false peers { permanent_uuid: "f2d73bf9579243429b648e4d37a1d944" member_type: VOTER last_known_addr { host: "127.0.107.193" port: 45433 } } peers { permanent_uuid: "9263682c5a15478798b3ef7b3f6e2ba1" member_type: VOTER last_known_addr { host: "127.0.107.194" port: 33989 } } peers { permanent_uuid: "1b4e394500c44c709752771d1eb2deee" member_type: VOTER last_known_addr { host: "127.0.107.195" port: 43733 } }
I20260709 12:58:42.868058   565 raft_consensus.cc:3060] T df553ac275fd489e80037eee3690a717 P f2d73bf9579243429b648e4d37a1d944 [term 1 FOLLOWER]: Advancing to term 2
I20260709 12:58:42.872432   713 raft_consensus.cc:2468] T df553ac275fd489e80037eee3690a717 P 1b4e394500c44c709752771d1eb2deee [term 2 FOLLOWER]: Leader election vote request: Granting yes vote for candidate 9263682c5a15478798b3ef7b3f6e2ba1 in term 2.
I20260709 12:58:42.873693   604 leader_election.cc:304] T df553ac275fd489e80037eee3690a717 P 9263682c5a15478798b3ef7b3f6e2ba1 [CANDIDATE]: Term 2 election: Election decided. Result: candidate won. Election summary: received 2 responses out of 3 voters: 2 yes votes; 0 no votes. yes voters: 1b4e394500c44c709752771d1eb2deee, 9263682c5a15478798b3ef7b3f6e2ba1; no voters: 
I20260709 12:58:42.874563   765 raft_consensus.cc:2804] T df553ac275fd489e80037eee3690a717 P 9263682c5a15478798b3ef7b3f6e2ba1 [term 2 FOLLOWER]: Leader election won for term 2
I20260709 12:58:42.875109   765 raft_consensus.cc:697] T df553ac275fd489e80037eee3690a717 P 9263682c5a15478798b3ef7b3f6e2ba1 [term 2 LEADER]: Becoming Leader. State: Replica: 9263682c5a15478798b3ef7b3f6e2ba1, State: Running, Role: LEADER
I20260709 12:58:42.875264   565 raft_consensus.cc:2468] T df553ac275fd489e80037eee3690a717 P f2d73bf9579243429b648e4d37a1d944 [term 2 FOLLOWER]: Leader election vote request: Granting yes vote for candidate 9263682c5a15478798b3ef7b3f6e2ba1 in term 2.
I20260709 12:58:42.876096   765 consensus_queue.cc:237] T df553ac275fd489e80037eee3690a717 P 9263682c5a15478798b3ef7b3f6e2ba1 [LEADER]: Queue going to LEADER mode. State: All replicated index: 0, Majority replicated index: 1, Committed index: 1, Last appended: 1.1, Last appended by leader: 1, Current term: 2, Majority size: 2, State: 0, Mode: LEADER, active raft config: opid_index: -1 OBSOLETE_local: false peers { permanent_uuid: "f2d73bf9579243429b648e4d37a1d944" member_type: VOTER last_known_addr { host: "127.0.107.193" port: 45433 } } peers { permanent_uuid: "9263682c5a15478798b3ef7b3f6e2ba1" member_type: VOTER last_known_addr { host: "127.0.107.194" port: 33989 } } peers { permanent_uuid: "1b4e394500c44c709752771d1eb2deee" member_type: VOTER last_known_addr { host: "127.0.107.195" port: 43733 } }
I20260709 12:58:42.883307   825 consensus_queue.cc:1048] T 67e51f2108504c82b63504a8d3ae5562 P 1b4e394500c44c709752771d1eb2deee [LEADER]: Connected to new peer: Peer: permanent_uuid: "f2d73bf9579243429b648e4d37a1d944" member_type: VOTER last_known_addr { host: "127.0.107.193" port: 45433 }, Status: LMP_MISMATCH, Last received: 0.0, Next index: 1, Last known committed idx: 0, Time since last communication: 0.000s
I20260709 12:58:42.883986   463 catalog_manager.cc:5697] T df553ac275fd489e80037eee3690a717 P 9263682c5a15478798b3ef7b3f6e2ba1 reported cstate change: term changed from 1 to 2, leader changed from f2d73bf9579243429b648e4d37a1d944 (127.0.107.193) to 9263682c5a15478798b3ef7b3f6e2ba1 (127.0.107.194). New cstate: current_term: 2 leader_uuid: "9263682c5a15478798b3ef7b3f6e2ba1" committed_config { opid_index: -1 OBSOLETE_local: false peers { permanent_uuid: "f2d73bf9579243429b648e4d37a1d944" member_type: VOTER last_known_addr { host: "127.0.107.193" port: 45433 } health_report { overall_health: UNKNOWN } } peers { permanent_uuid: "9263682c5a15478798b3ef7b3f6e2ba1" member_type: VOTER last_known_addr { host: "127.0.107.194" port: 33989 } health_report { overall_health: HEALTHY } } peers { permanent_uuid: "1b4e394500c44c709752771d1eb2deee" member_type: VOTER last_known_addr { host: "127.0.107.195" port: 43733 } health_report { overall_health: UNKNOWN } } }
I20260709 12:58:42.902173   825 consensus_queue.cc:1048] T 67e51f2108504c82b63504a8d3ae5562 P 1b4e394500c44c709752771d1eb2deee [LEADER]: Connected to new peer: Peer: permanent_uuid: "9263682c5a15478798b3ef7b3f6e2ba1" member_type: VOTER last_known_addr { host: "127.0.107.194" port: 33989 }, Status: LMP_MISMATCH, Last received: 0.0, Next index: 1, Last known committed idx: 0, Time since last communication: 0.000s
I20260709 12:58:42.927809   826 raft_consensus.cc:993] T be93915583a84fd99913f3cf3897905c P 1b4e394500c44c709752771d1eb2deee: : Instructing follower 9263682c5a15478798b3ef7b3f6e2ba1 to start an election
I20260709 12:58:42.928334   826 raft_consensus.cc:1081] T be93915583a84fd99913f3cf3897905c P 1b4e394500c44c709752771d1eb2deee [term 1 LEADER]: Signalling peer 9263682c5a15478798b3ef7b3f6e2ba1 to start an election
I20260709 12:58:42.930263   641 tablet_service.cc:2044] Received Run Leader Election RPC: tablet_id: "be93915583a84fd99913f3cf3897905c"
dest_uuid: "9263682c5a15478798b3ef7b3f6e2ba1"
 from {username='slave'} at 127.0.0.1:59978
I20260709 12:58:42.930771   641 raft_consensus.cc:493] T be93915583a84fd99913f3cf3897905c P 9263682c5a15478798b3ef7b3f6e2ba1 [term 1 FOLLOWER]: Starting forced leader election (received explicit request)
I20260709 12:58:42.931106   641 raft_consensus.cc:3060] T be93915583a84fd99913f3cf3897905c P 9263682c5a15478798b3ef7b3f6e2ba1 [term 1 FOLLOWER]: Advancing to term 2
I20260709 12:58:42.936244   641 raft_consensus.cc:515] T be93915583a84fd99913f3cf3897905c P 9263682c5a15478798b3ef7b3f6e2ba1 [term 2 FOLLOWER]: Starting forced leader election with config: opid_index: -1 OBSOLETE_local: false peers { permanent_uuid: "f2d73bf9579243429b648e4d37a1d944" member_type: VOTER last_known_addr { host: "127.0.107.193" port: 45433 } } peers { permanent_uuid: "9263682c5a15478798b3ef7b3f6e2ba1" member_type: VOTER last_known_addr { host: "127.0.107.194" port: 33989 } } peers { permanent_uuid: "1b4e394500c44c709752771d1eb2deee" member_type: VOTER last_known_addr { host: "127.0.107.195" port: 43733 } }
I20260709 12:58:42.938894   641 leader_election.cc:290] T be93915583a84fd99913f3cf3897905c P 9263682c5a15478798b3ef7b3f6e2ba1 [CANDIDATE]: Term 2 election: Requested vote from peers f2d73bf9579243429b648e4d37a1d944 (127.0.107.193:45433), 1b4e394500c44c709752771d1eb2deee (127.0.107.195:43733)
I20260709 12:58:42.939182   564 tablet_service.cc:1917] Received RequestConsensusVote() RPC: tablet_id: "be93915583a84fd99913f3cf3897905c" candidate_uuid: "9263682c5a15478798b3ef7b3f6e2ba1" candidate_term: 2 candidate_status { last_received { term: 1 index: 1 } } ignore_live_leader: true dest_uuid: "f2d73bf9579243429b648e4d37a1d944"
I20260709 12:58:42.939635   713 tablet_service.cc:1917] Received RequestConsensusVote() RPC: tablet_id: "be93915583a84fd99913f3cf3897905c" candidate_uuid: "9263682c5a15478798b3ef7b3f6e2ba1" candidate_term: 2 candidate_status { last_received { term: 1 index: 1 } } ignore_live_leader: true dest_uuid: "1b4e394500c44c709752771d1eb2deee"
I20260709 12:58:42.939831   564 raft_consensus.cc:3060] T be93915583a84fd99913f3cf3897905c P f2d73bf9579243429b648e4d37a1d944 [term 1 FOLLOWER]: Advancing to term 2
I20260709 12:58:42.940415   713 raft_consensus.cc:3055] T be93915583a84fd99913f3cf3897905c P 1b4e394500c44c709752771d1eb2deee [term 1 LEADER]: Stepping down as leader of term 1
I20260709 12:58:42.940814   713 raft_consensus.cc:740] T be93915583a84fd99913f3cf3897905c P 1b4e394500c44c709752771d1eb2deee [term 1 LEADER]: Becoming Follower/Learner. State: Replica: 1b4e394500c44c709752771d1eb2deee, State: Running, Role: LEADER
I20260709 12:58:42.941766   713 consensus_queue.cc:260] T be93915583a84fd99913f3cf3897905c P 1b4e394500c44c709752771d1eb2deee [NON_LEADER]: Queue going to NON_LEADER mode. State: All replicated index: 0, Majority replicated index: 1, Committed index: 1, Last appended: 1.1, Last appended by leader: 1, Current term: 1, Majority size: -1, State: 0, Mode: NON_LEADER, active raft config: opid_index: -1 OBSOLETE_local: false peers { permanent_uuid: "f2d73bf9579243429b648e4d37a1d944" member_type: VOTER last_known_addr { host: "127.0.107.193" port: 45433 } } peers { permanent_uuid: "9263682c5a15478798b3ef7b3f6e2ba1" member_type: VOTER last_known_addr { host: "127.0.107.194" port: 33989 } } peers { permanent_uuid: "1b4e394500c44c709752771d1eb2deee" member_type: VOTER last_known_addr { host: "127.0.107.195" port: 43733 } }
I20260709 12:58:42.943079   713 raft_consensus.cc:3060] T be93915583a84fd99913f3cf3897905c P 1b4e394500c44c709752771d1eb2deee [term 1 FOLLOWER]: Advancing to term 2
I20260709 12:58:42.946694   564 raft_consensus.cc:2468] T be93915583a84fd99913f3cf3897905c P f2d73bf9579243429b648e4d37a1d944 [term 2 FOLLOWER]: Leader election vote request: Granting yes vote for candidate 9263682c5a15478798b3ef7b3f6e2ba1 in term 2.
I20260709 12:58:42.947832   607 leader_election.cc:304] T be93915583a84fd99913f3cf3897905c P 9263682c5a15478798b3ef7b3f6e2ba1 [CANDIDATE]: Term 2 election: Election decided. Result: candidate won. Election summary: received 2 responses out of 3 voters: 2 yes votes; 0 no votes. yes voters: 9263682c5a15478798b3ef7b3f6e2ba1, f2d73bf9579243429b648e4d37a1d944; no voters: 
I20260709 12:58:42.948534   765 raft_consensus.cc:2804] T be93915583a84fd99913f3cf3897905c P 9263682c5a15478798b3ef7b3f6e2ba1 [term 2 FOLLOWER]: Leader election won for term 2
