I20260709 12:09:18.518162  9215 raft_consensus.cc:359] T d97bf1c0593e46ee86cf6f7bb26b5ec1 P e2883d92a48f482a8f3d562ba11ed712 [term 0 FOLLOWER]: Replica starting. Triggering 0 pending ops. Active config: opid_index: -1 OBSOLETE_local: false peers { permanent_uuid: "de02969fc50e48219a1a114378c8a825" member_type: VOTER last_known_addr { host: "127.7.175.193" port: 39157 } } peers { permanent_uuid: "03deca4967204312a5d9a2cfbd39c9af" member_type: VOTER last_known_addr { host: "127.7.175.194" port: 44057 } } peers { permanent_uuid: "e2883d92a48f482a8f3d562ba11ed712" member_type: VOTER last_known_addr { host: "127.7.175.195" port: 45035 } }
I20260709 12:09:18.518900  9215 raft_consensus.cc:385] T d97bf1c0593e46ee86cf6f7bb26b5ec1 P e2883d92a48f482a8f3d562ba11ed712 [term 0 FOLLOWER]: Consensus starting up: Expiring failure detector timer to make a prompt election more likely
I20260709 12:09:18.519265  9215 raft_consensus.cc:740] T d97bf1c0593e46ee86cf6f7bb26b5ec1 P e2883d92a48f482a8f3d562ba11ed712 [term 0 FOLLOWER]: Becoming Follower/Learner. State: Replica: e2883d92a48f482a8f3d562ba11ed712, State: Initialized, Role: FOLLOWER
I20260709 12:09:18.519966  9215 consensus_queue.cc:260] T d97bf1c0593e46ee86cf6f7bb26b5ec1 P e2883d92a48f482a8f3d562ba11ed712 [NON_LEADER]: Queue going to NON_LEADER mode. State: All replicated index: 0, Majority replicated index: 0, Committed index: 0, Last appended: 0.0, Last appended by leader: 0, Current term: 0, Majority size: -1, State: 0, Mode: NON_LEADER, active raft config: opid_index: -1 OBSOLETE_local: false peers { permanent_uuid: "de02969fc50e48219a1a114378c8a825" member_type: VOTER last_known_addr { host: "127.7.175.193" port: 39157 } } peers { permanent_uuid: "03deca4967204312a5d9a2cfbd39c9af" member_type: VOTER last_known_addr { host: "127.7.175.194" port: 44057 } } peers { permanent_uuid: "e2883d92a48f482a8f3d562ba11ed712" member_type: VOTER last_known_addr { host: "127.7.175.195" port: 45035 } }
I20260709 12:09:18.526113  9215 ts_tablet_manager.cc:1434] T d97bf1c0593e46ee86cf6f7bb26b5ec1 P e2883d92a48f482a8f3d562ba11ed712: Time spent starting tablet: real 0.021s	user 0.007s	sys 0.000s
I20260709 12:09:18.526515  9135 leader_election.cc:304] T b73454fff8dc4e43a56e7a5d81f2fb11 P e2883d92a48f482a8f3d562ba11ed712 [CANDIDATE]: Term 1 election: Election decided. Result: candidate won. Election summary: received 3 responses out of 3 voters: 2 yes votes; 1 no votes. yes voters: de02969fc50e48219a1a114378c8a825, e2883d92a48f482a8f3d562ba11ed712; no voters: 03deca4967204312a5d9a2cfbd39c9af
I20260709 12:09:18.527448  9319 raft_consensus.cc:2804] T b73454fff8dc4e43a56e7a5d81f2fb11 P e2883d92a48f482a8f3d562ba11ed712 [term 1 FOLLOWER]: Leader election won for term 1
I20260709 12:09:18.527922  9319 raft_consensus.cc:697] T b73454fff8dc4e43a56e7a5d81f2fb11 P e2883d92a48f482a8f3d562ba11ed712 [term 1 LEADER]: Becoming Leader. State: Replica: e2883d92a48f482a8f3d562ba11ed712, State: Running, Role: LEADER
I20260709 12:09:18.528726  9319 consensus_queue.cc:237] T b73454fff8dc4e43a56e7a5d81f2fb11 P e2883d92a48f482a8f3d562ba11ed712 [LEADER]: Queue going to LEADER mode. State: All replicated index: 0, Majority replicated index: 0, Committed index: 0, Last appended: 0.0, Last appended by leader: 0, Current term: 1, Majority size: 2, State: 0, Mode: LEADER, active raft config: opid_index: -1 OBSOLETE_local: false peers { permanent_uuid: "de02969fc50e48219a1a114378c8a825" member_type: VOTER last_known_addr { host: "127.7.175.193" port: 39157 } } peers { permanent_uuid: "03deca4967204312a5d9a2cfbd39c9af" member_type: VOTER last_known_addr { host: "127.7.175.194" port: 44057 } } peers { permanent_uuid: "e2883d92a48f482a8f3d562ba11ed712" member_type: VOTER last_known_addr { host: "127.7.175.195" port: 45035 } }
I20260709 12:09:18.532506  9322 raft_consensus.cc:2749] T 155507b0dc1f4f84ac27b9d8d4736bb2 P e2883d92a48f482a8f3d562ba11ed712 [term 1 FOLLOWER]: Leader pre-election lost for term 1. Reason: could not achieve majority
I20260709 12:09:18.532595  9213 tablet_bootstrap.cc:492] T dc39ecb01162475dbdb7964022a9d459 P 03deca4967204312a5d9a2cfbd39c9af: No bootstrap required, opened a new log
I20260709 12:09:18.533531  9213 ts_tablet_manager.cc:1403] T dc39ecb01162475dbdb7964022a9d459 P 03deca4967204312a5d9a2cfbd39c9af: Time spent bootstrapping tablet: real 0.048s	user 0.012s	sys 0.000s
I20260709 12:09:18.536892  9215 tablet_bootstrap.cc:492] T 4e4e02d770784536b1be500a945a6e99 P e2883d92a48f482a8f3d562ba11ed712: Bootstrap starting.
I20260709 12:09:18.541153  9213 raft_consensus.cc:359] T dc39ecb01162475dbdb7964022a9d459 P 03deca4967204312a5d9a2cfbd39c9af [term 0 FOLLOWER]: Replica starting. Triggering 0 pending ops. Active config: opid_index: -1 OBSOLETE_local: false peers { permanent_uuid: "de02969fc50e48219a1a114378c8a825" member_type: VOTER last_known_addr { host: "127.7.175.193" port: 39157 } } peers { permanent_uuid: "03deca4967204312a5d9a2cfbd39c9af" member_type: VOTER last_known_addr { host: "127.7.175.194" port: 44057 } } peers { permanent_uuid: "e2883d92a48f482a8f3d562ba11ed712" member_type: VOTER last_known_addr { host: "127.7.175.195" port: 45035 } }
I20260709 12:09:18.543411  9213 raft_consensus.cc:385] T dc39ecb01162475dbdb7964022a9d459 P 03deca4967204312a5d9a2cfbd39c9af [term 0 FOLLOWER]: Consensus starting up: Expiring failure detector timer to make a prompt election more likely
I20260709 12:09:18.543699  9213 raft_consensus.cc:740] T dc39ecb01162475dbdb7964022a9d459 P 03deca4967204312a5d9a2cfbd39c9af [term 0 FOLLOWER]: Becoming Follower/Learner. State: Replica: 03deca4967204312a5d9a2cfbd39c9af, State: Initialized, Role: FOLLOWER
I20260709 12:09:18.544474  9213 consensus_queue.cc:260] T dc39ecb01162475dbdb7964022a9d459 P 03deca4967204312a5d9a2cfbd39c9af [NON_LEADER]: Queue going to NON_LEADER mode. State: All replicated index: 0, Majority replicated index: 0, Committed index: 0, Last appended: 0.0, Last appended by leader: 0, Current term: 0, Majority size: -1, State: 0, Mode: NON_LEADER, active raft config: opid_index: -1 OBSOLETE_local: false peers { permanent_uuid: "de02969fc50e48219a1a114378c8a825" member_type: VOTER last_known_addr { host: "127.7.175.193" port: 39157 } } peers { permanent_uuid: "03deca4967204312a5d9a2cfbd39c9af" member_type: VOTER last_known_addr { host: "127.7.175.194" port: 44057 } } peers { permanent_uuid: "e2883d92a48f482a8f3d562ba11ed712" member_type: VOTER last_known_addr { host: "127.7.175.195" port: 45035 } }
I20260709 12:09:18.546155  9212 tablet_bootstrap.cc:492] T d97bf1c0593e46ee86cf6f7bb26b5ec1 P de02969fc50e48219a1a114378c8a825: No bootstrap required, opened a new log
I20260709 12:09:18.546923  9212 ts_tablet_manager.cc:1403] T d97bf1c0593e46ee86cf6f7bb26b5ec1 P de02969fc50e48219a1a114378c8a825: Time spent bootstrapping tablet: real 0.082s	user 0.013s	sys 0.005s
I20260709 12:09:18.546828  9213 ts_tablet_manager.cc:1434] T dc39ecb01162475dbdb7964022a9d459 P 03deca4967204312a5d9a2cfbd39c9af: Time spent starting tablet: real 0.013s	user 0.004s	sys 0.000s
I20260709 12:09:18.550494  9212 raft_consensus.cc:359] T d97bf1c0593e46ee86cf6f7bb26b5ec1 P de02969fc50e48219a1a114378c8a825 [term 0 FOLLOWER]: Replica starting. Triggering 0 pending ops. Active config: opid_index: -1 OBSOLETE_local: false peers { permanent_uuid: "de02969fc50e48219a1a114378c8a825" member_type: VOTER last_known_addr { host: "127.7.175.193" port: 39157 } } peers { permanent_uuid: "03deca4967204312a5d9a2cfbd39c9af" member_type: VOTER last_known_addr { host: "127.7.175.194" port: 44057 } } peers { permanent_uuid: "e2883d92a48f482a8f3d562ba11ed712" member_type: VOTER last_known_addr { host: "127.7.175.195" port: 45035 } }
I20260709 12:09:18.551165  9213 tablet_bootstrap.cc:492] T 3e6179c32504448fa637be8bbd25b276 P 03deca4967204312a5d9a2cfbd39c9af: Bootstrap starting.
I20260709 12:09:18.551288  9212 raft_consensus.cc:385] T d97bf1c0593e46ee86cf6f7bb26b5ec1 P de02969fc50e48219a1a114378c8a825 [term 0 FOLLOWER]: Consensus starting up: Expiring failure detector timer to make a prompt election more likely
I20260709 12:09:18.551688  9212 raft_consensus.cc:740] T d97bf1c0593e46ee86cf6f7bb26b5ec1 P de02969fc50e48219a1a114378c8a825 [term 0 FOLLOWER]: Becoming Follower/Learner. State: Replica: de02969fc50e48219a1a114378c8a825, State: Initialized, Role: FOLLOWER
I20260709 12:09:18.552354  9212 consensus_queue.cc:260] T d97bf1c0593e46ee86cf6f7bb26b5ec1 P de02969fc50e48219a1a114378c8a825 [NON_LEADER]: Queue going to NON_LEADER mode. State: All replicated index: 0, Majority replicated index: 0, Committed index: 0, Last appended: 0.0, Last appended by leader: 0, Current term: 0, Majority size: -1, State: 0, Mode: NON_LEADER, active raft config: opid_index: -1 OBSOLETE_local: false peers { permanent_uuid: "de02969fc50e48219a1a114378c8a825" member_type: VOTER last_known_addr { host: "127.7.175.193" port: 39157 } } peers { permanent_uuid: "03deca4967204312a5d9a2cfbd39c9af" member_type: VOTER last_known_addr { host: "127.7.175.194" port: 44057 } } peers { permanent_uuid: "e2883d92a48f482a8f3d562ba11ed712" member_type: VOTER last_known_addr { host: "127.7.175.195" port: 45035 } }
I20260709 12:09:18.555246  8918 catalog_manager.cc:5697] T b73454fff8dc4e43a56e7a5d81f2fb11 P e2883d92a48f482a8f3d562ba11ed712 reported cstate change: term changed from 0 to 1, leader changed from <none> to e2883d92a48f482a8f3d562ba11ed712 (127.7.175.195). New cstate: current_term: 1 leader_uuid: "e2883d92a48f482a8f3d562ba11ed712" committed_config { opid_index: -1 OBSOLETE_local: false peers { permanent_uuid: "de02969fc50e48219a1a114378c8a825" member_type: VOTER last_known_addr { host: "127.7.175.193" port: 39157 } health_report { overall_health: UNKNOWN } } peers { permanent_uuid: "03deca4967204312a5d9a2cfbd39c9af" member_type: VOTER last_known_addr { host: "127.7.175.194" port: 44057 } health_report { overall_health: UNKNOWN } } peers { permanent_uuid: "e2883d92a48f482a8f3d562ba11ed712" member_type: VOTER last_known_addr { host: "127.7.175.195" port: 45035 } health_report { overall_health: HEALTHY } } }
I20260709 12:09:18.558197  9213 tablet_bootstrap.cc:654] T 3e6179c32504448fa637be8bbd25b276 P 03deca4967204312a5d9a2cfbd39c9af: Neither blocks nor log segments found. Creating new log.
I20260709 12:09:18.560052  9212 ts_tablet_manager.cc:1434] T d97bf1c0593e46ee86cf6f7bb26b5ec1 P de02969fc50e48219a1a114378c8a825: Time spent starting tablet: real 0.013s	user 0.006s	sys 0.000s
I20260709 12:09:18.563529  9215 tablet_bootstrap.cc:654] T 4e4e02d770784536b1be500a945a6e99 P e2883d92a48f482a8f3d562ba11ed712: Neither blocks nor log segments found. Creating new log.
I20260709 12:09:18.566395  9212 tablet_bootstrap.cc:492] T 3e6179c32504448fa637be8bbd25b276 P de02969fc50e48219a1a114378c8a825: Bootstrap starting.
I20260709 12:09:18.574508  9213 tablet_bootstrap.cc:492] T 3e6179c32504448fa637be8bbd25b276 P 03deca4967204312a5d9a2cfbd39c9af: No bootstrap required, opened a new log
I20260709 12:09:18.574846  9212 tablet_bootstrap.cc:654] T 3e6179c32504448fa637be8bbd25b276 P de02969fc50e48219a1a114378c8a825: Neither blocks nor log segments found. Creating new log.
I20260709 12:09:18.575023  9213 ts_tablet_manager.cc:1403] T 3e6179c32504448fa637be8bbd25b276 P 03deca4967204312a5d9a2cfbd39c9af: Time spent bootstrapping tablet: real 0.024s	user 0.009s	sys 0.008s
I20260709 12:09:18.577848  9213 raft_consensus.cc:359] T 3e6179c32504448fa637be8bbd25b276 P 03deca4967204312a5d9a2cfbd39c9af [term 0 FOLLOWER]: Replica starting. Triggering 0 pending ops. Active config: opid_index: -1 OBSOLETE_local: false peers { permanent_uuid: "de02969fc50e48219a1a114378c8a825" member_type: VOTER last_known_addr { host: "127.7.175.193" port: 39157 } } peers { permanent_uuid: "03deca4967204312a5d9a2cfbd39c9af" member_type: VOTER last_known_addr { host: "127.7.175.194" port: 44057 } } peers { permanent_uuid: "e2883d92a48f482a8f3d562ba11ed712" member_type: VOTER last_known_addr { host: "127.7.175.195" port: 45035 } }
I20260709 12:09:18.578526  9213 raft_consensus.cc:385] T 3e6179c32504448fa637be8bbd25b276 P 03deca4967204312a5d9a2cfbd39c9af [term 0 FOLLOWER]: Consensus starting up: Expiring failure detector timer to make a prompt election more likely
I20260709 12:09:18.578814  9213 raft_consensus.cc:740] T 3e6179c32504448fa637be8bbd25b276 P 03deca4967204312a5d9a2cfbd39c9af [term 0 FOLLOWER]: Becoming Follower/Learner. State: Replica: 03deca4967204312a5d9a2cfbd39c9af, State: Initialized, Role: FOLLOWER
I20260709 12:09:18.579406  9213 consensus_queue.cc:260] T 3e6179c32504448fa637be8bbd25b276 P 03deca4967204312a5d9a2cfbd39c9af [NON_LEADER]: Queue going to NON_LEADER mode. State: All replicated index: 0, Majority replicated index: 0, Committed index: 0, Last appended: 0.0, Last appended by leader: 0, Current term: 0, Majority size: -1, State: 0, Mode: NON_LEADER, active raft config: opid_index: -1 OBSOLETE_local: false peers { permanent_uuid: "de02969fc50e48219a1a114378c8a825" member_type: VOTER last_known_addr { host: "127.7.175.193" port: 39157 } } peers { permanent_uuid: "03deca4967204312a5d9a2cfbd39c9af" member_type: VOTER last_known_addr { host: "127.7.175.194" port: 44057 } } peers { permanent_uuid: "e2883d92a48f482a8f3d562ba11ed712" member_type: VOTER last_known_addr { host: "127.7.175.195" port: 45035 } }
I20260709 12:09:18.581720  9213 ts_tablet_manager.cc:1434] T 3e6179c32504448fa637be8bbd25b276 P 03deca4967204312a5d9a2cfbd39c9af: Time spent starting tablet: real 0.006s	user 0.005s	sys 0.000s
I20260709 12:09:18.583242  9213 tablet_bootstrap.cc:492] T 4a8690d4d98a4230a428423596977c05 P 03deca4967204312a5d9a2cfbd39c9af: Bootstrap starting.
I20260709 12:09:18.589347  9213 tablet_bootstrap.cc:654] T 4a8690d4d98a4230a428423596977c05 P 03deca4967204312a5d9a2cfbd39c9af: Neither blocks nor log segments found. Creating new log.
I20260709 12:09:18.591491  9215 tablet_bootstrap.cc:492] T 4e4e02d770784536b1be500a945a6e99 P e2883d92a48f482a8f3d562ba11ed712: No bootstrap required, opened a new log
I20260709 12:09:18.592206  9215 ts_tablet_manager.cc:1403] T 4e4e02d770784536b1be500a945a6e99 P e2883d92a48f482a8f3d562ba11ed712: Time spent bootstrapping tablet: real 0.058s	user 0.014s	sys 0.001s
I20260709 12:09:18.592545  9212 tablet_bootstrap.cc:492] T 3e6179c32504448fa637be8bbd25b276 P de02969fc50e48219a1a114378c8a825: No bootstrap required, opened a new log
I20260709 12:09:18.593097  9212 ts_tablet_manager.cc:1403] T 3e6179c32504448fa637be8bbd25b276 P de02969fc50e48219a1a114378c8a825: Time spent bootstrapping tablet: real 0.027s	user 0.015s	sys 0.003s
I20260709 12:09:18.594988  9215 raft_consensus.cc:359] T 4e4e02d770784536b1be500a945a6e99 P e2883d92a48f482a8f3d562ba11ed712 [term 0 FOLLOWER]: Replica starting. Triggering 0 pending ops. Active config: opid_index: -1 OBSOLETE_local: false peers { permanent_uuid: "de02969fc50e48219a1a114378c8a825" member_type: VOTER last_known_addr { host: "127.7.175.193" port: 39157 } } peers { permanent_uuid: "03deca4967204312a5d9a2cfbd39c9af" member_type: VOTER last_known_addr { host: "127.7.175.194" port: 44057 } } peers { permanent_uuid: "e2883d92a48f482a8f3d562ba11ed712" member_type: VOTER last_known_addr { host: "127.7.175.195" port: 45035 } }
I20260709 12:09:18.595758  9215 raft_consensus.cc:385] T 4e4e02d770784536b1be500a945a6e99 P e2883d92a48f482a8f3d562ba11ed712 [term 0 FOLLOWER]: Consensus starting up: Expiring failure detector timer to make a prompt election more likely
I20260709 12:09:18.596012  9215 raft_consensus.cc:740] T 4e4e02d770784536b1be500a945a6e99 P e2883d92a48f482a8f3d562ba11ed712 [term 0 FOLLOWER]: Becoming Follower/Learner. State: Replica: e2883d92a48f482a8f3d562ba11ed712, State: Initialized, Role: FOLLOWER
I20260709 12:09:18.596876  9215 consensus_queue.cc:260] T 4e4e02d770784536b1be500a945a6e99 P e2883d92a48f482a8f3d562ba11ed712 [NON_LEADER]: Queue going to NON_LEADER mode. State: All replicated index: 0, Majority replicated index: 0, Committed index: 0, Last appended: 0.0, Last appended by leader: 0, Current term: 0, Majority size: -1, State: 0, Mode: NON_LEADER, active raft config: opid_index: -1 OBSOLETE_local: false peers { permanent_uuid: "de02969fc50e48219a1a114378c8a825" member_type: VOTER last_known_addr { host: "127.7.175.193" port: 39157 } } peers { permanent_uuid: "03deca4967204312a5d9a2cfbd39c9af" member_type: VOTER last_known_addr { host: "127.7.175.194" port: 44057 } } peers { permanent_uuid: "e2883d92a48f482a8f3d562ba11ed712" member_type: VOTER last_known_addr { host: "127.7.175.195" port: 45035 } }
I20260709 12:09:18.603224  9215 ts_tablet_manager.cc:1434] T 4e4e02d770784536b1be500a945a6e99 P e2883d92a48f482a8f3d562ba11ed712: Time spent starting tablet: real 0.011s	user 0.008s	sys 0.000s
I20260709 12:09:18.604163  9215 tablet_bootstrap.cc:492] T be7451bef4804f00b38fa83dfed92d2f P e2883d92a48f482a8f3d562ba11ed712: Bootstrap starting.
I20260709 12:09:18.610565  9212 raft_consensus.cc:359] T 3e6179c32504448fa637be8bbd25b276 P de02969fc50e48219a1a114378c8a825 [term 0 FOLLOWER]: Replica starting. Triggering 0 pending ops. Active config: opid_index: -1 OBSOLETE_local: false peers { permanent_uuid: "de02969fc50e48219a1a114378c8a825" member_type: VOTER last_known_addr { host: "127.7.175.193" port: 39157 } } peers { permanent_uuid: "03deca4967204312a5d9a2cfbd39c9af" member_type: VOTER last_known_addr { host: "127.7.175.194" port: 44057 } } peers { permanent_uuid: "e2883d92a48f482a8f3d562ba11ed712" member_type: VOTER last_known_addr { host: "127.7.175.195" port: 45035 } }
I20260709 12:09:18.611526  9212 raft_consensus.cc:385] T 3e6179c32504448fa637be8bbd25b276 P de02969fc50e48219a1a114378c8a825 [term 0 FOLLOWER]: Consensus starting up: Expiring failure detector timer to make a prompt election more likely
I20260709 12:09:18.612169  9212 raft_consensus.cc:740] T 3e6179c32504448fa637be8bbd25b276 P de02969fc50e48219a1a114378c8a825 [term 0 FOLLOWER]: Becoming Follower/Learner. State: Replica: de02969fc50e48219a1a114378c8a825, State: Initialized, Role: FOLLOWER
I20260709 12:09:18.612998  9212 consensus_queue.cc:260] T 3e6179c32504448fa637be8bbd25b276 P de02969fc50e48219a1a114378c8a825 [NON_LEADER]: Queue going to NON_LEADER mode. State: All replicated index: 0, Majority replicated index: 0, Committed index: 0, Last appended: 0.0, Last appended by leader: 0, Current term: 0, Majority size: -1, State: 0, Mode: NON_LEADER, active raft config: opid_index: -1 OBSOLETE_local: false peers { permanent_uuid: "de02969fc50e48219a1a114378c8a825" member_type: VOTER last_known_addr { host: "127.7.175.193" port: 39157 } } peers { permanent_uuid: "03deca4967204312a5d9a2cfbd39c9af" member_type: VOTER last_known_addr { host: "127.7.175.194" port: 44057 } } peers { permanent_uuid: "e2883d92a48f482a8f3d562ba11ed712" member_type: VOTER last_known_addr { host: "127.7.175.195" port: 45035 } }
I20260709 12:09:18.621411  9096 raft_consensus.cc:3060] T 0170572dde19479eae6e5521eb7e04b8 P 03deca4967204312a5d9a2cfbd39c9af [term 0 FOLLOWER]: Advancing to term 1
I20260709 12:09:18.626027  9215 tablet_bootstrap.cc:654] T be7451bef4804f00b38fa83dfed92d2f P e2883d92a48f482a8f3d562ba11ed712: Neither blocks nor log segments found. Creating new log.
I20260709 12:09:18.626823  9212 ts_tablet_manager.cc:1434] T 3e6179c32504448fa637be8bbd25b276 P de02969fc50e48219a1a114378c8a825: Time spent starting tablet: real 0.033s	user 0.009s	sys 0.002s
I20260709 12:09:18.628108  9212 tablet_bootstrap.cc:492] T 4a8690d4d98a4230a428423596977c05 P de02969fc50e48219a1a114378c8a825: Bootstrap starting.
I20260709 12:09:18.636454  9212 tablet_bootstrap.cc:654] T 4a8690d4d98a4230a428423596977c05 P de02969fc50e48219a1a114378c8a825: Neither blocks nor log segments found. Creating new log.
I20260709 12:09:18.641196  9213 tablet_bootstrap.cc:492] T 4a8690d4d98a4230a428423596977c05 P 03deca4967204312a5d9a2cfbd39c9af: No bootstrap required, opened a new log
I20260709 12:09:18.641899  9213 ts_tablet_manager.cc:1403] T 4a8690d4d98a4230a428423596977c05 P 03deca4967204312a5d9a2cfbd39c9af: Time spent bootstrapping tablet: real 0.059s	user 0.021s	sys 0.033s
I20260709 12:09:18.645242  9319 raft_consensus.cc:493] T 4a7b1019d90d42308f0163cc7db82472 P e2883d92a48f482a8f3d562ba11ed712 [term 0 FOLLOWER]: Starting pre-election (no leader contacted us within the election timeout)
I20260709 12:09:18.646526  9319 raft_consensus.cc:515] T 4a7b1019d90d42308f0163cc7db82472 P e2883d92a48f482a8f3d562ba11ed712 [term 0 FOLLOWER]: Starting pre-election with config: opid_index: -1 OBSOLETE_local: false peers { permanent_uuid: "de02969fc50e48219a1a114378c8a825" member_type: VOTER last_known_addr { host: "127.7.175.193" port: 39157 } } peers { permanent_uuid: "03deca4967204312a5d9a2cfbd39c9af" member_type: VOTER last_known_addr { host: "127.7.175.194" port: 44057 } } peers { permanent_uuid: "e2883d92a48f482a8f3d562ba11ed712" member_type: VOTER last_known_addr { host: "127.7.175.195" port: 45035 } }
I20260709 12:09:18.653472  9022 tablet_service.cc:1917] Received RequestConsensusVote() RPC: tablet_id: "4a7b1019d90d42308f0163cc7db82472" candidate_uuid: "e2883d92a48f482a8f3d562ba11ed712" candidate_term: 1 candidate_status { last_received { term: 0 index: 0 } } ignore_live_leader: false dest_uuid: "de02969fc50e48219a1a114378c8a825" is_pre_election: true
I20260709 12:09:18.654767  9171 raft_consensus.cc:3060] T 4a7b1019d90d42308f0163cc7db82472 P e2883d92a48f482a8f3d562ba11ed712 [term 0 FOLLOWER]: Advancing to term 1
I20260709 12:09:18.658377  9319 leader_election.cc:290] T 4a7b1019d90d42308f0163cc7db82472 P e2883d92a48f482a8f3d562ba11ed712 [CANDIDATE]: Term 1 pre-election: Requested pre-vote from peers de02969fc50e48219a1a114378c8a825 (127.7.175.193:39157), 03deca4967204312a5d9a2cfbd39c9af (127.7.175.194:44057)
I20260709 12:09:18.662771  9215 tablet_bootstrap.cc:492] T be7451bef4804f00b38fa83dfed92d2f P e2883d92a48f482a8f3d562ba11ed712: No bootstrap required, opened a new log
I20260709 12:09:18.662758  9213 raft_consensus.cc:359] T 4a8690d4d98a4230a428423596977c05 P 03deca4967204312a5d9a2cfbd39c9af [term 0 FOLLOWER]: Replica starting. Triggering 0 pending ops. Active config: opid_index: -1 OBSOLETE_local: false peers { permanent_uuid: "de02969fc50e48219a1a114378c8a825" member_type: VOTER last_known_addr { host: "127.7.175.193" port: 39157 } } peers { permanent_uuid: "03deca4967204312a5d9a2cfbd39c9af" member_type: VOTER last_known_addr { host: "127.7.175.194" port: 44057 } } peers { permanent_uuid: "e2883d92a48f482a8f3d562ba11ed712" member_type: VOTER last_known_addr { host: "127.7.175.195" port: 45035 } }
I20260709 12:09:18.663441  9215 ts_tablet_manager.cc:1403] T be7451bef4804f00b38fa83dfed92d2f P e2883d92a48f482a8f3d562ba11ed712: Time spent bootstrapping tablet: real 0.059s	user 0.015s	sys 0.012s
I20260709 12:09:18.663578  9213 raft_consensus.cc:385] T 4a8690d4d98a4230a428423596977c05 P 03deca4967204312a5d9a2cfbd39c9af [term 0 FOLLOWER]: Consensus starting up: Expiring failure detector timer to make a prompt election more likely
I20260709 12:09:18.663897  9213 raft_consensus.cc:740] T 4a8690d4d98a4230a428423596977c05 P 03deca4967204312a5d9a2cfbd39c9af [term 0 FOLLOWER]: Becoming Follower/Learner. State: Replica: 03deca4967204312a5d9a2cfbd39c9af, State: Initialized, Role: FOLLOWER
I20260709 12:09:18.660308  9096 tablet_service.cc:1917] Received RequestConsensusVote() RPC: tablet_id: "4a7b1019d90d42308f0163cc7db82472" candidate_uuid: "e2883d92a48f482a8f3d562ba11ed712" candidate_term: 1 candidate_status { last_received { term: 0 index: 0 } } ignore_live_leader: false dest_uuid: "03deca4967204312a5d9a2cfbd39c9af" is_pre_election: true
I20260709 12:09:18.667114  9213 consensus_queue.cc:260] T 4a8690d4d98a4230a428423596977c05 P 03deca4967204312a5d9a2cfbd39c9af [NON_LEADER]: Queue going to NON_LEADER mode. State: All replicated index: 0, Majority replicated index: 0, Committed index: 0, Last appended: 0.0, Last appended by leader: 0, Current term: 0, Majority size: -1, State: 0, Mode: NON_LEADER, active raft config: opid_index: -1 OBSOLETE_local: false peers { permanent_uuid: "de02969fc50e48219a1a114378c8a825" member_type: VOTER last_known_addr { host: "127.7.175.193" port: 39157 } } peers { permanent_uuid: "03deca4967204312a5d9a2cfbd39c9af" member_type: VOTER last_known_addr { host: "127.7.175.194" port: 44057 } } peers { permanent_uuid: "e2883d92a48f482a8f3d562ba11ed712" member_type: VOTER last_known_addr { host: "127.7.175.195" port: 45035 } }
I20260709 12:09:18.668893  9137 leader_election.cc:304] T 4a7b1019d90d42308f0163cc7db82472 P e2883d92a48f482a8f3d562ba11ed712 [CANDIDATE]: Term 1 pre-election: Election decided. Result: candidate lost. Election summary: received 3 responses out of 3 voters: 1 yes votes; 2 no votes. yes voters: e2883d92a48f482a8f3d562ba11ed712; no voters: 03deca4967204312a5d9a2cfbd39c9af, de02969fc50e48219a1a114378c8a825
I20260709 12:09:18.670601  9213 ts_tablet_manager.cc:1434] T 4a8690d4d98a4230a428423596977c05 P 03deca4967204312a5d9a2cfbd39c9af: Time spent starting tablet: real 0.028s	user 0.004s	sys 0.004s
I20260709 12:09:18.671675  9213 tablet_bootstrap.cc:492] T 4aaa0493114f4fe5bf85e340b4de9227 P 03deca4967204312a5d9a2cfbd39c9af: Bootstrap starting.
I20260709 12:09:18.678059  9215 raft_consensus.cc:359] T be7451bef4804f00b38fa83dfed92d2f P e2883d92a48f482a8f3d562ba11ed712 [term 0 FOLLOWER]: Replica starting. Triggering 0 pending ops. Active config: opid_index: -1 OBSOLETE_local: false peers { permanent_uuid: "de02969fc50e48219a1a114378c8a825" member_type: VOTER last_known_addr { host: "127.7.175.193" port: 39157 } } peers { permanent_uuid: "03deca4967204312a5d9a2cfbd39c9af" member_type: VOTER last_known_addr { host: "127.7.175.194" port: 44057 } } peers { permanent_uuid: "e2883d92a48f482a8f3d562ba11ed712" member_type: VOTER last_known_addr { host: "127.7.175.195" port: 45035 } }
I20260709 12:09:18.678779  9215 raft_consensus.cc:385] T be7451bef4804f00b38fa83dfed92d2f P e2883d92a48f482a8f3d562ba11ed712 [term 0 FOLLOWER]: Consensus starting up: Expiring failure detector timer to make a prompt election more likely
I20260709 12:09:18.678891  9213 tablet_bootstrap.cc:654] T 4aaa0493114f4fe5bf85e340b4de9227 P 03deca4967204312a5d9a2cfbd39c9af: Neither blocks nor log segments found. Creating new log.
I20260709 12:09:18.679085  9215 raft_consensus.cc:740] T be7451bef4804f00b38fa83dfed92d2f P e2883d92a48f482a8f3d562ba11ed712 [term 0 FOLLOWER]: Becoming Follower/Learner. State: Replica: e2883d92a48f482a8f3d562ba11ed712, State: Initialized, Role: FOLLOWER
I20260709 12:09:18.679833  9215 consensus_queue.cc:260] T be7451bef4804f00b38fa83dfed92d2f P e2883d92a48f482a8f3d562ba11ed712 [NON_LEADER]: Queue going to NON_LEADER mode. State: All replicated index: 0, Majority replicated index: 0, Committed index: 0, Last appended: 0.0, Last appended by leader: 0, Current term: 0, Majority size: -1, State: 0, Mode: NON_LEADER, active raft config: opid_index: -1 OBSOLETE_local: false peers { permanent_uuid: "de02969fc50e48219a1a114378c8a825" member_type: VOTER last_known_addr { host: "127.7.175.193" port: 39157 } } peers { permanent_uuid: "03deca4967204312a5d9a2cfbd39c9af" member_type: VOTER last_known_addr { host: "127.7.175.194" port: 44057 } } peers { permanent_uuid: "e2883d92a48f482a8f3d562ba11ed712" member_type: VOTER last_known_addr { host: "127.7.175.195" port: 45035 } }
I20260709 12:09:18.681821  9215 ts_tablet_manager.cc:1434] T be7451bef4804f00b38fa83dfed92d2f P e2883d92a48f482a8f3d562ba11ed712: Time spent starting tablet: real 0.018s	user 0.003s	sys 0.000s
I20260709 12:09:18.683156  9215 tablet_bootstrap.cc:492] T fdd5dba4e7c94379a08393ffb09ca259 P e2883d92a48f482a8f3d562ba11ed712: Bootstrap starting.
I20260709 12:09:18.684023  9212 tablet_bootstrap.cc:492] T 4a8690d4d98a4230a428423596977c05 P de02969fc50e48219a1a114378c8a825: No bootstrap required, opened a new log
I20260709 12:09:18.684470  9212 ts_tablet_manager.cc:1403] T 4a8690d4d98a4230a428423596977c05 P de02969fc50e48219a1a114378c8a825: Time spent bootstrapping tablet: real 0.057s	user 0.017s	sys 0.016s
I20260709 12:09:18.687505  9212 raft_consensus.cc:359] T 4a8690d4d98a4230a428423596977c05 P de02969fc50e48219a1a114378c8a825 [term 0 FOLLOWER]: Replica starting. Triggering 0 pending ops. Active config: opid_index: -1 OBSOLETE_local: false peers { permanent_uuid: "de02969fc50e48219a1a114378c8a825" member_type: VOTER last_known_addr { host: "127.7.175.193" port: 39157 } } peers { permanent_uuid: "03deca4967204312a5d9a2cfbd39c9af" member_type: VOTER last_known_addr { host: "127.7.175.194" port: 44057 } } peers { permanent_uuid: "e2883d92a48f482a8f3d562ba11ed712" member_type: VOTER last_known_addr { host: "127.7.175.195" port: 45035 } }
I20260709 12:09:18.688181  9212 raft_consensus.cc:385] T 4a8690d4d98a4230a428423596977c05 P de02969fc50e48219a1a114378c8a825 [term 0 FOLLOWER]: Consensus starting up: Expiring failure detector timer to make a prompt election more likely
I20260709 12:09:18.688429  9212 raft_consensus.cc:740] T 4a8690d4d98a4230a428423596977c05 P de02969fc50e48219a1a114378c8a825 [term 0 FOLLOWER]: Becoming Follower/Learner. State: Replica: de02969fc50e48219a1a114378c8a825, State: Initialized, Role: FOLLOWER
I20260709 12:09:18.689375  9215 tablet_bootstrap.cc:654] T fdd5dba4e7c94379a08393ffb09ca259 P e2883d92a48f482a8f3d562ba11ed712: Neither blocks nor log segments found. Creating new log.
I20260709 12:09:18.689451  9212 consensus_queue.cc:260] T 4a8690d4d98a4230a428423596977c05 P de02969fc50e48219a1a114378c8a825 [NON_LEADER]: Queue going to NON_LEADER mode. State: All replicated index: 0, Majority replicated index: 0, Committed index: 0, Last appended: 0.0, Last appended by leader: 0, Current term: 0, Majority size: -1, State: 0, Mode: NON_LEADER, active raft config: opid_index: -1 OBSOLETE_local: false peers { permanent_uuid: "de02969fc50e48219a1a114378c8a825" member_type: VOTER last_known_addr { host: "127.7.175.193" port: 39157 } } peers { permanent_uuid: "03deca4967204312a5d9a2cfbd39c9af" member_type: VOTER last_known_addr { host: "127.7.175.194" port: 44057 } } peers { permanent_uuid: "e2883d92a48f482a8f3d562ba11ed712" member_type: VOTER last_known_addr { host: "127.7.175.195" port: 45035 } }
I20260709 12:09:18.690196  9322 raft_consensus.cc:2749] T 4a7b1019d90d42308f0163cc7db82472 P e2883d92a48f482a8f3d562ba11ed712 [term 1 FOLLOWER]: Leader pre-election lost for term 1. Reason: could not achieve majority
I20260709 12:09:18.691813  9212 ts_tablet_manager.cc:1434] T 4a8690d4d98a4230a428423596977c05 P de02969fc50e48219a1a114378c8a825: Time spent starting tablet: real 0.007s	user 0.007s	sys 0.001s
I20260709 12:09:18.692848  9212 tablet_bootstrap.cc:492] T 4aaa0493114f4fe5bf85e340b4de9227 P de02969fc50e48219a1a114378c8a825: Bootstrap starting.
I20260709 12:09:18.700359  9212 tablet_bootstrap.cc:654] T 4aaa0493114f4fe5bf85e340b4de9227 P de02969fc50e48219a1a114378c8a825: Neither blocks nor log segments found. Creating new log.
I20260709 12:09:18.701078  9215 tablet_bootstrap.cc:492] T fdd5dba4e7c94379a08393ffb09ca259 P e2883d92a48f482a8f3d562ba11ed712: No bootstrap required, opened a new log
I20260709 12:09:18.701583  9215 ts_tablet_manager.cc:1403] T fdd5dba4e7c94379a08393ffb09ca259 P e2883d92a48f482a8f3d562ba11ed712: Time spent bootstrapping tablet: real 0.019s	user 0.010s	sys 0.005s
I20260709 12:09:18.704888  9215 raft_consensus.cc:359] T fdd5dba4e7c94379a08393ffb09ca259 P e2883d92a48f482a8f3d562ba11ed712 [term 0 FOLLOWER]: Replica starting. Triggering 0 pending ops. Active config: opid_index: -1 OBSOLETE_local: false peers { permanent_uuid: "de02969fc50e48219a1a114378c8a825" member_type: VOTER last_known_addr { host: "127.7.175.193" port: 39157 } } peers { permanent_uuid: "03deca4967204312a5d9a2cfbd39c9af" member_type: VOTER last_known_addr { host: "127.7.175.194" port: 44057 } } peers { permanent_uuid: "e2883d92a48f482a8f3d562ba11ed712" member_type: VOTER last_known_addr { host: "127.7.175.195" port: 45035 } }
I20260709 12:09:18.705747  9215 raft_consensus.cc:385] T fdd5dba4e7c94379a08393ffb09ca259 P e2883d92a48f482a8f3d562ba11ed712 [term 0 FOLLOWER]: Consensus starting up: Expiring failure detector timer to make a prompt election more likely
I20260709 12:09:18.706064  9215 raft_consensus.cc:740] T fdd5dba4e7c94379a08393ffb09ca259 P e2883d92a48f482a8f3d562ba11ed712 [term 0 FOLLOWER]: Becoming Follower/Learner. State: Replica: e2883d92a48f482a8f3d562ba11ed712, State: Initialized, Role: FOLLOWER
I20260709 12:09:18.706871  9215 consensus_queue.cc:260] T fdd5dba4e7c94379a08393ffb09ca259 P e2883d92a48f482a8f3d562ba11ed712 [NON_LEADER]: Queue going to NON_LEADER mode. State: All replicated index: 0, Majority replicated index: 0, Committed index: 0, Last appended: 0.0, Last appended by leader: 0, Current term: 0, Majority size: -1, State: 0, Mode: NON_LEADER, active raft config: opid_index: -1 OBSOLETE_local: false peers { permanent_uuid: "de02969fc50e48219a1a114378c8a825" member_type: VOTER last_known_addr { host: "127.7.175.193" port: 39157 } } peers { permanent_uuid: "03deca4967204312a5d9a2cfbd39c9af" member_type: VOTER last_known_addr { host: "127.7.175.194" port: 44057 } } peers { permanent_uuid: "e2883d92a48f482a8f3d562ba11ed712" member_type: VOTER last_known_addr { host: "127.7.175.195" port: 45035 } }
I20260709 12:09:18.709755  9215 ts_tablet_manager.cc:1434] T fdd5dba4e7c94379a08393ffb09ca259 P e2883d92a48f482a8f3d562ba11ed712: Time spent starting tablet: real 0.008s	user 0.007s	sys 0.000s
I20260709 12:09:18.711208  9215 tablet_bootstrap.cc:492] T aa56b1fd2b004dd298f9267fa1be7c9d P e2883d92a48f482a8f3d562ba11ed712: Bootstrap starting.
I20260709 12:09:18.719898  9215 tablet_bootstrap.cc:654] T aa56b1fd2b004dd298f9267fa1be7c9d P e2883d92a48f482a8f3d562ba11ed712: Neither blocks nor log segments found. Creating new log.
I20260709 12:09:18.726454  9212 tablet_bootstrap.cc:492] T 4aaa0493114f4fe5bf85e340b4de9227 P de02969fc50e48219a1a114378c8a825: No bootstrap required, opened a new log
I20260709 12:09:18.727099  9212 ts_tablet_manager.cc:1403] T 4aaa0493114f4fe5bf85e340b4de9227 P de02969fc50e48219a1a114378c8a825: Time spent bootstrapping tablet: real 0.035s	user 0.016s	sys 0.017s
I20260709 12:09:18.729998  9329 raft_consensus.cc:493] T 3e6179c32504448fa637be8bbd25b276 P de02969fc50e48219a1a114378c8a825 [term 0 FOLLOWER]: Starting pre-election (no leader contacted us within the election timeout)
I20260709 12:09:18.730477  9329 raft_consensus.cc:515] T 3e6179c32504448fa637be8bbd25b276 P de02969fc50e48219a1a114378c8a825 [term 0 FOLLOWER]: Starting pre-election with config: opid_index: -1 OBSOLETE_local: false peers { permanent_uuid: "de02969fc50e48219a1a114378c8a825" member_type: VOTER last_known_addr { host: "127.7.175.193" port: 39157 } } peers { permanent_uuid: "03deca4967204312a5d9a2cfbd39c9af" member_type: VOTER last_known_addr { host: "127.7.175.194" port: 44057 } } peers { permanent_uuid: "e2883d92a48f482a8f3d562ba11ed712" member_type: VOTER last_known_addr { host: "127.7.175.195" port: 45035 } }
I20260709 12:09:18.730396  9212 raft_consensus.cc:359] T 4aaa0493114f4fe5bf85e340b4de9227 P de02969fc50e48219a1a114378c8a825 [term 0 FOLLOWER]: Replica starting. Triggering 0 pending ops. Active config: opid_index: -1 OBSOLETE_local: false peers { permanent_uuid: "de02969fc50e48219a1a114378c8a825" member_type: VOTER last_known_addr { host: "127.7.175.193" port: 39157 } } peers { permanent_uuid: "03deca4967204312a5d9a2cfbd39c9af" member_type: VOTER last_known_addr { host: "127.7.175.194" port: 44057 } } peers { permanent_uuid: "e2883d92a48f482a8f3d562ba11ed712" member_type: VOTER last_known_addr { host: "127.7.175.195" port: 45035 } }
I20260709 12:09:18.731691  9212 raft_consensus.cc:385] T 4aaa0493114f4fe5bf85e340b4de9227 P de02969fc50e48219a1a114378c8a825 [term 0 FOLLOWER]: Consensus starting up: Expiring failure detector timer to make a prompt election more likely
I20260709 12:09:18.731992  9212 raft_consensus.cc:740] T 4aaa0493114f4fe5bf85e340b4de9227 P de02969fc50e48219a1a114378c8a825 [term 0 FOLLOWER]: Becoming Follower/Learner. State: Replica: de02969fc50e48219a1a114378c8a825, State: Initialized, Role: FOLLOWER
I20260709 12:09:18.732861  9329 leader_election.cc:290] T 3e6179c32504448fa637be8bbd25b276 P de02969fc50e48219a1a114378c8a825 [CANDIDATE]: Term 1 pre-election: Requested pre-vote from peers 03deca4967204312a5d9a2cfbd39c9af (127.7.175.194:44057), e2883d92a48f482a8f3d562ba11ed712 (127.7.175.195:45035)
I20260709 12:09:18.732645  9212 consensus_queue.cc:260] T 4aaa0493114f4fe5bf85e340b4de9227 P de02969fc50e48219a1a114378c8a825 [NON_LEADER]: Queue going to NON_LEADER mode. State: All replicated index: 0, Majority replicated index: 0, Committed index: 0, Last appended: 0.0, Last appended by leader: 0, Current term: 0, Majority size: -1, State: 0, Mode: NON_LEADER, active raft config: opid_index: -1 OBSOLETE_local: false peers { permanent_uuid: "de02969fc50e48219a1a114378c8a825" member_type: VOTER last_known_addr { host: "127.7.175.193" port: 39157 } } peers { permanent_uuid: "03deca4967204312a5d9a2cfbd39c9af" member_type: VOTER last_known_addr { host: "127.7.175.194" port: 44057 } } peers { permanent_uuid: "e2883d92a48f482a8f3d562ba11ed712" member_type: VOTER last_known_addr { host: "127.7.175.195" port: 45035 } }
I20260709 12:09:18.733842  9215 tablet_bootstrap.cc:492] T aa56b1fd2b004dd298f9267fa1be7c9d P e2883d92a48f482a8f3d562ba11ed712: No bootstrap required, opened a new log
I20260709 12:09:18.734724  9170 tablet_service.cc:1917] Received RequestConsensusVote() RPC: tablet_id: "3e6179c32504448fa637be8bbd25b276" candidate_uuid: "de02969fc50e48219a1a114378c8a825" candidate_term: 1 candidate_status { last_received { term: 0 index: 0 } } ignore_live_leader: false dest_uuid: "e2883d92a48f482a8f3d562ba11ed712" is_pre_election: true
I20260709 12:09:18.735162  9096 tablet_service.cc:1917] Received RequestConsensusVote() RPC: tablet_id: "3e6179c32504448fa637be8bbd25b276" candidate_uuid: "de02969fc50e48219a1a114378c8a825" candidate_term: 1 candidate_status { last_received { term: 0 index: 0 } } ignore_live_leader: false dest_uuid: "03deca4967204312a5d9a2cfbd39c9af" is_pre_election: true
I20260709 12:09:18.735805  9096 raft_consensus.cc:2468] T 3e6179c32504448fa637be8bbd25b276 P 03deca4967204312a5d9a2cfbd39c9af [term 0 FOLLOWER]: Leader pre-election vote request: Granting yes vote for candidate de02969fc50e48219a1a114378c8a825 in term 0.
W20260709 12:09:18.736202  8988 leader_election.cc:343] T 3e6179c32504448fa637be8bbd25b276 P de02969fc50e48219a1a114378c8a825 [CANDIDATE]: Term 1 pre-election: Tablet error from VoteRequest() call to peer e2883d92a48f482a8f3d562ba11ed712 (127.7.175.195:45035): Illegal state: must be running to vote when last-logged opid is not known
I20260709 12:09:18.734330  9215 ts_tablet_manager.cc:1403] T aa56b1fd2b004dd298f9267fa1be7c9d P e2883d92a48f482a8f3d562ba11ed712: Time spent bootstrapping tablet: real 0.023s	user 0.012s	sys 0.007s
I20260709 12:09:18.739965  9235 raft_consensus.cc:493] T af7f7b4b56e340b5924fd5d9b6fd80be P 03deca4967204312a5d9a2cfbd39c9af [term 0 FOLLOWER]: Starting pre-election (no leader contacted us within the election timeout)
I20260709 12:09:18.739274  9272 raft_consensus.cc:493] T 4a8690d4d98a4230a428423596977c05 P 03deca4967204312a5d9a2cfbd39c9af [term 0 FOLLOWER]: Starting pre-election (no leader contacted us within the election timeout)
I20260709 12:09:18.740525  9235 raft_consensus.cc:515] T af7f7b4b56e340b5924fd5d9b6fd80be P 03deca4967204312a5d9a2cfbd39c9af [term 0 FOLLOWER]: Starting pre-election with config: opid_index: -1 OBSOLETE_local: false peers { permanent_uuid: "de02969fc50e48219a1a114378c8a825" member_type: VOTER last_known_addr { host: "127.7.175.193" port: 39157 } } peers { permanent_uuid: "03deca4967204312a5d9a2cfbd39c9af" member_type: VOTER last_known_addr { host: "127.7.175.194" port: 44057 } } peers { permanent_uuid: "e2883d92a48f482a8f3d562ba11ed712" member_type: VOTER last_known_addr { host: "127.7.175.195" port: 45035 } }
I20260709 12:09:18.740950  9272 raft_consensus.cc:515] T 4a8690d4d98a4230a428423596977c05 P 03deca4967204312a5d9a2cfbd39c9af [term 0 FOLLOWER]: Starting pre-election with config: opid_index: -1 OBSOLETE_local: false peers { permanent_uuid: "de02969fc50e48219a1a114378c8a825" member_type: VOTER last_known_addr { host: "127.7.175.193" port: 39157 } } peers { permanent_uuid: "03deca4967204312a5d9a2cfbd39c9af" member_type: VOTER last_known_addr { host: "127.7.175.194" port: 44057 } } peers { permanent_uuid: "e2883d92a48f482a8f3d562ba11ed712" member_type: VOTER last_known_addr { host: "127.7.175.195" port: 45035 } }
I20260709 12:09:18.742116  9215 raft_consensus.cc:359] T aa56b1fd2b004dd298f9267fa1be7c9d P e2883d92a48f482a8f3d562ba11ed712 [term 0 FOLLOWER]: Replica starting. Triggering 0 pending ops. Active config: opid_index: -1 OBSOLETE_local: false peers { permanent_uuid: "de02969fc50e48219a1a114378c8a825" member_type: VOTER last_known_addr { host: "127.7.175.193" port: 39157 } } peers { permanent_uuid: "03deca4967204312a5d9a2cfbd39c9af" member_type: VOTER last_known_addr { host: "127.7.175.194" port: 44057 } } peers { permanent_uuid: "e2883d92a48f482a8f3d562ba11ed712" member_type: VOTER last_known_addr { host: "127.7.175.195" port: 45035 } }
I20260709 12:09:18.742815  9215 raft_consensus.cc:385] T aa56b1fd2b004dd298f9267fa1be7c9d P e2883d92a48f482a8f3d562ba11ed712 [term 0 FOLLOWER]: Consensus starting up: Expiring failure detector timer to make a prompt election more likely
I20260709 12:09:18.742972  9272 leader_election.cc:290] T 4a8690d4d98a4230a428423596977c05 P 03deca4967204312a5d9a2cfbd39c9af [CANDIDATE]: Term 1 pre-election: Requested pre-vote from peers de02969fc50e48219a1a114378c8a825 (127.7.175.193:39157), e2883d92a48f482a8f3d562ba11ed712 (127.7.175.195:45035)
I20260709 12:09:18.743315  9215 raft_consensus.cc:740] T aa56b1fd2b004dd298f9267fa1be7c9d P e2883d92a48f482a8f3d562ba11ed712 [term 0 FOLLOWER]: Becoming Follower/Learner. State: Replica: e2883d92a48f482a8f3d562ba11ed712, State: Initialized, Role: FOLLOWER
I20260709 12:09:18.743959  8988 leader_election.cc:304] T 3e6179c32504448fa637be8bbd25b276 P de02969fc50e48219a1a114378c8a825 [CANDIDATE]: Term 1 pre-election: Election decided. Result: candidate won. Election summary: received 3 responses out of 3 voters: 2 yes votes; 1 no votes. yes voters: 03deca4967204312a5d9a2cfbd39c9af, de02969fc50e48219a1a114378c8a825; no voters: e2883d92a48f482a8f3d562ba11ed712
I20260709 12:09:18.744112  9215 consensus_queue.cc:260] T aa56b1fd2b004dd298f9267fa1be7c9d P e2883d92a48f482a8f3d562ba11ed712 [NON_LEADER]: Queue going to NON_LEADER mode. State: All replicated index: 0, Majority replicated index: 0, Committed index: 0, Last appended: 0.0, Last appended by leader: 0, Current term: 0, Majority size: -1, State: 0, Mode: NON_LEADER, active raft config: opid_index: -1 OBSOLETE_local: false peers { permanent_uuid: "de02969fc50e48219a1a114378c8a825" member_type: VOTER last_known_addr { host: "127.7.175.193" port: 39157 } } peers { permanent_uuid: "03deca4967204312a5d9a2cfbd39c9af" member_type: VOTER last_known_addr { host: "127.7.175.194" port: 44057 } } peers { permanent_uuid: "e2883d92a48f482a8f3d562ba11ed712" member_type: VOTER last_known_addr { host: "127.7.175.195" port: 45035 } }
I20260709 12:09:18.745819  9329 raft_consensus.cc:2804] T 3e6179c32504448fa637be8bbd25b276 P de02969fc50e48219a1a114378c8a825 [term 0 FOLLOWER]: Leader pre-election won for term 1
I20260709 12:09:18.746214  9329 raft_consensus.cc:493] T 3e6179c32504448fa637be8bbd25b276 P de02969fc50e48219a1a114378c8a825 [term 0 FOLLOWER]: Starting leader election (no leader contacted us within the election timeout)
I20260709 12:09:18.746555  9215 ts_tablet_manager.cc:1434] T aa56b1fd2b004dd298f9267fa1be7c9d P e2883d92a48f482a8f3d562ba11ed712: Time spent starting tablet: real 0.009s	user 0.004s	sys 0.000s
I20260709 12:09:18.746711  9022 tablet_service.cc:1917] Received RequestConsensusVote() RPC: tablet_id: "af7f7b4b56e340b5924fd5d9b6fd80be" candidate_uuid: "03deca4967204312a5d9a2cfbd39c9af" candidate_term: 1 candidate_status { last_received { term: 0 index: 0 } } ignore_live_leader: false dest_uuid: "de02969fc50e48219a1a114378c8a825" is_pre_election: true
I20260709 12:09:18.746519  9329 raft_consensus.cc:3060] T 3e6179c32504448fa637be8bbd25b276 P de02969fc50e48219a1a114378c8a825 [term 0 FOLLOWER]: Advancing to term 1
I20260709 12:09:18.747335  9022 raft_consensus.cc:2468] T af7f7b4b56e340b5924fd5d9b6fd80be P de02969fc50e48219a1a114378c8a825 [term 0 FOLLOWER]: Leader pre-election vote request: Granting yes vote for candidate 03deca4967204312a5d9a2cfbd39c9af in term 0.
I20260709 12:09:18.747519  9215 tablet_bootstrap.cc:492] T af7f7b4b56e340b5924fd5d9b6fd80be P e2883d92a48f482a8f3d562ba11ed712: Bootstrap starting.
I20260709 12:09:18.745697  9170 tablet_service.cc:1917] Received RequestConsensusVote() RPC: tablet_id: "af7f7b4b56e340b5924fd5d9b6fd80be" candidate_uuid: "03deca4967204312a5d9a2cfbd39c9af" candidate_term: 1 candidate_status { last_received { term: 0 index: 0 } } ignore_live_leader: false dest_uuid: "e2883d92a48f482a8f3d562ba11ed712" is_pre_election: true
I20260709 12:09:18.748387  9171 tablet_service.cc:1917] Received RequestConsensusVote() RPC: tablet_id: "4a8690d4d98a4230a428423596977c05" candidate_uuid: "03deca4967204312a5d9a2cfbd39c9af" candidate_term: 1 candidate_status { last_received { term: 0 index: 0 } } ignore_live_leader: false dest_uuid: "e2883d92a48f482a8f3d562ba11ed712" is_pre_election: true
I20260709 12:09:18.742812  9235 leader_election.cc:290] T af7f7b4b56e340b5924fd5d9b6fd80be P 03deca4967204312a5d9a2cfbd39c9af [CANDIDATE]: Term 1 pre-election: Requested pre-vote from peers de02969fc50e48219a1a114378c8a825 (127.7.175.193:39157), e2883d92a48f482a8f3d562ba11ed712 (127.7.175.195:45035)
I20260709 12:09:18.748759  9061 leader_election.cc:304] T af7f7b4b56e340b5924fd5d9b6fd80be P 03deca4967204312a5d9a2cfbd39c9af [CANDIDATE]: Term 1 pre-election: Election decided. Result: candidate won. Election summary: received 2 responses out of 3 voters: 2 yes votes; 0 no votes. yes voters: 03deca4967204312a5d9a2cfbd39c9af, de02969fc50e48219a1a114378c8a825; no voters: 
W20260709 12:09:18.749540  9063 leader_election.cc:343] T af7f7b4b56e340b5924fd5d9b6fd80be P 03deca4967204312a5d9a2cfbd39c9af [CANDIDATE]: Term 1 pre-election: Tablet error from VoteRequest() call to peer e2883d92a48f482a8f3d562ba11ed712 (127.7.175.195:45035): Illegal state: must be running to vote when last-logged opid is not known
I20260709 12:09:18.749835  9235 raft_consensus.cc:2804] T af7f7b4b56e340b5924fd5d9b6fd80be P 03deca4967204312a5d9a2cfbd39c9af [term 0 FOLLOWER]: Leader pre-election won for term 1
I20260709 12:09:18.749948  9022 tablet_service.cc:1917] Received RequestConsensusVote() RPC: tablet_id: "4a8690d4d98a4230a428423596977c05" candidate_uuid: "03deca4967204312a5d9a2cfbd39c9af" candidate_term: 1 candidate_status { last_received { term: 0 index: 0 } } ignore_live_leader: false dest_uuid: "de02969fc50e48219a1a114378c8a825" is_pre_election: true
I20260709 12:09:18.750420  9235 raft_consensus.cc:493] T af7f7b4b56e340b5924fd5d9b6fd80be P 03deca4967204312a5d9a2cfbd39c9af [term 0 FOLLOWER]: Starting leader election (no leader contacted us within the election timeout)
I20260709 12:09:18.750660  9022 raft_consensus.cc:2468] T 4a8690d4d98a4230a428423596977c05 P de02969fc50e48219a1a114378c8a825 [term 0 FOLLOWER]: Leader pre-election vote request: Granting yes vote for candidate 03deca4967204312a5d9a2cfbd39c9af in term 0.
I20260709 12:09:18.750926  9235 raft_consensus.cc:3060] T af7f7b4b56e340b5924fd5d9b6fd80be P 03deca4967204312a5d9a2cfbd39c9af [term 0 FOLLOWER]: Advancing to term 1
I20260709 12:09:18.752408  9061 leader_election.cc:304] T 4a8690d4d98a4230a428423596977c05 P 03deca4967204312a5d9a2cfbd39c9af [CANDIDATE]: Term 1 pre-election: Election decided. Result: candidate won. Election summary: received 2 responses out of 3 voters: 2 yes votes; 0 no votes. yes voters: 03deca4967204312a5d9a2cfbd39c9af, de02969fc50e48219a1a114378c8a825; no voters: 
I20260709 12:09:18.753260  9272 raft_consensus.cc:2804] T 4a8690d4d98a4230a428423596977c05 P 03deca4967204312a5d9a2cfbd39c9af [term 0 FOLLOWER]: Leader pre-election won for term 1
I20260709 12:09:18.753638  9272 raft_consensus.cc:493] T 4a8690d4d98a4230a428423596977c05 P 03deca4967204312a5d9a2cfbd39c9af [term 0 FOLLOWER]: Starting leader election (no leader contacted us within the election timeout)
I20260709 12:09:18.754199  9322 raft_consensus.cc:493] T d97bf1c0593e46ee86cf6f7bb26b5ec1 P e2883d92a48f482a8f3d562ba11ed712 [term 0 FOLLOWER]: Starting pre-election (no leader contacted us within the election timeout)
I20260709 12:09:18.754730  9322 raft_consensus.cc:515] T d97bf1c0593e46ee86cf6f7bb26b5ec1 P e2883d92a48f482a8f3d562ba11ed712 [term 0 FOLLOWER]: Starting pre-election with config: opid_index: -1 OBSOLETE_local: false peers { permanent_uuid: "de02969fc50e48219a1a114378c8a825" member_type: VOTER last_known_addr { host: "127.7.175.193" port: 39157 } } peers { permanent_uuid: "03deca4967204312a5d9a2cfbd39c9af" member_type: VOTER last_known_addr { host: "127.7.175.194" port: 44057 } } peers { permanent_uuid: "e2883d92a48f482a8f3d562ba11ed712" member_type: VOTER last_known_addr { host: "127.7.175.195" port: 45035 } }
W20260709 12:09:18.755836  9063 leader_election.cc:343] T 4a8690d4d98a4230a428423596977c05 P 03deca4967204312a5d9a2cfbd39c9af [CANDIDATE]: Term 1 pre-election: Tablet error from VoteRequest() call to peer e2883d92a48f482a8f3d562ba11ed712 (127.7.175.195:45035): Illegal state: must be running to vote when last-logged opid is not known
I20260709 12:09:18.756510  9215 tablet_bootstrap.cc:654] T af7f7b4b56e340b5924fd5d9b6fd80be P e2883d92a48f482a8f3d562ba11ed712: Neither blocks nor log segments found. Creating new log.
