[==========] Running 8 tests from 2 test suites.
[----------] Global test environment set-up.
[----------] 6 tests from LeaderRebalancerTest
[ RUN      ] LeaderRebalancerTest.FunctionalTestForDivided
WARNING: Logging before InitGoogleLogging() is written to STDERR
I20260709 12:08:15.361349 13905 internal_mini_cluster.cc:156] Creating distributed mini masters. Addrs: 127.13.148.126:39629
I20260709 12:08:15.362911 13905 env_posix.cc:2285] Not raising this process' open files per process limit of 1048576; it is already as high as it can go
I20260709 12:08:15.363966 13905 file_cache.cc:504] Constructed file cache file cache with capacity 419430
W20260709 12:08:15.380581 13912 instance_detector.cc:116] could not retrieve Azure instance metadata: Network error: curl error: HTTP response code said error: The requested URL returned error: 404
I20260709 12:08:15.382808 13905 server_base.cc:1061] running on GCE node
W20260709 12:08:15.380626 13914 instance_detector.cc:116] could not retrieve OpenStack instance metadata: Network error: curl error: HTTP response code said error: The requested URL returned error: 404
W20260709 12:08:15.380612 13911 instance_detector.cc:116] could not retrieve AWS instance metadata: Network error: curl error: HTTP response code said error: The requested URL returned error: 404
I20260709 12:08:16.611955 13905 hybrid_clock.cc:584] initializing the hybrid clock with 'system_unsync' time source
W20260709 12:08:16.612221 13905 system_unsync_time.cc:38] NTP support is disabled. Clock error bounds will not be accurate. This configuration is not suitable for distributed clusters.
I20260709 12:08:16.612453 13905 hybrid_clock.cc:648] HybridClock initialized: now 1783598896612424 us; error 0 us; skew 500 ppm
I20260709 12:08:16.613333 13905 server_base.cc:861] Flag tcmalloc_max_total_thread_cache_bytes is not working since tcmalloc is not enabled.
I20260709 12:08:16.618630 13905 webserver.cc:533] Webserver started at http://127.13.148.126:34153/ using document root <none> and password file <none>
I20260709 12:08:16.619535 13905 fs_manager.cc:362] Metadata directory not provided
I20260709 12:08:16.619771 13905 fs_manager.cc:368] Using write-ahead log directory (fs_wal_dir) as metadata directory
I20260709 12:08:16.620239 13905 server_base.cc:909] This appears to be a new deployment of Kudu; creating new FS layout
I20260709 12:08:16.626170 13905 fs_manager.cc:1068] Generated new instance metadata in path /tmp/dist-test-taskoUfwlr/test-tmp/auto_leader_rebalancer-test.0.LeaderRebalancerTest.FunctionalTestForDivided.1783598895192212-13905-0/minicluster-data/master-0-root/instance:
uuid: "560cf5c817f5471ba386887f875418cc"
format_stamp: "Formatted at 2026-07-09 12:08:16 on dist-test-slave-kpwv"
I20260709 12:08:16.634099 13905 fs_manager.cc:696] Time spent creating directory manager: real 0.007s	user 0.006s	sys 0.000s
I20260709 12:08:16.639477 13920 log_block_manager.cc:4127] Time spent loading block containers with low live blocks: real 0.000s	user 0.000s	sys 0.000s
I20260709 12:08:16.640861 13905 fs_manager.cc:730] Time spent opening block manager: real 0.004s	user 0.004s	sys 0.000s
I20260709 12:08:16.641283 13905 fs_manager.cc:647] Opened local filesystem: /tmp/dist-test-taskoUfwlr/test-tmp/auto_leader_rebalancer-test.0.LeaderRebalancerTest.FunctionalTestForDivided.1783598895192212-13905-0/minicluster-data/master-0-root
uuid: "560cf5c817f5471ba386887f875418cc"
format_stamp: "Formatted at 2026-07-09 12:08:16 on dist-test-slave-kpwv"
I20260709 12:08:16.641688 13905 fs_report.cc:389] FS layout report
--------------------
wal directory: /tmp/dist-test-taskoUfwlr/test-tmp/auto_leader_rebalancer-test.0.LeaderRebalancerTest.FunctionalTestForDivided.1783598895192212-13905-0/minicluster-data/master-0-root
metadata directory: /tmp/dist-test-taskoUfwlr/test-tmp/auto_leader_rebalancer-test.0.LeaderRebalancerTest.FunctionalTestForDivided.1783598895192212-13905-0/minicluster-data/master-0-root
1 data directories: /tmp/dist-test-taskoUfwlr/test-tmp/auto_leader_rebalancer-test.0.LeaderRebalancerTest.FunctionalTestForDivided.1783598895192212-13905-0/minicluster-data/master-0-root/data
Total live blocks: 0
Total live bytes: 0
Total live bytes (after alignment): 0
Total number of LBM containers: 0 (0 full)
Did not check for missing blocks
Did not check for orphaned blocks
Total full LBM containers with extra space: 0 (0 repaired)
Total full LBM container extra space in bytes: 0 (0 repaired)
Total incomplete LBM containers: 0 (0 repaired)
Total LBM partial records: 0 (0 repaired)
Total corrupted LBM metadata records in RocksDB: 0 (0 repaired)
I20260709 12:08:16.716144 13905 rpc_server.cc:225] running with OpenSSL 1.1.1  11 Sep 2018
I20260709 12:08:16.717730 13905 env_posix.cc:2285] Not raising this process' running threads per effective uid limit of 18446744073709551615; it is already as high as it can go
I20260709 12:08:16.718214 13905 kserver.cc:163] Server-wide thread pool size limit: 3276
I20260709 12:08:16.792474 13905 rpc_server.cc:307] RPC server started. Bound to: 127.13.148.126:39629
I20260709 12:08:16.792572 13971 acceptor_pool.cc:272] collecting diagnostics on the listening RPC socket 127.13.148.126:39629 every 8 connection(s)
I20260709 12:08:16.801357 13972 data_dirs.cc:400] Could only allocate 1 dirs of requested 3 for tablet 00000000000000000000000000000000. 1 dirs total, 0 dirs full, 0 dirs failed
I20260709 12:08:16.823318 13972 tablet_bootstrap.cc:492] T 00000000000000000000000000000000 P 560cf5c817f5471ba386887f875418cc: Bootstrap starting.
I20260709 12:08:16.829288 13972 tablet_bootstrap.cc:654] T 00000000000000000000000000000000 P 560cf5c817f5471ba386887f875418cc: Neither blocks nor log segments found. Creating new log.
I20260709 12:08:16.831225 13972 log.cc:826] T 00000000000000000000000000000000 P 560cf5c817f5471ba386887f875418cc: Log is configured to *not* fsync() on all Append() calls
I20260709 12:08:16.836293 13972 tablet_bootstrap.cc:492] T 00000000000000000000000000000000 P 560cf5c817f5471ba386887f875418cc: No bootstrap required, opened a new log
I20260709 12:08:16.858035 13972 raft_consensus.cc:359] T 00000000000000000000000000000000 P 560cf5c817f5471ba386887f875418cc [term 0 FOLLOWER]: Replica starting. Triggering 0 pending ops. Active config: opid_index: -1 OBSOLETE_local: true peers { permanent_uuid: "560cf5c817f5471ba386887f875418cc" member_type: VOTER }
I20260709 12:08:16.858623 13972 raft_consensus.cc:385] T 00000000000000000000000000000000 P 560cf5c817f5471ba386887f875418cc [term 0 FOLLOWER]: Consensus starting up: Expiring failure detector timer to make a prompt election more likely
I20260709 12:08:16.858944 13972 raft_consensus.cc:740] T 00000000000000000000000000000000 P 560cf5c817f5471ba386887f875418cc [term 0 FOLLOWER]: Becoming Follower/Learner. State: Replica: 560cf5c817f5471ba386887f875418cc, State: Initialized, Role: FOLLOWER
I20260709 12:08:16.859858 13972 consensus_queue.cc:260] T 00000000000000000000000000000000 P 560cf5c817f5471ba386887f875418cc [NON_LEADER]: Queue going to NON_LEADER mode. State: All replicated index: 0, Majority replicated index: 0, Committed index: 0, Last appended: 0.0, Last appended by leader: 0, Current term: 0, Majority size: -1, State: 0, Mode: NON_LEADER, active raft config: opid_index: -1 OBSOLETE_local: true peers { permanent_uuid: "560cf5c817f5471ba386887f875418cc" member_type: VOTER }
I20260709 12:08:16.860384 13972 raft_consensus.cc:399] T 00000000000000000000000000000000 P 560cf5c817f5471ba386887f875418cc [term 0 FOLLOWER]: Only one voter in the Raft config. Triggering election immediately
I20260709 12:08:16.860688 13972 raft_consensus.cc:493] T 00000000000000000000000000000000 P 560cf5c817f5471ba386887f875418cc [term 0 FOLLOWER]: Starting leader election (initial election of a single-replica configuration)
I20260709 12:08:16.861029 13972 raft_consensus.cc:3060] T 00000000000000000000000000000000 P 560cf5c817f5471ba386887f875418cc [term 0 FOLLOWER]: Advancing to term 1
I20260709 12:08:16.865818 13972 raft_consensus.cc:515] T 00000000000000000000000000000000 P 560cf5c817f5471ba386887f875418cc [term 1 FOLLOWER]: Starting leader election with config: opid_index: -1 OBSOLETE_local: true peers { permanent_uuid: "560cf5c817f5471ba386887f875418cc" member_type: VOTER }
I20260709 12:08:16.866616 13972 leader_election.cc:304] T 00000000000000000000000000000000 P 560cf5c817f5471ba386887f875418cc [CANDIDATE]: Term 1 election: Election decided. Result: candidate won. Election summary: received 1 responses out of 1 voters: 1 yes votes; 0 no votes. yes voters: 560cf5c817f5471ba386887f875418cc; no voters: 
I20260709 12:08:16.868358 13972 leader_election.cc:290] T 00000000000000000000000000000000 P 560cf5c817f5471ba386887f875418cc [CANDIDATE]: Term 1 election: Requested vote from peers 
I20260709 12:08:16.868790 13975 raft_consensus.cc:2804] T 00000000000000000000000000000000 P 560cf5c817f5471ba386887f875418cc [term 1 FOLLOWER]: Leader election won for term 1
I20260709 12:08:16.871366 13975 raft_consensus.cc:697] T 00000000000000000000000000000000 P 560cf5c817f5471ba386887f875418cc [term 1 LEADER]: Becoming Leader. State: Replica: 560cf5c817f5471ba386887f875418cc, State: Running, Role: LEADER
I20260709 12:08:16.872287 13975 consensus_queue.cc:237] T 00000000000000000000000000000000 P 560cf5c817f5471ba386887f875418cc [LEADER]: Queue going to LEADER mode. State: All replicated index: 0, Majority replicated index: 0, Committed index: 0, Last appended: 0.0, Last appended by leader: 0, Current term: 1, Majority size: 1, State: 0, Mode: LEADER, active raft config: opid_index: -1 OBSOLETE_local: true peers { permanent_uuid: "560cf5c817f5471ba386887f875418cc" member_type: VOTER }
I20260709 12:08:16.873310 13972 sys_catalog.cc:565] T 00000000000000000000000000000000 P 560cf5c817f5471ba386887f875418cc [sys.catalog]: configured and running, proceeding with master startup.
I20260709 12:08:16.882763 13976 sys_catalog.cc:455] T 00000000000000000000000000000000 P 560cf5c817f5471ba386887f875418cc [sys.catalog]: SysCatalogTable state changed. Reason: RaftConsensus started. Latest consensus state: current_term: 1 leader_uuid: "560cf5c817f5471ba386887f875418cc" committed_config { opid_index: -1 OBSOLETE_local: true peers { permanent_uuid: "560cf5c817f5471ba386887f875418cc" member_type: VOTER } }
I20260709 12:08:16.883993 13976 sys_catalog.cc:458] T 00000000000000000000000000000000 P 560cf5c817f5471ba386887f875418cc [sys.catalog]: This master's current role is: LEADER
I20260709 12:08:16.883913 13977 sys_catalog.cc:455] T 00000000000000000000000000000000 P 560cf5c817f5471ba386887f875418cc [sys.catalog]: SysCatalogTable state changed. Reason: New leader 560cf5c817f5471ba386887f875418cc. Latest consensus state: current_term: 1 leader_uuid: "560cf5c817f5471ba386887f875418cc" committed_config { opid_index: -1 OBSOLETE_local: true peers { permanent_uuid: "560cf5c817f5471ba386887f875418cc" member_type: VOTER } }
I20260709 12:08:16.884541 13977 sys_catalog.cc:458] T 00000000000000000000000000000000 P 560cf5c817f5471ba386887f875418cc [sys.catalog]: This master's current role is: LEADER
I20260709 12:08:16.890285 13984 catalog_manager.cc:1511] Loading table and tablet metadata into memory...
I20260709 12:08:16.908156 13984 catalog_manager.cc:1520] Initializing Kudu cluster ID...
I20260709 12:08:16.910382 13905 internal_mini_cluster.cc:184] Waiting to initialize catalog manager on master 0
I20260709 12:08:16.929683 13984 catalog_manager.cc:1383] Generated new cluster ID: f0a7f3bb1cc64600b5a590f0507fe1c9
I20260709 12:08:16.929986 13984 catalog_manager.cc:1531] Initializing Kudu internal certificate authority...
I20260709 12:08:16.957057 13984 catalog_manager.cc:1406] Generated new certificate authority record
I20260709 12:08:16.959326 13984 catalog_manager.cc:1540] Loading token signing keys...
I20260709 12:08:16.976073 13984 catalog_manager.cc:6070] T 00000000000000000000000000000000 P 560cf5c817f5471ba386887f875418cc: Generated new TSK 0
I20260709 12:08:16.977062 13984 catalog_manager.cc:1550] Initializing in-progress tserver states...
I20260709 12:08:17.041114 13905 file_cache.cc:504] Constructed file cache file cache with capacity 419430
W20260709 12:08:17.049571 13994 instance_detector.cc:116] could not retrieve AWS instance metadata: Network error: curl error: HTTP response code said error: The requested URL returned error: 404
W20260709 12:08:17.051115 13995 instance_detector.cc:116] could not retrieve Azure instance metadata: Network error: curl error: HTTP response code said error: The requested URL returned error: 404
W20260709 12:08:17.054921 13997 instance_detector.cc:116] could not retrieve OpenStack instance metadata: Network error: curl error: HTTP response code said error: The requested URL returned error: 404
I20260709 12:08:17.055063 13905 server_base.cc:1061] running on GCE node
I20260709 12:08:17.055999 13905 hybrid_clock.cc:584] initializing the hybrid clock with 'system_unsync' time source
W20260709 12:08:17.056190 13905 system_unsync_time.cc:38] NTP support is disabled. Clock error bounds will not be accurate. This configuration is not suitable for distributed clusters.
I20260709 12:08:17.056393 13905 hybrid_clock.cc:648] HybridClock initialized: now 1783598897056359 us; error 0 us; skew 500 ppm
I20260709 12:08:17.057003 13905 server_base.cc:861] Flag tcmalloc_max_total_thread_cache_bytes is not working since tcmalloc is not enabled.
I20260709 12:08:17.061477 13905 webserver.cc:533] Webserver started at http://127.13.148.65:34921/ using document root <none> and password file <none>
I20260709 12:08:17.062098 13905 fs_manager.cc:362] Metadata directory not provided
I20260709 12:08:17.062294 13905 fs_manager.cc:368] Using write-ahead log directory (fs_wal_dir) as metadata directory
I20260709 12:08:17.062628 13905 server_base.cc:909] This appears to be a new deployment of Kudu; creating new FS layout
I20260709 12:08:17.063766 13905 fs_manager.cc:1068] Generated new instance metadata in path /tmp/dist-test-taskoUfwlr/test-tmp/auto_leader_rebalancer-test.0.LeaderRebalancerTest.FunctionalTestForDivided.1783598895192212-13905-0/minicluster-data/ts-0-root/instance:
uuid: "cba8a7c01f9f428186fcd82055445720"
format_stamp: "Formatted at 2026-07-09 12:08:17 on dist-test-slave-kpwv"
I20260709 12:08:17.069494 13905 fs_manager.cc:696] Time spent creating directory manager: real 0.005s	user 0.006s	sys 0.001s
I20260709 12:08:17.074069 14002 log_block_manager.cc:4127] Time spent loading block containers with low live blocks: real 0.000s	user 0.000s	sys 0.000s
I20260709 12:08:17.075032 13905 fs_manager.cc:730] Time spent opening block manager: real 0.003s	user 0.003s	sys 0.000s
I20260709 12:08:17.075376 13905 fs_manager.cc:647] Opened local filesystem: /tmp/dist-test-taskoUfwlr/test-tmp/auto_leader_rebalancer-test.0.LeaderRebalancerTest.FunctionalTestForDivided.1783598895192212-13905-0/minicluster-data/ts-0-root
uuid: "cba8a7c01f9f428186fcd82055445720"
format_stamp: "Formatted at 2026-07-09 12:08:17 on dist-test-slave-kpwv"
I20260709 12:08:17.075753 13905 fs_report.cc:389] FS layout report
--------------------
wal directory: /tmp/dist-test-taskoUfwlr/test-tmp/auto_leader_rebalancer-test.0.LeaderRebalancerTest.FunctionalTestForDivided.1783598895192212-13905-0/minicluster-data/ts-0-root
metadata directory: /tmp/dist-test-taskoUfwlr/test-tmp/auto_leader_rebalancer-test.0.LeaderRebalancerTest.FunctionalTestForDivided.1783598895192212-13905-0/minicluster-data/ts-0-root
1 data directories: /tmp/dist-test-taskoUfwlr/test-tmp/auto_leader_rebalancer-test.0.LeaderRebalancerTest.FunctionalTestForDivided.1783598895192212-13905-0/minicluster-data/ts-0-root/data
Total live blocks: 0
Total live bytes: 0
Total live bytes (after alignment): 0
Total number of LBM containers: 0 (0 full)
Did not check for missing blocks
Did not check for orphaned blocks
Total full LBM containers with extra space: 0 (0 repaired)
Total full LBM container extra space in bytes: 0 (0 repaired)
Total incomplete LBM containers: 0 (0 repaired)
Total LBM partial records: 0 (0 repaired)
Total corrupted LBM metadata records in RocksDB: 0 (0 repaired)
I20260709 12:08:17.100409 13905 rpc_server.cc:225] running with OpenSSL 1.1.1  11 Sep 2018
I20260709 12:08:17.102231 13905 kserver.cc:163] Server-wide thread pool size limit: 3276
I20260709 12:08:17.105049 13905 txn_system_client.cc:432] TxnSystemClient initialization is disabled...
I20260709 12:08:17.110446 13905 ts_tablet_manager.cc:585] Loaded tablet metadata (0 total tablets, 0 live tablets)
I20260709 12:08:17.110765 13905 ts_tablet_manager.cc:531] Time spent load tablet metadata: real 0.000s	user 0.001s	sys 0.000s
I20260709 12:08:17.111076 13905 ts_tablet_manager.cc:616] Registered 0 tablets
I20260709 12:08:17.111325 13905 ts_tablet_manager.cc:595] Time spent register tablets: real 0.000s	user 0.000s	sys 0.000s
I20260709 12:08:17.205224 13905 rpc_server.cc:307] RPC server started. Bound to: 127.13.148.65:43313
I20260709 12:08:17.205305 14064 acceptor_pool.cc:272] collecting diagnostics on the listening RPC socket 127.13.148.65:43313 every 8 connection(s)
I20260709 12:08:17.212688 13905 file_cache.cc:504] Constructed file cache file cache with capacity 419430
W20260709 12:08:17.222262 14069 instance_detector.cc:116] could not retrieve AWS instance metadata: Network error: curl error: HTTP response code said error: The requested URL returned error: 404
W20260709 12:08:17.224002 14070 instance_detector.cc:116] could not retrieve Azure instance metadata: Network error: curl error: HTTP response code said error: The requested URL returned error: 404
I20260709 12:08:17.237521 14065 heartbeater.cc:344] Connected to a master server at 127.13.148.126:39629
I20260709 12:08:17.238044 14065 heartbeater.cc:461] Registering TS with master...
I20260709 12:08:17.239336 14065 heartbeater.cc:507] Master 127.13.148.126:39629 requested a full tablet report, sending...
I20260709 12:08:17.240763 13905 server_base.cc:1061] running on GCE node
W20260709 12:08:17.242410 14072 instance_detector.cc:116] could not retrieve OpenStack instance metadata: Network error: curl error: HTTP response code said error: The requested URL returned error: 404
I20260709 12:08:17.243263 13937 ts_manager.cc:194] Registered new tserver with Master: cba8a7c01f9f428186fcd82055445720 (127.13.148.65:43313)
I20260709 12:08:17.243464 13905 hybrid_clock.cc:584] initializing the hybrid clock with 'system_unsync' time source
W20260709 12:08:17.243783 13905 system_unsync_time.cc:38] NTP support is disabled. Clock error bounds will not be accurate. This configuration is not suitable for distributed clusters.
I20260709 12:08:17.243980 13905 hybrid_clock.cc:648] HybridClock initialized: now 1783598897243961 us; error 0 us; skew 500 ppm
I20260709 12:08:17.244614 13905 server_base.cc:861] Flag tcmalloc_max_total_thread_cache_bytes is not working since tcmalloc is not enabled.
I20260709 12:08:17.246292 13937 master_service.cc:502] Signed X509 certificate for tserver {username='slave'} at 127.0.0.1:38514
I20260709 12:08:17.248247 13905 webserver.cc:533] Webserver started at http://127.13.148.66:39079/ using document root <none> and password file <none>
I20260709 12:08:17.248844 13905 fs_manager.cc:362] Metadata directory not provided
I20260709 12:08:17.249003 13905 fs_manager.cc:368] Using write-ahead log directory (fs_wal_dir) as metadata directory
I20260709 12:08:17.249238 13905 server_base.cc:909] This appears to be a new deployment of Kudu; creating new FS layout
I20260709 12:08:17.250360 13905 fs_manager.cc:1068] Generated new instance metadata in path /tmp/dist-test-taskoUfwlr/test-tmp/auto_leader_rebalancer-test.0.LeaderRebalancerTest.FunctionalTestForDivided.1783598895192212-13905-0/minicluster-data/ts-1-root/instance:
uuid: "7a051e5cbd9947c2be15499288ef429e"
format_stamp: "Formatted at 2026-07-09 12:08:17 on dist-test-slave-kpwv"
I20260709 12:08:17.256050 13905 fs_manager.cc:696] Time spent creating directory manager: real 0.005s	user 0.001s	sys 0.003s
I20260709 12:08:17.261096 14077 log_block_manager.cc:4127] Time spent loading block containers with low live blocks: real 0.000s	user 0.000s	sys 0.000s
I20260709 12:08:17.262041 13905 fs_manager.cc:730] Time spent opening block manager: real 0.004s	user 0.004s	sys 0.000s
I20260709 12:08:17.262435 13905 fs_manager.cc:647] Opened local filesystem: /tmp/dist-test-taskoUfwlr/test-tmp/auto_leader_rebalancer-test.0.LeaderRebalancerTest.FunctionalTestForDivided.1783598895192212-13905-0/minicluster-data/ts-1-root
uuid: "7a051e5cbd9947c2be15499288ef429e"
format_stamp: "Formatted at 2026-07-09 12:08:17 on dist-test-slave-kpwv"
I20260709 12:08:17.262809 13905 fs_report.cc:389] FS layout report
--------------------
wal directory: /tmp/dist-test-taskoUfwlr/test-tmp/auto_leader_rebalancer-test.0.LeaderRebalancerTest.FunctionalTestForDivided.1783598895192212-13905-0/minicluster-data/ts-1-root
metadata directory: /tmp/dist-test-taskoUfwlr/test-tmp/auto_leader_rebalancer-test.0.LeaderRebalancerTest.FunctionalTestForDivided.1783598895192212-13905-0/minicluster-data/ts-1-root
1 data directories: /tmp/dist-test-taskoUfwlr/test-tmp/auto_leader_rebalancer-test.0.LeaderRebalancerTest.FunctionalTestForDivided.1783598895192212-13905-0/minicluster-data/ts-1-root/data
Total live blocks: 0
Total live bytes: 0
Total live bytes (after alignment): 0
Total number of LBM containers: 0 (0 full)
Did not check for missing blocks
Did not check for orphaned blocks
Total full LBM containers with extra space: 0 (0 repaired)
Total full LBM container extra space in bytes: 0 (0 repaired)
Total incomplete LBM containers: 0 (0 repaired)
Total LBM partial records: 0 (0 repaired)
Total corrupted LBM metadata records in RocksDB: 0 (0 repaired)
I20260709 12:08:17.293473 13905 rpc_server.cc:225] running with OpenSSL 1.1.1  11 Sep 2018
I20260709 12:08:17.295282 13905 kserver.cc:163] Server-wide thread pool size limit: 3276
I20260709 12:08:17.297890 13905 txn_system_client.cc:432] TxnSystemClient initialization is disabled...
I20260709 12:08:17.301685 13905 ts_tablet_manager.cc:585] Loaded tablet metadata (0 total tablets, 0 live tablets)
I20260709 12:08:17.301959 13905 ts_tablet_manager.cc:531] Time spent load tablet metadata: real 0.000s	user 0.000s	sys 0.000s
I20260709 12:08:17.302248 13905 ts_tablet_manager.cc:616] Registered 0 tablets
I20260709 12:08:17.302470 13905 ts_tablet_manager.cc:595] Time spent register tablets: real 0.000s	user 0.000s	sys 0.000s
I20260709 12:08:17.392666 13905 rpc_server.cc:307] RPC server started. Bound to: 127.13.148.66:33965
I20260709 12:08:17.392913 14139 acceptor_pool.cc:272] collecting diagnostics on the listening RPC socket 127.13.148.66:33965 every 8 connection(s)
I20260709 12:08:17.400846 13905 file_cache.cc:504] Constructed file cache file cache with capacity 419430
W20260709 12:08:17.409847 14143 instance_detector.cc:116] could not retrieve AWS instance metadata: Network error: curl error: HTTP response code said error: The requested URL returned error: 404
I20260709 12:08:17.419245 14140 heartbeater.cc:344] Connected to a master server at 127.13.148.126:39629
I20260709 12:08:17.419734 14140 heartbeater.cc:461] Registering TS with master...
I20260709 12:08:17.420892 14140 heartbeater.cc:507] Master 127.13.148.126:39629 requested a full tablet report, sending...
I20260709 12:08:17.424191 13937 ts_manager.cc:194] Registered new tserver with Master: 7a051e5cbd9947c2be15499288ef429e (127.13.148.66:33965)
I20260709 12:08:17.426280 13937 master_service.cc:502] Signed X509 certificate for tserver {username='slave'} at 127.0.0.1:38526
W20260709 12:08:17.427780 14144 instance_detector.cc:116] could not retrieve Azure instance metadata: Network error: curl error: HTTP response code said error: The requested URL returned error: 404
W20260709 12:08:17.427822 14146 instance_detector.cc:116] could not retrieve OpenStack instance metadata: Network error: curl error: HTTP response code said error: The requested URL returned error: 404
I20260709 12:08:17.429420 13905 server_base.cc:1061] running on GCE node
I20260709 12:08:17.430430 13905 hybrid_clock.cc:584] initializing the hybrid clock with 'system_unsync' time source
W20260709 12:08:17.430723 13905 system_unsync_time.cc:38] NTP support is disabled. Clock error bounds will not be accurate. This configuration is not suitable for distributed clusters.
I20260709 12:08:17.430936 13905 hybrid_clock.cc:648] HybridClock initialized: now 1783598897430918 us; error 0 us; skew 500 ppm
I20260709 12:08:17.431699 13905 server_base.cc:861] Flag tcmalloc_max_total_thread_cache_bytes is not working since tcmalloc is not enabled.
I20260709 12:08:17.434399 13905 webserver.cc:533] Webserver started at http://127.13.148.67:33801/ using document root <none> and password file <none>
I20260709 12:08:17.435021 13905 fs_manager.cc:362] Metadata directory not provided
I20260709 12:08:17.435258 13905 fs_manager.cc:368] Using write-ahead log directory (fs_wal_dir) as metadata directory
I20260709 12:08:17.435566 13905 server_base.cc:909] This appears to be a new deployment of Kudu; creating new FS layout
I20260709 12:08:17.436987 13905 fs_manager.cc:1068] Generated new instance metadata in path /tmp/dist-test-taskoUfwlr/test-tmp/auto_leader_rebalancer-test.0.LeaderRebalancerTest.FunctionalTestForDivided.1783598895192212-13905-0/minicluster-data/ts-2-root/instance:
uuid: "5b7c899f06b2463bb4dfa7d23fe4f59d"
format_stamp: "Formatted at 2026-07-09 12:08:17 on dist-test-slave-kpwv"
I20260709 12:08:17.442735 13905 fs_manager.cc:696] Time spent creating directory manager: real 0.005s	user 0.005s	sys 0.001s
I20260709 12:08:17.446949 14151 log_block_manager.cc:4127] Time spent loading block containers with low live blocks: real 0.000s	user 0.000s	sys 0.000s
I20260709 12:08:17.447808 13905 fs_manager.cc:730] Time spent opening block manager: real 0.003s	user 0.004s	sys 0.000s
I20260709 12:08:17.448134 13905 fs_manager.cc:647] Opened local filesystem: /tmp/dist-test-taskoUfwlr/test-tmp/auto_leader_rebalancer-test.0.LeaderRebalancerTest.FunctionalTestForDivided.1783598895192212-13905-0/minicluster-data/ts-2-root
uuid: "5b7c899f06b2463bb4dfa7d23fe4f59d"
format_stamp: "Formatted at 2026-07-09 12:08:17 on dist-test-slave-kpwv"
I20260709 12:08:17.448493 13905 fs_report.cc:389] FS layout report
--------------------
wal directory: /tmp/dist-test-taskoUfwlr/test-tmp/auto_leader_rebalancer-test.0.LeaderRebalancerTest.FunctionalTestForDivided.1783598895192212-13905-0/minicluster-data/ts-2-root
metadata directory: /tmp/dist-test-taskoUfwlr/test-tmp/auto_leader_rebalancer-test.0.LeaderRebalancerTest.FunctionalTestForDivided.1783598895192212-13905-0/minicluster-data/ts-2-root
1 data directories: /tmp/dist-test-taskoUfwlr/test-tmp/auto_leader_rebalancer-test.0.LeaderRebalancerTest.FunctionalTestForDivided.1783598895192212-13905-0/minicluster-data/ts-2-root/data
Total live blocks: 0
Total live bytes: 0
Total live bytes (after alignment): 0
Total number of LBM containers: 0 (0 full)
Did not check for missing blocks
Did not check for orphaned blocks
Total full LBM containers with extra space: 0 (0 repaired)
Total full LBM container extra space in bytes: 0 (0 repaired)
Total incomplete LBM containers: 0 (0 repaired)
Total LBM partial records: 0 (0 repaired)
Total corrupted LBM metadata records in RocksDB: 0 (0 repaired)
I20260709 12:08:17.479354 13905 rpc_server.cc:225] running with OpenSSL 1.1.1  11 Sep 2018
I20260709 12:08:17.480964 13905 kserver.cc:163] Server-wide thread pool size limit: 3276
I20260709 12:08:17.482620 13905 txn_system_client.cc:432] TxnSystemClient initialization is disabled...
I20260709 12:08:17.485308 13905 ts_tablet_manager.cc:585] Loaded tablet metadata (0 total tablets, 0 live tablets)
I20260709 12:08:17.485566 13905 ts_tablet_manager.cc:531] Time spent load tablet metadata: real 0.000s	user 0.000s	sys 0.000s
I20260709 12:08:17.485852 13905 ts_tablet_manager.cc:616] Registered 0 tablets
I20260709 12:08:17.486052 13905 ts_tablet_manager.cc:595] Time spent register tablets: real 0.000s	user 0.000s	sys 0.000s
I20260709 12:08:17.571625 13905 rpc_server.cc:307] RPC server started. Bound to: 127.13.148.67:33503
I20260709 12:08:17.571683 14213 acceptor_pool.cc:272] collecting diagnostics on the listening RPC socket 127.13.148.67:33503 every 8 connection(s)
I20260709 12:08:17.588058 14214 heartbeater.cc:344] Connected to a master server at 127.13.148.126:39629
I20260709 12:08:17.588430 14214 heartbeater.cc:461] Registering TS with master...
I20260709 12:08:17.589267 14214 heartbeater.cc:507] Master 127.13.148.126:39629 requested a full tablet report, sending...
I20260709 12:08:17.591403 13937 ts_manager.cc:194] Registered new tserver with Master: 5b7c899f06b2463bb4dfa7d23fe4f59d (127.13.148.67:33503)
I20260709 12:08:17.592412 13905 internal_mini_cluster.cc:371] 3 TS(s) registered with all masters after 0.013241699s
I20260709 12:08:17.592979 13937 master_service.cc:502] Signed X509 certificate for tserver {username='slave'} at 127.0.0.1:38540
I20260709 12:08:17.640759 13937 catalog_manager.cc:2283] Servicing CreateTable request from {username='slave'} at 127.0.0.1:38554:
name: "test-workload"
schema {
  columns {
    name: "key"
    type: INT32
    is_key: true
    is_nullable: false
    encoding: AUTO_ENCODING
    compression: DEFAULT_COMPRESSION
    cfile_block_size: 0
    immutable: false
  }
  columns {
    name: "int_val"
    type: INT32
    is_key: false
    is_nullable: false
    encoding: AUTO_ENCODING
    compression: DEFAULT_COMPRESSION
    cfile_block_size: 0
    immutable: false
  }
  columns {
    name: "string_val"
    type: STRING
    is_key: false
    is_nullable: true
    encoding: AUTO_ENCODING
    compression: DEFAULT_COMPRESSION
    cfile_block_size: 0
    immutable: false
  }
}
num_replicas: 3
split_rows_range_bounds {
  rows: "\004\001\000\216\3438\016\004\001\000\034\307q\034\004\001\000\252\252\252*\004\001\0008\216\3438\004\001\000\306q\034G\004\001\000TUUU\004\001\000\3428\216c\004\001\000p\034\307q""\004\001\000\216\3438\016\004\001\000\034\307q\034\004\001\000\252\252\252*\004\001\0008\216\3438\004\001\000\306q\034G\004\001\000TUUU\004\001\000\3428\216c\004\001\000p\034\307q"
  indirect_data: """"
}
partition_schema {
  range_schema {
    columns {
      name: "key"
    }
  }
}
W20260709 12:08:17.644207 13937 catalog_manager.cc:7077] The number of live tablet servers is not enough to re-replicate a tablet replica of the newly created table test-workload in case of a server failure: 4 tablet servers would be needed, 3 are available. Consider bringing up more tablet servers.
I20260709 12:08:17.746939 14105 tablet_service.cc:1511] Processing CreateTablet for tablet 6824c7a49fc04ad7a5e6aad82552669e (DEFAULT_TABLE table=test-workload [id=556b0d006bc148028f8336765d57c8c5]), partition=RANGE (key) PARTITION VALUES < 238609294
I20260709 12:08:17.748713 14105 data_dirs.cc:400] Could only allocate 1 dirs of requested 3 for tablet 6824c7a49fc04ad7a5e6aad82552669e. 1 dirs total, 0 dirs full, 0 dirs failed
I20260709 12:08:17.749636 14028 tablet_service.cc:1511] Processing CreateTablet for tablet cb7ae64766b245c0a4d6df2e0c4e4f29 (DEFAULT_TABLE table=test-workload [id=556b0d006bc148028f8336765d57c8c5]), partition=RANGE (key) PARTITION 477218588 <= VALUES < 715827882
I20260709 12:08:17.750991 14104 tablet_service.cc:1511] Processing CreateTablet for tablet 4a802f302fed481aa5e6abe1f3337456 (DEFAULT_TABLE table=test-workload [id=556b0d006bc148028f8336765d57c8c5]), partition=RANGE (key) PARTITION 238609294 <= VALUES < 477218588
I20260709 12:08:17.752519 14104 data_dirs.cc:400] Could only allocate 1 dirs of requested 3 for tablet 4a802f302fed481aa5e6abe1f3337456. 1 dirs total, 0 dirs full, 0 dirs failed
I20260709 12:08:17.752264 14030 tablet_service.cc:1511] Processing CreateTablet for tablet 6824c7a49fc04ad7a5e6aad82552669e (DEFAULT_TABLE table=test-workload [id=556b0d006bc148028f8336765d57c8c5]), partition=RANGE (key) PARTITION VALUES < 238609294
I20260709 12:08:17.751032 14028 data_dirs.cc:400] Could only allocate 1 dirs of requested 3 for tablet cb7ae64766b245c0a4d6df2e0c4e4f29. 1 dirs total, 0 dirs full, 0 dirs failed
I20260709 12:08:17.758621 14030 data_dirs.cc:400] Could only allocate 1 dirs of requested 3 for tablet 6824c7a49fc04ad7a5e6aad82552669e. 1 dirs total, 0 dirs full, 0 dirs failed
I20260709 12:08:17.760835 14103 tablet_service.cc:1511] Processing CreateTablet for tablet cb7ae64766b245c0a4d6df2e0c4e4f29 (DEFAULT_TABLE table=test-workload [id=556b0d006bc148028f8336765d57c8c5]), partition=RANGE (key) PARTITION 477218588 <= VALUES < 715827882
I20260709 12:08:17.763984 14102 tablet_service.cc:1511] Processing CreateTablet for tablet 22c0aa773e88499ab98c78bbdc54eb04 (DEFAULT_TABLE table=test-workload [id=556b0d006bc148028f8336765d57c8c5]), partition=RANGE (key) PARTITION 715827882 <= VALUES < 954437176
I20260709 12:08:17.763597 14029 tablet_service.cc:1511] Processing CreateTablet for tablet 4a802f302fed481aa5e6abe1f3337456 (DEFAULT_TABLE table=test-workload [id=556b0d006bc148028f8336765d57c8c5]), partition=RANGE (key) PARTITION 238609294 <= VALUES < 477218588
I20260709 12:08:17.764556 14027 tablet_service.cc:1511] Processing CreateTablet for tablet 22c0aa773e88499ab98c78bbdc54eb04 (DEFAULT_TABLE table=test-workload [id=556b0d006bc148028f8336765d57c8c5]), partition=RANGE (key) PARTITION 715827882 <= VALUES < 954437176
I20260709 12:08:17.769407 14103 data_dirs.cc:400] Could only allocate 1 dirs of requested 3 for tablet cb7ae64766b245c0a4d6df2e0c4e4f29. 1 dirs total, 0 dirs full, 0 dirs failed
I20260709 12:08:17.769459 14029 data_dirs.cc:400] Could only allocate 1 dirs of requested 3 for tablet 4a802f302fed481aa5e6abe1f3337456. 1 dirs total, 0 dirs full, 0 dirs failed
I20260709 12:08:17.771062 14027 data_dirs.cc:400] Could only allocate 1 dirs of requested 3 for tablet 22c0aa773e88499ab98c78bbdc54eb04. 1 dirs total, 0 dirs full, 0 dirs failed
I20260709 12:08:17.771090 14102 data_dirs.cc:400] Could only allocate 1 dirs of requested 3 for tablet 22c0aa773e88499ab98c78bbdc54eb04. 1 dirs total, 0 dirs full, 0 dirs failed
I20260709 12:08:17.777426 14026 tablet_service.cc:1511] Processing CreateTablet for tablet d5bfe48656164668bd7a62533dc954f2 (DEFAULT_TABLE table=test-workload [id=556b0d006bc148028f8336765d57c8c5]), partition=RANGE (key) PARTITION 954437176 <= VALUES < 1193046470
I20260709 12:08:17.785707 14101 tablet_service.cc:1511] Processing CreateTablet for tablet d5bfe48656164668bd7a62533dc954f2 (DEFAULT_TABLE table=test-workload [id=556b0d006bc148028f8336765d57c8c5]), partition=RANGE (key) PARTITION 954437176 <= VALUES < 1193046470
I20260709 12:08:17.786545 14178 tablet_service.cc:1511] Processing CreateTablet for tablet 4a802f302fed481aa5e6abe1f3337456 (DEFAULT_TABLE table=test-workload [id=556b0d006bc148028f8336765d57c8c5]), partition=RANGE (key) PARTITION 238609294 <= VALUES < 477218588
I20260709 12:08:17.790714 14178 data_dirs.cc:400] Could only allocate 1 dirs of requested 3 for tablet 4a802f302fed481aa5e6abe1f3337456. 1 dirs total, 0 dirs full, 0 dirs failed
I20260709 12:08:17.792284 14026 data_dirs.cc:400] Could only allocate 1 dirs of requested 3 for tablet d5bfe48656164668bd7a62533dc954f2. 1 dirs total, 0 dirs full, 0 dirs failed
I20260709 12:08:17.797243 14101 data_dirs.cc:400] Could only allocate 1 dirs of requested 3 for tablet d5bfe48656164668bd7a62533dc954f2. 1 dirs total, 0 dirs full, 0 dirs failed
I20260709 12:08:17.813174 14177 tablet_service.cc:1511] Processing CreateTablet for tablet cb7ae64766b245c0a4d6df2e0c4e4f29 (DEFAULT_TABLE table=test-workload [id=556b0d006bc148028f8336765d57c8c5]), partition=RANGE (key) PARTITION 477218588 <= VALUES < 715827882
I20260709 12:08:17.815315 14177 data_dirs.cc:400] Could only allocate 1 dirs of requested 3 for tablet cb7ae64766b245c0a4d6df2e0c4e4f29. 1 dirs total, 0 dirs full, 0 dirs failed
I20260709 12:08:17.791832 14179 tablet_service.cc:1511] Processing CreateTablet for tablet 6824c7a49fc04ad7a5e6aad82552669e (DEFAULT_TABLE table=test-workload [id=556b0d006bc148028f8336765d57c8c5]), partition=RANGE (key) PARTITION VALUES < 238609294
I20260709 12:08:17.831300 14179 data_dirs.cc:400] Could only allocate 1 dirs of requested 3 for tablet 6824c7a49fc04ad7a5e6aad82552669e. 1 dirs total, 0 dirs full, 0 dirs failed
I20260709 12:08:17.850544 14176 tablet_service.cc:1511] Processing CreateTablet for tablet 22c0aa773e88499ab98c78bbdc54eb04 (DEFAULT_TABLE table=test-workload [id=556b0d006bc148028f8336765d57c8c5]), partition=RANGE (key) PARTITION 715827882 <= VALUES < 954437176
I20260709 12:08:17.870739 14100 tablet_service.cc:1511] Processing CreateTablet for tablet 1aa4eb7cd06f4c1f8ad71ddb57c1d99a (DEFAULT_TABLE table=test-workload [id=556b0d006bc148028f8336765d57c8c5]), partition=RANGE (key) PARTITION 1193046470 <= VALUES < 1431655764
I20260709 12:08:17.872538 14100 data_dirs.cc:400] Could only allocate 1 dirs of requested 3 for tablet 1aa4eb7cd06f4c1f8ad71ddb57c1d99a. 1 dirs total, 0 dirs full, 0 dirs failed
I20260709 12:08:17.888048 14175 tablet_service.cc:1511] Processing CreateTablet for tablet d5bfe48656164668bd7a62533dc954f2 (DEFAULT_TABLE table=test-workload [id=556b0d006bc148028f8336765d57c8c5]), partition=RANGE (key) PARTITION 954437176 <= VALUES < 1193046470
I20260709 12:08:17.859865 14025 tablet_service.cc:1511] Processing CreateTablet for tablet 1aa4eb7cd06f4c1f8ad71ddb57c1d99a (DEFAULT_TABLE table=test-workload [id=556b0d006bc148028f8336765d57c8c5]), partition=RANGE (key) PARTITION 1193046470 <= VALUES < 1431655764
I20260709 12:08:17.891333 14025 data_dirs.cc:400] Could only allocate 1 dirs of requested 3 for tablet 1aa4eb7cd06f4c1f8ad71ddb57c1d99a. 1 dirs total, 0 dirs full, 0 dirs failed
I20260709 12:08:17.896368 14176 data_dirs.cc:400] Could only allocate 1 dirs of requested 3 for tablet 22c0aa773e88499ab98c78bbdc54eb04. 1 dirs total, 0 dirs full, 0 dirs failed
W20260709 12:08:17.901634 13985 auto_rebalancer.cc:288] Could not retrieve cluster info: Service unavailable: Tablet not running
I20260709 12:08:17.904742 14175 data_dirs.cc:400] Could only allocate 1 dirs of requested 3 for tablet d5bfe48656164668bd7a62533dc954f2. 1 dirs total, 0 dirs full, 0 dirs failed
I20260709 12:08:17.939736 14173 tablet_service.cc:1511] Processing CreateTablet for tablet e6ba2395c6d04ea6927786a6f4a4c5ec (DEFAULT_TABLE table=test-workload [id=556b0d006bc148028f8336765d57c8c5]), partition=RANGE (key) PARTITION 1431655764 <= VALUES < 1670265058
I20260709 12:08:17.941100 14173 data_dirs.cc:400] Could only allocate 1 dirs of requested 3 for tablet e6ba2395c6d04ea6927786a6f4a4c5ec. 1 dirs total, 0 dirs full, 0 dirs failed
I20260709 12:08:17.937232 14099 tablet_service.cc:1511] Processing CreateTablet for tablet e6ba2395c6d04ea6927786a6f4a4c5ec (DEFAULT_TABLE table=test-workload [id=556b0d006bc148028f8336765d57c8c5]), partition=RANGE (key) PARTITION 1431655764 <= VALUES < 1670265058
I20260709 12:08:17.945297 14099 data_dirs.cc:400] Could only allocate 1 dirs of requested 3 for tablet e6ba2395c6d04ea6927786a6f4a4c5ec. 1 dirs total, 0 dirs full, 0 dirs failed
I20260709 12:08:17.920377 14174 tablet_service.cc:1511] Processing CreateTablet for tablet 1aa4eb7cd06f4c1f8ad71ddb57c1d99a (DEFAULT_TABLE table=test-workload [id=556b0d006bc148028f8336765d57c8c5]), partition=RANGE (key) PARTITION 1193046470 <= VALUES < 1431655764
I20260709 12:08:17.948726 14174 data_dirs.cc:400] Could only allocate 1 dirs of requested 3 for tablet 1aa4eb7cd06f4c1f8ad71ddb57c1d99a. 1 dirs total, 0 dirs full, 0 dirs failed
I20260709 12:08:17.947413 14027 tablet_service.cc:1511] Processing CreateTablet for tablet e6ba2395c6d04ea6927786a6f4a4c5ec (DEFAULT_TABLE table=test-workload [id=556b0d006bc148028f8336765d57c8c5]), partition=RANGE (key) PARTITION 1431655764 <= VALUES < 1670265058
I20260709 12:08:17.953576 14027 data_dirs.cc:400] Could only allocate 1 dirs of requested 3 for tablet e6ba2395c6d04ea6927786a6f4a4c5ec. 1 dirs total, 0 dirs full, 0 dirs failed
I20260709 12:08:17.978781 14233 tablet_bootstrap.cc:492] T 4a802f302fed481aa5e6abe1f3337456 P 7a051e5cbd9947c2be15499288ef429e: Bootstrap starting.
I20260709 12:08:17.978924 14232 tablet_bootstrap.cc:492] T 6824c7a49fc04ad7a5e6aad82552669e P cba8a7c01f9f428186fcd82055445720: Bootstrap starting.
I20260709 12:08:17.982451 14029 tablet_service.cc:1511] Processing CreateTablet for tablet 84e42665516f445fbbe53af6910c127d (DEFAULT_TABLE table=test-workload [id=556b0d006bc148028f8336765d57c8c5]), partition=RANGE (key) PARTITION 1670265058 <= VALUES < 1908874352
I20260709 12:08:17.987133 14029 data_dirs.cc:400] Could only allocate 1 dirs of requested 3 for tablet 84e42665516f445fbbe53af6910c127d. 1 dirs total, 0 dirs full, 0 dirs failed
I20260709 12:08:18.001012 14098 tablet_service.cc:1511] Processing CreateTablet for tablet 84e42665516f445fbbe53af6910c127d (DEFAULT_TABLE table=test-workload [id=556b0d006bc148028f8336765d57c8c5]), partition=RANGE (key) PARTITION 1670265058 <= VALUES < 1908874352
I20260709 12:08:18.004724 14172 tablet_service.cc:1511] Processing CreateTablet for tablet 84e42665516f445fbbe53af6910c127d (DEFAULT_TABLE table=test-workload [id=556b0d006bc148028f8336765d57c8c5]), partition=RANGE (key) PARTITION 1670265058 <= VALUES < 1908874352
I20260709 12:08:18.005236 14098 data_dirs.cc:400] Could only allocate 1 dirs of requested 3 for tablet 84e42665516f445fbbe53af6910c127d. 1 dirs total, 0 dirs full, 0 dirs failed
I20260709 12:08:18.007678 14172 data_dirs.cc:400] Could only allocate 1 dirs of requested 3 for tablet 84e42665516f445fbbe53af6910c127d. 1 dirs total, 0 dirs full, 0 dirs failed
I20260709 12:08:18.017489 14026 tablet_service.cc:1511] Processing CreateTablet for tablet 93090c3a1c0843c69fef3887cb9e7260 (DEFAULT_TABLE table=test-workload [id=556b0d006bc148028f8336765d57c8c5]), partition=RANGE (key) PARTITION 1908874352 <= VALUES
I20260709 12:08:18.020109 14026 data_dirs.cc:400] Could only allocate 1 dirs of requested 3 for tablet 93090c3a1c0843c69fef3887cb9e7260. 1 dirs total, 0 dirs full, 0 dirs failed
I20260709 12:08:18.038564 14177 tablet_service.cc:1511] Processing CreateTablet for tablet 93090c3a1c0843c69fef3887cb9e7260 (DEFAULT_TABLE table=test-workload [id=556b0d006bc148028f8336765d57c8c5]), partition=RANGE (key) PARTITION 1908874352 <= VALUES
I20260709 12:08:18.043053 14177 data_dirs.cc:400] Could only allocate 1 dirs of requested 3 for tablet 93090c3a1c0843c69fef3887cb9e7260. 1 dirs total, 0 dirs full, 0 dirs failed
I20260709 12:08:18.043147 14234 tablet_bootstrap.cc:492] T cb7ae64766b245c0a4d6df2e0c4e4f29 P 5b7c899f06b2463bb4dfa7d23fe4f59d: Bootstrap starting.
I20260709 12:08:18.047495 14102 tablet_service.cc:1511] Processing CreateTablet for tablet 93090c3a1c0843c69fef3887cb9e7260 (DEFAULT_TABLE table=test-workload [id=556b0d006bc148028f8336765d57c8c5]), partition=RANGE (key) PARTITION 1908874352 <= VALUES
I20260709 12:08:18.051503 14102 data_dirs.cc:400] Could only allocate 1 dirs of requested 3 for tablet 93090c3a1c0843c69fef3887cb9e7260. 1 dirs total, 0 dirs full, 0 dirs failed
I20260709 12:08:18.057786 14232 tablet_bootstrap.cc:654] T 6824c7a49fc04ad7a5e6aad82552669e P cba8a7c01f9f428186fcd82055445720: Neither blocks nor log segments found. Creating new log.
I20260709 12:08:18.067754 14233 tablet_bootstrap.cc:654] T 4a802f302fed481aa5e6abe1f3337456 P 7a051e5cbd9947c2be15499288ef429e: Neither blocks nor log segments found. Creating new log.
I20260709 12:08:18.090509 14232 tablet_bootstrap.cc:492] T 6824c7a49fc04ad7a5e6aad82552669e P cba8a7c01f9f428186fcd82055445720: No bootstrap required, opened a new log
I20260709 12:08:18.093523 14232 ts_tablet_manager.cc:1403] T 6824c7a49fc04ad7a5e6aad82552669e P cba8a7c01f9f428186fcd82055445720: Time spent bootstrapping tablet: real 0.122s	user 0.013s	sys 0.010s
I20260709 12:08:18.092746 14234 tablet_bootstrap.cc:654] T cb7ae64766b245c0a4d6df2e0c4e4f29 P 5b7c899f06b2463bb4dfa7d23fe4f59d: Neither blocks nor log segments found. Creating new log.
I20260709 12:08:18.097676 14233 tablet_bootstrap.cc:492] T 4a802f302fed481aa5e6abe1f3337456 P 7a051e5cbd9947c2be15499288ef429e: No bootstrap required, opened a new log
I20260709 12:08:18.098184 14233 ts_tablet_manager.cc:1403] T 4a802f302fed481aa5e6abe1f3337456 P 7a051e5cbd9947c2be15499288ef429e: Time spent bootstrapping tablet: real 0.121s	user 0.013s	sys 0.010s
I20260709 12:08:18.101126 14233 raft_consensus.cc:359] T 4a802f302fed481aa5e6abe1f3337456 P 7a051e5cbd9947c2be15499288ef429e [term 0 FOLLOWER]: Replica starting. Triggering 0 pending ops. Active config: opid_index: -1 OBSOLETE_local: false peers { permanent_uuid: "cba8a7c01f9f428186fcd82055445720" member_type: VOTER last_known_addr { host: "127.13.148.65" port: 43313 } } peers { permanent_uuid: "7a051e5cbd9947c2be15499288ef429e" member_type: VOTER last_known_addr { host: "127.13.148.66" port: 33965 } } peers { permanent_uuid: "5b7c899f06b2463bb4dfa7d23fe4f59d" member_type: VOTER last_known_addr { host: "127.13.148.67" port: 33503 } }
I20260709 12:08:18.101260 14232 raft_consensus.cc:359] T 6824c7a49fc04ad7a5e6aad82552669e P cba8a7c01f9f428186fcd82055445720 [term 0 FOLLOWER]: Replica starting. Triggering 0 pending ops. Active config: opid_index: -1 OBSOLETE_local: false peers { permanent_uuid: "7a051e5cbd9947c2be15499288ef429e" member_type: VOTER last_known_addr { host: "127.13.148.66" port: 33965 } } peers { permanent_uuid: "5b7c899f06b2463bb4dfa7d23fe4f59d" member_type: VOTER last_known_addr { host: "127.13.148.67" port: 33503 } } peers { permanent_uuid: "cba8a7c01f9f428186fcd82055445720" member_type: VOTER last_known_addr { host: "127.13.148.65" port: 43313 } }
I20260709 12:08:18.102025 14233 raft_consensus.cc:385] T 4a802f302fed481aa5e6abe1f3337456 P 7a051e5cbd9947c2be15499288ef429e [term 0 FOLLOWER]: Consensus starting up: Expiring failure detector timer to make a prompt election more likely
I20260709 12:08:18.102077 14232 raft_consensus.cc:385] T 6824c7a49fc04ad7a5e6aad82552669e P cba8a7c01f9f428186fcd82055445720 [term 0 FOLLOWER]: Consensus starting up: Expiring failure detector timer to make a prompt election more likely
I20260709 12:08:18.102574 14233 raft_consensus.cc:740] T 4a802f302fed481aa5e6abe1f3337456 P 7a051e5cbd9947c2be15499288ef429e [term 0 FOLLOWER]: Becoming Follower/Learner. State: Replica: 7a051e5cbd9947c2be15499288ef429e, State: Initialized, Role: FOLLOWER
I20260709 12:08:18.102620 14232 raft_consensus.cc:740] T 6824c7a49fc04ad7a5e6aad82552669e P cba8a7c01f9f428186fcd82055445720 [term 0 FOLLOWER]: Becoming Follower/Learner. State: Replica: cba8a7c01f9f428186fcd82055445720, State: Initialized, Role: FOLLOWER
I20260709 12:08:18.103382 14234 tablet_bootstrap.cc:492] T cb7ae64766b245c0a4d6df2e0c4e4f29 P 5b7c899f06b2463bb4dfa7d23fe4f59d: No bootstrap required, opened a new log
I20260709 12:08:18.103824 14234 ts_tablet_manager.cc:1403] T cb7ae64766b245c0a4d6df2e0c4e4f29 P 5b7c899f06b2463bb4dfa7d23fe4f59d: Time spent bootstrapping tablet: real 0.063s	user 0.008s	sys 0.005s
I20260709 12:08:18.103722 14233 consensus_queue.cc:260] T 4a802f302fed481aa5e6abe1f3337456 P 7a051e5cbd9947c2be15499288ef429e [NON_LEADER]: Queue going to NON_LEADER mode. State: All replicated index: 0, Majority replicated index: 0, Committed index: 0, Last appended: 0.0, Last appended by leader: 0, Current term: 0, Majority size: -1, State: 0, Mode: NON_LEADER, active raft config: opid_index: -1 OBSOLETE_local: false peers { permanent_uuid: "cba8a7c01f9f428186fcd82055445720" member_type: VOTER last_known_addr { host: "127.13.148.65" port: 43313 } } peers { permanent_uuid: "7a051e5cbd9947c2be15499288ef429e" member_type: VOTER last_known_addr { host: "127.13.148.66" port: 33965 } } peers { permanent_uuid: "5b7c899f06b2463bb4dfa7d23fe4f59d" member_type: VOTER last_known_addr { host: "127.13.148.67" port: 33503 } }
I20260709 12:08:18.103819 14232 consensus_queue.cc:260] T 6824c7a49fc04ad7a5e6aad82552669e P cba8a7c01f9f428186fcd82055445720 [NON_LEADER]: Queue going to NON_LEADER mode. State: All replicated index: 0, Majority replicated index: 0, Committed index: 0, Last appended: 0.0, Last appended by leader: 0, Current term: 0, Majority size: -1, State: 0, Mode: NON_LEADER, active raft config: opid_index: -1 OBSOLETE_local: false peers { permanent_uuid: "7a051e5cbd9947c2be15499288ef429e" member_type: VOTER last_known_addr { host: "127.13.148.66" port: 33965 } } peers { permanent_uuid: "5b7c899f06b2463bb4dfa7d23fe4f59d" member_type: VOTER last_known_addr { host: "127.13.148.67" port: 33503 } } peers { permanent_uuid: "cba8a7c01f9f428186fcd82055445720" member_type: VOTER last_known_addr { host: "127.13.148.65" port: 43313 } }
I20260709 12:08:18.108012 14234 raft_consensus.cc:359] T cb7ae64766b245c0a4d6df2e0c4e4f29 P 5b7c899f06b2463bb4dfa7d23fe4f59d [term 0 FOLLOWER]: Replica starting. Triggering 0 pending ops. Active config: opid_index: -1 OBSOLETE_local: false peers { permanent_uuid: "cba8a7c01f9f428186fcd82055445720" member_type: VOTER last_known_addr { host: "127.13.148.65" port: 43313 } } peers { permanent_uuid: "7a051e5cbd9947c2be15499288ef429e" member_type: VOTER last_known_addr { host: "127.13.148.66" port: 33965 } } peers { permanent_uuid: "5b7c899f06b2463bb4dfa7d23fe4f59d" member_type: VOTER last_known_addr { host: "127.13.148.67" port: 33503 } }
I20260709 12:08:18.108968 14234 raft_consensus.cc:385] T cb7ae64766b245c0a4d6df2e0c4e4f29 P 5b7c899f06b2463bb4dfa7d23fe4f59d [term 0 FOLLOWER]: Consensus starting up: Expiring failure detector timer to make a prompt election more likely
I20260709 12:08:18.109329 14234 raft_consensus.cc:740] T cb7ae64766b245c0a4d6df2e0c4e4f29 P 5b7c899f06b2463bb4dfa7d23fe4f59d [term 0 FOLLOWER]: Becoming Follower/Learner. State: Replica: 5b7c899f06b2463bb4dfa7d23fe4f59d, State: Initialized, Role: FOLLOWER
I20260709 12:08:18.112725 14140 heartbeater.cc:499] Master 127.13.148.126:39629 was elected leader, sending a full tablet report...
