I20260709 12:08:48.619297 32244 tablet_service.cc:1917] Received RequestConsensusVote() RPC: tablet_id: "5818ba43eca24ee3b35d4407bab8923a" candidate_uuid: "3538dfbd1fbf48ee806bb65dcbd83788" candidate_term: 1 candidate_status { last_received { term: 0 index: 0 } } ignore_live_leader: false dest_uuid: "c5e6c1097f3e438090cee391982c4d84" is_pre_election: true
I20260709 12:08:48.618701 32435 consensus_queue.cc:260] T 9a832023be9249fb8284b75e7e494533 P c5e6c1097f3e438090cee391982c4d84 [NON_LEADER]: Queue going to NON_LEADER mode. State: All replicated index: 0, Majority replicated index: 0, Committed index: 0, Last appended: 0.0, Last appended by leader: 0, Current term: 0, Majority size: -1, State: 0, Mode: NON_LEADER, active raft config: opid_index: -1 OBSOLETE_local: false peers { permanent_uuid: "c5e6c1097f3e438090cee391982c4d84" member_type: VOTER last_known_addr { host: "127.30.214.129" port: 39077 } } peers { permanent_uuid: "af3018defc234dedb9fa01c8ce9b0c66" member_type: VOTER last_known_addr { host: "127.30.214.130" port: 45753 } } peers { permanent_uuid: "3538dfbd1fbf48ee806bb65dcbd83788" member_type: VOTER last_known_addr { host: "127.30.214.131" port: 41491 } }
I20260709 12:08:48.619961 32244 raft_consensus.cc:2468] T 5818ba43eca24ee3b35d4407bab8923a P c5e6c1097f3e438090cee391982c4d84 [term 0 FOLLOWER]: Leader pre-election vote request: Granting yes vote for candidate 3538dfbd1fbf48ee806bb65dcbd83788 in term 0.
I20260709 12:08:48.621320 32359 leader_election.cc:304] T 5818ba43eca24ee3b35d4407bab8923a P 3538dfbd1fbf48ee806bb65dcbd83788 [CANDIDATE]: Term 1 pre-election: Election decided. Result: candidate won. Election summary: received 2 responses out of 3 voters: 2 yes votes; 0 no votes. yes voters: 3538dfbd1fbf48ee806bb65dcbd83788, c5e6c1097f3e438090cee391982c4d84; no voters: 
I20260709 12:08:48.622430 32455 raft_consensus.cc:2804] T 5818ba43eca24ee3b35d4407bab8923a P 3538dfbd1fbf48ee806bb65dcbd83788 [term 0 FOLLOWER]: Leader pre-election won for term 1
I20260709 12:08:48.622876 32455 raft_consensus.cc:493] T 5818ba43eca24ee3b35d4407bab8923a P 3538dfbd1fbf48ee806bb65dcbd83788 [term 0 FOLLOWER]: Starting leader election (no leader contacted us within the election timeout)
I20260709 12:08:48.623021 32435 ts_tablet_manager.cc:1434] T 9a832023be9249fb8284b75e7e494533 P c5e6c1097f3e438090cee391982c4d84: Time spent starting tablet: real 0.011s	user 0.006s	sys 0.003s
I20260709 12:08:48.617627 32457 leader_election.cc:290] T 5818ba43eca24ee3b35d4407bab8923a P 3538dfbd1fbf48ee806bb65dcbd83788 [CANDIDATE]: Term 1 pre-election: Requested pre-vote from peers c5e6c1097f3e438090cee391982c4d84 (127.30.214.129:39077), af3018defc234dedb9fa01c8ce9b0c66 (127.30.214.130:45753)
I20260709 12:08:48.624671 32435 tablet_bootstrap.cc:492] T 52138997aaaa4a5da64058b512a27686 P c5e6c1097f3e438090cee391982c4d84: Bootstrap starting.
I20260709 12:08:48.623232 32455 raft_consensus.cc:3060] T 5818ba43eca24ee3b35d4407bab8923a P 3538dfbd1fbf48ee806bb65dcbd83788 [term 0 FOLLOWER]: Advancing to term 1
W20260709 12:08:48.631524 32191 auto_rebalancer.cc:288] Could not retrieve cluster info: Service unavailable: Tablet not running
I20260709 12:08:48.635840 32320 tablet_service.cc:1917] Received RequestConsensusVote() RPC: tablet_id: "5818ba43eca24ee3b35d4407bab8923a" candidate_uuid: "3538dfbd1fbf48ee806bb65dcbd83788" candidate_term: 1 candidate_status { last_received { term: 0 index: 0 } } ignore_live_leader: false dest_uuid: "af3018defc234dedb9fa01c8ce9b0c66" is_pre_election: true
W20260709 12:08:48.637456 32357 leader_election.cc:343] T 5818ba43eca24ee3b35d4407bab8923a P 3538dfbd1fbf48ee806bb65dcbd83788 [CANDIDATE]: Term 1 pre-election: Tablet error from VoteRequest() call to peer af3018defc234dedb9fa01c8ce9b0c66 (127.30.214.130:45753): Illegal state: must be running to vote when last-logged opid is not known
I20260709 12:08:48.637682 32434 raft_consensus.cc:359] T cc7ff97ba94540a1a215e41c376f6e8d P 3538dfbd1fbf48ee806bb65dcbd83788 [term 0 FOLLOWER]: Replica starting. Triggering 0 pending ops. Active config: opid_index: -1 OBSOLETE_local: false peers { permanent_uuid: "c5e6c1097f3e438090cee391982c4d84" member_type: VOTER last_known_addr { host: "127.30.214.129" port: 39077 } } peers { permanent_uuid: "af3018defc234dedb9fa01c8ce9b0c66" member_type: VOTER last_known_addr { host: "127.30.214.130" port: 45753 } } peers { permanent_uuid: "3538dfbd1fbf48ee806bb65dcbd83788" member_type: VOTER last_known_addr { host: "127.30.214.131" port: 41491 } }
I20260709 12:08:48.638419 32434 raft_consensus.cc:385] T cc7ff97ba94540a1a215e41c376f6e8d P 3538dfbd1fbf48ee806bb65dcbd83788 [term 0 FOLLOWER]: Consensus starting up: Expiring failure detector timer to make a prompt election more likely
I20260709 12:08:48.638746 32434 raft_consensus.cc:740] T cc7ff97ba94540a1a215e41c376f6e8d P 3538dfbd1fbf48ee806bb65dcbd83788 [term 0 FOLLOWER]: Becoming Follower/Learner. State: Replica: 3538dfbd1fbf48ee806bb65dcbd83788, State: Initialized, Role: FOLLOWER
I20260709 12:08:48.642412 32435 tablet_bootstrap.cc:654] T 52138997aaaa4a5da64058b512a27686 P c5e6c1097f3e438090cee391982c4d84: Neither blocks nor log segments found. Creating new log.
I20260709 12:08:48.639554 32434 consensus_queue.cc:260] T cc7ff97ba94540a1a215e41c376f6e8d P 3538dfbd1fbf48ee806bb65dcbd83788 [NON_LEADER]: Queue going to NON_LEADER mode. State: All replicated index: 0, Majority replicated index: 0, Committed index: 0, Last appended: 0.0, Last appended by leader: 0, Current term: 0, Majority size: -1, State: 0, Mode: NON_LEADER, active raft config: opid_index: -1 OBSOLETE_local: false peers { permanent_uuid: "c5e6c1097f3e438090cee391982c4d84" member_type: VOTER last_known_addr { host: "127.30.214.129" port: 39077 } } peers { permanent_uuid: "af3018defc234dedb9fa01c8ce9b0c66" member_type: VOTER last_known_addr { host: "127.30.214.130" port: 45753 } } peers { permanent_uuid: "3538dfbd1fbf48ee806bb65dcbd83788" member_type: VOTER last_known_addr { host: "127.30.214.131" port: 41491 } }
I20260709 12:08:48.644920 32434 ts_tablet_manager.cc:1434] T cc7ff97ba94540a1a215e41c376f6e8d P 3538dfbd1fbf48ee806bb65dcbd83788: Time spent starting tablet: real 0.034s	user 0.009s	sys 0.000s
I20260709 12:08:48.644870 32457 raft_consensus.cc:493] T cc7ff97ba94540a1a215e41c376f6e8d P 3538dfbd1fbf48ee806bb65dcbd83788 [term 0 FOLLOWER]: Starting pre-election (no leader contacted us within the election timeout)
I20260709 12:08:48.645457 32457 raft_consensus.cc:515] T cc7ff97ba94540a1a215e41c376f6e8d P 3538dfbd1fbf48ee806bb65dcbd83788 [term 0 FOLLOWER]: Starting pre-election with config: opid_index: -1 OBSOLETE_local: false peers { permanent_uuid: "c5e6c1097f3e438090cee391982c4d84" member_type: VOTER last_known_addr { host: "127.30.214.129" port: 39077 } } peers { permanent_uuid: "af3018defc234dedb9fa01c8ce9b0c66" member_type: VOTER last_known_addr { host: "127.30.214.130" port: 45753 } } peers { permanent_uuid: "3538dfbd1fbf48ee806bb65dcbd83788" member_type: VOTER last_known_addr { host: "127.30.214.131" port: 41491 } }
I20260709 12:08:48.646020 32434 tablet_bootstrap.cc:492] T 52138997aaaa4a5da64058b512a27686 P 3538dfbd1fbf48ee806bb65dcbd83788: Bootstrap starting.
I20260709 12:08:48.648679 32244 tablet_service.cc:1917] Received RequestConsensusVote() RPC: tablet_id: "cc7ff97ba94540a1a215e41c376f6e8d" candidate_uuid: "3538dfbd1fbf48ee806bb65dcbd83788" candidate_term: 1 candidate_status { last_received { term: 0 index: 0 } } ignore_live_leader: false dest_uuid: "c5e6c1097f3e438090cee391982c4d84" is_pre_election: true
I20260709 12:08:48.650130 32441 raft_consensus.cc:493] T eb83ae11f02c4ef38c16ab1fa46a3add P c5e6c1097f3e438090cee391982c4d84 [term 0 FOLLOWER]: Starting pre-election (no leader contacted us within the election timeout)
I20260709 12:08:48.651041 32441 raft_consensus.cc:515] T eb83ae11f02c4ef38c16ab1fa46a3add P c5e6c1097f3e438090cee391982c4d84 [term 0 FOLLOWER]: Starting pre-election with config: opid_index: -1 OBSOLETE_local: false peers { permanent_uuid: "c5e6c1097f3e438090cee391982c4d84" member_type: VOTER last_known_addr { host: "127.30.214.129" port: 39077 } } peers { permanent_uuid: "af3018defc234dedb9fa01c8ce9b0c66" member_type: VOTER last_known_addr { host: "127.30.214.130" port: 45753 } } peers { permanent_uuid: "3538dfbd1fbf48ee806bb65dcbd83788" member_type: VOTER last_known_addr { host: "127.30.214.131" port: 41491 } }
W20260709 12:08:48.653141 32359 leader_election.cc:343] T cc7ff97ba94540a1a215e41c376f6e8d P 3538dfbd1fbf48ee806bb65dcbd83788 [CANDIDATE]: Term 1 pre-election: Tablet error from VoteRequest() call to peer c5e6c1097f3e438090cee391982c4d84 (127.30.214.129:39077): Illegal state: must be running to vote when last-logged opid is not known
I20260709 12:08:48.656407 32320 tablet_service.cc:1917] Received RequestConsensusVote() RPC: tablet_id: "cc7ff97ba94540a1a215e41c376f6e8d" candidate_uuid: "3538dfbd1fbf48ee806bb65dcbd83788" candidate_term: 1 candidate_status { last_received { term: 0 index: 0 } } ignore_live_leader: false dest_uuid: "af3018defc234dedb9fa01c8ce9b0c66" is_pre_election: true
W20260709 12:08:48.658262 32357 leader_election.cc:343] T cc7ff97ba94540a1a215e41c376f6e8d P 3538dfbd1fbf48ee806bb65dcbd83788 [CANDIDATE]: Term 1 pre-election: Tablet error from VoteRequest() call to peer af3018defc234dedb9fa01c8ce9b0c66 (127.30.214.130:45753): Illegal state: must be running to vote when last-logged opid is not known
I20260709 12:08:48.658872 32357 leader_election.cc:304] T cc7ff97ba94540a1a215e41c376f6e8d P 3538dfbd1fbf48ee806bb65dcbd83788 [CANDIDATE]: Term 1 pre-election: Election decided. Result: candidate lost. Election summary: received 3 responses out of 3 voters: 1 yes votes; 2 no votes. yes voters: 3538dfbd1fbf48ee806bb65dcbd83788; no voters: af3018defc234dedb9fa01c8ce9b0c66, c5e6c1097f3e438090cee391982c4d84
I20260709 12:08:48.660411 32457 leader_election.cc:290] T cc7ff97ba94540a1a215e41c376f6e8d P 3538dfbd1fbf48ee806bb65dcbd83788 [CANDIDATE]: Term 1 pre-election: Requested pre-vote from peers c5e6c1097f3e438090cee391982c4d84 (127.30.214.129:39077), af3018defc234dedb9fa01c8ce9b0c66 (127.30.214.130:45753)
I20260709 12:08:48.661135 32457 raft_consensus.cc:2749] T cc7ff97ba94540a1a215e41c376f6e8d P 3538dfbd1fbf48ee806bb65dcbd83788 [term 0 FOLLOWER]: Leader pre-election lost for term 1. Reason: could not achieve majority
I20260709 12:08:48.670698 32441 leader_election.cc:290] T eb83ae11f02c4ef38c16ab1fa46a3add P c5e6c1097f3e438090cee391982c4d84 [CANDIDATE]: Term 1 pre-election: Requested pre-vote from peers af3018defc234dedb9fa01c8ce9b0c66 (127.30.214.130:45753), 3538dfbd1fbf48ee806bb65dcbd83788 (127.30.214.131:41491)
I20260709 12:08:48.677858 32437 tablet_bootstrap.cc:492] T 1809721f4d42428da4e9d58cbf95ace1 P af3018defc234dedb9fa01c8ce9b0c66: No bootstrap required, opened a new log
I20260709 12:08:48.678200 32435 tablet_bootstrap.cc:492] T 52138997aaaa4a5da64058b512a27686 P c5e6c1097f3e438090cee391982c4d84: No bootstrap required, opened a new log
I20260709 12:08:48.678690 32437 ts_tablet_manager.cc:1403] T 1809721f4d42428da4e9d58cbf95ace1 P af3018defc234dedb9fa01c8ce9b0c66: Time spent bootstrapping tablet: real 0.083s	user 0.034s	sys 0.032s
I20260709 12:08:48.678874 32435 ts_tablet_manager.cc:1403] T 52138997aaaa4a5da64058b512a27686 P c5e6c1097f3e438090cee391982c4d84: Time spent bootstrapping tablet: real 0.055s	user 0.014s	sys 0.007s
I20260709 12:08:48.674304 32455 raft_consensus.cc:515] T 5818ba43eca24ee3b35d4407bab8923a P 3538dfbd1fbf48ee806bb65dcbd83788 [term 1 FOLLOWER]: Starting leader election with config: opid_index: -1 OBSOLETE_local: false peers { permanent_uuid: "c5e6c1097f3e438090cee391982c4d84" member_type: VOTER last_known_addr { host: "127.30.214.129" port: 39077 } } peers { permanent_uuid: "af3018defc234dedb9fa01c8ce9b0c66" member_type: VOTER last_known_addr { host: "127.30.214.130" port: 45753 } } peers { permanent_uuid: "3538dfbd1fbf48ee806bb65dcbd83788" member_type: VOTER last_known_addr { host: "127.30.214.131" port: 41491 } }
I20260709 12:08:48.680815 32455 leader_election.cc:290] T 5818ba43eca24ee3b35d4407bab8923a P 3538dfbd1fbf48ee806bb65dcbd83788 [CANDIDATE]: Term 1 election: Requested vote from peers c5e6c1097f3e438090cee391982c4d84 (127.30.214.129:39077), af3018defc234dedb9fa01c8ce9b0c66 (127.30.214.130:45753)
I20260709 12:08:48.681743 32434 tablet_bootstrap.cc:654] T 52138997aaaa4a5da64058b512a27686 P 3538dfbd1fbf48ee806bb65dcbd83788: Neither blocks nor log segments found. Creating new log.
I20260709 12:08:48.681901 32437 raft_consensus.cc:359] T 1809721f4d42428da4e9d58cbf95ace1 P af3018defc234dedb9fa01c8ce9b0c66 [term 0 FOLLOWER]: Replica starting. Triggering 0 pending ops. Active config: opid_index: -1 OBSOLETE_local: false peers { permanent_uuid: "c5e6c1097f3e438090cee391982c4d84" member_type: VOTER last_known_addr { host: "127.30.214.129" port: 39077 } } peers { permanent_uuid: "af3018defc234dedb9fa01c8ce9b0c66" member_type: VOTER last_known_addr { host: "127.30.214.130" port: 45753 } } peers { permanent_uuid: "3538dfbd1fbf48ee806bb65dcbd83788" member_type: VOTER last_known_addr { host: "127.30.214.131" port: 41491 } }
I20260709 12:08:48.682128 32435 raft_consensus.cc:359] T 52138997aaaa4a5da64058b512a27686 P c5e6c1097f3e438090cee391982c4d84 [term 0 FOLLOWER]: Replica starting. Triggering 0 pending ops. Active config: opid_index: -1 OBSOLETE_local: false peers { permanent_uuid: "c5e6c1097f3e438090cee391982c4d84" member_type: VOTER last_known_addr { host: "127.30.214.129" port: 39077 } } peers { permanent_uuid: "af3018defc234dedb9fa01c8ce9b0c66" member_type: VOTER last_known_addr { host: "127.30.214.130" port: 45753 } } peers { permanent_uuid: "3538dfbd1fbf48ee806bb65dcbd83788" member_type: VOTER last_known_addr { host: "127.30.214.131" port: 41491 } }
I20260709 12:08:48.682680 32437 raft_consensus.cc:385] T 1809721f4d42428da4e9d58cbf95ace1 P af3018defc234dedb9fa01c8ce9b0c66 [term 0 FOLLOWER]: Consensus starting up: Expiring failure detector timer to make a prompt election more likely
I20260709 12:08:48.682580 32244 tablet_service.cc:1917] Received RequestConsensusVote() RPC: tablet_id: "5818ba43eca24ee3b35d4407bab8923a" candidate_uuid: "3538dfbd1fbf48ee806bb65dcbd83788" candidate_term: 1 candidate_status { last_received { term: 0 index: 0 } } ignore_live_leader: false dest_uuid: "c5e6c1097f3e438090cee391982c4d84"
I20260709 12:08:48.682868 32435 raft_consensus.cc:385] T 52138997aaaa4a5da64058b512a27686 P c5e6c1097f3e438090cee391982c4d84 [term 0 FOLLOWER]: Consensus starting up: Expiring failure detector timer to make a prompt election more likely
I20260709 12:08:48.683075 32437 raft_consensus.cc:740] T 1809721f4d42428da4e9d58cbf95ace1 P af3018defc234dedb9fa01c8ce9b0c66 [term 0 FOLLOWER]: Becoming Follower/Learner. State: Replica: af3018defc234dedb9fa01c8ce9b0c66, State: Initialized, Role: FOLLOWER
I20260709 12:08:48.683228 32244 raft_consensus.cc:3060] T 5818ba43eca24ee3b35d4407bab8923a P c5e6c1097f3e438090cee391982c4d84 [term 0 FOLLOWER]: Advancing to term 1
I20260709 12:08:48.683249 32435 raft_consensus.cc:740] T 52138997aaaa4a5da64058b512a27686 P c5e6c1097f3e438090cee391982c4d84 [term 0 FOLLOWER]: Becoming Follower/Learner. State: Replica: c5e6c1097f3e438090cee391982c4d84, State: Initialized, Role: FOLLOWER
I20260709 12:08:48.683898 32437 consensus_queue.cc:260] T 1809721f4d42428da4e9d58cbf95ace1 P af3018defc234dedb9fa01c8ce9b0c66 [NON_LEADER]: Queue going to NON_LEADER mode. State: All replicated index: 0, Majority replicated index: 0, Committed index: 0, Last appended: 0.0, Last appended by leader: 0, Current term: 0, Majority size: -1, State: 0, Mode: NON_LEADER, active raft config: opid_index: -1 OBSOLETE_local: false peers { permanent_uuid: "c5e6c1097f3e438090cee391982c4d84" member_type: VOTER last_known_addr { host: "127.30.214.129" port: 39077 } } peers { permanent_uuid: "af3018defc234dedb9fa01c8ce9b0c66" member_type: VOTER last_known_addr { host: "127.30.214.130" port: 45753 } } peers { permanent_uuid: "3538dfbd1fbf48ee806bb65dcbd83788" member_type: VOTER last_known_addr { host: "127.30.214.131" port: 41491 } }
I20260709 12:08:48.684445 32435 consensus_queue.cc:260] T 52138997aaaa4a5da64058b512a27686 P c5e6c1097f3e438090cee391982c4d84 [NON_LEADER]: Queue going to NON_LEADER mode. State: All replicated index: 0, Majority replicated index: 0, Committed index: 0, Last appended: 0.0, Last appended by leader: 0, Current term: 0, Majority size: -1, State: 0, Mode: NON_LEADER, active raft config: opid_index: -1 OBSOLETE_local: false peers { permanent_uuid: "c5e6c1097f3e438090cee391982c4d84" member_type: VOTER last_known_addr { host: "127.30.214.129" port: 39077 } } peers { permanent_uuid: "af3018defc234dedb9fa01c8ce9b0c66" member_type: VOTER last_known_addr { host: "127.30.214.130" port: 45753 } } peers { permanent_uuid: "3538dfbd1fbf48ee806bb65dcbd83788" member_type: VOTER last_known_addr { host: "127.30.214.131" port: 41491 } }
I20260709 12:08:48.686650 32435 ts_tablet_manager.cc:1434] T 52138997aaaa4a5da64058b512a27686 P c5e6c1097f3e438090cee391982c4d84: Time spent starting tablet: real 0.007s	user 0.006s	sys 0.000s
I20260709 12:08:48.687682 32435 tablet_bootstrap.cc:492] T cc7ff97ba94540a1a215e41c376f6e8d P c5e6c1097f3e438090cee391982c4d84: Bootstrap starting.
I20260709 12:08:48.688519 32441 raft_consensus.cc:493] T 4653a34fd06c4d33a1d72c07db16bd68 P c5e6c1097f3e438090cee391982c4d84 [term 0 FOLLOWER]: Starting pre-election (no leader contacted us within the election timeout)
I20260709 12:08:48.689009 32437 ts_tablet_manager.cc:1434] T 1809721f4d42428da4e9d58cbf95ace1 P af3018defc234dedb9fa01c8ce9b0c66: Time spent starting tablet: real 0.010s	user 0.007s	sys 0.000s
I20260709 12:08:48.688998 32441 raft_consensus.cc:515] T 4653a34fd06c4d33a1d72c07db16bd68 P c5e6c1097f3e438090cee391982c4d84 [term 0 FOLLOWER]: Starting pre-election with config: opid_index: -1 OBSOLETE_local: false peers { permanent_uuid: "c5e6c1097f3e438090cee391982c4d84" member_type: VOTER last_known_addr { host: "127.30.214.129" port: 39077 } } peers { permanent_uuid: "af3018defc234dedb9fa01c8ce9b0c66" member_type: VOTER last_known_addr { host: "127.30.214.130" port: 45753 } } peers { permanent_uuid: "3538dfbd1fbf48ee806bb65dcbd83788" member_type: VOTER last_known_addr { host: "127.30.214.131" port: 41491 } }
I20260709 12:08:48.689644 32143 catalog_manager.cc:5697] T 9a832023be9249fb8284b75e7e494533 P 3538dfbd1fbf48ee806bb65dcbd83788 reported cstate change: term changed from 0 to 1, leader changed from <none> to 3538dfbd1fbf48ee806bb65dcbd83788 (127.30.214.131). New cstate: current_term: 1 leader_uuid: "3538dfbd1fbf48ee806bb65dcbd83788" committed_config { opid_index: -1 OBSOLETE_local: false peers { permanent_uuid: "c5e6c1097f3e438090cee391982c4d84" member_type: VOTER last_known_addr { host: "127.30.214.129" port: 39077 } health_report { overall_health: UNKNOWN } } peers { permanent_uuid: "af3018defc234dedb9fa01c8ce9b0c66" member_type: VOTER last_known_addr { host: "127.30.214.130" port: 45753 } health_report { overall_health: UNKNOWN } } peers { permanent_uuid: "3538dfbd1fbf48ee806bb65dcbd83788" member_type: VOTER last_known_addr { host: "127.30.214.131" port: 41491 } health_report { overall_health: HEALTHY } } }
I20260709 12:08:48.691244 32441 leader_election.cc:290] T 4653a34fd06c4d33a1d72c07db16bd68 P c5e6c1097f3e438090cee391982c4d84 [CANDIDATE]: Term 1 pre-election: Requested pre-vote from peers af3018defc234dedb9fa01c8ce9b0c66 (127.30.214.130:45753), 3538dfbd1fbf48ee806bb65dcbd83788 (127.30.214.131:41491)
I20260709 12:08:48.691958 32437 tablet_bootstrap.cc:492] T 5818ba43eca24ee3b35d4407bab8923a P af3018defc234dedb9fa01c8ce9b0c66: Bootstrap starting.
I20260709 12:08:48.693864 32435 tablet_bootstrap.cc:654] T cc7ff97ba94540a1a215e41c376f6e8d P c5e6c1097f3e438090cee391982c4d84: Neither blocks nor log segments found. Creating new log.
I20260709 12:08:48.700989 32320 tablet_service.cc:1917] Received RequestConsensusVote() RPC: tablet_id: "5818ba43eca24ee3b35d4407bab8923a" candidate_uuid: "3538dfbd1fbf48ee806bb65dcbd83788" candidate_term: 1 candidate_status { last_received { term: 0 index: 0 } } ignore_live_leader: false dest_uuid: "af3018defc234dedb9fa01c8ce9b0c66"
W20260709 12:08:48.702685 32357 leader_election.cc:343] T 5818ba43eca24ee3b35d4407bab8923a P 3538dfbd1fbf48ee806bb65dcbd83788 [CANDIDATE]: Term 1 election: Tablet error from VoteRequest() call to peer af3018defc234dedb9fa01c8ce9b0c66 (127.30.214.130:45753): Illegal state: must be running to vote when last-logged opid is not known
I20260709 12:08:48.703408 32437 tablet_bootstrap.cc:654] T 5818ba43eca24ee3b35d4407bab8923a P af3018defc234dedb9fa01c8ce9b0c66: Neither blocks nor log segments found. Creating new log.
I20260709 12:08:48.707190 32244 raft_consensus.cc:2468] T 5818ba43eca24ee3b35d4407bab8923a P c5e6c1097f3e438090cee391982c4d84 [term 1 FOLLOWER]: Leader election vote request: Granting yes vote for candidate 3538dfbd1fbf48ee806bb65dcbd83788 in term 1.
I20260709 12:08:48.707715 32455 raft_consensus.cc:493] T 0212cae2ee184fcfac797e5553d8d8c6 P 3538dfbd1fbf48ee806bb65dcbd83788 [term 0 FOLLOWER]: Starting pre-election (no leader contacted us within the election timeout)
I20260709 12:08:48.708550 32359 leader_election.cc:304] T 5818ba43eca24ee3b35d4407bab8923a P 3538dfbd1fbf48ee806bb65dcbd83788 [CANDIDATE]: Term 1 election: Election decided. Result: candidate won. Election summary: received 3 responses out of 3 voters: 2 yes votes; 1 no votes. yes voters: 3538dfbd1fbf48ee806bb65dcbd83788, c5e6c1097f3e438090cee391982c4d84; no voters: af3018defc234dedb9fa01c8ce9b0c66
I20260709 12:08:48.709825 32467 raft_consensus.cc:2804] T 5818ba43eca24ee3b35d4407bab8923a P 3538dfbd1fbf48ee806bb65dcbd83788 [term 1 FOLLOWER]: Leader election won for term 1
I20260709 12:08:48.710350 32467 raft_consensus.cc:697] T 5818ba43eca24ee3b35d4407bab8923a P 3538dfbd1fbf48ee806bb65dcbd83788 [term 1 LEADER]: Becoming Leader. State: Replica: 3538dfbd1fbf48ee806bb65dcbd83788, State: Running, Role: LEADER
I20260709 12:08:48.711225 32467 consensus_queue.cc:237] T 5818ba43eca24ee3b35d4407bab8923a P 3538dfbd1fbf48ee806bb65dcbd83788 [LEADER]: Queue going to LEADER mode. State: All replicated index: 0, Majority replicated index: 0, Committed index: 0, Last appended: 0.0, Last appended by leader: 0, Current term: 1, Majority size: 2, State: 0, Mode: LEADER, active raft config: opid_index: -1 OBSOLETE_local: false peers { permanent_uuid: "c5e6c1097f3e438090cee391982c4d84" member_type: VOTER last_known_addr { host: "127.30.214.129" port: 39077 } } peers { permanent_uuid: "af3018defc234dedb9fa01c8ce9b0c66" member_type: VOTER last_known_addr { host: "127.30.214.130" port: 45753 } } peers { permanent_uuid: "3538dfbd1fbf48ee806bb65dcbd83788" member_type: VOTER last_known_addr { host: "127.30.214.131" port: 41491 } }
I20260709 12:08:48.708390 32455 raft_consensus.cc:515] T 0212cae2ee184fcfac797e5553d8d8c6 P 3538dfbd1fbf48ee806bb65dcbd83788 [term 0 FOLLOWER]: Starting pre-election with config: opid_index: -1 OBSOLETE_local: false peers { permanent_uuid: "c5e6c1097f3e438090cee391982c4d84" member_type: VOTER last_known_addr { host: "127.30.214.129" port: 39077 } } peers { permanent_uuid: "af3018defc234dedb9fa01c8ce9b0c66" member_type: VOTER last_known_addr { host: "127.30.214.130" port: 45753 } } peers { permanent_uuid: "3538dfbd1fbf48ee806bb65dcbd83788" member_type: VOTER last_known_addr { host: "127.30.214.131" port: 41491 } }
I20260709 12:08:48.714670 32455 leader_election.cc:290] T 0212cae2ee184fcfac797e5553d8d8c6 P 3538dfbd1fbf48ee806bb65dcbd83788 [CANDIDATE]: Term 1 pre-election: Requested pre-vote from peers c5e6c1097f3e438090cee391982c4d84 (127.30.214.129:39077), af3018defc234dedb9fa01c8ce9b0c66 (127.30.214.130:45753)
I20260709 12:08:48.716585 32320 tablet_service.cc:1917] Received RequestConsensusVote() RPC: tablet_id: "0212cae2ee184fcfac797e5553d8d8c6" candidate_uuid: "3538dfbd1fbf48ee806bb65dcbd83788" candidate_term: 1 candidate_status { last_received { term: 0 index: 0 } } ignore_live_leader: false dest_uuid: "af3018defc234dedb9fa01c8ce9b0c66" is_pre_election: true
I20260709 12:08:48.717280 32320 raft_consensus.cc:2468] T 0212cae2ee184fcfac797e5553d8d8c6 P af3018defc234dedb9fa01c8ce9b0c66 [term 0 FOLLOWER]: Leader pre-election vote request: Granting yes vote for candidate 3538dfbd1fbf48ee806bb65dcbd83788 in term 0.
I20260709 12:08:48.718621 32357 leader_election.cc:304] T 0212cae2ee184fcfac797e5553d8d8c6 P 3538dfbd1fbf48ee806bb65dcbd83788 [CANDIDATE]: Term 1 pre-election: Election decided. Result: candidate won. Election summary: received 2 responses out of 3 voters: 2 yes votes; 0 no votes. yes voters: 3538dfbd1fbf48ee806bb65dcbd83788, af3018defc234dedb9fa01c8ce9b0c66; no voters: 
I20260709 12:08:48.719647 32455 raft_consensus.cc:2804] T 0212cae2ee184fcfac797e5553d8d8c6 P 3538dfbd1fbf48ee806bb65dcbd83788 [term 0 FOLLOWER]: Leader pre-election won for term 1
I20260709 12:08:48.720161 32455 raft_consensus.cc:493] T 0212cae2ee184fcfac797e5553d8d8c6 P 3538dfbd1fbf48ee806bb65dcbd83788 [term 0 FOLLOWER]: Starting leader election (no leader contacted us within the election timeout)
I20260709 12:08:48.720600 32455 raft_consensus.cc:3060] T 0212cae2ee184fcfac797e5553d8d8c6 P 3538dfbd1fbf48ee806bb65dcbd83788 [term 0 FOLLOWER]: Advancing to term 1
I20260709 12:08:48.718511 32244 tablet_service.cc:1917] Received RequestConsensusVote() RPC: tablet_id: "0212cae2ee184fcfac797e5553d8d8c6" candidate_uuid: "3538dfbd1fbf48ee806bb65dcbd83788" candidate_term: 1 candidate_status { last_received { term: 0 index: 0 } } ignore_live_leader: false dest_uuid: "c5e6c1097f3e438090cee391982c4d84" is_pre_election: true
I20260709 12:08:48.721429 32244 raft_consensus.cc:2468] T 0212cae2ee184fcfac797e5553d8d8c6 P c5e6c1097f3e438090cee391982c4d84 [term 0 FOLLOWER]: Leader pre-election vote request: Granting yes vote for candidate 3538dfbd1fbf48ee806bb65dcbd83788 in term 0.
I20260709 12:08:48.724057 32320 tablet_service.cc:1917] Received RequestConsensusVote() RPC: tablet_id: "eb83ae11f02c4ef38c16ab1fa46a3add" candidate_uuid: "c5e6c1097f3e438090cee391982c4d84" candidate_term: 1 candidate_status { last_received { term: 0 index: 0 } } ignore_live_leader: false dest_uuid: "af3018defc234dedb9fa01c8ce9b0c66" is_pre_election: true
I20260709 12:08:48.724834 32320 raft_consensus.cc:2468] T eb83ae11f02c4ef38c16ab1fa46a3add P af3018defc234dedb9fa01c8ce9b0c66 [term 0 FOLLOWER]: Leader pre-election vote request: Granting yes vote for candidate c5e6c1097f3e438090cee391982c4d84 in term 0.
I20260709 12:08:48.726282 32319 tablet_service.cc:1917] Received RequestConsensusVote() RPC: tablet_id: "4653a34fd06c4d33a1d72c07db16bd68" candidate_uuid: "c5e6c1097f3e438090cee391982c4d84" candidate_term: 1 candidate_status { last_received { term: 0 index: 0 } } ignore_live_leader: false dest_uuid: "af3018defc234dedb9fa01c8ce9b0c66" is_pre_election: true
I20260709 12:08:48.727066 32319 raft_consensus.cc:2468] T 4653a34fd06c4d33a1d72c07db16bd68 P af3018defc234dedb9fa01c8ce9b0c66 [term 0 FOLLOWER]: Leader pre-election vote request: Granting yes vote for candidate c5e6c1097f3e438090cee391982c4d84 in term 0.
I20260709 12:08:48.734607 32437 tablet_bootstrap.cc:492] T 5818ba43eca24ee3b35d4407bab8923a P af3018defc234dedb9fa01c8ce9b0c66: No bootstrap required, opened a new log
I20260709 12:08:48.735100 32437 ts_tablet_manager.cc:1403] T 5818ba43eca24ee3b35d4407bab8923a P af3018defc234dedb9fa01c8ce9b0c66: Time spent bootstrapping tablet: real 0.043s	user 0.012s	sys 0.009s
I20260709 12:08:48.729377 32208 leader_election.cc:304] T eb83ae11f02c4ef38c16ab1fa46a3add P c5e6c1097f3e438090cee391982c4d84 [CANDIDATE]: Term 1 pre-election: Election decided. Result: candidate won. Election summary: received 2 responses out of 3 voters: 2 yes votes; 0 no votes. yes voters: af3018defc234dedb9fa01c8ce9b0c66, c5e6c1097f3e438090cee391982c4d84; no voters: 
I20260709 12:08:48.736425 32208 leader_election.cc:304] T 4653a34fd06c4d33a1d72c07db16bd68 P c5e6c1097f3e438090cee391982c4d84 [CANDIDATE]: Term 1 pre-election: Election decided. Result: candidate won. Election summary: received 2 responses out of 3 voters: 2 yes votes; 0 no votes. yes voters: af3018defc234dedb9fa01c8ce9b0c66, c5e6c1097f3e438090cee391982c4d84; no voters: 
I20260709 12:08:48.735944 32143 catalog_manager.cc:5697] T 5818ba43eca24ee3b35d4407bab8923a P 3538dfbd1fbf48ee806bb65dcbd83788 reported cstate change: term changed from 0 to 1, leader changed from <none> to 3538dfbd1fbf48ee806bb65dcbd83788 (127.30.214.131). New cstate: current_term: 1 leader_uuid: "3538dfbd1fbf48ee806bb65dcbd83788" committed_config { opid_index: -1 OBSOLETE_local: false peers { permanent_uuid: "c5e6c1097f3e438090cee391982c4d84" member_type: VOTER last_known_addr { host: "127.30.214.129" port: 39077 } health_report { overall_health: UNKNOWN } } peers { permanent_uuid: "af3018defc234dedb9fa01c8ce9b0c66" member_type: VOTER last_known_addr { host: "127.30.214.130" port: 45753 } health_report { overall_health: UNKNOWN } } peers { permanent_uuid: "3538dfbd1fbf48ee806bb65dcbd83788" member_type: VOTER last_known_addr { host: "127.30.214.131" port: 41491 } health_report { overall_health: HEALTHY } } }
I20260709 12:08:48.737200 32435 tablet_bootstrap.cc:492] T cc7ff97ba94540a1a215e41c376f6e8d P c5e6c1097f3e438090cee391982c4d84: No bootstrap required, opened a new log
I20260709 12:08:48.737632 32441 raft_consensus.cc:2804] T eb83ae11f02c4ef38c16ab1fa46a3add P c5e6c1097f3e438090cee391982c4d84 [term 0 FOLLOWER]: Leader pre-election won for term 1
I20260709 12:08:48.737730 32435 ts_tablet_manager.cc:1403] T cc7ff97ba94540a1a215e41c376f6e8d P c5e6c1097f3e438090cee391982c4d84: Time spent bootstrapping tablet: real 0.050s	user 0.013s	sys 0.009s
I20260709 12:08:48.738054 32441 raft_consensus.cc:493] T eb83ae11f02c4ef38c16ab1fa46a3add P c5e6c1097f3e438090cee391982c4d84 [term 0 FOLLOWER]: Starting leader election (no leader contacted us within the election timeout)
I20260709 12:08:48.738440 32441 raft_consensus.cc:3060] T eb83ae11f02c4ef38c16ab1fa46a3add P c5e6c1097f3e438090cee391982c4d84 [term 0 FOLLOWER]: Advancing to term 1
I20260709 12:08:48.738384 32437 raft_consensus.cc:359] T 5818ba43eca24ee3b35d4407bab8923a P af3018defc234dedb9fa01c8ce9b0c66 [term 0 FOLLOWER]: Replica starting. Triggering 0 pending ops. Active config: opid_index: -1 OBSOLETE_local: false peers { permanent_uuid: "c5e6c1097f3e438090cee391982c4d84" member_type: VOTER last_known_addr { host: "127.30.214.129" port: 39077 } } peers { permanent_uuid: "af3018defc234dedb9fa01c8ce9b0c66" member_type: VOTER last_known_addr { host: "127.30.214.130" port: 45753 } } peers { permanent_uuid: "3538dfbd1fbf48ee806bb65dcbd83788" member_type: VOTER last_known_addr { host: "127.30.214.131" port: 41491 } }
I20260709 12:08:48.739241 32437 raft_consensus.cc:385] T 5818ba43eca24ee3b35d4407bab8923a P af3018defc234dedb9fa01c8ce9b0c66 [term 0 FOLLOWER]: Consensus starting up: Expiring failure detector timer to make a prompt election more likely
I20260709 12:08:48.734311 32455 raft_consensus.cc:515] T 0212cae2ee184fcfac797e5553d8d8c6 P 3538dfbd1fbf48ee806bb65dcbd83788 [term 1 FOLLOWER]: Starting leader election with config: opid_index: -1 OBSOLETE_local: false peers { permanent_uuid: "c5e6c1097f3e438090cee391982c4d84" member_type: VOTER last_known_addr { host: "127.30.214.129" port: 39077 } } peers { permanent_uuid: "af3018defc234dedb9fa01c8ce9b0c66" member_type: VOTER last_known_addr { host: "127.30.214.130" port: 45753 } } peers { permanent_uuid: "3538dfbd1fbf48ee806bb65dcbd83788" member_type: VOTER last_known_addr { host: "127.30.214.131" port: 41491 } }
I20260709 12:08:48.741286 32435 raft_consensus.cc:359] T cc7ff97ba94540a1a215e41c376f6e8d P c5e6c1097f3e438090cee391982c4d84 [term 0 FOLLOWER]: Replica starting. Triggering 0 pending ops. Active config: opid_index: -1 OBSOLETE_local: false peers { permanent_uuid: "c5e6c1097f3e438090cee391982c4d84" member_type: VOTER last_known_addr { host: "127.30.214.129" port: 39077 } } peers { permanent_uuid: "af3018defc234dedb9fa01c8ce9b0c66" member_type: VOTER last_known_addr { host: "127.30.214.130" port: 45753 } } peers { permanent_uuid: "3538dfbd1fbf48ee806bb65dcbd83788" member_type: VOTER last_known_addr { host: "127.30.214.131" port: 41491 } }
I20260709 12:08:48.741850 32455 leader_election.cc:290] T 0212cae2ee184fcfac797e5553d8d8c6 P 3538dfbd1fbf48ee806bb65dcbd83788 [CANDIDATE]: Term 1 election: Requested vote from peers c5e6c1097f3e438090cee391982c4d84 (127.30.214.129:39077), af3018defc234dedb9fa01c8ce9b0c66 (127.30.214.130:45753)
I20260709 12:08:48.742066 32435 raft_consensus.cc:385] T cc7ff97ba94540a1a215e41c376f6e8d P c5e6c1097f3e438090cee391982c4d84 [term 0 FOLLOWER]: Consensus starting up: Expiring failure detector timer to make a prompt election more likely
I20260709 12:08:48.739569 32437 raft_consensus.cc:740] T 5818ba43eca24ee3b35d4407bab8923a P af3018defc234dedb9fa01c8ce9b0c66 [term 0 FOLLOWER]: Becoming Follower/Learner. State: Replica: af3018defc234dedb9fa01c8ce9b0c66, State: Initialized, Role: FOLLOWER
I20260709 12:08:48.742506 32435 raft_consensus.cc:740] T cc7ff97ba94540a1a215e41c376f6e8d P c5e6c1097f3e438090cee391982c4d84 [term 0 FOLLOWER]: Becoming Follower/Learner. State: Replica: c5e6c1097f3e438090cee391982c4d84, State: Initialized, Role: FOLLOWER
I20260709 12:08:48.742946 32437 consensus_queue.cc:260] T 5818ba43eca24ee3b35d4407bab8923a P af3018defc234dedb9fa01c8ce9b0c66 [NON_LEADER]: Queue going to NON_LEADER mode. State: All replicated index: 0, Majority replicated index: 0, Committed index: 0, Last appended: 0.0, Last appended by leader: 0, Current term: 0, Majority size: -1, State: 0, Mode: NON_LEADER, active raft config: opid_index: -1 OBSOLETE_local: false peers { permanent_uuid: "c5e6c1097f3e438090cee391982c4d84" member_type: VOTER last_known_addr { host: "127.30.214.129" port: 39077 } } peers { permanent_uuid: "af3018defc234dedb9fa01c8ce9b0c66" member_type: VOTER last_known_addr { host: "127.30.214.130" port: 45753 } } peers { permanent_uuid: "3538dfbd1fbf48ee806bb65dcbd83788" member_type: VOTER last_known_addr { host: "127.30.214.131" port: 41491 } }
I20260709 12:08:48.743256 32435 consensus_queue.cc:260] T cc7ff97ba94540a1a215e41c376f6e8d P c5e6c1097f3e438090cee391982c4d84 [NON_LEADER]: Queue going to NON_LEADER mode. State: All replicated index: 0, Majority replicated index: 0, Committed index: 0, Last appended: 0.0, Last appended by leader: 0, Current term: 0, Majority size: -1, State: 0, Mode: NON_LEADER, active raft config: opid_index: -1 OBSOLETE_local: false peers { permanent_uuid: "c5e6c1097f3e438090cee391982c4d84" member_type: VOTER last_known_addr { host: "127.30.214.129" port: 39077 } } peers { permanent_uuid: "af3018defc234dedb9fa01c8ce9b0c66" member_type: VOTER last_known_addr { host: "127.30.214.130" port: 45753 } } peers { permanent_uuid: "3538dfbd1fbf48ee806bb65dcbd83788" member_type: VOTER last_known_addr { host: "127.30.214.131" port: 41491 } }
I20260709 12:08:48.745992 32437 ts_tablet_manager.cc:1434] T 5818ba43eca24ee3b35d4407bab8923a P af3018defc234dedb9fa01c8ce9b0c66: Time spent starting tablet: real 0.011s	user 0.008s	sys 0.001s
I20260709 12:08:48.746690 32441 raft_consensus.cc:515] T eb83ae11f02c4ef38c16ab1fa46a3add P c5e6c1097f3e438090cee391982c4d84 [term 1 FOLLOWER]: Starting leader election with config: opid_index: -1 OBSOLETE_local: false peers { permanent_uuid: "c5e6c1097f3e438090cee391982c4d84" member_type: VOTER last_known_addr { host: "127.30.214.129" port: 39077 } } peers { permanent_uuid: "af3018defc234dedb9fa01c8ce9b0c66" member_type: VOTER last_known_addr { host: "127.30.214.130" port: 45753 } } peers { permanent_uuid: "3538dfbd1fbf48ee806bb65dcbd83788" member_type: VOTER last_known_addr { host: "127.30.214.131" port: 41491 } }
I20260709 12:08:48.747337 32437 tablet_bootstrap.cc:492] T cc7ff97ba94540a1a215e41c376f6e8d P af3018defc234dedb9fa01c8ce9b0c66: Bootstrap starting.
I20260709 12:08:48.750679 32319 tablet_service.cc:1917] Received RequestConsensusVote() RPC: tablet_id: "0212cae2ee184fcfac797e5553d8d8c6" candidate_uuid: "3538dfbd1fbf48ee806bb65dcbd83788" candidate_term: 1 candidate_status { last_received { term: 0 index: 0 } } ignore_live_leader: false dest_uuid: "af3018defc234dedb9fa01c8ce9b0c66"
I20260709 12:08:48.751293 32319 raft_consensus.cc:3060] T 0212cae2ee184fcfac797e5553d8d8c6 P af3018defc234dedb9fa01c8ce9b0c66 [term 0 FOLLOWER]: Advancing to term 1
I20260709 12:08:48.753247 32435 ts_tablet_manager.cc:1434] T cc7ff97ba94540a1a215e41c376f6e8d P c5e6c1097f3e438090cee391982c4d84: Time spent starting tablet: real 0.015s	user 0.009s	sys 0.003s
I20260709 12:08:48.757138 32435 tablet_bootstrap.cc:492] T 1f6aa001f86c4de895002735cef38c9e P c5e6c1097f3e438090cee391982c4d84: Bootstrap starting.
I20260709 12:08:48.764215 32393 tablet_service.cc:1917] Received RequestConsensusVote() RPC: tablet_id: "4653a34fd06c4d33a1d72c07db16bd68" candidate_uuid: "c5e6c1097f3e438090cee391982c4d84" candidate_term: 1 candidate_status { last_received { term: 0 index: 0 } } ignore_live_leader: false dest_uuid: "3538dfbd1fbf48ee806bb65dcbd83788" is_pre_election: true
I20260709 12:08:48.764017 32394 tablet_service.cc:1917] Received RequestConsensusVote() RPC: tablet_id: "eb83ae11f02c4ef38c16ab1fa46a3add" candidate_uuid: "c5e6c1097f3e438090cee391982c4d84" candidate_term: 1 candidate_status { last_received { term: 0 index: 0 } } ignore_live_leader: false dest_uuid: "3538dfbd1fbf48ee806bb65dcbd83788" is_pre_election: true
I20260709 12:08:48.765040 32393 raft_consensus.cc:2468] T 4653a34fd06c4d33a1d72c07db16bd68 P 3538dfbd1fbf48ee806bb65dcbd83788 [term 0 FOLLOWER]: Leader pre-election vote request: Granting yes vote for candidate c5e6c1097f3e438090cee391982c4d84 in term 0.
I20260709 12:08:48.729030 32434 tablet_bootstrap.cc:492] T 52138997aaaa4a5da64058b512a27686 P 3538dfbd1fbf48ee806bb65dcbd83788: No bootstrap required, opened a new log
I20260709 12:08:48.767326 32434 ts_tablet_manager.cc:1403] T 52138997aaaa4a5da64058b512a27686 P 3538dfbd1fbf48ee806bb65dcbd83788: Time spent bootstrapping tablet: real 0.122s	user 0.014s	sys 0.002s
I20260709 12:08:48.771154 32441 leader_election.cc:290] T eb83ae11f02c4ef38c16ab1fa46a3add P c5e6c1097f3e438090cee391982c4d84 [CANDIDATE]: Term 1 election: Requested vote from peers af3018defc234dedb9fa01c8ce9b0c66 (127.30.214.130:45753), 3538dfbd1fbf48ee806bb65dcbd83788 (127.30.214.131:41491)
I20260709 12:08:48.771795 32441 raft_consensus.cc:2804] T 4653a34fd06c4d33a1d72c07db16bd68 P c5e6c1097f3e438090cee391982c4d84 [term 0 FOLLOWER]: Leader pre-election won for term 1
I20260709 12:08:48.772143 32441 raft_consensus.cc:493] T 4653a34fd06c4d33a1d72c07db16bd68 P c5e6c1097f3e438090cee391982c4d84 [term 0 FOLLOWER]: Starting leader election (no leader contacted us within the election timeout)
I20260709 12:08:48.772507 32441 raft_consensus.cc:3060] T 4653a34fd06c4d33a1d72c07db16bd68 P c5e6c1097f3e438090cee391982c4d84 [term 0 FOLLOWER]: Advancing to term 1
I20260709 12:08:48.781826 32319 raft_consensus.cc:2468] T 0212cae2ee184fcfac797e5553d8d8c6 P af3018defc234dedb9fa01c8ce9b0c66 [term 1 FOLLOWER]: Leader election vote request: Granting yes vote for candidate 3538dfbd1fbf48ee806bb65dcbd83788 in term 1.
I20260709 12:08:48.785975 32357 leader_election.cc:304] T 0212cae2ee184fcfac797e5553d8d8c6 P 3538dfbd1fbf48ee806bb65dcbd83788 [CANDIDATE]: Term 1 election: Election decided. Result: candidate won. Election summary: received 2 responses out of 3 voters: 2 yes votes; 0 no votes. yes voters: 3538dfbd1fbf48ee806bb65dcbd83788, af3018defc234dedb9fa01c8ce9b0c66; no voters: 
I20260709 12:08:48.786834 32455 raft_consensus.cc:2804] T 0212cae2ee184fcfac797e5553d8d8c6 P 3538dfbd1fbf48ee806bb65dcbd83788 [term 1 FOLLOWER]: Leader election won for term 1
I20260709 12:08:48.787335 32455 raft_consensus.cc:697] T 0212cae2ee184fcfac797e5553d8d8c6 P 3538dfbd1fbf48ee806bb65dcbd83788 [term 1 LEADER]: Becoming Leader. State: Replica: 3538dfbd1fbf48ee806bb65dcbd83788, State: Running, Role: LEADER
W20260709 12:08:48.791079 32211 leader_election.cc:343] T eb83ae11f02c4ef38c16ab1fa46a3add P c5e6c1097f3e438090cee391982c4d84 [CANDIDATE]: Term 1 pre-election: Tablet error from VoteRequest() call to peer 3538dfbd1fbf48ee806bb65dcbd83788 (127.30.214.131:41491): Illegal state: must be running to vote when last-logged opid is not known
I20260709 12:08:48.791837 32435 tablet_bootstrap.cc:654] T 1f6aa001f86c4de895002735cef38c9e P c5e6c1097f3e438090cee391982c4d84: Neither blocks nor log segments found. Creating new log.
I20260709 12:08:48.788374 32455 consensus_queue.cc:237] T 0212cae2ee184fcfac797e5553d8d8c6 P 3538dfbd1fbf48ee806bb65dcbd83788 [LEADER]: Queue going to LEADER mode. State: All replicated index: 0, Majority replicated index: 0, Committed index: 0, Last appended: 0.0, Last appended by leader: 0, Current term: 1, Majority size: 2, State: 0, Mode: LEADER, active raft config: opid_index: -1 OBSOLETE_local: false peers { permanent_uuid: "c5e6c1097f3e438090cee391982c4d84" member_type: VOTER last_known_addr { host: "127.30.214.129" port: 39077 } } peers { permanent_uuid: "af3018defc234dedb9fa01c8ce9b0c66" member_type: VOTER last_known_addr { host: "127.30.214.130" port: 45753 } } peers { permanent_uuid: "3538dfbd1fbf48ee806bb65dcbd83788" member_type: VOTER last_known_addr { host: "127.30.214.131" port: 41491 } }
I20260709 12:08:48.793844 32394 tablet_service.cc:1917] Received RequestConsensusVote() RPC: tablet_id: "eb83ae11f02c4ef38c16ab1fa46a3add" candidate_uuid: "c5e6c1097f3e438090cee391982c4d84" candidate_term: 1 candidate_status { last_received { term: 0 index: 0 } } ignore_live_leader: false dest_uuid: "3538dfbd1fbf48ee806bb65dcbd83788"
I20260709 12:08:48.787833 32434 raft_consensus.cc:359] T 52138997aaaa4a5da64058b512a27686 P 3538dfbd1fbf48ee806bb65dcbd83788 [term 0 FOLLOWER]: Replica starting. Triggering 0 pending ops. Active config: opid_index: -1 OBSOLETE_local: false peers { permanent_uuid: "c5e6c1097f3e438090cee391982c4d84" member_type: VOTER last_known_addr { host: "127.30.214.129" port: 39077 } } peers { permanent_uuid: "af3018defc234dedb9fa01c8ce9b0c66" member_type: VOTER last_known_addr { host: "127.30.214.130" port: 45753 } } peers { permanent_uuid: "3538dfbd1fbf48ee806bb65dcbd83788" member_type: VOTER last_known_addr { host: "127.30.214.131" port: 41491 } }
I20260709 12:08:48.796290 32434 raft_consensus.cc:385] T 52138997aaaa4a5da64058b512a27686 P 3538dfbd1fbf48ee806bb65dcbd83788 [term 0 FOLLOWER]: Consensus starting up: Expiring failure detector timer to make a prompt election more likely
I20260709 12:08:48.796617 32434 raft_consensus.cc:740] T 52138997aaaa4a5da64058b512a27686 P 3538dfbd1fbf48ee806bb65dcbd83788 [term 0 FOLLOWER]: Becoming Follower/Learner. State: Replica: 3538dfbd1fbf48ee806bb65dcbd83788, State: Initialized, Role: FOLLOWER
W20260709 12:08:48.795456 32211 leader_election.cc:343] T eb83ae11f02c4ef38c16ab1fa46a3add P c5e6c1097f3e438090cee391982c4d84 [CANDIDATE]: Term 1 election: Tablet error from VoteRequest() call to peer 3538dfbd1fbf48ee806bb65dcbd83788 (127.30.214.131:41491): Illegal state: must be running to vote when last-logged opid is not known
I20260709 12:08:48.791201 32476 raft_consensus.cc:493] T 1809721f4d42428da4e9d58cbf95ace1 P c5e6c1097f3e438090cee391982c4d84 [term 0 FOLLOWER]: Starting pre-election (no leader contacted us within the election timeout)
W20260709 12:08:48.797916 32208 outbound_call.cc:321] RPC callback for RPC call kudu.consensus.ConsensusService.RequestConsensusVote -> {remote=127.30.214.130:45753, user_credentials={real_user=slave}} blocked reactor thread for 61563.2us
I20260709 12:08:48.797972 32434 consensus_queue.cc:260] T 52138997aaaa4a5da64058b512a27686 P 3538dfbd1fbf48ee806bb65dcbd83788 [NON_LEADER]: Queue going to NON_LEADER mode. State: All replicated index: 0, Majority replicated index: 0, Committed index: 0, Last appended: 0.0, Last appended by leader: 0, Current term: 0, Majority size: -1, State: 0, Mode: NON_LEADER, active raft config: opid_index: -1 OBSOLETE_local: false peers { permanent_uuid: "c5e6c1097f3e438090cee391982c4d84" member_type: VOTER last_known_addr { host: "127.30.214.129" port: 39077 } } peers { permanent_uuid: "af3018defc234dedb9fa01c8ce9b0c66" member_type: VOTER last_known_addr { host: "127.30.214.130" port: 45753 } } peers { permanent_uuid: "3538dfbd1fbf48ee806bb65dcbd83788" member_type: VOTER last_known_addr { host: "127.30.214.131" port: 41491 } }
I20260709 12:08:48.798277 32476 raft_consensus.cc:515] T 1809721f4d42428da4e9d58cbf95ace1 P c5e6c1097f3e438090cee391982c4d84 [term 0 FOLLOWER]: Starting pre-election with config: opid_index: -1 OBSOLETE_local: false peers { permanent_uuid: "c5e6c1097f3e438090cee391982c4d84" member_type: VOTER last_known_addr { host: "127.30.214.129" port: 39077 } } peers { permanent_uuid: "af3018defc234dedb9fa01c8ce9b0c66" member_type: VOTER last_known_addr { host: "127.30.214.130" port: 45753 } } peers { permanent_uuid: "3538dfbd1fbf48ee806bb65dcbd83788" member_type: VOTER last_known_addr { host: "127.30.214.131" port: 41491 } }
I20260709 12:08:48.799623 32467 raft_consensus.cc:493] T 1809721f4d42428da4e9d58cbf95ace1 P 3538dfbd1fbf48ee806bb65dcbd83788 [term 0 FOLLOWER]: Starting pre-election (no leader contacted us within the election timeout)
I20260709 12:08:48.799912 32434 ts_tablet_manager.cc:1434] T 52138997aaaa4a5da64058b512a27686 P 3538dfbd1fbf48ee806bb65dcbd83788: Time spent starting tablet: real 0.032s	user 0.006s	sys 0.005s
I20260709 12:08:48.800091 32467 raft_consensus.cc:515] T 1809721f4d42428da4e9d58cbf95ace1 P 3538dfbd1fbf48ee806bb65dcbd83788 [term 0 FOLLOWER]: Starting pre-election with config: opid_index: -1 OBSOLETE_local: false peers { permanent_uuid: "c5e6c1097f3e438090cee391982c4d84" member_type: VOTER last_known_addr { host: "127.30.214.129" port: 39077 } } peers { permanent_uuid: "af3018defc234dedb9fa01c8ce9b0c66" member_type: VOTER last_known_addr { host: "127.30.214.130" port: 45753 } } peers { permanent_uuid: "3538dfbd1fbf48ee806bb65dcbd83788" member_type: VOTER last_known_addr { host: "127.30.214.131" port: 41491 } }
I20260709 12:08:48.800694 32476 leader_election.cc:290] T 1809721f4d42428da4e9d58cbf95ace1 P c5e6c1097f3e438090cee391982c4d84 [CANDIDATE]: Term 1 pre-election: Requested pre-vote from peers af3018defc234dedb9fa01c8ce9b0c66 (127.30.214.130:45753), 3538dfbd1fbf48ee806bb65dcbd83788 (127.30.214.131:41491)
I20260709 12:08:48.801435 32319 tablet_service.cc:1917] Received RequestConsensusVote() RPC: tablet_id: "eb83ae11f02c4ef38c16ab1fa46a3add" candidate_uuid: "c5e6c1097f3e438090cee391982c4d84" candidate_term: 1 candidate_status { last_received { term: 0 index: 0 } } ignore_live_leader: false dest_uuid: "af3018defc234dedb9fa01c8ce9b0c66"
I20260709 12:08:48.801576 32437 tablet_bootstrap.cc:654] T cc7ff97ba94540a1a215e41c376f6e8d P af3018defc234dedb9fa01c8ce9b0c66: Neither blocks nor log segments found. Creating new log.
I20260709 12:08:48.801692 32394 tablet_service.cc:1917] Received RequestConsensusVote() RPC: tablet_id: "1809721f4d42428da4e9d58cbf95ace1" candidate_uuid: "c5e6c1097f3e438090cee391982c4d84" candidate_term: 1 candidate_status { last_received { term: 0 index: 0 } } ignore_live_leader: false dest_uuid: "3538dfbd1fbf48ee806bb65dcbd83788" is_pre_election: true
I20260709 12:08:48.802037 32319 raft_consensus.cc:3060] T eb83ae11f02c4ef38c16ab1fa46a3add P af3018defc234dedb9fa01c8ce9b0c66 [term 0 FOLLOWER]: Advancing to term 1
I20260709 12:08:48.802266 32467 leader_election.cc:290] T 1809721f4d42428da4e9d58cbf95ace1 P 3538dfbd1fbf48ee806bb65dcbd83788 [CANDIDATE]: Term 1 pre-election: Requested pre-vote from peers c5e6c1097f3e438090cee391982c4d84 (127.30.214.129:39077), af3018defc234dedb9fa01c8ce9b0c66 (127.30.214.130:45753)
I20260709 12:08:48.803431 32320 tablet_service.cc:1917] Received RequestConsensusVote() RPC: tablet_id: "1809721f4d42428da4e9d58cbf95ace1" candidate_uuid: "3538dfbd1fbf48ee806bb65dcbd83788" candidate_term: 1 candidate_status { last_received { term: 0 index: 0 } } ignore_live_leader: false dest_uuid: "af3018defc234dedb9fa01c8ce9b0c66" is_pre_election: true
I20260709 12:08:48.804047 32320 raft_consensus.cc:2468] T 1809721f4d42428da4e9d58cbf95ace1 P af3018defc234dedb9fa01c8ce9b0c66 [term 0 FOLLOWER]: Leader pre-election vote request: Granting yes vote for candidate 3538dfbd1fbf48ee806bb65dcbd83788 in term 0.
I20260709 12:08:48.806823 32434 tablet_bootstrap.cc:492] T eb83ae11f02c4ef38c16ab1fa46a3add P 3538dfbd1fbf48ee806bb65dcbd83788: Bootstrap starting.
I20260709 12:08:48.808225 32357 leader_election.cc:304] T 1809721f4d42428da4e9d58cbf95ace1 P 3538dfbd1fbf48ee806bb65dcbd83788 [CANDIDATE]: Term 1 pre-election: Election decided. Result: candidate won. Election summary: received 2 responses out of 3 voters: 2 yes votes; 0 no votes. yes voters: 3538dfbd1fbf48ee806bb65dcbd83788, af3018defc234dedb9fa01c8ce9b0c66; no voters: 
I20260709 12:08:48.802292 32394 raft_consensus.cc:2468] T 1809721f4d42428da4e9d58cbf95ace1 P 3538dfbd1fbf48ee806bb65dcbd83788 [term 0 FOLLOWER]: Leader pre-election vote request: Granting yes vote for candidate c5e6c1097f3e438090cee391982c4d84 in term 0.
I20260709 12:08:48.809777 32467 raft_consensus.cc:2804] T 1809721f4d42428da4e9d58cbf95ace1 P 3538dfbd1fbf48ee806bb65dcbd83788 [term 0 FOLLOWER]: Leader pre-election won for term 1
I20260709 12:08:48.810143 32467 raft_consensus.cc:493] T 1809721f4d42428da4e9d58cbf95ace1 P 3538dfbd1fbf48ee806bb65dcbd83788 [term 0 FOLLOWER]: Starting leader election (no leader contacted us within the election timeout)
I20260709 12:08:48.810480 32467 raft_consensus.cc:3060] T 1809721f4d42428da4e9d58cbf95ace1 P 3538dfbd1fbf48ee806bb65dcbd83788 [term 0 FOLLOWER]: Advancing to term 1
