W20260709 12:08:47.398514  8539 auto_rebalancer.cc:288] Could not retrieve cluster info: Service unavailable: Tablet not running
I20260709 12:08:47.397265  8742 raft_consensus.cc:2468] T 6bd830f428384d1e9dcd1c82288f1408 P c2fa02661d6d4c8aaf354fc1f2d07c0b [term 1 FOLLOWER]: Leader election vote request: Granting yes vote for candidate 9a113e120c5f4a30bc977889724ff78f in term 1.
I20260709 12:08:47.400780  8592 tablet_service.cc:1917] Received RequestConsensusVote() RPC: tablet_id: "0edf167978ac42339c9adb6370237186" candidate_uuid: "9a113e120c5f4a30bc977889724ff78f" candidate_term: 1 candidate_status { last_received { term: 0 index: 0 } } ignore_live_leader: false dest_uuid: "b70ced700831415da02b6214c144edb5" is_pre_election: true
I20260709 12:08:47.401185  8633 leader_election.cc:304] T 6bd830f428384d1e9dcd1c82288f1408 P 9a113e120c5f4a30bc977889724ff78f [CANDIDATE]: Term 1 election: Election decided. Result: candidate won. Election summary: received 2 responses out of 3 voters: 2 yes votes; 0 no votes. yes voters: 9a113e120c5f4a30bc977889724ff78f, c2fa02661d6d4c8aaf354fc1f2d07c0b; no voters: 
I20260709 12:08:47.401329  8592 raft_consensus.cc:2376] T 0edf167978ac42339c9adb6370237186 P b70ced700831415da02b6214c144edb5 [term 1 FOLLOWER]: Leader pre-election vote request: Already granted yes vote for candidate 9a113e120c5f4a30bc977889724ff78f in term 1. Re-sending same reply.
I20260709 12:08:47.401999  8788 raft_consensus.cc:2804] T 6bd830f428384d1e9dcd1c82288f1408 P 9a113e120c5f4a30bc977889724ff78f [term 1 FOLLOWER]: Leader election won for term 1
I20260709 12:08:47.402645  8788 raft_consensus.cc:697] T 6bd830f428384d1e9dcd1c82288f1408 P 9a113e120c5f4a30bc977889724ff78f [term 1 LEADER]: Becoming Leader. State: Replica: 9a113e120c5f4a30bc977889724ff78f, State: Running, Role: LEADER
I20260709 12:08:47.403160  8593 raft_consensus.cc:2468] T 530b4a9358de4ca38227cd588fe57b62 P b70ced700831415da02b6214c144edb5 [term 1 FOLLOWER]: Leader election vote request: Granting yes vote for candidate c2fa02661d6d4c8aaf354fc1f2d07c0b in term 1.
I20260709 12:08:47.403483  8788 consensus_queue.cc:237] T 6bd830f428384d1e9dcd1c82288f1408 P 9a113e120c5f4a30bc977889724ff78f [LEADER]: Queue going to LEADER mode. State: All replicated index: 0, Majority replicated index: 0, Committed index: 0, Last appended: 0.0, Last appended by leader: 0, Current term: 1, Majority size: 2, State: 0, Mode: LEADER, active raft config: opid_index: -1 OBSOLETE_local: false peers { permanent_uuid: "b70ced700831415da02b6214c144edb5" member_type: VOTER last_known_addr { host: "127.7.192.1" port: 45217 } } peers { permanent_uuid: "9a113e120c5f4a30bc977889724ff78f" member_type: VOTER last_known_addr { host: "127.7.192.2" port: 37799 } } peers { permanent_uuid: "c2fa02661d6d4c8aaf354fc1f2d07c0b" member_type: VOTER last_known_addr { host: "127.7.192.3" port: 40147 } }
W20260709 12:08:47.404600  8631 leader_election.cc:343] T 6bd830f428384d1e9dcd1c82288f1408 P 9a113e120c5f4a30bc977889724ff78f [CANDIDATE]: Term 1 pre-election: Tablet error from VoteRequest() call to peer b70ced700831415da02b6214c144edb5 (127.7.192.1:45217): Illegal state: must be running to vote when last-logged opid is not known
I20260709 12:08:47.407675  8803 raft_consensus.cc:2804] T 70fdf226e88a4d418753114747f39862 P c2fa02661d6d4c8aaf354fc1f2d07c0b [term 1 FOLLOWER]: Leader election won for term 1
I20260709 12:08:47.408155  8803 raft_consensus.cc:697] T 70fdf226e88a4d418753114747f39862 P c2fa02661d6d4c8aaf354fc1f2d07c0b [term 1 LEADER]: Becoming Leader. State: Replica: c2fa02661d6d4c8aaf354fc1f2d07c0b, State: Running, Role: LEADER
I20260709 12:08:47.408950  8803 consensus_queue.cc:237] T 70fdf226e88a4d418753114747f39862 P c2fa02661d6d4c8aaf354fc1f2d07c0b [LEADER]: Queue going to LEADER mode. State: All replicated index: 0, Majority replicated index: 0, Committed index: 0, Last appended: 0.0, Last appended by leader: 0, Current term: 1, Majority size: 2, State: 0, Mode: LEADER, active raft config: opid_index: -1 OBSOLETE_local: false peers { permanent_uuid: "b70ced700831415da02b6214c144edb5" member_type: VOTER last_known_addr { host: "127.7.192.1" port: 45217 } } peers { permanent_uuid: "9a113e120c5f4a30bc977889724ff78f" member_type: VOTER last_known_addr { host: "127.7.192.2" port: 37799 } } peers { permanent_uuid: "c2fa02661d6d4c8aaf354fc1f2d07c0b" member_type: VOTER last_known_addr { host: "127.7.192.3" port: 40147 } }
I20260709 12:08:47.413873  8782 raft_consensus.cc:359] T 56e88fcacb2f4d6889732d06e4bf0035 P c2fa02661d6d4c8aaf354fc1f2d07c0b [term 0 FOLLOWER]: Replica starting. Triggering 0 pending ops. Active config: opid_index: -1 OBSOLETE_local: false peers { permanent_uuid: "b70ced700831415da02b6214c144edb5" member_type: VOTER last_known_addr { host: "127.7.192.1" port: 45217 } } peers { permanent_uuid: "9a113e120c5f4a30bc977889724ff78f" member_type: VOTER last_known_addr { host: "127.7.192.2" port: 37799 } } peers { permanent_uuid: "c2fa02661d6d4c8aaf354fc1f2d07c0b" member_type: VOTER last_known_addr { host: "127.7.192.3" port: 40147 } }
I20260709 12:08:47.414587  8782 raft_consensus.cc:385] T 56e88fcacb2f4d6889732d06e4bf0035 P c2fa02661d6d4c8aaf354fc1f2d07c0b [term 0 FOLLOWER]: Consensus starting up: Expiring failure detector timer to make a prompt election more likely
I20260709 12:08:47.414876  8782 raft_consensus.cc:740] T 56e88fcacb2f4d6889732d06e4bf0035 P c2fa02661d6d4c8aaf354fc1f2d07c0b [term 0 FOLLOWER]: Becoming Follower/Learner. State: Replica: c2fa02661d6d4c8aaf354fc1f2d07c0b, State: Initialized, Role: FOLLOWER
I20260709 12:08:47.415665  8782 consensus_queue.cc:260] T 56e88fcacb2f4d6889732d06e4bf0035 P c2fa02661d6d4c8aaf354fc1f2d07c0b [NON_LEADER]: Queue going to NON_LEADER mode. State: All replicated index: 0, Majority replicated index: 0, Committed index: 0, Last appended: 0.0, Last appended by leader: 0, Current term: 0, Majority size: -1, State: 0, Mode: NON_LEADER, active raft config: opid_index: -1 OBSOLETE_local: false peers { permanent_uuid: "b70ced700831415da02b6214c144edb5" member_type: VOTER last_known_addr { host: "127.7.192.1" port: 45217 } } peers { permanent_uuid: "9a113e120c5f4a30bc977889724ff78f" member_type: VOTER last_known_addr { host: "127.7.192.2" port: 37799 } } peers { permanent_uuid: "c2fa02661d6d4c8aaf354fc1f2d07c0b" member_type: VOTER last_known_addr { host: "127.7.192.3" port: 40147 } }
I20260709 12:08:47.420836  8782 ts_tablet_manager.cc:1434] T 56e88fcacb2f4d6889732d06e4bf0035 P c2fa02661d6d4c8aaf354fc1f2d07c0b: Time spent starting tablet: real 0.047s	user 0.005s	sys 0.001s
I20260709 12:08:47.421737  8782 tablet_bootstrap.cc:492] T 420cf5950bd643dda1948f7bbeb31b06 P c2fa02661d6d4c8aaf354fc1f2d07c0b: Bootstrap starting.
W20260709 12:08:47.428376  8705 outbound_call.cc:321] RPC callback for RPC call kudu.consensus.ConsensusService.RequestConsensusVote -> {remote=127.7.192.1:45217, user_credentials={real_user=slave}} blocked reactor thread for 69104.9us
W20260709 12:08:47.429154  8705 leader_election.cc:343] T 70fdf226e88a4d418753114747f39862 P c2fa02661d6d4c8aaf354fc1f2d07c0b [CANDIDATE]: Term 1 election: Tablet error from VoteRequest() call to peer 9a113e120c5f4a30bc977889724ff78f (127.7.192.2:37799): Illegal state: must be running to vote when last-logged opid is not known
I20260709 12:08:47.430056  8705 leader_election.cc:304] T 0edf167978ac42339c9adb6370237186 P c2fa02661d6d4c8aaf354fc1f2d07c0b [CANDIDATE]: Term 1 pre-election: Election decided. Result: candidate won. Election summary: received 3 responses out of 3 voters: 2 yes votes; 1 no votes. yes voters: b70ced700831415da02b6214c144edb5, c2fa02661d6d4c8aaf354fc1f2d07c0b; no voters: 9a113e120c5f4a30bc977889724ff78f
I20260709 12:08:47.431181  8705 leader_election.cc:304] T 530b4a9358de4ca38227cd588fe57b62 P c2fa02661d6d4c8aaf354fc1f2d07c0b [CANDIDATE]: Term 1 election: Election decided. Result: candidate won. Election summary: received 3 responses out of 3 voters: 2 yes votes; 1 no votes. yes voters: b70ced700831415da02b6214c144edb5, c2fa02661d6d4c8aaf354fc1f2d07c0b; no voters: 9a113e120c5f4a30bc977889724ff78f
I20260709 12:08:47.437263  8593 tablet_service.cc:1917] Received RequestConsensusVote() RPC: tablet_id: "6bd830f428384d1e9dcd1c82288f1408" candidate_uuid: "9a113e120c5f4a30bc977889724ff78f" candidate_term: 1 candidate_status { last_received { term: 0 index: 0 } } ignore_live_leader: false dest_uuid: "b70ced700831415da02b6214c144edb5"
W20260709 12:08:47.440485  8631 leader_election.cc:343] T 6bd830f428384d1e9dcd1c82288f1408 P 9a113e120c5f4a30bc977889724ff78f [CANDIDATE]: Term 1 election: Tablet error from VoteRequest() call to peer b70ced700831415da02b6214c144edb5 (127.7.192.1:45217): Illegal state: must be running to vote when last-logged opid is not known
I20260709 12:08:47.445858  8782 tablet_bootstrap.cc:654] T 420cf5950bd643dda1948f7bbeb31b06 P c2fa02661d6d4c8aaf354fc1f2d07c0b: Neither blocks nor log segments found. Creating new log.
I20260709 12:08:47.445945  8668 tablet_service.cc:1917] Received RequestConsensusVote() RPC: tablet_id: "4ede266e29dc4450b95a7d5cdad57a00" candidate_uuid: "b70ced700831415da02b6214c144edb5" candidate_term: 1 candidate_status { last_received { term: 0 index: 0 } } ignore_live_leader: false dest_uuid: "9a113e120c5f4a30bc977889724ff78f" is_pre_election: true
W20260709 12:08:47.447474  8556 leader_election.cc:343] T 4ede266e29dc4450b95a7d5cdad57a00 P b70ced700831415da02b6214c144edb5 [CANDIDATE]: Term 1 pre-election: Tablet error from VoteRequest() call to peer 9a113e120c5f4a30bc977889724ff78f (127.7.192.2:37799): Illegal state: must be running to vote when last-logged opid is not known
I20260709 12:08:47.448431  8806 raft_consensus.cc:2764] T 0edf167978ac42339c9adb6370237186 P c2fa02661d6d4c8aaf354fc1f2d07c0b [term 1 FOLLOWER]: Leader pre-election decision vote started in defunct term 0: won
I20260709 12:08:47.449204  8806 raft_consensus.cc:2804] T 530b4a9358de4ca38227cd588fe57b62 P c2fa02661d6d4c8aaf354fc1f2d07c0b [term 1 FOLLOWER]: Leader election won for term 1
I20260709 12:08:47.449630  8806 raft_consensus.cc:697] T 530b4a9358de4ca38227cd588fe57b62 P c2fa02661d6d4c8aaf354fc1f2d07c0b [term 1 LEADER]: Becoming Leader. State: Replica: c2fa02661d6d4c8aaf354fc1f2d07c0b, State: Running, Role: LEADER
I20260709 12:08:47.450404  8806 consensus_queue.cc:237] T 530b4a9358de4ca38227cd588fe57b62 P c2fa02661d6d4c8aaf354fc1f2d07c0b [LEADER]: Queue going to LEADER mode. State: All replicated index: 0, Majority replicated index: 0, Committed index: 0, Last appended: 0.0, Last appended by leader: 0, Current term: 1, Majority size: 2, State: 0, Mode: LEADER, active raft config: opid_index: -1 OBSOLETE_local: false peers { permanent_uuid: "b70ced700831415da02b6214c144edb5" member_type: VOTER last_known_addr { host: "127.7.192.1" port: 45217 } } peers { permanent_uuid: "9a113e120c5f4a30bc977889724ff78f" member_type: VOTER last_known_addr { host: "127.7.192.2" port: 37799 } } peers { permanent_uuid: "c2fa02661d6d4c8aaf354fc1f2d07c0b" member_type: VOTER last_known_addr { host: "127.7.192.3" port: 40147 } }
I20260709 12:08:47.459133  8742 tablet_service.cc:1917] Received RequestConsensusVote() RPC: tablet_id: "4ede266e29dc4450b95a7d5cdad57a00" candidate_uuid: "b70ced700831415da02b6214c144edb5" candidate_term: 1 candidate_status { last_received { term: 0 index: 0 } } ignore_live_leader: false dest_uuid: "c2fa02661d6d4c8aaf354fc1f2d07c0b" is_pre_election: true
W20260709 12:08:47.460968  8558 leader_election.cc:343] T 4ede266e29dc4450b95a7d5cdad57a00 P b70ced700831415da02b6214c144edb5 [CANDIDATE]: Term 1 pre-election: Tablet error from VoteRequest() call to peer c2fa02661d6d4c8aaf354fc1f2d07c0b (127.7.192.3:40147): Illegal state: must be running to vote when last-logged opid is not known
I20260709 12:08:47.461421  8558 leader_election.cc:304] T 4ede266e29dc4450b95a7d5cdad57a00 P b70ced700831415da02b6214c144edb5 [CANDIDATE]: Term 1 pre-election: Election decided. Result: candidate lost. Election summary: received 3 responses out of 3 voters: 1 yes votes; 2 no votes. yes voters: b70ced700831415da02b6214c144edb5; no voters: 9a113e120c5f4a30bc977889724ff78f, c2fa02661d6d4c8aaf354fc1f2d07c0b
I20260709 12:08:47.462193  8789 raft_consensus.cc:2749] T 4ede266e29dc4450b95a7d5cdad57a00 P b70ced700831415da02b6214c144edb5 [term 0 FOLLOWER]: Leader pre-election lost for term 1. Reason: could not achieve majority
I20260709 12:08:47.464211  8783 tablet_bootstrap.cc:492] T 6bd830f428384d1e9dcd1c82288f1408 P b70ced700831415da02b6214c144edb5: No bootstrap required, opened a new log
I20260709 12:08:47.464676  8783 ts_tablet_manager.cc:1403] T 6bd830f428384d1e9dcd1c82288f1408 P b70ced700831415da02b6214c144edb5: Time spent bootstrapping tablet: real 0.204s	user 0.059s	sys 0.125s
I20260709 12:08:47.465445  8781 tablet_bootstrap.cc:492] T 70fdf226e88a4d418753114747f39862 P 9a113e120c5f4a30bc977889724ff78f: No bootstrap required, opened a new log
I20260709 12:08:47.465876  8781 ts_tablet_manager.cc:1403] T 70fdf226e88a4d418753114747f39862 P 9a113e120c5f4a30bc977889724ff78f: Time spent bootstrapping tablet: real 0.216s	user 0.055s	sys 0.050s
I20260709 12:08:47.466800  8490 catalog_manager.cc:5697] T 0edf167978ac42339c9adb6370237186 P 9a113e120c5f4a30bc977889724ff78f reported cstate change: term changed from 0 to 1, leader changed from <none> to 9a113e120c5f4a30bc977889724ff78f (127.7.192.2). New cstate: current_term: 1 leader_uuid: "9a113e120c5f4a30bc977889724ff78f" committed_config { opid_index: -1 OBSOLETE_local: false peers { permanent_uuid: "b70ced700831415da02b6214c144edb5" member_type: VOTER last_known_addr { host: "127.7.192.1" port: 45217 } health_report { overall_health: UNKNOWN } } peers { permanent_uuid: "9a113e120c5f4a30bc977889724ff78f" member_type: VOTER last_known_addr { host: "127.7.192.2" port: 37799 } health_report { overall_health: HEALTHY } } peers { permanent_uuid: "c2fa02661d6d4c8aaf354fc1f2d07c0b" member_type: VOTER last_known_addr { host: "127.7.192.3" port: 40147 } health_report { overall_health: UNKNOWN } } }
I20260709 12:08:47.467361  8783 raft_consensus.cc:359] T 6bd830f428384d1e9dcd1c82288f1408 P b70ced700831415da02b6214c144edb5 [term 0 FOLLOWER]: Replica starting. Triggering 0 pending ops. Active config: opid_index: -1 OBSOLETE_local: false peers { permanent_uuid: "b70ced700831415da02b6214c144edb5" member_type: VOTER last_known_addr { host: "127.7.192.1" port: 45217 } } peers { permanent_uuid: "9a113e120c5f4a30bc977889724ff78f" member_type: VOTER last_known_addr { host: "127.7.192.2" port: 37799 } } peers { permanent_uuid: "c2fa02661d6d4c8aaf354fc1f2d07c0b" member_type: VOTER last_known_addr { host: "127.7.192.3" port: 40147 } }
I20260709 12:08:47.468062  8783 raft_consensus.cc:385] T 6bd830f428384d1e9dcd1c82288f1408 P b70ced700831415da02b6214c144edb5 [term 0 FOLLOWER]: Consensus starting up: Expiring failure detector timer to make a prompt election more likely
I20260709 12:08:47.468356  8783 raft_consensus.cc:740] T 6bd830f428384d1e9dcd1c82288f1408 P b70ced700831415da02b6214c144edb5 [term 0 FOLLOWER]: Becoming Follower/Learner. State: Replica: b70ced700831415da02b6214c144edb5, State: Initialized, Role: FOLLOWER
I20260709 12:08:47.468508  8781 raft_consensus.cc:359] T 70fdf226e88a4d418753114747f39862 P 9a113e120c5f4a30bc977889724ff78f [term 0 FOLLOWER]: Replica starting. Triggering 0 pending ops. Active config: opid_index: -1 OBSOLETE_local: false peers { permanent_uuid: "b70ced700831415da02b6214c144edb5" member_type: VOTER last_known_addr { host: "127.7.192.1" port: 45217 } } peers { permanent_uuid: "9a113e120c5f4a30bc977889724ff78f" member_type: VOTER last_known_addr { host: "127.7.192.2" port: 37799 } } peers { permanent_uuid: "c2fa02661d6d4c8aaf354fc1f2d07c0b" member_type: VOTER last_known_addr { host: "127.7.192.3" port: 40147 } }
I20260709 12:08:47.469208  8781 raft_consensus.cc:385] T 70fdf226e88a4d418753114747f39862 P 9a113e120c5f4a30bc977889724ff78f [term 0 FOLLOWER]: Consensus starting up: Expiring failure detector timer to make a prompt election more likely
I20260709 12:08:47.469095  8783 consensus_queue.cc:260] T 6bd830f428384d1e9dcd1c82288f1408 P b70ced700831415da02b6214c144edb5 [NON_LEADER]: Queue going to NON_LEADER mode. State: All replicated index: 0, Majority replicated index: 0, Committed index: 0, Last appended: 0.0, Last appended by leader: 0, Current term: 0, Majority size: -1, State: 0, Mode: NON_LEADER, active raft config: opid_index: -1 OBSOLETE_local: false peers { permanent_uuid: "b70ced700831415da02b6214c144edb5" member_type: VOTER last_known_addr { host: "127.7.192.1" port: 45217 } } peers { permanent_uuid: "9a113e120c5f4a30bc977889724ff78f" member_type: VOTER last_known_addr { host: "127.7.192.2" port: 37799 } } peers { permanent_uuid: "c2fa02661d6d4c8aaf354fc1f2d07c0b" member_type: VOTER last_known_addr { host: "127.7.192.3" port: 40147 } }
I20260709 12:08:47.469511  8781 raft_consensus.cc:740] T 70fdf226e88a4d418753114747f39862 P 9a113e120c5f4a30bc977889724ff78f [term 0 FOLLOWER]: Becoming Follower/Learner. State: Replica: 9a113e120c5f4a30bc977889724ff78f, State: Initialized, Role: FOLLOWER
I20260709 12:08:47.470460  8781 consensus_queue.cc:260] T 70fdf226e88a4d418753114747f39862 P 9a113e120c5f4a30bc977889724ff78f [NON_LEADER]: Queue going to NON_LEADER mode. State: All replicated index: 0, Majority replicated index: 0, Committed index: 0, Last appended: 0.0, Last appended by leader: 0, Current term: 0, Majority size: -1, State: 0, Mode: NON_LEADER, active raft config: opid_index: -1 OBSOLETE_local: false peers { permanent_uuid: "b70ced700831415da02b6214c144edb5" member_type: VOTER last_known_addr { host: "127.7.192.1" port: 45217 } } peers { permanent_uuid: "9a113e120c5f4a30bc977889724ff78f" member_type: VOTER last_known_addr { host: "127.7.192.2" port: 37799 } } peers { permanent_uuid: "c2fa02661d6d4c8aaf354fc1f2d07c0b" member_type: VOTER last_known_addr { host: "127.7.192.3" port: 40147 } }
I20260709 12:08:47.471448  8783 ts_tablet_manager.cc:1434] T 6bd830f428384d1e9dcd1c82288f1408 P b70ced700831415da02b6214c144edb5: Time spent starting tablet: real 0.006s	user 0.002s	sys 0.004s
I20260709 12:08:47.472326  8783 tablet_bootstrap.cc:492] T fde569319a3940a3b675515ba0038c7e P b70ced700831415da02b6214c144edb5: Bootstrap starting.
I20260709 12:08:47.475247  8489 catalog_manager.cc:5697] T 70fdf226e88a4d418753114747f39862 P c2fa02661d6d4c8aaf354fc1f2d07c0b reported cstate change: term changed from 0 to 1, leader changed from <none> to c2fa02661d6d4c8aaf354fc1f2d07c0b (127.7.192.3). New cstate: current_term: 1 leader_uuid: "c2fa02661d6d4c8aaf354fc1f2d07c0b" committed_config { opid_index: -1 OBSOLETE_local: false peers { permanent_uuid: "b70ced700831415da02b6214c144edb5" member_type: VOTER last_known_addr { host: "127.7.192.1" port: 45217 } health_report { overall_health: UNKNOWN } } peers { permanent_uuid: "9a113e120c5f4a30bc977889724ff78f" member_type: VOTER last_known_addr { host: "127.7.192.2" port: 37799 } health_report { overall_health: UNKNOWN } } peers { permanent_uuid: "c2fa02661d6d4c8aaf354fc1f2d07c0b" member_type: VOTER last_known_addr { host: "127.7.192.3" port: 40147 } health_report { overall_health: HEALTHY } } }
I20260709 12:08:47.478169  8783 tablet_bootstrap.cc:654] T fde569319a3940a3b675515ba0038c7e P b70ced700831415da02b6214c144edb5: Neither blocks nor log segments found. Creating new log.
I20260709 12:08:47.477639  8489 catalog_manager.cc:5697] T 530b4a9358de4ca38227cd588fe57b62 P c2fa02661d6d4c8aaf354fc1f2d07c0b reported cstate change: term changed from 0 to 1, leader changed from <none> to c2fa02661d6d4c8aaf354fc1f2d07c0b (127.7.192.3). New cstate: current_term: 1 leader_uuid: "c2fa02661d6d4c8aaf354fc1f2d07c0b" committed_config { opid_index: -1 OBSOLETE_local: false peers { permanent_uuid: "b70ced700831415da02b6214c144edb5" member_type: VOTER last_known_addr { host: "127.7.192.1" port: 45217 } health_report { overall_health: UNKNOWN } } peers { permanent_uuid: "9a113e120c5f4a30bc977889724ff78f" member_type: VOTER last_known_addr { host: "127.7.192.2" port: 37799 } health_report { overall_health: UNKNOWN } } peers { permanent_uuid: "c2fa02661d6d4c8aaf354fc1f2d07c0b" member_type: VOTER last_known_addr { host: "127.7.192.3" port: 40147 } health_report { overall_health: HEALTHY } } }
I20260709 12:08:47.486037  8781 ts_tablet_manager.cc:1434] T 70fdf226e88a4d418753114747f39862 P 9a113e120c5f4a30bc977889724ff78f: Time spent starting tablet: real 0.020s	user 0.008s	sys 0.000s
I20260709 12:08:47.487015  8781 tablet_bootstrap.cc:492] T 4ede266e29dc4450b95a7d5cdad57a00 P 9a113e120c5f4a30bc977889724ff78f: Bootstrap starting.
I20260709 12:08:47.493429  8782 tablet_bootstrap.cc:492] T 420cf5950bd643dda1948f7bbeb31b06 P c2fa02661d6d4c8aaf354fc1f2d07c0b: No bootstrap required, opened a new log
I20260709 12:08:47.493831  8782 ts_tablet_manager.cc:1403] T 420cf5950bd643dda1948f7bbeb31b06 P c2fa02661d6d4c8aaf354fc1f2d07c0b: Time spent bootstrapping tablet: real 0.072s	user 0.012s	sys 0.012s
I20260709 12:08:47.494638  8783 tablet_bootstrap.cc:492] T fde569319a3940a3b675515ba0038c7e P b70ced700831415da02b6214c144edb5: No bootstrap required, opened a new log
I20260709 12:08:47.495034  8783 ts_tablet_manager.cc:1403] T fde569319a3940a3b675515ba0038c7e P b70ced700831415da02b6214c144edb5: Time spent bootstrapping tablet: real 0.023s	user 0.016s	sys 0.004s
I20260709 12:08:47.495144  8781 tablet_bootstrap.cc:654] T 4ede266e29dc4450b95a7d5cdad57a00 P 9a113e120c5f4a30bc977889724ff78f: Neither blocks nor log segments found. Creating new log.
I20260709 12:08:47.496321  8782 raft_consensus.cc:359] T 420cf5950bd643dda1948f7bbeb31b06 P c2fa02661d6d4c8aaf354fc1f2d07c0b [term 0 FOLLOWER]: Replica starting. Triggering 0 pending ops. Active config: opid_index: -1 OBSOLETE_local: false peers { permanent_uuid: "b70ced700831415da02b6214c144edb5" member_type: VOTER last_known_addr { host: "127.7.192.1" port: 45217 } } peers { permanent_uuid: "9a113e120c5f4a30bc977889724ff78f" member_type: VOTER last_known_addr { host: "127.7.192.2" port: 37799 } } peers { permanent_uuid: "c2fa02661d6d4c8aaf354fc1f2d07c0b" member_type: VOTER last_known_addr { host: "127.7.192.3" port: 40147 } }
I20260709 12:08:47.497066  8782 raft_consensus.cc:385] T 420cf5950bd643dda1948f7bbeb31b06 P c2fa02661d6d4c8aaf354fc1f2d07c0b [term 0 FOLLOWER]: Consensus starting up: Expiring failure detector timer to make a prompt election more likely
I20260709 12:08:47.496701  8488 catalog_manager.cc:5697] T 6bd830f428384d1e9dcd1c82288f1408 P 9a113e120c5f4a30bc977889724ff78f reported cstate change: term changed from 0 to 1, leader changed from <none> to 9a113e120c5f4a30bc977889724ff78f (127.7.192.2). New cstate: current_term: 1 leader_uuid: "9a113e120c5f4a30bc977889724ff78f" committed_config { opid_index: -1 OBSOLETE_local: false peers { permanent_uuid: "b70ced700831415da02b6214c144edb5" member_type: VOTER last_known_addr { host: "127.7.192.1" port: 45217 } health_report { overall_health: UNKNOWN } } peers { permanent_uuid: "9a113e120c5f4a30bc977889724ff78f" member_type: VOTER last_known_addr { host: "127.7.192.2" port: 37799 } health_report { overall_health: HEALTHY } } peers { permanent_uuid: "c2fa02661d6d4c8aaf354fc1f2d07c0b" member_type: VOTER last_known_addr { host: "127.7.192.3" port: 40147 } health_report { overall_health: UNKNOWN } } }
I20260709 12:08:47.497395  8782 raft_consensus.cc:740] T 420cf5950bd643dda1948f7bbeb31b06 P c2fa02661d6d4c8aaf354fc1f2d07c0b [term 0 FOLLOWER]: Becoming Follower/Learner. State: Replica: c2fa02661d6d4c8aaf354fc1f2d07c0b, State: Initialized, Role: FOLLOWER
I20260709 12:08:47.497388  8783 raft_consensus.cc:359] T fde569319a3940a3b675515ba0038c7e P b70ced700831415da02b6214c144edb5 [term 0 FOLLOWER]: Replica starting. Triggering 0 pending ops. Active config: opid_index: -1 OBSOLETE_local: false peers { permanent_uuid: "b70ced700831415da02b6214c144edb5" member_type: VOTER last_known_addr { host: "127.7.192.1" port: 45217 } } peers { permanent_uuid: "9a113e120c5f4a30bc977889724ff78f" member_type: VOTER last_known_addr { host: "127.7.192.2" port: 37799 } } peers { permanent_uuid: "c2fa02661d6d4c8aaf354fc1f2d07c0b" member_type: VOTER last_known_addr { host: "127.7.192.3" port: 40147 } }
I20260709 12:08:47.498122  8783 raft_consensus.cc:385] T fde569319a3940a3b675515ba0038c7e P b70ced700831415da02b6214c144edb5 [term 0 FOLLOWER]: Consensus starting up: Expiring failure detector timer to make a prompt election more likely
I20260709 12:08:47.498385  8783 raft_consensus.cc:740] T fde569319a3940a3b675515ba0038c7e P b70ced700831415da02b6214c144edb5 [term 0 FOLLOWER]: Becoming Follower/Learner. State: Replica: b70ced700831415da02b6214c144edb5, State: Initialized, Role: FOLLOWER
I20260709 12:08:47.498539  8782 consensus_queue.cc:260] T 420cf5950bd643dda1948f7bbeb31b06 P c2fa02661d6d4c8aaf354fc1f2d07c0b [NON_LEADER]: Queue going to NON_LEADER mode. State: All replicated index: 0, Majority replicated index: 0, Committed index: 0, Last appended: 0.0, Last appended by leader: 0, Current term: 0, Majority size: -1, State: 0, Mode: NON_LEADER, active raft config: opid_index: -1 OBSOLETE_local: false peers { permanent_uuid: "b70ced700831415da02b6214c144edb5" member_type: VOTER last_known_addr { host: "127.7.192.1" port: 45217 } } peers { permanent_uuid: "9a113e120c5f4a30bc977889724ff78f" member_type: VOTER last_known_addr { host: "127.7.192.2" port: 37799 } } peers { permanent_uuid: "c2fa02661d6d4c8aaf354fc1f2d07c0b" member_type: VOTER last_known_addr { host: "127.7.192.3" port: 40147 } }
I20260709 12:08:47.499075  8783 consensus_queue.cc:260] T fde569319a3940a3b675515ba0038c7e P b70ced700831415da02b6214c144edb5 [NON_LEADER]: Queue going to NON_LEADER mode. State: All replicated index: 0, Majority replicated index: 0, Committed index: 0, Last appended: 0.0, Last appended by leader: 0, Current term: 0, Majority size: -1, State: 0, Mode: NON_LEADER, active raft config: opid_index: -1 OBSOLETE_local: false peers { permanent_uuid: "b70ced700831415da02b6214c144edb5" member_type: VOTER last_known_addr { host: "127.7.192.1" port: 45217 } } peers { permanent_uuid: "9a113e120c5f4a30bc977889724ff78f" member_type: VOTER last_known_addr { host: "127.7.192.2" port: 37799 } } peers { permanent_uuid: "c2fa02661d6d4c8aaf354fc1f2d07c0b" member_type: VOTER last_known_addr { host: "127.7.192.3" port: 40147 } }
I20260709 12:08:47.500969  8783 ts_tablet_manager.cc:1434] T fde569319a3940a3b675515ba0038c7e P b70ced700831415da02b6214c144edb5: Time spent starting tablet: real 0.006s	user 0.006s	sys 0.000s
I20260709 12:08:47.501770  8783 tablet_bootstrap.cc:492] T 56e88fcacb2f4d6889732d06e4bf0035 P b70ced700831415da02b6214c144edb5: Bootstrap starting.
I20260709 12:08:47.503005  8782 ts_tablet_manager.cc:1434] T 420cf5950bd643dda1948f7bbeb31b06 P c2fa02661d6d4c8aaf354fc1f2d07c0b: Time spent starting tablet: real 0.009s	user 0.006s	sys 0.000s
I20260709 12:08:47.503875  8782 tablet_bootstrap.cc:492] T fde569319a3940a3b675515ba0038c7e P c2fa02661d6d4c8aaf354fc1f2d07c0b: Bootstrap starting.
I20260709 12:08:47.506146  8781 tablet_bootstrap.cc:492] T 4ede266e29dc4450b95a7d5cdad57a00 P 9a113e120c5f4a30bc977889724ff78f: No bootstrap required, opened a new log
I20260709 12:08:47.506598  8781 ts_tablet_manager.cc:1403] T 4ede266e29dc4450b95a7d5cdad57a00 P 9a113e120c5f4a30bc977889724ff78f: Time spent bootstrapping tablet: real 0.020s	user 0.001s	sys 0.013s
I20260709 12:08:47.506872  8783 tablet_bootstrap.cc:654] T 56e88fcacb2f4d6889732d06e4bf0035 P b70ced700831415da02b6214c144edb5: Neither blocks nor log segments found. Creating new log.
I20260709 12:08:47.508876  8782 tablet_bootstrap.cc:654] T fde569319a3940a3b675515ba0038c7e P c2fa02661d6d4c8aaf354fc1f2d07c0b: Neither blocks nor log segments found. Creating new log.
I20260709 12:08:47.509256  8781 raft_consensus.cc:359] T 4ede266e29dc4450b95a7d5cdad57a00 P 9a113e120c5f4a30bc977889724ff78f [term 0 FOLLOWER]: Replica starting. Triggering 0 pending ops. Active config: opid_index: -1 OBSOLETE_local: false peers { permanent_uuid: "b70ced700831415da02b6214c144edb5" member_type: VOTER last_known_addr { host: "127.7.192.1" port: 45217 } } peers { permanent_uuid: "9a113e120c5f4a30bc977889724ff78f" member_type: VOTER last_known_addr { host: "127.7.192.2" port: 37799 } } peers { permanent_uuid: "c2fa02661d6d4c8aaf354fc1f2d07c0b" member_type: VOTER last_known_addr { host: "127.7.192.3" port: 40147 } }
I20260709 12:08:47.509918  8781 raft_consensus.cc:385] T 4ede266e29dc4450b95a7d5cdad57a00 P 9a113e120c5f4a30bc977889724ff78f [term 0 FOLLOWER]: Consensus starting up: Expiring failure detector timer to make a prompt election more likely
I20260709 12:08:47.510200  8781 raft_consensus.cc:740] T 4ede266e29dc4450b95a7d5cdad57a00 P 9a113e120c5f4a30bc977889724ff78f [term 0 FOLLOWER]: Becoming Follower/Learner. State: Replica: 9a113e120c5f4a30bc977889724ff78f, State: Initialized, Role: FOLLOWER
I20260709 12:08:47.510890  8781 consensus_queue.cc:260] T 4ede266e29dc4450b95a7d5cdad57a00 P 9a113e120c5f4a30bc977889724ff78f [NON_LEADER]: Queue going to NON_LEADER mode. State: All replicated index: 0, Majority replicated index: 0, Committed index: 0, Last appended: 0.0, Last appended by leader: 0, Current term: 0, Majority size: -1, State: 0, Mode: NON_LEADER, active raft config: opid_index: -1 OBSOLETE_local: false peers { permanent_uuid: "b70ced700831415da02b6214c144edb5" member_type: VOTER last_known_addr { host: "127.7.192.1" port: 45217 } } peers { permanent_uuid: "9a113e120c5f4a30bc977889724ff78f" member_type: VOTER last_known_addr { host: "127.7.192.2" port: 37799 } } peers { permanent_uuid: "c2fa02661d6d4c8aaf354fc1f2d07c0b" member_type: VOTER last_known_addr { host: "127.7.192.3" port: 40147 } }
I20260709 12:08:47.512764  8789 raft_consensus.cc:493] T 6bd830f428384d1e9dcd1c82288f1408 P b70ced700831415da02b6214c144edb5 [term 0 FOLLOWER]: Starting pre-election (no leader contacted us within the election timeout)
I20260709 12:08:47.513367  8781 ts_tablet_manager.cc:1434] T 4ede266e29dc4450b95a7d5cdad57a00 P 9a113e120c5f4a30bc977889724ff78f: Time spent starting tablet: real 0.006s	user 0.006s	sys 0.001s
I20260709 12:08:47.513233  8789 raft_consensus.cc:515] T 6bd830f428384d1e9dcd1c82288f1408 P b70ced700831415da02b6214c144edb5 [term 0 FOLLOWER]: Starting pre-election with config: opid_index: -1 OBSOLETE_local: false peers { permanent_uuid: "b70ced700831415da02b6214c144edb5" member_type: VOTER last_known_addr { host: "127.7.192.1" port: 45217 } } peers { permanent_uuid: "9a113e120c5f4a30bc977889724ff78f" member_type: VOTER last_known_addr { host: "127.7.192.2" port: 37799 } } peers { permanent_uuid: "c2fa02661d6d4c8aaf354fc1f2d07c0b" member_type: VOTER last_known_addr { host: "127.7.192.3" port: 40147 } }
I20260709 12:08:47.514328  8781 tablet_bootstrap.cc:492] T 79558ec987474cac86a67b597f590fab P 9a113e120c5f4a30bc977889724ff78f: Bootstrap starting.
I20260709 12:08:47.515313  8789 leader_election.cc:290] T 6bd830f428384d1e9dcd1c82288f1408 P b70ced700831415da02b6214c144edb5 [CANDIDATE]: Term 1 pre-election: Requested pre-vote from peers 9a113e120c5f4a30bc977889724ff78f (127.7.192.2:37799), c2fa02661d6d4c8aaf354fc1f2d07c0b (127.7.192.3:40147)
I20260709 12:08:47.516453  8782 tablet_bootstrap.cc:492] T fde569319a3940a3b675515ba0038c7e P c2fa02661d6d4c8aaf354fc1f2d07c0b: No bootstrap required, opened a new log
I20260709 12:08:47.516840  8782 ts_tablet_manager.cc:1403] T fde569319a3940a3b675515ba0038c7e P c2fa02661d6d4c8aaf354fc1f2d07c0b: Time spent bootstrapping tablet: real 0.013s	user 0.012s	sys 0.000s
I20260709 12:08:47.517231  8668 tablet_service.cc:1917] Received RequestConsensusVote() RPC: tablet_id: "6bd830f428384d1e9dcd1c82288f1408" candidate_uuid: "b70ced700831415da02b6214c144edb5" candidate_term: 1 candidate_status { last_received { term: 0 index: 0 } } ignore_live_leader: false dest_uuid: "9a113e120c5f4a30bc977889724ff78f" is_pre_election: true
I20260709 12:08:47.519095  8782 raft_consensus.cc:359] T fde569319a3940a3b675515ba0038c7e P c2fa02661d6d4c8aaf354fc1f2d07c0b [term 0 FOLLOWER]: Replica starting. Triggering 0 pending ops. Active config: opid_index: -1 OBSOLETE_local: false peers { permanent_uuid: "b70ced700831415da02b6214c144edb5" member_type: VOTER last_known_addr { host: "127.7.192.1" port: 45217 } } peers { permanent_uuid: "9a113e120c5f4a30bc977889724ff78f" member_type: VOTER last_known_addr { host: "127.7.192.2" port: 37799 } } peers { permanent_uuid: "c2fa02661d6d4c8aaf354fc1f2d07c0b" member_type: VOTER last_known_addr { host: "127.7.192.3" port: 40147 } }
I20260709 12:08:47.519703  8782 raft_consensus.cc:385] T fde569319a3940a3b675515ba0038c7e P c2fa02661d6d4c8aaf354fc1f2d07c0b [term 0 FOLLOWER]: Consensus starting up: Expiring failure detector timer to make a prompt election more likely
I20260709 12:08:47.519944  8782 raft_consensus.cc:740] T fde569319a3940a3b675515ba0038c7e P c2fa02661d6d4c8aaf354fc1f2d07c0b [term 0 FOLLOWER]: Becoming Follower/Learner. State: Replica: c2fa02661d6d4c8aaf354fc1f2d07c0b, State: Initialized, Role: FOLLOWER
I20260709 12:08:47.520587  8781 tablet_bootstrap.cc:654] T 79558ec987474cac86a67b597f590fab P 9a113e120c5f4a30bc977889724ff78f: Neither blocks nor log segments found. Creating new log.
I20260709 12:08:47.521677  8782 consensus_queue.cc:260] T fde569319a3940a3b675515ba0038c7e P c2fa02661d6d4c8aaf354fc1f2d07c0b [NON_LEADER]: Queue going to NON_LEADER mode. State: All replicated index: 0, Majority replicated index: 0, Committed index: 0, Last appended: 0.0, Last appended by leader: 0, Current term: 0, Majority size: -1, State: 0, Mode: NON_LEADER, active raft config: opid_index: -1 OBSOLETE_local: false peers { permanent_uuid: "b70ced700831415da02b6214c144edb5" member_type: VOTER last_known_addr { host: "127.7.192.1" port: 45217 } } peers { permanent_uuid: "9a113e120c5f4a30bc977889724ff78f" member_type: VOTER last_known_addr { host: "127.7.192.2" port: 37799 } } peers { permanent_uuid: "c2fa02661d6d4c8aaf354fc1f2d07c0b" member_type: VOTER last_known_addr { host: "127.7.192.3" port: 40147 } }
I20260709 12:08:47.522287  8742 tablet_service.cc:1917] Received RequestConsensusVote() RPC: tablet_id: "6bd830f428384d1e9dcd1c82288f1408" candidate_uuid: "b70ced700831415da02b6214c144edb5" candidate_term: 1 candidate_status { last_received { term: 0 index: 0 } } ignore_live_leader: false dest_uuid: "c2fa02661d6d4c8aaf354fc1f2d07c0b" is_pre_election: true
I20260709 12:08:47.523046  8742 raft_consensus.cc:2393] T 6bd830f428384d1e9dcd1c82288f1408 P c2fa02661d6d4c8aaf354fc1f2d07c0b [term 1 FOLLOWER]: Leader pre-election vote request: Denying vote to candidate b70ced700831415da02b6214c144edb5 in current term 1: Already voted for candidate 9a113e120c5f4a30bc977889724ff78f in this term.
I20260709 12:08:47.523782  8783 tablet_bootstrap.cc:492] T 56e88fcacb2f4d6889732d06e4bf0035 P b70ced700831415da02b6214c144edb5: No bootstrap required, opened a new log
I20260709 12:08:47.524236  8783 ts_tablet_manager.cc:1403] T 56e88fcacb2f4d6889732d06e4bf0035 P b70ced700831415da02b6214c144edb5: Time spent bootstrapping tablet: real 0.023s	user 0.010s	sys 0.009s
I20260709 12:08:47.526271  8558 leader_election.cc:304] T 6bd830f428384d1e9dcd1c82288f1408 P b70ced700831415da02b6214c144edb5 [CANDIDATE]: Term 1 pre-election: Election decided. Result: candidate lost. Election summary: received 3 responses out of 3 voters: 1 yes votes; 2 no votes. yes voters: b70ced700831415da02b6214c144edb5; no voters: 9a113e120c5f4a30bc977889724ff78f, c2fa02661d6d4c8aaf354fc1f2d07c0b
I20260709 12:08:47.527271  8789 raft_consensus.cc:3060] T 6bd830f428384d1e9dcd1c82288f1408 P b70ced700831415da02b6214c144edb5 [term 0 FOLLOWER]: Advancing to term 1
I20260709 12:08:47.525717  8782 ts_tablet_manager.cc:1434] T fde569319a3940a3b675515ba0038c7e P c2fa02661d6d4c8aaf354fc1f2d07c0b: Time spent starting tablet: real 0.009s	user 0.005s	sys 0.000s
I20260709 12:08:47.528170  8783 raft_consensus.cc:359] T 56e88fcacb2f4d6889732d06e4bf0035 P b70ced700831415da02b6214c144edb5 [term 0 FOLLOWER]: Replica starting. Triggering 0 pending ops. Active config: opid_index: -1 OBSOLETE_local: false peers { permanent_uuid: "b70ced700831415da02b6214c144edb5" member_type: VOTER last_known_addr { host: "127.7.192.1" port: 45217 } } peers { permanent_uuid: "9a113e120c5f4a30bc977889724ff78f" member_type: VOTER last_known_addr { host: "127.7.192.2" port: 37799 } } peers { permanent_uuid: "c2fa02661d6d4c8aaf354fc1f2d07c0b" member_type: VOTER last_known_addr { host: "127.7.192.3" port: 40147 } }
I20260709 12:08:47.528792  8783 raft_consensus.cc:385] T 56e88fcacb2f4d6889732d06e4bf0035 P b70ced700831415da02b6214c144edb5 [term 0 FOLLOWER]: Consensus starting up: Expiring failure detector timer to make a prompt election more likely
I20260709 12:08:47.529039  8783 raft_consensus.cc:740] T 56e88fcacb2f4d6889732d06e4bf0035 P b70ced700831415da02b6214c144edb5 [term 0 FOLLOWER]: Becoming Follower/Learner. State: Replica: b70ced700831415da02b6214c144edb5, State: Initialized, Role: FOLLOWER
I20260709 12:08:47.529142  8782 tablet_bootstrap.cc:492] T 4ede266e29dc4450b95a7d5cdad57a00 P c2fa02661d6d4c8aaf354fc1f2d07c0b: Bootstrap starting.
I20260709 12:08:47.529654  8783 consensus_queue.cc:260] T 56e88fcacb2f4d6889732d06e4bf0035 P b70ced700831415da02b6214c144edb5 [NON_LEADER]: Queue going to NON_LEADER mode. State: All replicated index: 0, Majority replicated index: 0, Committed index: 0, Last appended: 0.0, Last appended by leader: 0, Current term: 0, Majority size: -1, State: 0, Mode: NON_LEADER, active raft config: opid_index: -1 OBSOLETE_local: false peers { permanent_uuid: "b70ced700831415da02b6214c144edb5" member_type: VOTER last_known_addr { host: "127.7.192.1" port: 45217 } } peers { permanent_uuid: "9a113e120c5f4a30bc977889724ff78f" member_type: VOTER last_known_addr { host: "127.7.192.2" port: 37799 } } peers { permanent_uuid: "c2fa02661d6d4c8aaf354fc1f2d07c0b" member_type: VOTER last_known_addr { host: "127.7.192.3" port: 40147 } }
I20260709 12:08:47.534816  8782 tablet_bootstrap.cc:654] T 4ede266e29dc4450b95a7d5cdad57a00 P c2fa02661d6d4c8aaf354fc1f2d07c0b: Neither blocks nor log segments found. Creating new log.
I20260709 12:08:47.541141  8789 raft_consensus.cc:2749] T 6bd830f428384d1e9dcd1c82288f1408 P b70ced700831415da02b6214c144edb5 [term 1 FOLLOWER]: Leader pre-election lost for term 1. Reason: could not achieve majority
I20260709 12:08:47.542184  8781 tablet_bootstrap.cc:492] T 79558ec987474cac86a67b597f590fab P 9a113e120c5f4a30bc977889724ff78f: No bootstrap required, opened a new log
I20260709 12:08:47.542626  8781 ts_tablet_manager.cc:1403] T 79558ec987474cac86a67b597f590fab P 9a113e120c5f4a30bc977889724ff78f: Time spent bootstrapping tablet: real 0.028s	user 0.006s	sys 0.008s
I20260709 12:08:47.543395  8783 ts_tablet_manager.cc:1434] T 56e88fcacb2f4d6889732d06e4bf0035 P b70ced700831415da02b6214c144edb5: Time spent starting tablet: real 0.017s	user 0.003s	sys 0.013s
I20260709 12:08:47.544246  8783 tablet_bootstrap.cc:492] T 420cf5950bd643dda1948f7bbeb31b06 P b70ced700831415da02b6214c144edb5: Bootstrap starting.
I20260709 12:08:47.545230  8781 raft_consensus.cc:359] T 79558ec987474cac86a67b597f590fab P 9a113e120c5f4a30bc977889724ff78f [term 0 FOLLOWER]: Replica starting. Triggering 0 pending ops. Active config: opid_index: -1 OBSOLETE_local: false peers { permanent_uuid: "c2fa02661d6d4c8aaf354fc1f2d07c0b" member_type: VOTER last_known_addr { host: "127.7.192.3" port: 40147 } } peers { permanent_uuid: "b70ced700831415da02b6214c144edb5" member_type: VOTER last_known_addr { host: "127.7.192.1" port: 45217 } } peers { permanent_uuid: "9a113e120c5f4a30bc977889724ff78f" member_type: VOTER last_known_addr { host: "127.7.192.2" port: 37799 } }
I20260709 12:08:47.545902  8781 raft_consensus.cc:385] T 79558ec987474cac86a67b597f590fab P 9a113e120c5f4a30bc977889724ff78f [term 0 FOLLOWER]: Consensus starting up: Expiring failure detector timer to make a prompt election more likely
I20260709 12:08:47.546192  8781 raft_consensus.cc:740] T 79558ec987474cac86a67b597f590fab P 9a113e120c5f4a30bc977889724ff78f [term 0 FOLLOWER]: Becoming Follower/Learner. State: Replica: 9a113e120c5f4a30bc977889724ff78f, State: Initialized, Role: FOLLOWER
I20260709 12:08:47.546901  8781 consensus_queue.cc:260] T 79558ec987474cac86a67b597f590fab P 9a113e120c5f4a30bc977889724ff78f [NON_LEADER]: Queue going to NON_LEADER mode. State: All replicated index: 0, Majority replicated index: 0, Committed index: 0, Last appended: 0.0, Last appended by leader: 0, Current term: 0, Majority size: -1, State: 0, Mode: NON_LEADER, active raft config: opid_index: -1 OBSOLETE_local: false peers { permanent_uuid: "c2fa02661d6d4c8aaf354fc1f2d07c0b" member_type: VOTER last_known_addr { host: "127.7.192.3" port: 40147 } } peers { permanent_uuid: "b70ced700831415da02b6214c144edb5" member_type: VOTER last_known_addr { host: "127.7.192.1" port: 45217 } } peers { permanent_uuid: "9a113e120c5f4a30bc977889724ff78f" member_type: VOTER last_known_addr { host: "127.7.192.2" port: 37799 } }
I20260709 12:08:47.549619  8781 ts_tablet_manager.cc:1434] T 79558ec987474cac86a67b597f590fab P 9a113e120c5f4a30bc977889724ff78f: Time spent starting tablet: real 0.007s	user 0.008s	sys 0.000s
I20260709 12:08:47.550480  8781 tablet_bootstrap.cc:492] T fde569319a3940a3b675515ba0038c7e P 9a113e120c5f4a30bc977889724ff78f: Bootstrap starting.
I20260709 12:08:47.552820  8783 tablet_bootstrap.cc:654] T 420cf5950bd643dda1948f7bbeb31b06 P b70ced700831415da02b6214c144edb5: Neither blocks nor log segments found. Creating new log.
I20260709 12:08:47.554371  8782 tablet_bootstrap.cc:492] T 4ede266e29dc4450b95a7d5cdad57a00 P c2fa02661d6d4c8aaf354fc1f2d07c0b: No bootstrap required, opened a new log
I20260709 12:08:47.555572  8782 ts_tablet_manager.cc:1403] T 4ede266e29dc4450b95a7d5cdad57a00 P c2fa02661d6d4c8aaf354fc1f2d07c0b: Time spent bootstrapping tablet: real 0.026s	user 0.009s	sys 0.004s
I20260709 12:08:47.556510  8781 tablet_bootstrap.cc:654] T fde569319a3940a3b675515ba0038c7e P 9a113e120c5f4a30bc977889724ff78f: Neither blocks nor log segments found. Creating new log.
I20260709 12:08:47.558066  8782 raft_consensus.cc:359] T 4ede266e29dc4450b95a7d5cdad57a00 P c2fa02661d6d4c8aaf354fc1f2d07c0b [term 0 FOLLOWER]: Replica starting. Triggering 0 pending ops. Active config: opid_index: -1 OBSOLETE_local: false peers { permanent_uuid: "b70ced700831415da02b6214c144edb5" member_type: VOTER last_known_addr { host: "127.7.192.1" port: 45217 } } peers { permanent_uuid: "9a113e120c5f4a30bc977889724ff78f" member_type: VOTER last_known_addr { host: "127.7.192.2" port: 37799 } } peers { permanent_uuid: "c2fa02661d6d4c8aaf354fc1f2d07c0b" member_type: VOTER last_known_addr { host: "127.7.192.3" port: 40147 } }
I20260709 12:08:47.558667  8782 raft_consensus.cc:385] T 4ede266e29dc4450b95a7d5cdad57a00 P c2fa02661d6d4c8aaf354fc1f2d07c0b [term 0 FOLLOWER]: Consensus starting up: Expiring failure detector timer to make a prompt election more likely
I20260709 12:08:47.558923  8782 raft_consensus.cc:740] T 4ede266e29dc4450b95a7d5cdad57a00 P c2fa02661d6d4c8aaf354fc1f2d07c0b [term 0 FOLLOWER]: Becoming Follower/Learner. State: Replica: c2fa02661d6d4c8aaf354fc1f2d07c0b, State: Initialized, Role: FOLLOWER
I20260709 12:08:47.559628  8782 consensus_queue.cc:260] T 4ede266e29dc4450b95a7d5cdad57a00 P c2fa02661d6d4c8aaf354fc1f2d07c0b [NON_LEADER]: Queue going to NON_LEADER mode. State: All replicated index: 0, Majority replicated index: 0, Committed index: 0, Last appended: 0.0, Last appended by leader: 0, Current term: 0, Majority size: -1, State: 0, Mode: NON_LEADER, active raft config: opid_index: -1 OBSOLETE_local: false peers { permanent_uuid: "b70ced700831415da02b6214c144edb5" member_type: VOTER last_known_addr { host: "127.7.192.1" port: 45217 } } peers { permanent_uuid: "9a113e120c5f4a30bc977889724ff78f" member_type: VOTER last_known_addr { host: "127.7.192.2" port: 37799 } } peers { permanent_uuid: "c2fa02661d6d4c8aaf354fc1f2d07c0b" member_type: VOTER last_known_addr { host: "127.7.192.3" port: 40147 } }
I20260709 12:08:47.561525  8782 ts_tablet_manager.cc:1434] T 4ede266e29dc4450b95a7d5cdad57a00 P c2fa02661d6d4c8aaf354fc1f2d07c0b: Time spent starting tablet: real 0.006s	user 0.005s	sys 0.000s
I20260709 12:08:47.563503  8783 tablet_bootstrap.cc:492] T 420cf5950bd643dda1948f7bbeb31b06 P b70ced700831415da02b6214c144edb5: No bootstrap required, opened a new log
I20260709 12:08:47.563961  8783 ts_tablet_manager.cc:1403] T 420cf5950bd643dda1948f7bbeb31b06 P b70ced700831415da02b6214c144edb5: Time spent bootstrapping tablet: real 0.020s	user 0.008s	sys 0.008s
I20260709 12:08:47.565562  8781 tablet_bootstrap.cc:492] T fde569319a3940a3b675515ba0038c7e P 9a113e120c5f4a30bc977889724ff78f: No bootstrap required, opened a new log
I20260709 12:08:47.565557  8830 raft_consensus.cc:493] T 79558ec987474cac86a67b597f590fab P b70ced700831415da02b6214c144edb5 [term 0 FOLLOWER]: Starting pre-election (no leader contacted us within the election timeout)
I20260709 12:08:47.566151  8781 ts_tablet_manager.cc:1403] T fde569319a3940a3b675515ba0038c7e P 9a113e120c5f4a30bc977889724ff78f: Time spent bootstrapping tablet: real 0.016s	user 0.009s	sys 0.005s
I20260709 12:08:47.566156  8830 raft_consensus.cc:515] T 79558ec987474cac86a67b597f590fab P b70ced700831415da02b6214c144edb5 [term 0 FOLLOWER]: Starting pre-election with config: opid_index: -1 OBSOLETE_local: false peers { permanent_uuid: "c2fa02661d6d4c8aaf354fc1f2d07c0b" member_type: VOTER last_known_addr { host: "127.7.192.3" port: 40147 } } peers { permanent_uuid: "b70ced700831415da02b6214c144edb5" member_type: VOTER last_known_addr { host: "127.7.192.1" port: 45217 } } peers { permanent_uuid: "9a113e120c5f4a30bc977889724ff78f" member_type: VOTER last_known_addr { host: "127.7.192.2" port: 37799 } }
I20260709 12:08:47.566610  8783 raft_consensus.cc:359] T 420cf5950bd643dda1948f7bbeb31b06 P b70ced700831415da02b6214c144edb5 [term 0 FOLLOWER]: Replica starting. Triggering 0 pending ops. Active config: opid_index: -1 OBSOLETE_local: false peers { permanent_uuid: "b70ced700831415da02b6214c144edb5" member_type: VOTER last_known_addr { host: "127.7.192.1" port: 45217 } } peers { permanent_uuid: "9a113e120c5f4a30bc977889724ff78f" member_type: VOTER last_known_addr { host: "127.7.192.2" port: 37799 } } peers { permanent_uuid: "c2fa02661d6d4c8aaf354fc1f2d07c0b" member_type: VOTER last_known_addr { host: "127.7.192.3" port: 40147 } }
I20260709 12:08:47.567358  8783 raft_consensus.cc:385] T 420cf5950bd643dda1948f7bbeb31b06 P b70ced700831415da02b6214c144edb5 [term 0 FOLLOWER]: Consensus starting up: Expiring failure detector timer to make a prompt election more likely
I20260709 12:08:47.567664  8783 raft_consensus.cc:740] T 420cf5950bd643dda1948f7bbeb31b06 P b70ced700831415da02b6214c144edb5 [term 0 FOLLOWER]: Becoming Follower/Learner. State: Replica: b70ced700831415da02b6214c144edb5, State: Initialized, Role: FOLLOWER
I20260709 12:08:47.568434  8830 leader_election.cc:290] T 79558ec987474cac86a67b597f590fab P b70ced700831415da02b6214c144edb5 [CANDIDATE]: Term 1 pre-election: Requested pre-vote from peers c2fa02661d6d4c8aaf354fc1f2d07c0b (127.7.192.3:40147), 9a113e120c5f4a30bc977889724ff78f (127.7.192.2:37799)
I20260709 12:08:47.568338  8783 consensus_queue.cc:260] T 420cf5950bd643dda1948f7bbeb31b06 P b70ced700831415da02b6214c144edb5 [NON_LEADER]: Queue going to NON_LEADER mode. State: All replicated index: 0, Majority replicated index: 0, Committed index: 0, Last appended: 0.0, Last appended by leader: 0, Current term: 0, Majority size: -1, State: 0, Mode: NON_LEADER, active raft config: opid_index: -1 OBSOLETE_local: false peers { permanent_uuid: "b70ced700831415da02b6214c144edb5" member_type: VOTER last_known_addr { host: "127.7.192.1" port: 45217 } } peers { permanent_uuid: "9a113e120c5f4a30bc977889724ff78f" member_type: VOTER last_known_addr { host: "127.7.192.2" port: 37799 } } peers { permanent_uuid: "c2fa02661d6d4c8aaf354fc1f2d07c0b" member_type: VOTER last_known_addr { host: "127.7.192.3" port: 40147 } }
I20260709 12:08:47.568746  8781 raft_consensus.cc:359] T fde569319a3940a3b675515ba0038c7e P 9a113e120c5f4a30bc977889724ff78f [term 0 FOLLOWER]: Replica starting. Triggering 0 pending ops. Active config: opid_index: -1 OBSOLETE_local: false peers { permanent_uuid: "b70ced700831415da02b6214c144edb5" member_type: VOTER last_known_addr { host: "127.7.192.1" port: 45217 } } peers { permanent_uuid: "9a113e120c5f4a30bc977889724ff78f" member_type: VOTER last_known_addr { host: "127.7.192.2" port: 37799 } } peers { permanent_uuid: "c2fa02661d6d4c8aaf354fc1f2d07c0b" member_type: VOTER last_known_addr { host: "127.7.192.3" port: 40147 } }
I20260709 12:08:47.569337  8781 raft_consensus.cc:385] T fde569319a3940a3b675515ba0038c7e P 9a113e120c5f4a30bc977889724ff78f [term 0 FOLLOWER]: Consensus starting up: Expiring failure detector timer to make a prompt election more likely
I20260709 12:08:47.569447  8668 tablet_service.cc:1917] Received RequestConsensusVote() RPC: tablet_id: "79558ec987474cac86a67b597f590fab" candidate_uuid: "b70ced700831415da02b6214c144edb5" candidate_term: 1 candidate_status { last_received { term: 0 index: 0 } } ignore_live_leader: false dest_uuid: "9a113e120c5f4a30bc977889724ff78f" is_pre_election: true
I20260709 12:08:47.570083  8668 raft_consensus.cc:2468] T 79558ec987474cac86a67b597f590fab P 9a113e120c5f4a30bc977889724ff78f [term 0 FOLLOWER]: Leader pre-election vote request: Granting yes vote for candidate b70ced700831415da02b6214c144edb5 in term 0.
I20260709 12:08:47.570186  8742 tablet_service.cc:1917] Received RequestConsensusVote() RPC: tablet_id: "79558ec987474cac86a67b597f590fab" candidate_uuid: "b70ced700831415da02b6214c144edb5" candidate_term: 1 candidate_status { last_received { term: 0 index: 0 } } ignore_live_leader: false dest_uuid: "c2fa02661d6d4c8aaf354fc1f2d07c0b" is_pre_election: true
