I20260709 12:09:20.980912 14750 raft_consensus.cc:359] T bf17ee034dff498f99b23606755c9b23 P f777fb5bfe0d4d1b8eac602ff0bc38a9 [term 0 FOLLOWER]: Replica starting. Triggering 0 pending ops. Active config: opid_index: -1 OBSOLETE_local: false peers { permanent_uuid: "6f9a667709a64c8780c3843bd9693da4" member_type: VOTER last_known_addr { host: "127.13.5.65" port: 39973 } } peers { permanent_uuid: "fe65de6d8841456b96782dbc6b7fe5bf" member_type: VOTER last_known_addr { host: "127.13.5.66" port: 46007 } } peers { permanent_uuid: "f777fb5bfe0d4d1b8eac602ff0bc38a9" member_type: VOTER last_known_addr { host: "127.13.5.67" port: 37861 } }
I20260709 12:09:20.981485 14750 raft_consensus.cc:385] T bf17ee034dff498f99b23606755c9b23 P f777fb5bfe0d4d1b8eac602ff0bc38a9 [term 0 FOLLOWER]: Consensus starting up: Expiring failure detector timer to make a prompt election more likely
I20260709 12:09:20.981741 14750 raft_consensus.cc:740] T bf17ee034dff498f99b23606755c9b23 P f777fb5bfe0d4d1b8eac602ff0bc38a9 [term 0 FOLLOWER]: Becoming Follower/Learner. State: Replica: f777fb5bfe0d4d1b8eac602ff0bc38a9, State: Initialized, Role: FOLLOWER
I20260709 12:09:20.982391 14750 consensus_queue.cc:260] T bf17ee034dff498f99b23606755c9b23 P f777fb5bfe0d4d1b8eac602ff0bc38a9 [NON_LEADER]: Queue going to NON_LEADER mode. State: All replicated index: 0, Majority replicated index: 0, Committed index: 0, Last appended: 0.0, Last appended by leader: 0, Current term: 0, Majority size: -1, State: 0, Mode: NON_LEADER, active raft config: opid_index: -1 OBSOLETE_local: false peers { permanent_uuid: "6f9a667709a64c8780c3843bd9693da4" member_type: VOTER last_known_addr { host: "127.13.5.65" port: 39973 } } peers { permanent_uuid: "fe65de6d8841456b96782dbc6b7fe5bf" member_type: VOTER last_known_addr { host: "127.13.5.66" port: 46007 } } peers { permanent_uuid: "f777fb5bfe0d4d1b8eac602ff0bc38a9" member_type: VOTER last_known_addr { host: "127.13.5.67" port: 37861 } }
I20260709 12:09:20.984834 14750 ts_tablet_manager.cc:1434] T bf17ee034dff498f99b23606755c9b23 P f777fb5bfe0d4d1b8eac602ff0bc38a9: Time spent starting tablet: real 0.006s	user 0.003s	sys 0.004s
I20260709 12:09:20.984826 14748 raft_consensus.cc:359] T 6b89e4340cc542af8be845b5f8d02be0 P 6f9a667709a64c8780c3843bd9693da4 [term 0 FOLLOWER]: Replica starting. Triggering 0 pending ops. Active config: opid_index: -1 OBSOLETE_local: false peers { permanent_uuid: "6f9a667709a64c8780c3843bd9693da4" member_type: VOTER last_known_addr { host: "127.13.5.65" port: 39973 } } peers { permanent_uuid: "fe65de6d8841456b96782dbc6b7fe5bf" member_type: VOTER last_known_addr { host: "127.13.5.66" port: 46007 } } peers { permanent_uuid: "f777fb5bfe0d4d1b8eac602ff0bc38a9" member_type: VOTER last_known_addr { host: "127.13.5.67" port: 37861 } }
I20260709 12:09:20.985913 14750 tablet_bootstrap.cc:492] T bfa6510d6d3d400cb40e91f57757ce9a P f777fb5bfe0d4d1b8eac602ff0bc38a9: Bootstrap starting.
I20260709 12:09:20.985867 14748 raft_consensus.cc:385] T 6b89e4340cc542af8be845b5f8d02be0 P 6f9a667709a64c8780c3843bd9693da4 [term 0 FOLLOWER]: Consensus starting up: Expiring failure detector timer to make a prompt election more likely
I20260709 12:09:20.986521 14748 raft_consensus.cc:740] T 6b89e4340cc542af8be845b5f8d02be0 P 6f9a667709a64c8780c3843bd9693da4 [term 0 FOLLOWER]: Becoming Follower/Learner. State: Replica: 6f9a667709a64c8780c3843bd9693da4, State: Initialized, Role: FOLLOWER
I20260709 12:09:20.987607 14748 consensus_queue.cc:260] T 6b89e4340cc542af8be845b5f8d02be0 P 6f9a667709a64c8780c3843bd9693da4 [NON_LEADER]: Queue going to NON_LEADER mode. State: All replicated index: 0, Majority replicated index: 0, Committed index: 0, Last appended: 0.0, Last appended by leader: 0, Current term: 0, Majority size: -1, State: 0, Mode: NON_LEADER, active raft config: opid_index: -1 OBSOLETE_local: false peers { permanent_uuid: "6f9a667709a64c8780c3843bd9693da4" member_type: VOTER last_known_addr { host: "127.13.5.65" port: 39973 } } peers { permanent_uuid: "fe65de6d8841456b96782dbc6b7fe5bf" member_type: VOTER last_known_addr { host: "127.13.5.66" port: 46007 } } peers { permanent_uuid: "f777fb5bfe0d4d1b8eac602ff0bc38a9" member_type: VOTER last_known_addr { host: "127.13.5.67" port: 37861 } }
I20260709 12:09:20.993161 14750 tablet_bootstrap.cc:654] T bfa6510d6d3d400cb40e91f57757ce9a P f777fb5bfe0d4d1b8eac602ff0bc38a9: Neither blocks nor log segments found. Creating new log.
I20260709 12:09:20.997511 14748 ts_tablet_manager.cc:1434] T 6b89e4340cc542af8be845b5f8d02be0 P 6f9a667709a64c8780c3843bd9693da4: Time spent starting tablet: real 0.016s	user 0.010s	sys 0.000s
I20260709 12:09:20.998517 14748 tablet_bootstrap.cc:492] T 2460f616aea540deae4c6cdbd0a38c8c P 6f9a667709a64c8780c3843bd9693da4: Bootstrap starting.
I20260709 12:09:20.999645 14749 tablet_bootstrap.cc:492] T bf17ee034dff498f99b23606755c9b23 P fe65de6d8841456b96782dbc6b7fe5bf: No bootstrap required, opened a new log
I20260709 12:09:21.000123 14749 ts_tablet_manager.cc:1403] T bf17ee034dff498f99b23606755c9b23 P fe65de6d8841456b96782dbc6b7fe5bf: Time spent bootstrapping tablet: real 0.050s	user 0.018s	sys 0.010s
I20260709 12:09:21.003486 14749 raft_consensus.cc:359] T bf17ee034dff498f99b23606755c9b23 P fe65de6d8841456b96782dbc6b7fe5bf [term 0 FOLLOWER]: Replica starting. Triggering 0 pending ops. Active config: opid_index: -1 OBSOLETE_local: false peers { permanent_uuid: "6f9a667709a64c8780c3843bd9693da4" member_type: VOTER last_known_addr { host: "127.13.5.65" port: 39973 } } peers { permanent_uuid: "fe65de6d8841456b96782dbc6b7fe5bf" member_type: VOTER last_known_addr { host: "127.13.5.66" port: 46007 } } peers { permanent_uuid: "f777fb5bfe0d4d1b8eac602ff0bc38a9" member_type: VOTER last_known_addr { host: "127.13.5.67" port: 37861 } }
I20260709 12:09:21.004192 14749 raft_consensus.cc:385] T bf17ee034dff498f99b23606755c9b23 P fe65de6d8841456b96782dbc6b7fe5bf [term 0 FOLLOWER]: Consensus starting up: Expiring failure detector timer to make a prompt election more likely
I20260709 12:09:21.004441 14749 raft_consensus.cc:740] T bf17ee034dff498f99b23606755c9b23 P fe65de6d8841456b96782dbc6b7fe5bf [term 0 FOLLOWER]: Becoming Follower/Learner. State: Replica: fe65de6d8841456b96782dbc6b7fe5bf, State: Initialized, Role: FOLLOWER
I20260709 12:09:21.005031 14748 tablet_bootstrap.cc:654] T 2460f616aea540deae4c6cdbd0a38c8c P 6f9a667709a64c8780c3843bd9693da4: Neither blocks nor log segments found. Creating new log.
I20260709 12:09:21.005036 14749 consensus_queue.cc:260] T bf17ee034dff498f99b23606755c9b23 P fe65de6d8841456b96782dbc6b7fe5bf [NON_LEADER]: Queue going to NON_LEADER mode. State: All replicated index: 0, Majority replicated index: 0, Committed index: 0, Last appended: 0.0, Last appended by leader: 0, Current term: 0, Majority size: -1, State: 0, Mode: NON_LEADER, active raft config: opid_index: -1 OBSOLETE_local: false peers { permanent_uuid: "6f9a667709a64c8780c3843bd9693da4" member_type: VOTER last_known_addr { host: "127.13.5.65" port: 39973 } } peers { permanent_uuid: "fe65de6d8841456b96782dbc6b7fe5bf" member_type: VOTER last_known_addr { host: "127.13.5.66" port: 46007 } } peers { permanent_uuid: "f777fb5bfe0d4d1b8eac602ff0bc38a9" member_type: VOTER last_known_addr { host: "127.13.5.67" port: 37861 } }
I20260709 12:09:21.012300 14749 ts_tablet_manager.cc:1434] T bf17ee034dff498f99b23606755c9b23 P fe65de6d8841456b96782dbc6b7fe5bf: Time spent starting tablet: real 0.012s	user 0.007s	sys 0.000s
I20260709 12:09:21.013809 14749 tablet_bootstrap.cc:492] T e943c3a9ce3e43bd8de6c7ec6c778ae6 P fe65de6d8841456b96782dbc6b7fe5bf: Bootstrap starting.
I20260709 12:09:21.014074 14750 tablet_bootstrap.cc:492] T bfa6510d6d3d400cb40e91f57757ce9a P f777fb5bfe0d4d1b8eac602ff0bc38a9: No bootstrap required, opened a new log
I20260709 12:09:21.014556 14750 ts_tablet_manager.cc:1403] T bfa6510d6d3d400cb40e91f57757ce9a P f777fb5bfe0d4d1b8eac602ff0bc38a9: Time spent bootstrapping tablet: real 0.029s	user 0.008s	sys 0.008s
I20260709 12:09:21.014195 14748 tablet_bootstrap.cc:492] T 2460f616aea540deae4c6cdbd0a38c8c P 6f9a667709a64c8780c3843bd9693da4: No bootstrap required, opened a new log
I20260709 12:09:21.016181 14748 ts_tablet_manager.cc:1403] T 2460f616aea540deae4c6cdbd0a38c8c P 6f9a667709a64c8780c3843bd9693da4: Time spent bootstrapping tablet: real 0.018s	user 0.009s	sys 0.005s
I20260709 12:09:21.017668 14750 raft_consensus.cc:359] T bfa6510d6d3d400cb40e91f57757ce9a P f777fb5bfe0d4d1b8eac602ff0bc38a9 [term 0 FOLLOWER]: Replica starting. Triggering 0 pending ops. Active config: opid_index: -1 OBSOLETE_local: false peers { permanent_uuid: "6f9a667709a64c8780c3843bd9693da4" member_type: VOTER last_known_addr { host: "127.13.5.65" port: 39973 } } peers { permanent_uuid: "fe65de6d8841456b96782dbc6b7fe5bf" member_type: VOTER last_known_addr { host: "127.13.5.66" port: 46007 } } peers { permanent_uuid: "f777fb5bfe0d4d1b8eac602ff0bc38a9" member_type: VOTER last_known_addr { host: "127.13.5.67" port: 37861 } }
I20260709 12:09:21.018807 14750 raft_consensus.cc:385] T bfa6510d6d3d400cb40e91f57757ce9a P f777fb5bfe0d4d1b8eac602ff0bc38a9 [term 0 FOLLOWER]: Consensus starting up: Expiring failure detector timer to make a prompt election more likely
I20260709 12:09:21.019111 14750 raft_consensus.cc:740] T bfa6510d6d3d400cb40e91f57757ce9a P f777fb5bfe0d4d1b8eac602ff0bc38a9 [term 0 FOLLOWER]: Becoming Follower/Learner. State: Replica: f777fb5bfe0d4d1b8eac602ff0bc38a9, State: Initialized, Role: FOLLOWER
I20260709 12:09:21.019622 14748 raft_consensus.cc:359] T 2460f616aea540deae4c6cdbd0a38c8c P 6f9a667709a64c8780c3843bd9693da4 [term 0 FOLLOWER]: Replica starting. Triggering 0 pending ops. Active config: opid_index: -1 OBSOLETE_local: false peers { permanent_uuid: "6f9a667709a64c8780c3843bd9693da4" member_type: VOTER last_known_addr { host: "127.13.5.65" port: 39973 } } peers { permanent_uuid: "fe65de6d8841456b96782dbc6b7fe5bf" member_type: VOTER last_known_addr { host: "127.13.5.66" port: 46007 } } peers { permanent_uuid: "f777fb5bfe0d4d1b8eac602ff0bc38a9" member_type: VOTER last_known_addr { host: "127.13.5.67" port: 37861 } }
I20260709 12:09:21.019877 14750 consensus_queue.cc:260] T bfa6510d6d3d400cb40e91f57757ce9a P f777fb5bfe0d4d1b8eac602ff0bc38a9 [NON_LEADER]: Queue going to NON_LEADER mode. State: All replicated index: 0, Majority replicated index: 0, Committed index: 0, Last appended: 0.0, Last appended by leader: 0, Current term: 0, Majority size: -1, State: 0, Mode: NON_LEADER, active raft config: opid_index: -1 OBSOLETE_local: false peers { permanent_uuid: "6f9a667709a64c8780c3843bd9693da4" member_type: VOTER last_known_addr { host: "127.13.5.65" port: 39973 } } peers { permanent_uuid: "fe65de6d8841456b96782dbc6b7fe5bf" member_type: VOTER last_known_addr { host: "127.13.5.66" port: 46007 } } peers { permanent_uuid: "f777fb5bfe0d4d1b8eac602ff0bc38a9" member_type: VOTER last_known_addr { host: "127.13.5.67" port: 37861 } }
I20260709 12:09:21.020363 14748 raft_consensus.cc:385] T 2460f616aea540deae4c6cdbd0a38c8c P 6f9a667709a64c8780c3843bd9693da4 [term 0 FOLLOWER]: Consensus starting up: Expiring failure detector timer to make a prompt election more likely
I20260709 12:09:21.021306 14749 tablet_bootstrap.cc:654] T e943c3a9ce3e43bd8de6c7ec6c778ae6 P fe65de6d8841456b96782dbc6b7fe5bf: Neither blocks nor log segments found. Creating new log.
I20260709 12:09:21.022241 14750 ts_tablet_manager.cc:1434] T bfa6510d6d3d400cb40e91f57757ce9a P f777fb5bfe0d4d1b8eac602ff0bc38a9: Time spent starting tablet: real 0.007s	user 0.004s	sys 0.002s
I20260709 12:09:21.020754 14748 raft_consensus.cc:740] T 2460f616aea540deae4c6cdbd0a38c8c P 6f9a667709a64c8780c3843bd9693da4 [term 0 FOLLOWER]: Becoming Follower/Learner. State: Replica: 6f9a667709a64c8780c3843bd9693da4, State: Initialized, Role: FOLLOWER
I20260709 12:09:21.023321 14748 consensus_queue.cc:260] T 2460f616aea540deae4c6cdbd0a38c8c P 6f9a667709a64c8780c3843bd9693da4 [NON_LEADER]: Queue going to NON_LEADER mode. State: All replicated index: 0, Majority replicated index: 0, Committed index: 0, Last appended: 0.0, Last appended by leader: 0, Current term: 0, Majority size: -1, State: 0, Mode: NON_LEADER, active raft config: opid_index: -1 OBSOLETE_local: false peers { permanent_uuid: "6f9a667709a64c8780c3843bd9693da4" member_type: VOTER last_known_addr { host: "127.13.5.65" port: 39973 } } peers { permanent_uuid: "fe65de6d8841456b96782dbc6b7fe5bf" member_type: VOTER last_known_addr { host: "127.13.5.66" port: 46007 } } peers { permanent_uuid: "f777fb5bfe0d4d1b8eac602ff0bc38a9" member_type: VOTER last_known_addr { host: "127.13.5.67" port: 37861 } }
I20260709 12:09:21.026453 14748 ts_tablet_manager.cc:1434] T 2460f616aea540deae4c6cdbd0a38c8c P 6f9a667709a64c8780c3843bd9693da4: Time spent starting tablet: real 0.010s	user 0.006s	sys 0.000s
I20260709 12:09:21.027715 14748 tablet_bootstrap.cc:492] T 924cbee32ae64818ad89084d5fe69905 P 6f9a667709a64c8780c3843bd9693da4: Bootstrap starting.
I20260709 12:09:21.024698 14750 tablet_bootstrap.cc:492] T 6b89e4340cc542af8be845b5f8d02be0 P f777fb5bfe0d4d1b8eac602ff0bc38a9: Bootstrap starting.
I20260709 12:09:21.034216 14750 tablet_bootstrap.cc:654] T 6b89e4340cc542af8be845b5f8d02be0 P f777fb5bfe0d4d1b8eac602ff0bc38a9: Neither blocks nor log segments found. Creating new log.
I20260709 12:09:21.042593 14828 raft_consensus.cc:493] T 48819107435442198a132867d7685376 P 6f9a667709a64c8780c3843bd9693da4 [term 0 FOLLOWER]: Starting pre-election (no leader contacted us within the election timeout)
I20260709 12:09:21.044529 14828 raft_consensus.cc:515] T 48819107435442198a132867d7685376 P 6f9a667709a64c8780c3843bd9693da4 [term 0 FOLLOWER]: Starting pre-election with config: opid_index: -1 OBSOLETE_local: false peers { permanent_uuid: "6f9a667709a64c8780c3843bd9693da4" member_type: VOTER last_known_addr { host: "127.13.5.65" port: 39973 } } peers { permanent_uuid: "fe65de6d8841456b96782dbc6b7fe5bf" member_type: VOTER last_known_addr { host: "127.13.5.66" port: 46007 } } peers { permanent_uuid: "f777fb5bfe0d4d1b8eac602ff0bc38a9" member_type: VOTER last_known_addr { host: "127.13.5.67" port: 37861 } }
I20260709 12:09:21.046953 14828 leader_election.cc:290] T 48819107435442198a132867d7685376 P 6f9a667709a64c8780c3843bd9693da4 [CANDIDATE]: Term 1 pre-election: Requested pre-vote from peers fe65de6d8841456b96782dbc6b7fe5bf (127.13.5.66:46007), f777fb5bfe0d4d1b8eac602ff0bc38a9 (127.13.5.67:37861)
I20260709 12:09:21.048877 14748 tablet_bootstrap.cc:654] T 924cbee32ae64818ad89084d5fe69905 P 6f9a667709a64c8780c3843bd9693da4: Neither blocks nor log segments found. Creating new log.
I20260709 12:09:21.057178 14633 tablet_service.cc:1917] Received RequestConsensusVote() RPC: tablet_id: "48819107435442198a132867d7685376" candidate_uuid: "6f9a667709a64c8780c3843bd9693da4" candidate_term: 1 candidate_status { last_received { term: 0 index: 0 } } ignore_live_leader: false dest_uuid: "fe65de6d8841456b96782dbc6b7fe5bf" is_pre_election: true
I20260709 12:09:21.058579 14633 raft_consensus.cc:2393] T 48819107435442198a132867d7685376 P fe65de6d8841456b96782dbc6b7fe5bf [term 1 FOLLOWER]: Leader pre-election vote request: Denying vote to candidate 6f9a667709a64c8780c3843bd9693da4 in current term 1: Already voted for candidate f777fb5bfe0d4d1b8eac602ff0bc38a9 in this term.
I20260709 12:09:21.059885 14706 tablet_service.cc:1917] Received RequestConsensusVote() RPC: tablet_id: "48819107435442198a132867d7685376" candidate_uuid: "6f9a667709a64c8780c3843bd9693da4" candidate_term: 1 candidate_status { last_received { term: 0 index: 0 } } ignore_live_leader: false dest_uuid: "f777fb5bfe0d4d1b8eac602ff0bc38a9" is_pre_election: true
I20260709 12:09:21.061467 14777 raft_consensus.cc:493] T e4ed6a7c1c604307ad93bd3d69622689 P f777fb5bfe0d4d1b8eac602ff0bc38a9 [term 0 FOLLOWER]: Starting pre-election (no leader contacted us within the election timeout)
I20260709 12:09:21.062202 14777 raft_consensus.cc:515] T e4ed6a7c1c604307ad93bd3d69622689 P f777fb5bfe0d4d1b8eac602ff0bc38a9 [term 0 FOLLOWER]: Starting pre-election with config: opid_index: -1 OBSOLETE_local: false peers { permanent_uuid: "6f9a667709a64c8780c3843bd9693da4" member_type: VOTER last_known_addr { host: "127.13.5.65" port: 39973 } } peers { permanent_uuid: "fe65de6d8841456b96782dbc6b7fe5bf" member_type: VOTER last_known_addr { host: "127.13.5.66" port: 46007 } } peers { permanent_uuid: "f777fb5bfe0d4d1b8eac602ff0bc38a9" member_type: VOTER last_known_addr { host: "127.13.5.67" port: 37861 } }
I20260709 12:09:21.087188 14524 leader_election.cc:304] T 48819107435442198a132867d7685376 P 6f9a667709a64c8780c3843bd9693da4 [CANDIDATE]: Term 1 pre-election: Election decided. Result: candidate lost. Election summary: received 3 responses out of 3 voters: 1 yes votes; 2 no votes. yes voters: 6f9a667709a64c8780c3843bd9693da4; no voters: f777fb5bfe0d4d1b8eac602ff0bc38a9, fe65de6d8841456b96782dbc6b7fe5bf
I20260709 12:09:21.091501 14829 raft_consensus.cc:3060] T 48819107435442198a132867d7685376 P 6f9a667709a64c8780c3843bd9693da4 [term 0 FOLLOWER]: Advancing to term 1
I20260709 12:09:21.104082 14633 tablet_service.cc:1917] Received RequestConsensusVote() RPC: tablet_id: "e4ed6a7c1c604307ad93bd3d69622689" candidate_uuid: "f777fb5bfe0d4d1b8eac602ff0bc38a9" candidate_term: 1 candidate_status { last_received { term: 0 index: 0 } } ignore_live_leader: false dest_uuid: "fe65de6d8841456b96782dbc6b7fe5bf" is_pre_election: true
I20260709 12:09:21.122923 14783 raft_consensus.cc:493] T 5f3594da8e0145a4a99de0f383a1c9db P 6f9a667709a64c8780c3843bd9693da4 [term 0 FOLLOWER]: Starting pre-election (no leader contacted us within the election timeout)
I20260709 12:09:21.123903 14783 raft_consensus.cc:515] T 5f3594da8e0145a4a99de0f383a1c9db P 6f9a667709a64c8780c3843bd9693da4 [term 0 FOLLOWER]: Starting pre-election with config: opid_index: -1 OBSOLETE_local: false peers { permanent_uuid: "6f9a667709a64c8780c3843bd9693da4" member_type: VOTER last_known_addr { host: "127.13.5.65" port: 39973 } } peers { permanent_uuid: "fe65de6d8841456b96782dbc6b7fe5bf" member_type: VOTER last_known_addr { host: "127.13.5.66" port: 46007 } } peers { permanent_uuid: "f777fb5bfe0d4d1b8eac602ff0bc38a9" member_type: VOTER last_known_addr { host: "127.13.5.67" port: 37861 } }
I20260709 12:09:21.137471 14828 raft_consensus.cc:493] T 2460f616aea540deae4c6cdbd0a38c8c P 6f9a667709a64c8780c3843bd9693da4 [term 0 FOLLOWER]: Starting pre-election (no leader contacted us within the election timeout)
I20260709 12:09:21.210783 14828 raft_consensus.cc:515] T 2460f616aea540deae4c6cdbd0a38c8c P 6f9a667709a64c8780c3843bd9693da4 [term 0 FOLLOWER]: Starting pre-election with config: opid_index: -1 OBSOLETE_local: false peers { permanent_uuid: "6f9a667709a64c8780c3843bd9693da4" member_type: VOTER last_known_addr { host: "127.13.5.65" port: 39973 } } peers { permanent_uuid: "fe65de6d8841456b96782dbc6b7fe5bf" member_type: VOTER last_known_addr { host: "127.13.5.66" port: 46007 } } peers { permanent_uuid: "f777fb5bfe0d4d1b8eac602ff0bc38a9" member_type: VOTER last_known_addr { host: "127.13.5.67" port: 37861 } }
I20260709 12:09:21.211982 14749 tablet_bootstrap.cc:492] T e943c3a9ce3e43bd8de6c7ec6c778ae6 P fe65de6d8841456b96782dbc6b7fe5bf: No bootstrap required, opened a new log
I20260709 12:09:21.212512 14749 ts_tablet_manager.cc:1403] T e943c3a9ce3e43bd8de6c7ec6c778ae6 P fe65de6d8841456b96782dbc6b7fe5bf: Time spent bootstrapping tablet: real 0.199s	user 0.018s	sys 0.010s
I20260709 12:09:21.213340 14828 leader_election.cc:290] T 2460f616aea540deae4c6cdbd0a38c8c P 6f9a667709a64c8780c3843bd9693da4 [CANDIDATE]: Term 1 pre-election: Requested pre-vote from peers fe65de6d8841456b96782dbc6b7fe5bf (127.13.5.66:46007), f777fb5bfe0d4d1b8eac602ff0bc38a9 (127.13.5.67:37861)
I20260709 12:09:21.213897 14559 tablet_service.cc:1917] Received RequestConsensusVote() RPC: tablet_id: "e4ed6a7c1c604307ad93bd3d69622689" candidate_uuid: "f777fb5bfe0d4d1b8eac602ff0bc38a9" candidate_term: 1 candidate_status { last_received { term: 0 index: 0 } } ignore_live_leader: false dest_uuid: "6f9a667709a64c8780c3843bd9693da4" is_pre_election: true
I20260709 12:09:21.145035 14875 raft_consensus.cc:493] T bf17ee034dff498f99b23606755c9b23 P f777fb5bfe0d4d1b8eac602ff0bc38a9 [term 0 FOLLOWER]: Starting pre-election (no leader contacted us within the election timeout)
I20260709 12:09:21.215063 14706 tablet_service.cc:1917] Received RequestConsensusVote() RPC: tablet_id: "2460f616aea540deae4c6cdbd0a38c8c" candidate_uuid: "6f9a667709a64c8780c3843bd9693da4" candidate_term: 1 candidate_status { last_received { term: 0 index: 0 } } ignore_live_leader: false dest_uuid: "f777fb5bfe0d4d1b8eac602ff0bc38a9" is_pre_election: true
I20260709 12:09:21.215250 14749 raft_consensus.cc:359] T e943c3a9ce3e43bd8de6c7ec6c778ae6 P fe65de6d8841456b96782dbc6b7fe5bf [term 0 FOLLOWER]: Replica starting. Triggering 0 pending ops. Active config: opid_index: -1 OBSOLETE_local: false peers { permanent_uuid: "6f9a667709a64c8780c3843bd9693da4" member_type: VOTER last_known_addr { host: "127.13.5.65" port: 39973 } } peers { permanent_uuid: "fe65de6d8841456b96782dbc6b7fe5bf" member_type: VOTER last_known_addr { host: "127.13.5.66" port: 46007 } } peers { permanent_uuid: "f777fb5bfe0d4d1b8eac602ff0bc38a9" member_type: VOTER last_known_addr { host: "127.13.5.67" port: 37861 } }
I20260709 12:09:21.215873 14706 raft_consensus.cc:2468] T 2460f616aea540deae4c6cdbd0a38c8c P f777fb5bfe0d4d1b8eac602ff0bc38a9 [term 0 FOLLOWER]: Leader pre-election vote request: Granting yes vote for candidate 6f9a667709a64c8780c3843bd9693da4 in term 0.
I20260709 12:09:21.216046 14749 raft_consensus.cc:385] T e943c3a9ce3e43bd8de6c7ec6c778ae6 P fe65de6d8841456b96782dbc6b7fe5bf [term 0 FOLLOWER]: Consensus starting up: Expiring failure detector timer to make a prompt election more likely
I20260709 12:09:21.216411 14749 raft_consensus.cc:740] T e943c3a9ce3e43bd8de6c7ec6c778ae6 P fe65de6d8841456b96782dbc6b7fe5bf [term 0 FOLLOWER]: Becoming Follower/Learner. State: Replica: fe65de6d8841456b96782dbc6b7fe5bf, State: Initialized, Role: FOLLOWER
I20260709 12:09:21.131074 14777 leader_election.cc:290] T e4ed6a7c1c604307ad93bd3d69622689 P f777fb5bfe0d4d1b8eac602ff0bc38a9 [CANDIDATE]: Term 1 pre-election: Requested pre-vote from peers 6f9a667709a64c8780c3843bd9693da4 (127.13.5.65:39973), fe65de6d8841456b96782dbc6b7fe5bf (127.13.5.66:46007)
I20260709 12:09:21.217751 14749 consensus_queue.cc:260] T e943c3a9ce3e43bd8de6c7ec6c778ae6 P fe65de6d8841456b96782dbc6b7fe5bf [NON_LEADER]: Queue going to NON_LEADER mode. State: All replicated index: 0, Majority replicated index: 0, Committed index: 0, Last appended: 0.0, Last appended by leader: 0, Current term: 0, Majority size: -1, State: 0, Mode: NON_LEADER, active raft config: opid_index: -1 OBSOLETE_local: false peers { permanent_uuid: "6f9a667709a64c8780c3843bd9693da4" member_type: VOTER last_known_addr { host: "127.13.5.65" port: 39973 } } peers { permanent_uuid: "fe65de6d8841456b96782dbc6b7fe5bf" member_type: VOTER last_known_addr { host: "127.13.5.66" port: 46007 } } peers { permanent_uuid: "f777fb5bfe0d4d1b8eac602ff0bc38a9" member_type: VOTER last_known_addr { host: "127.13.5.67" port: 37861 } }
I20260709 12:09:21.172192 14876 consensus_queue.cc:1048] T 48819107435442198a132867d7685376 P f777fb5bfe0d4d1b8eac602ff0bc38a9 [LEADER]: Connected to new peer: Peer: permanent_uuid: "fe65de6d8841456b96782dbc6b7fe5bf" member_type: VOTER last_known_addr { host: "127.13.5.66" port: 46007 }, Status: LMP_MISMATCH, Last received: 0.0, Next index: 1, Last known committed idx: 0, Time since last communication: 0.047s
I20260709 12:09:21.215121 14875 raft_consensus.cc:515] T bf17ee034dff498f99b23606755c9b23 P f777fb5bfe0d4d1b8eac602ff0bc38a9 [term 0 FOLLOWER]: Starting pre-election with config: opid_index: -1 OBSOLETE_local: false peers { permanent_uuid: "6f9a667709a64c8780c3843bd9693da4" member_type: VOTER last_known_addr { host: "127.13.5.65" port: 39973 } } peers { permanent_uuid: "fe65de6d8841456b96782dbc6b7fe5bf" member_type: VOTER last_known_addr { host: "127.13.5.66" port: 46007 } } peers { permanent_uuid: "f777fb5bfe0d4d1b8eac602ff0bc38a9" member_type: VOTER last_known_addr { host: "127.13.5.67" port: 37861 } }
I20260709 12:09:21.221889 14875 leader_election.cc:290] T bf17ee034dff498f99b23606755c9b23 P f777fb5bfe0d4d1b8eac602ff0bc38a9 [CANDIDATE]: Term 1 pre-election: Requested pre-vote from peers 6f9a667709a64c8780c3843bd9693da4 (127.13.5.65:39973), fe65de6d8841456b96782dbc6b7fe5bf (127.13.5.66:46007)
I20260709 12:09:21.222774 14875 consensus_queue.cc:1048] T 5f3594da8e0145a4a99de0f383a1c9db P f777fb5bfe0d4d1b8eac602ff0bc38a9 [LEADER]: Connected to new peer: Peer: permanent_uuid: "fe65de6d8841456b96782dbc6b7fe5bf" member_type: VOTER last_known_addr { host: "127.13.5.66" port: 46007 }, Status: LMP_MISMATCH, Last received: 0.0, Next index: 1, Last known committed idx: 0, Time since last communication: 0.000s
I20260709 12:09:21.224829 14634 tablet_service.cc:1917] Received RequestConsensusVote() RPC: tablet_id: "bf17ee034dff498f99b23606755c9b23" candidate_uuid: "f777fb5bfe0d4d1b8eac602ff0bc38a9" candidate_term: 1 candidate_status { last_received { term: 0 index: 0 } } ignore_live_leader: false dest_uuid: "fe65de6d8841456b96782dbc6b7fe5bf" is_pre_election: true
I20260709 12:09:21.225780 14783 leader_election.cc:290] T 5f3594da8e0145a4a99de0f383a1c9db P 6f9a667709a64c8780c3843bd9693da4 [CANDIDATE]: Term 1 pre-election: Requested pre-vote from peers fe65de6d8841456b96782dbc6b7fe5bf (127.13.5.66:46007), f777fb5bfe0d4d1b8eac602ff0bc38a9 (127.13.5.67:37861)
I20260709 12:09:21.225812 14634 raft_consensus.cc:2468] T bf17ee034dff498f99b23606755c9b23 P fe65de6d8841456b96782dbc6b7fe5bf [term 0 FOLLOWER]: Leader pre-election vote request: Granting yes vote for candidate f777fb5bfe0d4d1b8eac602ff0bc38a9 in term 0.
I20260709 12:09:21.208329 14633 tablet_service.cc:1917] Received RequestConsensusVote() RPC: tablet_id: "5f3594da8e0145a4a99de0f383a1c9db" candidate_uuid: "6f9a667709a64c8780c3843bd9693da4" candidate_term: 1 candidate_status { last_received { term: 0 index: 0 } } ignore_live_leader: false dest_uuid: "fe65de6d8841456b96782dbc6b7fe5bf" is_pre_election: true
I20260709 12:09:21.227560 14708 tablet_service.cc:1917] Received RequestConsensusVote() RPC: tablet_id: "5f3594da8e0145a4a99de0f383a1c9db" candidate_uuid: "6f9a667709a64c8780c3843bd9693da4" candidate_term: 1 candidate_status { last_received { term: 0 index: 0 } } ignore_live_leader: false dest_uuid: "f777fb5bfe0d4d1b8eac602ff0bc38a9" is_pre_election: true
I20260709 12:09:21.227787 14633 raft_consensus.cc:2393] T 5f3594da8e0145a4a99de0f383a1c9db P fe65de6d8841456b96782dbc6b7fe5bf [term 1 FOLLOWER]: Leader pre-election vote request: Denying vote to candidate 6f9a667709a64c8780c3843bd9693da4 in current term 1: Already voted for candidate f777fb5bfe0d4d1b8eac602ff0bc38a9 in this term.
I20260709 12:09:21.229310 14829 raft_consensus.cc:2749] T 48819107435442198a132867d7685376 P 6f9a667709a64c8780c3843bd9693da4 [term 1 FOLLOWER]: Leader pre-election lost for term 1. Reason: could not achieve majority
I20260709 12:09:21.199558 14903 raft_consensus.cc:493] T fa76a0fcf8c54156842d5ad058950e9e P 6f9a667709a64c8780c3843bd9693da4 [term 0 FOLLOWER]: Starting pre-election (no leader contacted us within the election timeout)
I20260709 12:09:21.235102 14673 leader_election.cc:304] T bf17ee034dff498f99b23606755c9b23 P f777fb5bfe0d4d1b8eac602ff0bc38a9 [CANDIDATE]: Term 1 pre-election: Election decided. Result: candidate won. Election summary: received 2 responses out of 3 voters: 2 yes votes; 0 no votes. yes voters: f777fb5bfe0d4d1b8eac602ff0bc38a9, fe65de6d8841456b96782dbc6b7fe5bf; no voters: 
I20260709 12:09:21.235949 14903 raft_consensus.cc:515] T fa76a0fcf8c54156842d5ad058950e9e P 6f9a667709a64c8780c3843bd9693da4 [term 0 FOLLOWER]: Starting pre-election with config: opid_index: -1 OBSOLETE_local: false peers { permanent_uuid: "6f9a667709a64c8780c3843bd9693da4" member_type: VOTER last_known_addr { host: "127.13.5.65" port: 39973 } } peers { permanent_uuid: "fe65de6d8841456b96782dbc6b7fe5bf" member_type: VOTER last_known_addr { host: "127.13.5.66" port: 46007 } } peers { permanent_uuid: "f777fb5bfe0d4d1b8eac602ff0bc38a9" member_type: VOTER last_known_addr { host: "127.13.5.67" port: 37861 } }
I20260709 12:09:21.240303 14875 raft_consensus.cc:2804] T bf17ee034dff498f99b23606755c9b23 P f777fb5bfe0d4d1b8eac602ff0bc38a9 [term 0 FOLLOWER]: Leader pre-election won for term 1
I20260709 12:09:21.240854 14875 raft_consensus.cc:493] T bf17ee034dff498f99b23606755c9b23 P f777fb5bfe0d4d1b8eac602ff0bc38a9 [term 0 FOLLOWER]: Starting leader election (no leader contacted us within the election timeout)
I20260709 12:09:21.241264 14875 raft_consensus.cc:3060] T bf17ee034dff498f99b23606755c9b23 P f777fb5bfe0d4d1b8eac602ff0bc38a9 [term 0 FOLLOWER]: Advancing to term 1
I20260709 12:09:21.259894 14749 ts_tablet_manager.cc:1434] T e943c3a9ce3e43bd8de6c7ec6c778ae6 P fe65de6d8841456b96782dbc6b7fe5bf: Time spent starting tablet: real 0.047s	user 0.009s	sys 0.001s
I20260709 12:09:21.261579 14749 tablet_bootstrap.cc:492] T 730d9032565240e491bba168ece82680 P fe65de6d8841456b96782dbc6b7fe5bf: Bootstrap starting.
I20260709 12:09:21.271283 14903 leader_election.cc:290] T fa76a0fcf8c54156842d5ad058950e9e P 6f9a667709a64c8780c3843bd9693da4 [CANDIDATE]: Term 1 pre-election: Requested pre-vote from peers fe65de6d8841456b96782dbc6b7fe5bf (127.13.5.66:46007), f777fb5bfe0d4d1b8eac602ff0bc38a9 (127.13.5.67:37861)
W20260709 12:09:21.258793 14524 outbound_call.cc:321] RPC callback for RPC call kudu.consensus.ConsensusService.UpdateConsensus -> {remote=127.13.5.66:46007, user_credentials={real_user=slave}} blocked reactor thread for 59688.1us
I20260709 12:09:21.278157 14748 tablet_bootstrap.cc:492] T 924cbee32ae64818ad89084d5fe69905 P 6f9a667709a64c8780c3843bd9693da4: No bootstrap required, opened a new log
I20260709 12:09:21.278688 14748 ts_tablet_manager.cc:1403] T 924cbee32ae64818ad89084d5fe69905 P 6f9a667709a64c8780c3843bd9693da4: Time spent bootstrapping tablet: real 0.251s	user 0.056s	sys 0.078s
I20260709 12:09:21.278569 14524 leader_election.cc:304] T 5f3594da8e0145a4a99de0f383a1c9db P 6f9a667709a64c8780c3843bd9693da4 [CANDIDATE]: Term 1 pre-election: Election decided. Result: candidate lost. Election summary: received 3 responses out of 3 voters: 1 yes votes; 2 no votes. yes voters: 6f9a667709a64c8780c3843bd9693da4; no voters: f777fb5bfe0d4d1b8eac602ff0bc38a9, fe65de6d8841456b96782dbc6b7fe5bf
I20260709 12:09:21.283095 14523 leader_election.cc:304] T 2460f616aea540deae4c6cdbd0a38c8c P 6f9a667709a64c8780c3843bd9693da4 [CANDIDATE]: Term 1 pre-election: Election decided. Result: candidate won. Election summary: received 2 responses out of 3 voters: 2 yes votes; 0 no votes. yes voters: 6f9a667709a64c8780c3843bd9693da4, f777fb5bfe0d4d1b8eac602ff0bc38a9; no voters: 
I20260709 12:09:21.281621 14828 raft_consensus.cc:3060] T 5f3594da8e0145a4a99de0f383a1c9db P 6f9a667709a64c8780c3843bd9693da4 [term 0 FOLLOWER]: Advancing to term 1
I20260709 12:09:21.284183 14764 raft_consensus.cc:493] T e943c3a9ce3e43bd8de6c7ec6c778ae6 P fe65de6d8841456b96782dbc6b7fe5bf [term 0 FOLLOWER]: Starting pre-election (no leader contacted us within the election timeout)
I20260709 12:09:21.284790 14764 raft_consensus.cc:515] T e943c3a9ce3e43bd8de6c7ec6c778ae6 P fe65de6d8841456b96782dbc6b7fe5bf [term 0 FOLLOWER]: Starting pre-election with config: opid_index: -1 OBSOLETE_local: false peers { permanent_uuid: "6f9a667709a64c8780c3843bd9693da4" member_type: VOTER last_known_addr { host: "127.13.5.65" port: 39973 } } peers { permanent_uuid: "fe65de6d8841456b96782dbc6b7fe5bf" member_type: VOTER last_known_addr { host: "127.13.5.66" port: 46007 } } peers { permanent_uuid: "f777fb5bfe0d4d1b8eac602ff0bc38a9" member_type: VOTER last_known_addr { host: "127.13.5.67" port: 37861 } }
I20260709 12:09:21.291718 14558 tablet_service.cc:1917] Received RequestConsensusVote() RPC: tablet_id: "bf17ee034dff498f99b23606755c9b23" candidate_uuid: "f777fb5bfe0d4d1b8eac602ff0bc38a9" candidate_term: 1 candidate_status { last_received { term: 0 index: 0 } } ignore_live_leader: false dest_uuid: "6f9a667709a64c8780c3843bd9693da4" is_pre_election: true
I20260709 12:09:21.292861 14876 raft_consensus.cc:493] T a1d93a37f26744c79473ffd32ef720e7 P f777fb5bfe0d4d1b8eac602ff0bc38a9 [term 0 FOLLOWER]: Starting pre-election (no leader contacted us within the election timeout)
I20260709 12:09:21.293489 14876 raft_consensus.cc:515] T a1d93a37f26744c79473ffd32ef720e7 P f777fb5bfe0d4d1b8eac602ff0bc38a9 [term 0 FOLLOWER]: Starting pre-election with config: opid_index: -1 OBSOLETE_local: false peers { permanent_uuid: "6f9a667709a64c8780c3843bd9693da4" member_type: VOTER last_known_addr { host: "127.13.5.65" port: 39973 } } peers { permanent_uuid: "fe65de6d8841456b96782dbc6b7fe5bf" member_type: VOTER last_known_addr { host: "127.13.5.66" port: 46007 } } peers { permanent_uuid: "f777fb5bfe0d4d1b8eac602ff0bc38a9" member_type: VOTER last_known_addr { host: "127.13.5.67" port: 37861 } }
I20260709 12:09:21.294596 14708 tablet_service.cc:1917] Received RequestConsensusVote() RPC: tablet_id: "fa76a0fcf8c54156842d5ad058950e9e" candidate_uuid: "6f9a667709a64c8780c3843bd9693da4" candidate_term: 1 candidate_status { last_received { term: 0 index: 0 } } ignore_live_leader: false dest_uuid: "f777fb5bfe0d4d1b8eac602ff0bc38a9" is_pre_election: true
I20260709 12:09:21.292948 14558 raft_consensus.cc:2468] T bf17ee034dff498f99b23606755c9b23 P 6f9a667709a64c8780c3843bd9693da4 [term 0 FOLLOWER]: Leader pre-election vote request: Granting yes vote for candidate f777fb5bfe0d4d1b8eac602ff0bc38a9 in term 0.
I20260709 12:09:21.295528 14708 raft_consensus.cc:2468] T fa76a0fcf8c54156842d5ad058950e9e P f777fb5bfe0d4d1b8eac602ff0bc38a9 [term 0 FOLLOWER]: Leader pre-election vote request: Granting yes vote for candidate 6f9a667709a64c8780c3843bd9693da4 in term 0.
I20260709 12:09:21.300556 14630 tablet_service.cc:1917] Received RequestConsensusVote() RPC: tablet_id: "fa76a0fcf8c54156842d5ad058950e9e" candidate_uuid: "6f9a667709a64c8780c3843bd9693da4" candidate_term: 1 candidate_status { last_received { term: 0 index: 0 } } ignore_live_leader: false dest_uuid: "fe65de6d8841456b96782dbc6b7fe5bf" is_pre_election: true
I20260709 12:09:21.292090 14764 leader_election.cc:290] T e943c3a9ce3e43bd8de6c7ec6c778ae6 P fe65de6d8841456b96782dbc6b7fe5bf [CANDIDATE]: Term 1 pre-election: Requested pre-vote from peers 6f9a667709a64c8780c3843bd9693da4 (127.13.5.65:39973), f777fb5bfe0d4d1b8eac602ff0bc38a9 (127.13.5.67:37861)
I20260709 12:09:21.307583 14630 raft_consensus.cc:2468] T fa76a0fcf8c54156842d5ad058950e9e P fe65de6d8841456b96782dbc6b7fe5bf [term 0 FOLLOWER]: Leader pre-election vote request: Granting yes vote for candidate 6f9a667709a64c8780c3843bd9693da4 in term 0.
I20260709 12:09:21.295671 14706 raft_consensus.cc:3060] T e4ed6a7c1c604307ad93bd3d69622689 P f777fb5bfe0d4d1b8eac602ff0bc38a9 [term 0 FOLLOWER]: Advancing to term 1
I20260709 12:09:21.300015 14903 raft_consensus.cc:2804] T 2460f616aea540deae4c6cdbd0a38c8c P 6f9a667709a64c8780c3843bd9693da4 [term 0 FOLLOWER]: Leader pre-election won for term 1
I20260709 12:09:21.295603 14876 leader_election.cc:290] T a1d93a37f26744c79473ffd32ef720e7 P f777fb5bfe0d4d1b8eac602ff0bc38a9 [CANDIDATE]: Term 1 pre-election: Requested pre-vote from peers 6f9a667709a64c8780c3843bd9693da4 (127.13.5.65:39973), fe65de6d8841456b96782dbc6b7fe5bf (127.13.5.66:46007)
I20260709 12:09:21.298138 14634 tablet_service.cc:1917] Received RequestConsensusVote() RPC: tablet_id: "2460f616aea540deae4c6cdbd0a38c8c" candidate_uuid: "6f9a667709a64c8780c3843bd9693da4" candidate_term: 1 candidate_status { last_received { term: 0 index: 0 } } ignore_live_leader: false dest_uuid: "fe65de6d8841456b96782dbc6b7fe5bf" is_pre_election: true
I20260709 12:09:21.314769 14748 raft_consensus.cc:359] T 924cbee32ae64818ad89084d5fe69905 P 6f9a667709a64c8780c3843bd9693da4 [term 0 FOLLOWER]: Replica starting. Triggering 0 pending ops. Active config: opid_index: -1 OBSOLETE_local: false peers { permanent_uuid: "6f9a667709a64c8780c3843bd9693da4" member_type: VOTER last_known_addr { host: "127.13.5.65" port: 39973 } } peers { permanent_uuid: "fe65de6d8841456b96782dbc6b7fe5bf" member_type: VOTER last_known_addr { host: "127.13.5.66" port: 46007 } } peers { permanent_uuid: "f777fb5bfe0d4d1b8eac602ff0bc38a9" member_type: VOTER last_known_addr { host: "127.13.5.67" port: 37861 } }
I20260709 12:09:21.317633 14748 raft_consensus.cc:385] T 924cbee32ae64818ad89084d5fe69905 P 6f9a667709a64c8780c3843bd9693da4 [term 0 FOLLOWER]: Consensus starting up: Expiring failure detector timer to make a prompt election more likely
I20260709 12:09:21.317914 14748 raft_consensus.cc:740] T 924cbee32ae64818ad89084d5fe69905 P 6f9a667709a64c8780c3843bd9693da4 [term 0 FOLLOWER]: Becoming Follower/Learner. State: Replica: 6f9a667709a64c8780c3843bd9693da4, State: Initialized, Role: FOLLOWER
I20260709 12:09:21.318622 14748 consensus_queue.cc:260] T 924cbee32ae64818ad89084d5fe69905 P 6f9a667709a64c8780c3843bd9693da4 [NON_LEADER]: Queue going to NON_LEADER mode. State: All replicated index: 0, Majority replicated index: 0, Committed index: 0, Last appended: 0.0, Last appended by leader: 0, Current term: 0, Majority size: -1, State: 0, Mode: NON_LEADER, active raft config: opid_index: -1 OBSOLETE_local: false peers { permanent_uuid: "6f9a667709a64c8780c3843bd9693da4" member_type: VOTER last_known_addr { host: "127.13.5.65" port: 39973 } } peers { permanent_uuid: "fe65de6d8841456b96782dbc6b7fe5bf" member_type: VOTER last_known_addr { host: "127.13.5.66" port: 46007 } } peers { permanent_uuid: "f777fb5bfe0d4d1b8eac602ff0bc38a9" member_type: VOTER last_known_addr { host: "127.13.5.67" port: 37861 } }
I20260709 12:09:21.306651 14629 tablet_service.cc:1917] Received RequestConsensusVote() RPC: tablet_id: "a1d93a37f26744c79473ffd32ef720e7" candidate_uuid: "f777fb5bfe0d4d1b8eac602ff0bc38a9" candidate_term: 1 candidate_status { last_received { term: 0 index: 0 } } ignore_live_leader: false dest_uuid: "fe65de6d8841456b96782dbc6b7fe5bf" is_pre_election: true
I20260709 12:09:21.311336 14828 raft_consensus.cc:2749] T 5f3594da8e0145a4a99de0f383a1c9db P 6f9a667709a64c8780c3843bd9693da4 [term 1 FOLLOWER]: Leader pre-election lost for term 1. Reason: could not achieve majority
I20260709 12:09:21.313877 14903 raft_consensus.cc:493] T 2460f616aea540deae4c6cdbd0a38c8c P 6f9a667709a64c8780c3843bd9693da4 [term 0 FOLLOWER]: Starting leader election (no leader contacted us within the election timeout)
I20260709 12:09:21.299757 14674 leader_election.cc:304] T e4ed6a7c1c604307ad93bd3d69622689 P f777fb5bfe0d4d1b8eac602ff0bc38a9 [CANDIDATE]: Term 1 pre-election: Election decided. Result: candidate lost. Election summary: received 3 responses out of 3 voters: 1 yes votes; 2 no votes. yes voters: f777fb5bfe0d4d1b8eac602ff0bc38a9; no voters: 6f9a667709a64c8780c3843bd9693da4, fe65de6d8841456b96782dbc6b7fe5bf
I20260709 12:09:21.326398 14748 ts_tablet_manager.cc:1434] T 924cbee32ae64818ad89084d5fe69905 P 6f9a667709a64c8780c3843bd9693da4: Time spent starting tablet: real 0.047s	user 0.008s	sys 0.000s
I20260709 12:09:21.327736 14748 tablet_bootstrap.cc:492] T bfa6510d6d3d400cb40e91f57757ce9a P 6f9a667709a64c8780c3843bd9693da4: Bootstrap starting.
I20260709 12:09:21.325204 14903 raft_consensus.cc:3060] T 2460f616aea540deae4c6cdbd0a38c8c P 6f9a667709a64c8780c3843bd9693da4 [term 0 FOLLOWER]: Advancing to term 1
I20260709 12:09:21.334193 14629 raft_consensus.cc:2393] T a1d93a37f26744c79473ffd32ef720e7 P fe65de6d8841456b96782dbc6b7fe5bf [term 1 FOLLOWER]: Leader pre-election vote request: Denying vote to candidate f777fb5bfe0d4d1b8eac602ff0bc38a9 in current term 1: Already voted for candidate fe65de6d8841456b96782dbc6b7fe5bf in this term.
I20260709 12:09:21.338562 14555 tablet_service.cc:1917] Received RequestConsensusVote() RPC: tablet_id: "e943c3a9ce3e43bd8de6c7ec6c778ae6" candidate_uuid: "fe65de6d8841456b96782dbc6b7fe5bf" candidate_term: 1 candidate_status { last_received { term: 0 index: 0 } } ignore_live_leader: false dest_uuid: "6f9a667709a64c8780c3843bd9693da4" is_pre_election: true
I20260709 12:09:21.339251 14523 leader_election.cc:304] T fa76a0fcf8c54156842d5ad058950e9e P 6f9a667709a64c8780c3843bd9693da4 [CANDIDATE]: Term 1 pre-election: Election decided. Result: candidate won. Election summary: received 2 responses out of 3 voters: 2 yes votes; 0 no votes. yes voters: 6f9a667709a64c8780c3843bd9693da4, f777fb5bfe0d4d1b8eac602ff0bc38a9; no voters: 
I20260709 12:09:21.340068 14783 raft_consensus.cc:2804] T fa76a0fcf8c54156842d5ad058950e9e P 6f9a667709a64c8780c3843bd9693da4 [term 0 FOLLOWER]: Leader pre-election won for term 1
I20260709 12:09:21.340539 14783 raft_consensus.cc:493] T fa76a0fcf8c54156842d5ad058950e9e P 6f9a667709a64c8780c3843bd9693da4 [term 0 FOLLOWER]: Starting leader election (no leader contacted us within the election timeout)
I20260709 12:09:21.340899 14783 raft_consensus.cc:3060] T fa76a0fcf8c54156842d5ad058950e9e P 6f9a667709a64c8780c3843bd9693da4 [term 0 FOLLOWER]: Advancing to term 1
W20260709 12:09:21.344370 14600 leader_election.cc:343] T e943c3a9ce3e43bd8de6c7ec6c778ae6 P fe65de6d8841456b96782dbc6b7fe5bf [CANDIDATE]: Term 1 pre-election: Tablet error from VoteRequest() call to peer 6f9a667709a64c8780c3843bd9693da4 (127.13.5.65:39973): Illegal state: must be running to vote when last-logged opid is not known
I20260709 12:09:21.345767 14750 tablet_bootstrap.cc:492] T 6b89e4340cc542af8be845b5f8d02be0 P f777fb5bfe0d4d1b8eac602ff0bc38a9: No bootstrap required, opened a new log
I20260709 12:09:21.346540 14750 ts_tablet_manager.cc:1403] T 6b89e4340cc542af8be845b5f8d02be0 P f777fb5bfe0d4d1b8eac602ff0bc38a9: Time spent bootstrapping tablet: real 0.322s	user 0.021s	sys 0.050s
I20260709 12:09:21.350283 14708 tablet_service.cc:1917] Received RequestConsensusVote() RPC: tablet_id: "e943c3a9ce3e43bd8de6c7ec6c778ae6" candidate_uuid: "fe65de6d8841456b96782dbc6b7fe5bf" candidate_term: 1 candidate_status { last_received { term: 0 index: 0 } } ignore_live_leader: false dest_uuid: "f777fb5bfe0d4d1b8eac602ff0bc38a9" is_pre_election: true
I20260709 12:09:21.355201 14902 raft_consensus.cc:493] T 924cbee32ae64818ad89084d5fe69905 P 6f9a667709a64c8780c3843bd9693da4 [term 0 FOLLOWER]: Starting pre-election (no leader contacted us within the election timeout)
I20260709 12:09:21.355767 14902 raft_consensus.cc:515] T 924cbee32ae64818ad89084d5fe69905 P 6f9a667709a64c8780c3843bd9693da4 [term 0 FOLLOWER]: Starting pre-election with config: opid_index: -1 OBSOLETE_local: false peers { permanent_uuid: "6f9a667709a64c8780c3843bd9693da4" member_type: VOTER last_known_addr { host: "127.13.5.65" port: 39973 } } peers { permanent_uuid: "fe65de6d8841456b96782dbc6b7fe5bf" member_type: VOTER last_known_addr { host: "127.13.5.66" port: 46007 } } peers { permanent_uuid: "f777fb5bfe0d4d1b8eac602ff0bc38a9" member_type: VOTER last_known_addr { host: "127.13.5.67" port: 37861 } }
I20260709 12:09:21.357992 14902 leader_election.cc:290] T 924cbee32ae64818ad89084d5fe69905 P 6f9a667709a64c8780c3843bd9693da4 [CANDIDATE]: Term 1 pre-election: Requested pre-vote from peers fe65de6d8841456b96782dbc6b7fe5bf (127.13.5.66:46007), f777fb5bfe0d4d1b8eac602ff0bc38a9 (127.13.5.67:37861)
W20260709 12:09:21.363849 14524 leader_election.cc:343] T 2460f616aea540deae4c6cdbd0a38c8c P 6f9a667709a64c8780c3843bd9693da4 [CANDIDATE]: Term 1 pre-election: Tablet error from VoteRequest() call to peer fe65de6d8841456b96782dbc6b7fe5bf (127.13.5.66:46007): Illegal state: must be running to vote when last-logged opid is not known
I20260709 12:09:21.367911 14749 tablet_bootstrap.cc:654] T 730d9032565240e491bba168ece82680 P fe65de6d8841456b96782dbc6b7fe5bf: Neither blocks nor log segments found. Creating new log.
I20260709 12:09:21.367759 14904 consensus_queue.cc:1048] T 48819107435442198a132867d7685376 P f777fb5bfe0d4d1b8eac602ff0bc38a9 [LEADER]: Connected to new peer: Peer: permanent_uuid: "6f9a667709a64c8780c3843bd9693da4" member_type: VOTER last_known_addr { host: "127.13.5.65" port: 39973 }, Status: LMP_MISMATCH, Last received: 0.0, Next index: 1, Last known committed idx: 0, Time since last communication: 0.002s
I20260709 12:09:21.368602 14708 tablet_service.cc:1917] Received RequestConsensusVote() RPC: tablet_id: "924cbee32ae64818ad89084d5fe69905" candidate_uuid: "6f9a667709a64c8780c3843bd9693da4" candidate_term: 1 candidate_status { last_received { term: 0 index: 0 } } ignore_live_leader: false dest_uuid: "f777fb5bfe0d4d1b8eac602ff0bc38a9" is_pre_election: true
I20260709 12:09:21.367482 14557 tablet_service.cc:1917] Received RequestConsensusVote() RPC: tablet_id: "a1d93a37f26744c79473ffd32ef720e7" candidate_uuid: "f777fb5bfe0d4d1b8eac602ff0bc38a9" candidate_term: 1 candidate_status { last_received { term: 0 index: 0 } } ignore_live_leader: false dest_uuid: "6f9a667709a64c8780c3843bd9693da4" is_pre_election: true
I20260709 12:09:21.369706 14905 consensus_queue.cc:1048] T 5f3594da8e0145a4a99de0f383a1c9db P f777fb5bfe0d4d1b8eac602ff0bc38a9 [LEADER]: Connected to new peer: Peer: permanent_uuid: "6f9a667709a64c8780c3843bd9693da4" member_type: VOTER last_known_addr { host: "127.13.5.65" port: 39973 }, Status: LMP_MISMATCH, Last received: 0.0, Next index: 1, Last known committed idx: 0, Time since last communication: 0.002s
I20260709 12:09:21.370997 14557 raft_consensus.cc:2393] T a1d93a37f26744c79473ffd32ef720e7 P 6f9a667709a64c8780c3843bd9693da4 [term 1 FOLLOWER]: Leader pre-election vote request: Denying vote to candidate f777fb5bfe0d4d1b8eac602ff0bc38a9 in current term 1: Already voted for candidate 6f9a667709a64c8780c3843bd9693da4 in this term.
I20260709 12:09:21.371107 14783 raft_consensus.cc:515] T fa76a0fcf8c54156842d5ad058950e9e P 6f9a667709a64c8780c3843bd9693da4 [term 1 FOLLOWER]: Starting leader election with config: opid_index: -1 OBSOLETE_local: false peers { permanent_uuid: "6f9a667709a64c8780c3843bd9693da4" member_type: VOTER last_known_addr { host: "127.13.5.65" port: 39973 } } peers { permanent_uuid: "fe65de6d8841456b96782dbc6b7fe5bf" member_type: VOTER last_known_addr { host: "127.13.5.66" port: 46007 } } peers { permanent_uuid: "f777fb5bfe0d4d1b8eac602ff0bc38a9" member_type: VOTER last_known_addr { host: "127.13.5.67" port: 37861 } }
I20260709 12:09:21.373227 14783 leader_election.cc:290] T fa76a0fcf8c54156842d5ad058950e9e P 6f9a667709a64c8780c3843bd9693da4 [CANDIDATE]: Term 1 election: Requested vote from peers fe65de6d8841456b96782dbc6b7fe5bf (127.13.5.66:46007), f777fb5bfe0d4d1b8eac602ff0bc38a9 (127.13.5.67:37861)
W20260709 12:09:21.373337 14598 leader_election.cc:343] T e943c3a9ce3e43bd8de6c7ec6c778ae6 P fe65de6d8841456b96782dbc6b7fe5bf [CANDIDATE]: Term 1 pre-election: Tablet error from VoteRequest() call to peer f777fb5bfe0d4d1b8eac602ff0bc38a9 (127.13.5.67:37861): Illegal state: must be running to vote when last-logged opid is not known
I20260709 12:09:21.373811 14598 leader_election.cc:304] T e943c3a9ce3e43bd8de6c7ec6c778ae6 P fe65de6d8841456b96782dbc6b7fe5bf [CANDIDATE]: Term 1 pre-election: Election decided. Result: candidate lost. Election summary: received 3 responses out of 3 voters: 1 yes votes; 2 no votes. yes voters: fe65de6d8841456b96782dbc6b7fe5bf; no voters: 6f9a667709a64c8780c3843bd9693da4, f777fb5bfe0d4d1b8eac602ff0bc38a9
I20260709 12:09:21.374401 14764 raft_consensus.cc:2749] T e943c3a9ce3e43bd8de6c7ec6c778ae6 P fe65de6d8841456b96782dbc6b7fe5bf [term 0 FOLLOWER]: Leader pre-election lost for term 1. Reason: could not achieve majority
I20260709 12:09:21.375180 14750 raft_consensus.cc:359] T 6b89e4340cc542af8be845b5f8d02be0 P f777fb5bfe0d4d1b8eac602ff0bc38a9 [term 0 FOLLOWER]: Replica starting. Triggering 0 pending ops. Active config: opid_index: -1 OBSOLETE_local: false peers { permanent_uuid: "6f9a667709a64c8780c3843bd9693da4" member_type: VOTER last_known_addr { host: "127.13.5.65" port: 39973 } } peers { permanent_uuid: "fe65de6d8841456b96782dbc6b7fe5bf" member_type: VOTER last_known_addr { host: "127.13.5.66" port: 46007 } } peers { permanent_uuid: "f777fb5bfe0d4d1b8eac602ff0bc38a9" member_type: VOTER last_known_addr { host: "127.13.5.67" port: 37861 } }
I20260709 12:09:21.376196 14750 raft_consensus.cc:385] T 6b89e4340cc542af8be845b5f8d02be0 P f777fb5bfe0d4d1b8eac602ff0bc38a9 [term 0 FOLLOWER]: Consensus starting up: Expiring failure detector timer to make a prompt election more likely
I20260709 12:09:21.376622 14750 raft_consensus.cc:740] T 6b89e4340cc542af8be845b5f8d02be0 P f777fb5bfe0d4d1b8eac602ff0bc38a9 [term 0 FOLLOWER]: Becoming Follower/Learner. State: Replica: f777fb5bfe0d4d1b8eac602ff0bc38a9, State: Initialized, Role: FOLLOWER
I20260709 12:09:21.376691 14903 raft_consensus.cc:515] T 2460f616aea540deae4c6cdbd0a38c8c P 6f9a667709a64c8780c3843bd9693da4 [term 1 FOLLOWER]: Starting leader election with config: opid_index: -1 OBSOLETE_local: false peers { permanent_uuid: "6f9a667709a64c8780c3843bd9693da4" member_type: VOTER last_known_addr { host: "127.13.5.65" port: 39973 } } peers { permanent_uuid: "fe65de6d8841456b96782dbc6b7fe5bf" member_type: VOTER last_known_addr { host: "127.13.5.66" port: 46007 } } peers { permanent_uuid: "f777fb5bfe0d4d1b8eac602ff0bc38a9" member_type: VOTER last_known_addr { host: "127.13.5.67" port: 37861 } }
I20260709 12:09:21.377174 14629 tablet_service.cc:1917] Received RequestConsensusVote() RPC: tablet_id: "924cbee32ae64818ad89084d5fe69905" candidate_uuid: "6f9a667709a64c8780c3843bd9693da4" candidate_term: 1 candidate_status { last_received { term: 0 index: 0 } } ignore_live_leader: false dest_uuid: "fe65de6d8841456b96782dbc6b7fe5bf" is_pre_election: true
I20260709 12:09:21.378482 14903 leader_election.cc:290] T 2460f616aea540deae4c6cdbd0a38c8c P 6f9a667709a64c8780c3843bd9693da4 [CANDIDATE]: Term 1 election: Requested vote from peers fe65de6d8841456b96782dbc6b7fe5bf (127.13.5.66:46007), f777fb5bfe0d4d1b8eac602ff0bc38a9 (127.13.5.67:37861)
