I20260709 12:09:22.813084 12852 raft_consensus.cc:2468] T 170a81343f2d4e77813e9003d82bf036 P ac0f7b7c61774bbe9406b08918ac2778 [term 0 FOLLOWER]: Leader pre-election vote request: Granting yes vote for candidate 4df3e0fad94443cbaf72c2913a9c3c76 in term 0.
I20260709 12:09:22.813300 12773 tablet_service.cc:1917] Received RequestConsensusVote() RPC: tablet_id: "170a81343f2d4e77813e9003d82bf036" candidate_uuid: "4df3e0fad94443cbaf72c2913a9c3c76" candidate_term: 1 candidate_status { last_received { term: 0 index: 0 } } ignore_live_leader: false dest_uuid: "6859f00d5cf7462bb9853a161603dc82" is_pre_election: true
I20260709 12:09:22.814504 12890 leader_election.cc:304] T 170a81343f2d4e77813e9003d82bf036 P 4df3e0fad94443cbaf72c2913a9c3c76 [CANDIDATE]: Term 1 pre-election: Election decided. Result: candidate won. Election summary: received 2 responses out of 3 voters: 2 yes votes; 0 no votes. yes voters: 4df3e0fad94443cbaf72c2913a9c3c76, ac0f7b7c61774bbe9406b08918ac2778; no voters: 
I20260709 12:09:22.815243 12972 leader_election.cc:290] T 170a81343f2d4e77813e9003d82bf036 P 4df3e0fad94443cbaf72c2913a9c3c76 [CANDIDATE]: Term 1 pre-election: Requested pre-vote from peers 6859f00d5cf7462bb9853a161603dc82 (127.11.65.193:39003), ac0f7b7c61774bbe9406b08918ac2778 (127.11.65.194:36775)
W20260709 12:09:22.816148 12891 leader_election.cc:343] T 170a81343f2d4e77813e9003d82bf036 P 4df3e0fad94443cbaf72c2913a9c3c76 [CANDIDATE]: Term 1 pre-election: Tablet error from VoteRequest() call to peer 6859f00d5cf7462bb9853a161603dc82 (127.11.65.193:39003): Illegal state: must be running to vote when last-logged opid is not known
I20260709 12:09:22.820246 12972 raft_consensus.cc:2804] T 170a81343f2d4e77813e9003d82bf036 P 4df3e0fad94443cbaf72c2913a9c3c76 [term 0 FOLLOWER]: Leader pre-election won for term 1
I20260709 12:09:22.820679 12972 raft_consensus.cc:493] T 170a81343f2d4e77813e9003d82bf036 P 4df3e0fad94443cbaf72c2913a9c3c76 [term 0 FOLLOWER]: Starting leader election (no leader contacted us within the election timeout)
I20260709 12:09:22.821035 12972 raft_consensus.cc:3060] T 170a81343f2d4e77813e9003d82bf036 P 4df3e0fad94443cbaf72c2913a9c3c76 [term 0 FOLLOWER]: Advancing to term 1
I20260709 12:09:22.825492 12967 ts_tablet_manager.cc:1434] T da5ba838a1b5429896443d2ca3e2be65 P 4df3e0fad94443cbaf72c2913a9c3c76: Time spent starting tablet: real 0.018s	user 0.007s	sys 0.000s
I20260709 12:09:22.826501 12967 tablet_bootstrap.cc:492] T dab0c7e957664ad8beb49a429163c48c P 4df3e0fad94443cbaf72c2913a9c3c76: Bootstrap starting.
I20260709 12:09:22.830879 12972 raft_consensus.cc:515] T 170a81343f2d4e77813e9003d82bf036 P 4df3e0fad94443cbaf72c2913a9c3c76 [term 1 FOLLOWER]: Starting leader election with config: opid_index: -1 OBSOLETE_local: false peers { permanent_uuid: "6859f00d5cf7462bb9853a161603dc82" member_type: VOTER last_known_addr { host: "127.11.65.193" port: 39003 } } peers { permanent_uuid: "ac0f7b7c61774bbe9406b08918ac2778" member_type: VOTER last_known_addr { host: "127.11.65.194" port: 36775 } } peers { permanent_uuid: "4df3e0fad94443cbaf72c2913a9c3c76" member_type: VOTER last_known_addr { host: "127.11.65.195" port: 45811 } }
I20260709 12:09:22.832261 12967 tablet_bootstrap.cc:654] T dab0c7e957664ad8beb49a429163c48c P 4df3e0fad94443cbaf72c2913a9c3c76: Neither blocks nor log segments found. Creating new log.
I20260709 12:09:22.833757 12778 tablet_service.cc:1917] Received RequestConsensusVote() RPC: tablet_id: "170a81343f2d4e77813e9003d82bf036" candidate_uuid: "4df3e0fad94443cbaf72c2913a9c3c76" candidate_term: 1 candidate_status { last_received { term: 0 index: 0 } } ignore_live_leader: false dest_uuid: "6859f00d5cf7462bb9853a161603dc82"
W20260709 12:09:22.835409 12891 leader_election.cc:343] T 170a81343f2d4e77813e9003d82bf036 P 4df3e0fad94443cbaf72c2913a9c3c76 [CANDIDATE]: Term 1 election: Tablet error from VoteRequest() call to peer 6859f00d5cf7462bb9853a161603dc82 (127.11.65.193:39003): Illegal state: must be running to vote when last-logged opid is not known
I20260709 12:09:22.837673 13084 raft_consensus.cc:493] T 1e132c2af5104dd39dc0ca7cd40b834f P 6859f00d5cf7462bb9853a161603dc82 [term 0 FOLLOWER]: Starting pre-election (no leader contacted us within the election timeout)
I20260709 12:09:22.838186 13084 raft_consensus.cc:515] T 1e132c2af5104dd39dc0ca7cd40b834f P 6859f00d5cf7462bb9853a161603dc82 [term 0 FOLLOWER]: Starting pre-election with config: opid_index: -1 OBSOLETE_local: false peers { permanent_uuid: "6859f00d5cf7462bb9853a161603dc82" member_type: VOTER last_known_addr { host: "127.11.65.193" port: 39003 } } peers { permanent_uuid: "ac0f7b7c61774bbe9406b08918ac2778" member_type: VOTER last_known_addr { host: "127.11.65.194" port: 36775 } } peers { permanent_uuid: "4df3e0fad94443cbaf72c2913a9c3c76" member_type: VOTER last_known_addr { host: "127.11.65.195" port: 45811 } }
I20260709 12:09:22.840682 13084 leader_election.cc:290] T 1e132c2af5104dd39dc0ca7cd40b834f P 6859f00d5cf7462bb9853a161603dc82 [CANDIDATE]: Term 1 pre-election: Requested pre-vote from peers ac0f7b7c61774bbe9406b08918ac2778 (127.11.65.194:36775), 4df3e0fad94443cbaf72c2913a9c3c76 (127.11.65.195:45811)
I20260709 12:09:22.841352 12852 tablet_service.cc:1917] Received RequestConsensusVote() RPC: tablet_id: "1e132c2af5104dd39dc0ca7cd40b834f" candidate_uuid: "6859f00d5cf7462bb9853a161603dc82" candidate_term: 1 candidate_status { last_received { term: 0 index: 0 } } ignore_live_leader: false dest_uuid: "ac0f7b7c61774bbe9406b08918ac2778" is_pre_election: true
I20260709 12:09:22.843945 12922 tablet_service.cc:1917] Received RequestConsensusVote() RPC: tablet_id: "1e132c2af5104dd39dc0ca7cd40b834f" candidate_uuid: "6859f00d5cf7462bb9853a161603dc82" candidate_term: 1 candidate_status { last_received { term: 0 index: 0 } } ignore_live_leader: false dest_uuid: "4df3e0fad94443cbaf72c2913a9c3c76" is_pre_election: true
I20260709 12:09:22.845750 12741 leader_election.cc:304] T 1e132c2af5104dd39dc0ca7cd40b834f P 6859f00d5cf7462bb9853a161603dc82 [CANDIDATE]: Term 1 pre-election: Election decided. Result: candidate lost. Election summary: received 3 responses out of 3 voters: 1 yes votes; 2 no votes. yes voters: 6859f00d5cf7462bb9853a161603dc82; no voters: 4df3e0fad94443cbaf72c2913a9c3c76, ac0f7b7c61774bbe9406b08918ac2778
I20260709 12:09:22.846148 12972 leader_election.cc:290] T 170a81343f2d4e77813e9003d82bf036 P 4df3e0fad94443cbaf72c2913a9c3c76 [CANDIDATE]: Term 1 election: Requested vote from peers 6859f00d5cf7462bb9853a161603dc82 (127.11.65.193:39003), ac0f7b7c61774bbe9406b08918ac2778 (127.11.65.194:36775)
I20260709 12:09:22.846591 13084 raft_consensus.cc:2749] T 1e132c2af5104dd39dc0ca7cd40b834f P 6859f00d5cf7462bb9853a161603dc82 [term 0 FOLLOWER]: Leader pre-election lost for term 1. Reason: could not achieve majority
I20260709 12:09:22.847267 12968 tablet_bootstrap.cc:492] T da5ba838a1b5429896443d2ca3e2be65 P ac0f7b7c61774bbe9406b08918ac2778: No bootstrap required, opened a new log
I20260709 12:09:22.847527 12852 tablet_service.cc:1917] Received RequestConsensusVote() RPC: tablet_id: "170a81343f2d4e77813e9003d82bf036" candidate_uuid: "4df3e0fad94443cbaf72c2913a9c3c76" candidate_term: 1 candidate_status { last_received { term: 0 index: 0 } } ignore_live_leader: false dest_uuid: "ac0f7b7c61774bbe9406b08918ac2778"
I20260709 12:09:22.847786 12968 ts_tablet_manager.cc:1403] T da5ba838a1b5429896443d2ca3e2be65 P ac0f7b7c61774bbe9406b08918ac2778: Time spent bootstrapping tablet: real 0.053s	user 0.016s	sys 0.020s
I20260709 12:09:22.848250 12969 tablet_bootstrap.cc:492] T db87a89c60e84867bd7b003060dfd525 P 6859f00d5cf7462bb9853a161603dc82: No bootstrap required, opened a new log
I20260709 12:09:22.848098 12852 raft_consensus.cc:3060] T 170a81343f2d4e77813e9003d82bf036 P ac0f7b7c61774bbe9406b08918ac2778 [term 0 FOLLOWER]: Advancing to term 1
I20260709 12:09:22.849670 12969 ts_tablet_manager.cc:1403] T db87a89c60e84867bd7b003060dfd525 P 6859f00d5cf7462bb9853a161603dc82: Time spent bootstrapping tablet: real 0.076s	user 0.010s	sys 0.000s
I20260709 12:09:22.851388 12968 raft_consensus.cc:359] T da5ba838a1b5429896443d2ca3e2be65 P ac0f7b7c61774bbe9406b08918ac2778 [term 0 FOLLOWER]: Replica starting. Triggering 0 pending ops. Active config: opid_index: -1 OBSOLETE_local: false peers { permanent_uuid: "6859f00d5cf7462bb9853a161603dc82" member_type: VOTER last_known_addr { host: "127.11.65.193" port: 39003 } } peers { permanent_uuid: "ac0f7b7c61774bbe9406b08918ac2778" member_type: VOTER last_known_addr { host: "127.11.65.194" port: 36775 } } peers { permanent_uuid: "4df3e0fad94443cbaf72c2913a9c3c76" member_type: VOTER last_known_addr { host: "127.11.65.195" port: 45811 } }
I20260709 12:09:22.852115 12968 raft_consensus.cc:385] T da5ba838a1b5429896443d2ca3e2be65 P ac0f7b7c61774bbe9406b08918ac2778 [term 0 FOLLOWER]: Consensus starting up: Expiring failure detector timer to make a prompt election more likely
I20260709 12:09:22.852434 12968 raft_consensus.cc:740] T da5ba838a1b5429896443d2ca3e2be65 P ac0f7b7c61774bbe9406b08918ac2778 [term 0 FOLLOWER]: Becoming Follower/Learner. State: Replica: ac0f7b7c61774bbe9406b08918ac2778, State: Initialized, Role: FOLLOWER
W20260709 12:09:22.852530 12724 auto_rebalancer.cc:288] Could not retrieve cluster info: Service unavailable: Tablet not running
I20260709 12:09:22.853731 12969 raft_consensus.cc:359] T db87a89c60e84867bd7b003060dfd525 P 6859f00d5cf7462bb9853a161603dc82 [term 0 FOLLOWER]: Replica starting. Triggering 0 pending ops. Active config: opid_index: -1 OBSOLETE_local: false peers { permanent_uuid: "6859f00d5cf7462bb9853a161603dc82" member_type: VOTER last_known_addr { host: "127.11.65.193" port: 39003 } } peers { permanent_uuid: "ac0f7b7c61774bbe9406b08918ac2778" member_type: VOTER last_known_addr { host: "127.11.65.194" port: 36775 } } peers { permanent_uuid: "4df3e0fad94443cbaf72c2913a9c3c76" member_type: VOTER last_known_addr { host: "127.11.65.195" port: 45811 } }
I20260709 12:09:22.854600 12969 raft_consensus.cc:385] T db87a89c60e84867bd7b003060dfd525 P 6859f00d5cf7462bb9853a161603dc82 [term 0 FOLLOWER]: Consensus starting up: Expiring failure detector timer to make a prompt election more likely
I20260709 12:09:22.853432 12968 consensus_queue.cc:260] T da5ba838a1b5429896443d2ca3e2be65 P ac0f7b7c61774bbe9406b08918ac2778 [NON_LEADER]: Queue going to NON_LEADER mode. State: All replicated index: 0, Majority replicated index: 0, Committed index: 0, Last appended: 0.0, Last appended by leader: 0, Current term: 0, Majority size: -1, State: 0, Mode: NON_LEADER, active raft config: opid_index: -1 OBSOLETE_local: false peers { permanent_uuid: "6859f00d5cf7462bb9853a161603dc82" member_type: VOTER last_known_addr { host: "127.11.65.193" port: 39003 } } peers { permanent_uuid: "ac0f7b7c61774bbe9406b08918ac2778" member_type: VOTER last_known_addr { host: "127.11.65.194" port: 36775 } } peers { permanent_uuid: "4df3e0fad94443cbaf72c2913a9c3c76" member_type: VOTER last_known_addr { host: "127.11.65.195" port: 45811 } }
I20260709 12:09:22.854892 12969 raft_consensus.cc:740] T db87a89c60e84867bd7b003060dfd525 P 6859f00d5cf7462bb9853a161603dc82 [term 0 FOLLOWER]: Becoming Follower/Learner. State: Replica: 6859f00d5cf7462bb9853a161603dc82, State: Initialized, Role: FOLLOWER
I20260709 12:09:22.855615 12969 consensus_queue.cc:260] T db87a89c60e84867bd7b003060dfd525 P 6859f00d5cf7462bb9853a161603dc82 [NON_LEADER]: Queue going to NON_LEADER mode. State: All replicated index: 0, Majority replicated index: 0, Committed index: 0, Last appended: 0.0, Last appended by leader: 0, Current term: 0, Majority size: -1, State: 0, Mode: NON_LEADER, active raft config: opid_index: -1 OBSOLETE_local: false peers { permanent_uuid: "6859f00d5cf7462bb9853a161603dc82" member_type: VOTER last_known_addr { host: "127.11.65.193" port: 39003 } } peers { permanent_uuid: "ac0f7b7c61774bbe9406b08918ac2778" member_type: VOTER last_known_addr { host: "127.11.65.194" port: 36775 } } peers { permanent_uuid: "4df3e0fad94443cbaf72c2913a9c3c76" member_type: VOTER last_known_addr { host: "127.11.65.195" port: 45811 } }
I20260709 12:09:22.858101 12969 ts_tablet_manager.cc:1434] T db87a89c60e84867bd7b003060dfd525 P 6859f00d5cf7462bb9853a161603dc82: Time spent starting tablet: real 0.007s	user 0.006s	sys 0.000s
I20260709 12:09:22.859318 12969 tablet_bootstrap.cc:492] T 7773a0ae2261484494418c82618eaa40 P 6859f00d5cf7462bb9853a161603dc82: Bootstrap starting.
I20260709 12:09:22.861469 12968 ts_tablet_manager.cc:1434] T da5ba838a1b5429896443d2ca3e2be65 P ac0f7b7c61774bbe9406b08918ac2778: Time spent starting tablet: real 0.013s	user 0.006s	sys 0.000s
I20260709 12:09:22.862205 13123 raft_consensus.cc:493] T e4a0dd6352eb49afa4521b6436eca139 P ac0f7b7c61774bbe9406b08918ac2778 [term 0 FOLLOWER]: Starting pre-election (no leader contacted us within the election timeout)
I20260709 12:09:22.862993 12968 tablet_bootstrap.cc:492] T 1666d63df35349a292eb57d3c96ab712 P ac0f7b7c61774bbe9406b08918ac2778: Bootstrap starting.
I20260709 12:09:22.866053 13123 raft_consensus.cc:515] T e4a0dd6352eb49afa4521b6436eca139 P ac0f7b7c61774bbe9406b08918ac2778 [term 0 FOLLOWER]: Starting pre-election with config: opid_index: -1 OBSOLETE_local: false peers { permanent_uuid: "6859f00d5cf7462bb9853a161603dc82" member_type: VOTER last_known_addr { host: "127.11.65.193" port: 39003 } } peers { permanent_uuid: "ac0f7b7c61774bbe9406b08918ac2778" member_type: VOTER last_known_addr { host: "127.11.65.194" port: 36775 } } peers { permanent_uuid: "4df3e0fad94443cbaf72c2913a9c3c76" member_type: VOTER last_known_addr { host: "127.11.65.195" port: 45811 } }
I20260709 12:09:22.874431 12852 raft_consensus.cc:2468] T 170a81343f2d4e77813e9003d82bf036 P ac0f7b7c61774bbe9406b08918ac2778 [term 1 FOLLOWER]: Leader election vote request: Granting yes vote for candidate 4df3e0fad94443cbaf72c2913a9c3c76 in term 1.
I20260709 12:09:22.876315 12890 leader_election.cc:304] T 170a81343f2d4e77813e9003d82bf036 P 4df3e0fad94443cbaf72c2913a9c3c76 [CANDIDATE]: Term 1 election: Election decided. Result: candidate won. Election summary: received 3 responses out of 3 voters: 2 yes votes; 1 no votes. yes voters: 4df3e0fad94443cbaf72c2913a9c3c76, ac0f7b7c61774bbe9406b08918ac2778; no voters: 6859f00d5cf7462bb9853a161603dc82
I20260709 12:09:22.877941 12972 raft_consensus.cc:2804] T 170a81343f2d4e77813e9003d82bf036 P 4df3e0fad94443cbaf72c2913a9c3c76 [term 1 FOLLOWER]: Leader election won for term 1
I20260709 12:09:22.878409 12972 raft_consensus.cc:697] T 170a81343f2d4e77813e9003d82bf036 P 4df3e0fad94443cbaf72c2913a9c3c76 [term 1 LEADER]: Becoming Leader. State: Replica: 4df3e0fad94443cbaf72c2913a9c3c76, State: Running, Role: LEADER
I20260709 12:09:22.879148 12972 consensus_queue.cc:237] T 170a81343f2d4e77813e9003d82bf036 P 4df3e0fad94443cbaf72c2913a9c3c76 [LEADER]: Queue going to LEADER mode. State: All replicated index: 0, Majority replicated index: 0, Committed index: 0, Last appended: 0.0, Last appended by leader: 0, Current term: 1, Majority size: 2, State: 0, Mode: LEADER, active raft config: opid_index: -1 OBSOLETE_local: false peers { permanent_uuid: "6859f00d5cf7462bb9853a161603dc82" member_type: VOTER last_known_addr { host: "127.11.65.193" port: 39003 } } peers { permanent_uuid: "ac0f7b7c61774bbe9406b08918ac2778" member_type: VOTER last_known_addr { host: "127.11.65.194" port: 36775 } } peers { permanent_uuid: "4df3e0fad94443cbaf72c2913a9c3c76" member_type: VOTER last_known_addr { host: "127.11.65.195" port: 45811 } }
I20260709 12:09:22.880501 13123 leader_election.cc:290] T e4a0dd6352eb49afa4521b6436eca139 P ac0f7b7c61774bbe9406b08918ac2778 [CANDIDATE]: Term 1 pre-election: Requested pre-vote from peers 6859f00d5cf7462bb9853a161603dc82 (127.11.65.193:39003), 4df3e0fad94443cbaf72c2913a9c3c76 (127.11.65.195:45811)
I20260709 12:09:22.882692 12922 tablet_service.cc:1917] Received RequestConsensusVote() RPC: tablet_id: "e4a0dd6352eb49afa4521b6436eca139" candidate_uuid: "ac0f7b7c61774bbe9406b08918ac2778" candidate_term: 1 candidate_status { last_received { term: 0 index: 0 } } ignore_live_leader: false dest_uuid: "4df3e0fad94443cbaf72c2913a9c3c76" is_pre_election: true
I20260709 12:09:22.884443 12922 raft_consensus.cc:2393] T e4a0dd6352eb49afa4521b6436eca139 P 4df3e0fad94443cbaf72c2913a9c3c76 [term 1 FOLLOWER]: Leader pre-election vote request: Denying vote to candidate ac0f7b7c61774bbe9406b08918ac2778 in current term 1: Already voted for candidate 6859f00d5cf7462bb9853a161603dc82 in this term.
I20260709 12:09:22.886184 12968 tablet_bootstrap.cc:654] T 1666d63df35349a292eb57d3c96ab712 P ac0f7b7c61774bbe9406b08918ac2778: Neither blocks nor log segments found. Creating new log.
I20260709 12:09:22.891788 12969 tablet_bootstrap.cc:654] T 7773a0ae2261484494418c82618eaa40 P 6859f00d5cf7462bb9853a161603dc82: Neither blocks nor log segments found. Creating new log.
I20260709 12:09:22.896237 13066 raft_consensus.cc:493] T 3012096fdfc24eaaa15c58ab8f98ee52 P ac0f7b7c61774bbe9406b08918ac2778 [term 0 FOLLOWER]: Starting pre-election (no leader contacted us within the election timeout)
I20260709 12:09:22.898772 12778 tablet_service.cc:1917] Received RequestConsensusVote() RPC: tablet_id: "e4a0dd6352eb49afa4521b6436eca139" candidate_uuid: "ac0f7b7c61774bbe9406b08918ac2778" candidate_term: 1 candidate_status { last_received { term: 0 index: 0 } } ignore_live_leader: false dest_uuid: "6859f00d5cf7462bb9853a161603dc82" is_pre_election: true
I20260709 12:09:22.900818 12817 leader_election.cc:304] T e4a0dd6352eb49afa4521b6436eca139 P ac0f7b7c61774bbe9406b08918ac2778 [CANDIDATE]: Term 1 pre-election: Election decided. Result: candidate lost. Election summary: received 3 responses out of 3 voters: 1 yes votes; 2 no votes. yes voters: ac0f7b7c61774bbe9406b08918ac2778; no voters: 4df3e0fad94443cbaf72c2913a9c3c76, 6859f00d5cf7462bb9853a161603dc82
I20260709 12:09:22.904776 12852 raft_consensus.cc:3060] T e4a0dd6352eb49afa4521b6436eca139 P ac0f7b7c61774bbe9406b08918ac2778 [term 0 FOLLOWER]: Advancing to term 1
I20260709 12:09:22.896777 13066 raft_consensus.cc:515] T 3012096fdfc24eaaa15c58ab8f98ee52 P ac0f7b7c61774bbe9406b08918ac2778 [term 0 FOLLOWER]: Starting pre-election with config: opid_index: -1 OBSOLETE_local: false peers { permanent_uuid: "6859f00d5cf7462bb9853a161603dc82" member_type: VOTER last_known_addr { host: "127.11.65.193" port: 39003 } } peers { permanent_uuid: "ac0f7b7c61774bbe9406b08918ac2778" member_type: VOTER last_known_addr { host: "127.11.65.194" port: 36775 } } peers { permanent_uuid: "4df3e0fad94443cbaf72c2913a9c3c76" member_type: VOTER last_known_addr { host: "127.11.65.195" port: 45811 } }
I20260709 12:09:22.901767 13183 raft_consensus.cc:493] T 59ad09edf3284d1598afad188af6d3d9 P 4df3e0fad94443cbaf72c2913a9c3c76 [term 0 FOLLOWER]: Starting pre-election (no leader contacted us within the election timeout)
I20260709 12:09:22.917161 12967 tablet_bootstrap.cc:492] T dab0c7e957664ad8beb49a429163c48c P 4df3e0fad94443cbaf72c2913a9c3c76: No bootstrap required, opened a new log
I20260709 12:09:22.917563 13122 raft_consensus.cc:2749] T e4a0dd6352eb49afa4521b6436eca139 P ac0f7b7c61774bbe9406b08918ac2778 [term 1 FOLLOWER]: Leader pre-election lost for term 1. Reason: could not achieve majority
I20260709 12:09:22.917357 13183 raft_consensus.cc:515] T 59ad09edf3284d1598afad188af6d3d9 P 4df3e0fad94443cbaf72c2913a9c3c76 [term 0 FOLLOWER]: Starting pre-election with config: opid_index: -1 OBSOLETE_local: false peers { permanent_uuid: "6859f00d5cf7462bb9853a161603dc82" member_type: VOTER last_known_addr { host: "127.11.65.193" port: 39003 } } peers { permanent_uuid: "ac0f7b7c61774bbe9406b08918ac2778" member_type: VOTER last_known_addr { host: "127.11.65.194" port: 36775 } } peers { permanent_uuid: "4df3e0fad94443cbaf72c2913a9c3c76" member_type: VOTER last_known_addr { host: "127.11.65.195" port: 45811 } }
I20260709 12:09:22.917757 12967 ts_tablet_manager.cc:1403] T dab0c7e957664ad8beb49a429163c48c P 4df3e0fad94443cbaf72c2913a9c3c76: Time spent bootstrapping tablet: real 0.091s	user 0.039s	sys 0.018s
I20260709 12:09:22.920580 13183 leader_election.cc:290] T 59ad09edf3284d1598afad188af6d3d9 P 4df3e0fad94443cbaf72c2913a9c3c76 [CANDIDATE]: Term 1 pre-election: Requested pre-vote from peers 6859f00d5cf7462bb9853a161603dc82 (127.11.65.193:39003), ac0f7b7c61774bbe9406b08918ac2778 (127.11.65.194:36775)
I20260709 12:09:22.923507 12778 tablet_service.cc:1917] Received RequestConsensusVote() RPC: tablet_id: "59ad09edf3284d1598afad188af6d3d9" candidate_uuid: "4df3e0fad94443cbaf72c2913a9c3c76" candidate_term: 1 candidate_status { last_received { term: 0 index: 0 } } ignore_live_leader: false dest_uuid: "6859f00d5cf7462bb9853a161603dc82" is_pre_election: true
I20260709 12:09:22.924451 12967 raft_consensus.cc:359] T dab0c7e957664ad8beb49a429163c48c P 4df3e0fad94443cbaf72c2913a9c3c76 [term 0 FOLLOWER]: Replica starting. Triggering 0 pending ops. Active config: opid_index: -1 OBSOLETE_local: false peers { permanent_uuid: "6859f00d5cf7462bb9853a161603dc82" member_type: VOTER last_known_addr { host: "127.11.65.193" port: 39003 } } peers { permanent_uuid: "ac0f7b7c61774bbe9406b08918ac2778" member_type: VOTER last_known_addr { host: "127.11.65.194" port: 36775 } } peers { permanent_uuid: "4df3e0fad94443cbaf72c2913a9c3c76" member_type: VOTER last_known_addr { host: "127.11.65.195" port: 45811 } }
I20260709 12:09:22.925240 12967 raft_consensus.cc:385] T dab0c7e957664ad8beb49a429163c48c P 4df3e0fad94443cbaf72c2913a9c3c76 [term 0 FOLLOWER]: Consensus starting up: Expiring failure detector timer to make a prompt election more likely
I20260709 12:09:22.925580 12967 raft_consensus.cc:740] T dab0c7e957664ad8beb49a429163c48c P 4df3e0fad94443cbaf72c2913a9c3c76 [term 0 FOLLOWER]: Becoming Follower/Learner. State: Replica: 4df3e0fad94443cbaf72c2913a9c3c76, State: Initialized, Role: FOLLOWER
W20260709 12:09:22.926045 12891 leader_election.cc:343] T 59ad09edf3284d1598afad188af6d3d9 P 4df3e0fad94443cbaf72c2913a9c3c76 [CANDIDATE]: Term 1 pre-election: Tablet error from VoteRequest() call to peer 6859f00d5cf7462bb9853a161603dc82 (127.11.65.193:39003): Illegal state: must be running to vote when last-logged opid is not known
I20260709 12:09:22.926400 12967 consensus_queue.cc:260] T dab0c7e957664ad8beb49a429163c48c P 4df3e0fad94443cbaf72c2913a9c3c76 [NON_LEADER]: Queue going to NON_LEADER mode. State: All replicated index: 0, Majority replicated index: 0, Committed index: 0, Last appended: 0.0, Last appended by leader: 0, Current term: 0, Majority size: -1, State: 0, Mode: NON_LEADER, active raft config: opid_index: -1 OBSOLETE_local: false peers { permanent_uuid: "6859f00d5cf7462bb9853a161603dc82" member_type: VOTER last_known_addr { host: "127.11.65.193" port: 39003 } } peers { permanent_uuid: "ac0f7b7c61774bbe9406b08918ac2778" member_type: VOTER last_known_addr { host: "127.11.65.194" port: 36775 } } peers { permanent_uuid: "4df3e0fad94443cbaf72c2913a9c3c76" member_type: VOTER last_known_addr { host: "127.11.65.195" port: 45811 } }
I20260709 12:09:22.926992 13084 consensus_queue.cc:1048] T e4a0dd6352eb49afa4521b6436eca139 P 6859f00d5cf7462bb9853a161603dc82 [LEADER]: Connected to new peer: Peer: permanent_uuid: "ac0f7b7c61774bbe9406b08918ac2778" member_type: VOTER last_known_addr { host: "127.11.65.194" port: 36775 }, Status: LMP_MISMATCH, Last received: 0.0, Next index: 1, Last known committed idx: 0, Time since last communication: 0.001s
I20260709 12:09:22.929096 12967 ts_tablet_manager.cc:1434] T dab0c7e957664ad8beb49a429163c48c P 4df3e0fad94443cbaf72c2913a9c3c76: Time spent starting tablet: real 0.009s	user 0.003s	sys 0.003s
I20260709 12:09:22.930276 12967 tablet_bootstrap.cc:492] T db87a89c60e84867bd7b003060dfd525 P 4df3e0fad94443cbaf72c2913a9c3c76: Bootstrap starting.
I20260709 12:09:22.933562 13066 leader_election.cc:290] T 3012096fdfc24eaaa15c58ab8f98ee52 P ac0f7b7c61774bbe9406b08918ac2778 [CANDIDATE]: Term 1 pre-election: Requested pre-vote from peers 6859f00d5cf7462bb9853a161603dc82 (127.11.65.193:39003), 4df3e0fad94443cbaf72c2913a9c3c76 (127.11.65.195:45811)
I20260709 12:09:22.935316 12922 tablet_service.cc:1917] Received RequestConsensusVote() RPC: tablet_id: "3012096fdfc24eaaa15c58ab8f98ee52" candidate_uuid: "ac0f7b7c61774bbe9406b08918ac2778" candidate_term: 1 candidate_status { last_received { term: 0 index: 0 } } ignore_live_leader: false dest_uuid: "4df3e0fad94443cbaf72c2913a9c3c76" is_pre_election: true
I20260709 12:09:22.936024 12922 raft_consensus.cc:2468] T 3012096fdfc24eaaa15c58ab8f98ee52 P 4df3e0fad94443cbaf72c2913a9c3c76 [term 0 FOLLOWER]: Leader pre-election vote request: Granting yes vote for candidate ac0f7b7c61774bbe9406b08918ac2778 in term 0.
I20260709 12:09:22.939392 12847 tablet_service.cc:1917] Received RequestConsensusVote() RPC: tablet_id: "59ad09edf3284d1598afad188af6d3d9" candidate_uuid: "4df3e0fad94443cbaf72c2913a9c3c76" candidate_term: 1 candidate_status { last_received { term: 0 index: 0 } } ignore_live_leader: false dest_uuid: "ac0f7b7c61774bbe9406b08918ac2778" is_pre_election: true
I20260709 12:09:22.942816 12816 leader_election.cc:304] T 3012096fdfc24eaaa15c58ab8f98ee52 P ac0f7b7c61774bbe9406b08918ac2778 [CANDIDATE]: Term 1 pre-election: Election decided. Result: candidate won. Election summary: received 2 responses out of 3 voters: 2 yes votes; 0 no votes. yes voters: 4df3e0fad94443cbaf72c2913a9c3c76, ac0f7b7c61774bbe9406b08918ac2778; no voters: 
I20260709 12:09:22.945569 12967 tablet_bootstrap.cc:654] T db87a89c60e84867bd7b003060dfd525 P 4df3e0fad94443cbaf72c2913a9c3c76: Neither blocks nor log segments found. Creating new log.
I20260709 12:09:22.945923 12675 catalog_manager.cc:5697] T 170a81343f2d4e77813e9003d82bf036 P 4df3e0fad94443cbaf72c2913a9c3c76 reported cstate change: term changed from 0 to 1, leader changed from <none> to 4df3e0fad94443cbaf72c2913a9c3c76 (127.11.65.195). New cstate: current_term: 1 leader_uuid: "4df3e0fad94443cbaf72c2913a9c3c76" committed_config { opid_index: -1 OBSOLETE_local: false peers { permanent_uuid: "6859f00d5cf7462bb9853a161603dc82" member_type: VOTER last_known_addr { host: "127.11.65.193" port: 39003 } health_report { overall_health: UNKNOWN } } peers { permanent_uuid: "ac0f7b7c61774bbe9406b08918ac2778" member_type: VOTER last_known_addr { host: "127.11.65.194" port: 36775 } health_report { overall_health: UNKNOWN } } peers { permanent_uuid: "4df3e0fad94443cbaf72c2913a9c3c76" member_type: VOTER last_known_addr { host: "127.11.65.195" port: 45811 } health_report { overall_health: HEALTHY } } }
I20260709 12:09:22.949448 12778 tablet_service.cc:1917] Received RequestConsensusVote() RPC: tablet_id: "3012096fdfc24eaaa15c58ab8f98ee52" candidate_uuid: "ac0f7b7c61774bbe9406b08918ac2778" candidate_term: 1 candidate_status { last_received { term: 0 index: 0 } } ignore_live_leader: false dest_uuid: "6859f00d5cf7462bb9853a161603dc82" is_pre_election: true
I20260709 12:09:22.950142 12778 raft_consensus.cc:2468] T 3012096fdfc24eaaa15c58ab8f98ee52 P 6859f00d5cf7462bb9853a161603dc82 [term 0 FOLLOWER]: Leader pre-election vote request: Granting yes vote for candidate ac0f7b7c61774bbe9406b08918ac2778 in term 0.
I20260709 12:09:22.951931 13122 raft_consensus.cc:2804] T 3012096fdfc24eaaa15c58ab8f98ee52 P ac0f7b7c61774bbe9406b08918ac2778 [term 0 FOLLOWER]: Leader pre-election won for term 1
I20260709 12:09:22.952396 13122 raft_consensus.cc:493] T 3012096fdfc24eaaa15c58ab8f98ee52 P ac0f7b7c61774bbe9406b08918ac2778 [term 0 FOLLOWER]: Starting leader election (no leader contacted us within the election timeout)
I20260709 12:09:22.952762 13122 raft_consensus.cc:3060] T 3012096fdfc24eaaa15c58ab8f98ee52 P ac0f7b7c61774bbe9406b08918ac2778 [term 0 FOLLOWER]: Advancing to term 1
W20260709 12:09:22.961818 12890 leader_election.cc:343] T 59ad09edf3284d1598afad188af6d3d9 P 4df3e0fad94443cbaf72c2913a9c3c76 [CANDIDATE]: Term 1 pre-election: Tablet error from VoteRequest() call to peer ac0f7b7c61774bbe9406b08918ac2778 (127.11.65.194:36775): Illegal state: must be running to vote when last-logged opid is not known
I20260709 12:09:22.962359 12890 leader_election.cc:304] T 59ad09edf3284d1598afad188af6d3d9 P 4df3e0fad94443cbaf72c2913a9c3c76 [CANDIDATE]: Term 1 pre-election: Election decided. Result: candidate lost. Election summary: received 3 responses out of 3 voters: 1 yes votes; 2 no votes. yes voters: 4df3e0fad94443cbaf72c2913a9c3c76; no voters: 6859f00d5cf7462bb9853a161603dc82, ac0f7b7c61774bbe9406b08918ac2778
I20260709 12:09:22.963495 12967 tablet_bootstrap.cc:492] T db87a89c60e84867bd7b003060dfd525 P 4df3e0fad94443cbaf72c2913a9c3c76: No bootstrap required, opened a new log
I20260709 12:09:22.964488 13183 raft_consensus.cc:2749] T 59ad09edf3284d1598afad188af6d3d9 P 4df3e0fad94443cbaf72c2913a9c3c76 [term 0 FOLLOWER]: Leader pre-election lost for term 1. Reason: could not achieve majority
I20260709 12:09:22.965226 12967 ts_tablet_manager.cc:1403] T db87a89c60e84867bd7b003060dfd525 P 4df3e0fad94443cbaf72c2913a9c3c76: Time spent bootstrapping tablet: real 0.035s	user 0.009s	sys 0.006s
I20260709 12:09:22.968633 13183 raft_consensus.cc:493] T da5ba838a1b5429896443d2ca3e2be65 P 4df3e0fad94443cbaf72c2913a9c3c76 [term 0 FOLLOWER]: Starting pre-election (no leader contacted us within the election timeout)
I20260709 12:09:22.968379 13122 raft_consensus.cc:515] T 3012096fdfc24eaaa15c58ab8f98ee52 P ac0f7b7c61774bbe9406b08918ac2778 [term 1 FOLLOWER]: Starting leader election with config: opid_index: -1 OBSOLETE_local: false peers { permanent_uuid: "6859f00d5cf7462bb9853a161603dc82" member_type: VOTER last_known_addr { host: "127.11.65.193" port: 39003 } } peers { permanent_uuid: "ac0f7b7c61774bbe9406b08918ac2778" member_type: VOTER last_known_addr { host: "127.11.65.194" port: 36775 } } peers { permanent_uuid: "4df3e0fad94443cbaf72c2913a9c3c76" member_type: VOTER last_known_addr { host: "127.11.65.195" port: 45811 } }
I20260709 12:09:22.969105 13183 raft_consensus.cc:515] T da5ba838a1b5429896443d2ca3e2be65 P 4df3e0fad94443cbaf72c2913a9c3c76 [term 0 FOLLOWER]: Starting pre-election with config: opid_index: -1 OBSOLETE_local: false peers { permanent_uuid: "6859f00d5cf7462bb9853a161603dc82" member_type: VOTER last_known_addr { host: "127.11.65.193" port: 39003 } } peers { permanent_uuid: "ac0f7b7c61774bbe9406b08918ac2778" member_type: VOTER last_known_addr { host: "127.11.65.194" port: 36775 } } peers { permanent_uuid: "4df3e0fad94443cbaf72c2913a9c3c76" member_type: VOTER last_known_addr { host: "127.11.65.195" port: 45811 } }
I20260709 12:09:22.968647 12967 raft_consensus.cc:359] T db87a89c60e84867bd7b003060dfd525 P 4df3e0fad94443cbaf72c2913a9c3c76 [term 0 FOLLOWER]: Replica starting. Triggering 0 pending ops. Active config: opid_index: -1 OBSOLETE_local: false peers { permanent_uuid: "6859f00d5cf7462bb9853a161603dc82" member_type: VOTER last_known_addr { host: "127.11.65.193" port: 39003 } } peers { permanent_uuid: "ac0f7b7c61774bbe9406b08918ac2778" member_type: VOTER last_known_addr { host: "127.11.65.194" port: 36775 } } peers { permanent_uuid: "4df3e0fad94443cbaf72c2913a9c3c76" member_type: VOTER last_known_addr { host: "127.11.65.195" port: 45811 } }
I20260709 12:09:22.973356 12778 tablet_service.cc:1917] Received RequestConsensusVote() RPC: tablet_id: "da5ba838a1b5429896443d2ca3e2be65" candidate_uuid: "4df3e0fad94443cbaf72c2913a9c3c76" candidate_term: 1 candidate_status { last_received { term: 0 index: 0 } } ignore_live_leader: false dest_uuid: "6859f00d5cf7462bb9853a161603dc82" is_pre_election: true
I20260709 12:09:22.973418 12967 raft_consensus.cc:385] T db87a89c60e84867bd7b003060dfd525 P 4df3e0fad94443cbaf72c2913a9c3c76 [term 0 FOLLOWER]: Consensus starting up: Expiring failure detector timer to make a prompt election more likely
I20260709 12:09:22.983992 12773 tablet_service.cc:1917] Received RequestConsensusVote() RPC: tablet_id: "3012096fdfc24eaaa15c58ab8f98ee52" candidate_uuid: "ac0f7b7c61774bbe9406b08918ac2778" candidate_term: 1 candidate_status { last_received { term: 0 index: 0 } } ignore_live_leader: false dest_uuid: "6859f00d5cf7462bb9853a161603dc82"
I20260709 12:09:22.985016 12773 raft_consensus.cc:3060] T 3012096fdfc24eaaa15c58ab8f98ee52 P 6859f00d5cf7462bb9853a161603dc82 [term 0 FOLLOWER]: Advancing to term 1
I20260709 12:09:22.986707 12969 tablet_bootstrap.cc:492] T 7773a0ae2261484494418c82618eaa40 P 6859f00d5cf7462bb9853a161603dc82: No bootstrap required, opened a new log
I20260709 12:09:22.987207 12969 ts_tablet_manager.cc:1403] T 7773a0ae2261484494418c82618eaa40 P 6859f00d5cf7462bb9853a161603dc82: Time spent bootstrapping tablet: real 0.128s	user 0.015s	sys 0.002s
I20260709 12:09:22.990805 12969 raft_consensus.cc:359] T 7773a0ae2261484494418c82618eaa40 P 6859f00d5cf7462bb9853a161603dc82 [term 0 FOLLOWER]: Replica starting. Triggering 0 pending ops. Active config: opid_index: -1 OBSOLETE_local: false peers { permanent_uuid: "6859f00d5cf7462bb9853a161603dc82" member_type: VOTER last_known_addr { host: "127.11.65.193" port: 39003 } } peers { permanent_uuid: "ac0f7b7c61774bbe9406b08918ac2778" member_type: VOTER last_known_addr { host: "127.11.65.194" port: 36775 } } peers { permanent_uuid: "4df3e0fad94443cbaf72c2913a9c3c76" member_type: VOTER last_known_addr { host: "127.11.65.195" port: 45811 } }
I20260709 12:09:22.991551 12969 raft_consensus.cc:385] T 7773a0ae2261484494418c82618eaa40 P 6859f00d5cf7462bb9853a161603dc82 [term 0 FOLLOWER]: Consensus starting up: Expiring failure detector timer to make a prompt election more likely
I20260709 12:09:22.991842 12969 raft_consensus.cc:740] T 7773a0ae2261484494418c82618eaa40 P 6859f00d5cf7462bb9853a161603dc82 [term 0 FOLLOWER]: Becoming Follower/Learner. State: Replica: 6859f00d5cf7462bb9853a161603dc82, State: Initialized, Role: FOLLOWER
I20260709 12:09:22.992516 12969 consensus_queue.cc:260] T 7773a0ae2261484494418c82618eaa40 P 6859f00d5cf7462bb9853a161603dc82 [NON_LEADER]: Queue going to NON_LEADER mode. State: All replicated index: 0, Majority replicated index: 0, Committed index: 0, Last appended: 0.0, Last appended by leader: 0, Current term: 0, Majority size: -1, State: 0, Mode: NON_LEADER, active raft config: opid_index: -1 OBSOLETE_local: false peers { permanent_uuid: "6859f00d5cf7462bb9853a161603dc82" member_type: VOTER last_known_addr { host: "127.11.65.193" port: 39003 } } peers { permanent_uuid: "ac0f7b7c61774bbe9406b08918ac2778" member_type: VOTER last_known_addr { host: "127.11.65.194" port: 36775 } } peers { permanent_uuid: "4df3e0fad94443cbaf72c2913a9c3c76" member_type: VOTER last_known_addr { host: "127.11.65.195" port: 45811 } }
I20260709 12:09:22.993002 12922 tablet_service.cc:1917] Received RequestConsensusVote() RPC: tablet_id: "3012096fdfc24eaaa15c58ab8f98ee52" candidate_uuid: "ac0f7b7c61774bbe9406b08918ac2778" candidate_term: 1 candidate_status { last_received { term: 0 index: 0 } } ignore_live_leader: false dest_uuid: "4df3e0fad94443cbaf72c2913a9c3c76"
I20260709 12:09:22.993577 12922 raft_consensus.cc:3060] T 3012096fdfc24eaaa15c58ab8f98ee52 P 4df3e0fad94443cbaf72c2913a9c3c76 [term 0 FOLLOWER]: Advancing to term 1
I20260709 12:09:22.995401 12773 raft_consensus.cc:2468] T 3012096fdfc24eaaa15c58ab8f98ee52 P 6859f00d5cf7462bb9853a161603dc82 [term 1 FOLLOWER]: Leader election vote request: Granting yes vote for candidate ac0f7b7c61774bbe9406b08918ac2778 in term 1.
I20260709 12:09:23.001030 12922 raft_consensus.cc:2468] T 3012096fdfc24eaaa15c58ab8f98ee52 P 4df3e0fad94443cbaf72c2913a9c3c76 [term 1 FOLLOWER]: Leader election vote request: Granting yes vote for candidate ac0f7b7c61774bbe9406b08918ac2778 in term 1.
I20260709 12:09:22.976744 12968 tablet_bootstrap.cc:492] T 1666d63df35349a292eb57d3c96ab712 P ac0f7b7c61774bbe9406b08918ac2778: No bootstrap required, opened a new log
I20260709 12:09:23.015173 12968 ts_tablet_manager.cc:1403] T 1666d63df35349a292eb57d3c96ab712 P ac0f7b7c61774bbe9406b08918ac2778: Time spent bootstrapping tablet: real 0.152s	user 0.017s	sys 0.005s
I20260709 12:09:23.016801 12817 leader_election.cc:304] T 3012096fdfc24eaaa15c58ab8f98ee52 P ac0f7b7c61774bbe9406b08918ac2778 [CANDIDATE]: Term 1 election: Election decided. Result: candidate won. Election summary: received 2 responses out of 3 voters: 2 yes votes; 0 no votes. yes voters: 6859f00d5cf7462bb9853a161603dc82, ac0f7b7c61774bbe9406b08918ac2778; no voters: 
I20260709 12:09:23.003623 12969 ts_tablet_manager.cc:1434] T 7773a0ae2261484494418c82618eaa40 P 6859f00d5cf7462bb9853a161603dc82: Time spent starting tablet: real 0.016s	user 0.006s	sys 0.003s
I20260709 12:09:23.017858 12968 raft_consensus.cc:359] T 1666d63df35349a292eb57d3c96ab712 P ac0f7b7c61774bbe9406b08918ac2778 [term 0 FOLLOWER]: Replica starting. Triggering 0 pending ops. Active config: opid_index: -1 OBSOLETE_local: false peers { permanent_uuid: "6859f00d5cf7462bb9853a161603dc82" member_type: VOTER last_known_addr { host: "127.11.65.193" port: 39003 } } peers { permanent_uuid: "ac0f7b7c61774bbe9406b08918ac2778" member_type: VOTER last_known_addr { host: "127.11.65.194" port: 36775 } } peers { permanent_uuid: "4df3e0fad94443cbaf72c2913a9c3c76" member_type: VOTER last_known_addr { host: "127.11.65.195" port: 45811 } }
I20260709 12:09:23.018573 12968 raft_consensus.cc:385] T 1666d63df35349a292eb57d3c96ab712 P ac0f7b7c61774bbe9406b08918ac2778 [term 0 FOLLOWER]: Consensus starting up: Expiring failure detector timer to make a prompt election more likely
I20260709 12:09:23.018829 12968 raft_consensus.cc:740] T 1666d63df35349a292eb57d3c96ab712 P ac0f7b7c61774bbe9406b08918ac2778 [term 0 FOLLOWER]: Becoming Follower/Learner. State: Replica: ac0f7b7c61774bbe9406b08918ac2778, State: Initialized, Role: FOLLOWER
I20260709 12:09:23.019558 12968 consensus_queue.cc:260] T 1666d63df35349a292eb57d3c96ab712 P ac0f7b7c61774bbe9406b08918ac2778 [NON_LEADER]: Queue going to NON_LEADER mode. State: All replicated index: 0, Majority replicated index: 0, Committed index: 0, Last appended: 0.0, Last appended by leader: 0, Current term: 0, Majority size: -1, State: 0, Mode: NON_LEADER, active raft config: opid_index: -1 OBSOLETE_local: false peers { permanent_uuid: "6859f00d5cf7462bb9853a161603dc82" member_type: VOTER last_known_addr { host: "127.11.65.193" port: 39003 } } peers { permanent_uuid: "ac0f7b7c61774bbe9406b08918ac2778" member_type: VOTER last_known_addr { host: "127.11.65.194" port: 36775 } } peers { permanent_uuid: "4df3e0fad94443cbaf72c2913a9c3c76" member_type: VOTER last_known_addr { host: "127.11.65.195" port: 45811 } }
I20260709 12:09:23.021627 12968 ts_tablet_manager.cc:1434] T 1666d63df35349a292eb57d3c96ab712 P ac0f7b7c61774bbe9406b08918ac2778: Time spent starting tablet: real 0.006s	user 0.005s	sys 0.000s
I20260709 12:09:23.022701 12968 tablet_bootstrap.cc:492] T db87a89c60e84867bd7b003060dfd525 P ac0f7b7c61774bbe9406b08918ac2778: Bootstrap starting.
I20260709 12:09:23.022832 13075 raft_consensus.cc:2804] T 3012096fdfc24eaaa15c58ab8f98ee52 P ac0f7b7c61774bbe9406b08918ac2778 [term 1 FOLLOWER]: Leader election won for term 1
I20260709 12:09:23.025564 13075 raft_consensus.cc:697] T 3012096fdfc24eaaa15c58ab8f98ee52 P ac0f7b7c61774bbe9406b08918ac2778 [term 1 LEADER]: Becoming Leader. State: Replica: ac0f7b7c61774bbe9406b08918ac2778, State: Running, Role: LEADER
I20260709 12:09:23.026551 13075 consensus_queue.cc:237] T 3012096fdfc24eaaa15c58ab8f98ee52 P ac0f7b7c61774bbe9406b08918ac2778 [LEADER]: Queue going to LEADER mode. State: All replicated index: 0, Majority replicated index: 0, Committed index: 0, Last appended: 0.0, Last appended by leader: 0, Current term: 1, Majority size: 2, State: 0, Mode: LEADER, active raft config: opid_index: -1 OBSOLETE_local: false peers { permanent_uuid: "6859f00d5cf7462bb9853a161603dc82" member_type: VOTER last_known_addr { host: "127.11.65.193" port: 39003 } } peers { permanent_uuid: "ac0f7b7c61774bbe9406b08918ac2778" member_type: VOTER last_known_addr { host: "127.11.65.194" port: 36775 } } peers { permanent_uuid: "4df3e0fad94443cbaf72c2913a9c3c76" member_type: VOTER last_known_addr { host: "127.11.65.195" port: 45811 } }
I20260709 12:09:23.029115 13084 raft_consensus.cc:493] T 7773a0ae2261484494418c82618eaa40 P 6859f00d5cf7462bb9853a161603dc82 [term 0 FOLLOWER]: Starting pre-election (no leader contacted us within the election timeout)
W20260709 12:09:23.006508 12891 leader_election.cc:343] T da5ba838a1b5429896443d2ca3e2be65 P 4df3e0fad94443cbaf72c2913a9c3c76 [CANDIDATE]: Term 1 pre-election: Tablet error from VoteRequest() call to peer 6859f00d5cf7462bb9853a161603dc82 (127.11.65.193:39003): Illegal state: must be running to vote when last-logged opid is not known
I20260709 12:09:22.977674 13122 leader_election.cc:290] T 3012096fdfc24eaaa15c58ab8f98ee52 P ac0f7b7c61774bbe9406b08918ac2778 [CANDIDATE]: Term 1 election: Requested vote from peers 6859f00d5cf7462bb9853a161603dc82 (127.11.65.193:39003), 4df3e0fad94443cbaf72c2913a9c3c76 (127.11.65.195:45811)
I20260709 12:09:22.984939 12967 raft_consensus.cc:740] T db87a89c60e84867bd7b003060dfd525 P 4df3e0fad94443cbaf72c2913a9c3c76 [term 0 FOLLOWER]: Becoming Follower/Learner. State: Replica: 4df3e0fad94443cbaf72c2913a9c3c76, State: Initialized, Role: FOLLOWER
I20260709 12:09:23.018934 12969 tablet_bootstrap.cc:492] T da5ba838a1b5429896443d2ca3e2be65 P 6859f00d5cf7462bb9853a161603dc82: Bootstrap starting.
I20260709 12:09:23.005331 12776 raft_consensus.cc:3060] T 1e132c2af5104dd39dc0ca7cd40b834f P 6859f00d5cf7462bb9853a161603dc82 [term 0 FOLLOWER]: Advancing to term 1
I20260709 12:09:23.029428 12968 tablet_bootstrap.cc:654] T db87a89c60e84867bd7b003060dfd525 P ac0f7b7c61774bbe9406b08918ac2778: Neither blocks nor log segments found. Creating new log.
I20260709 12:09:23.029729 13084 raft_consensus.cc:515] T 7773a0ae2261484494418c82618eaa40 P 6859f00d5cf7462bb9853a161603dc82 [term 0 FOLLOWER]: Starting pre-election with config: opid_index: -1 OBSOLETE_local: false peers { permanent_uuid: "6859f00d5cf7462bb9853a161603dc82" member_type: VOTER last_known_addr { host: "127.11.65.193" port: 39003 } } peers { permanent_uuid: "ac0f7b7c61774bbe9406b08918ac2778" member_type: VOTER last_known_addr { host: "127.11.65.194" port: 36775 } } peers { permanent_uuid: "4df3e0fad94443cbaf72c2913a9c3c76" member_type: VOTER last_known_addr { host: "127.11.65.195" port: 45811 } }
I20260709 12:09:23.033986 12975 consensus_queue.cc:1048] T e4a0dd6352eb49afa4521b6436eca139 P 6859f00d5cf7462bb9853a161603dc82 [LEADER]: Connected to new peer: Peer: permanent_uuid: "4df3e0fad94443cbaf72c2913a9c3c76" member_type: VOTER last_known_addr { host: "127.11.65.195" port: 45811 }, Status: LMP_MISMATCH, Last received: 0.0, Next index: 1, Last known committed idx: 0, Time since last communication: 0.025s
I20260709 12:09:23.066953 12847 tablet_service.cc:1917] Received RequestConsensusVote() RPC: tablet_id: "da5ba838a1b5429896443d2ca3e2be65" candidate_uuid: "4df3e0fad94443cbaf72c2913a9c3c76" candidate_term: 1 candidate_status { last_received { term: 0 index: 0 } } ignore_live_leader: false dest_uuid: "ac0f7b7c61774bbe9406b08918ac2778" is_pre_election: true
I20260709 12:09:23.060349 13183 leader_election.cc:290] T da5ba838a1b5429896443d2ca3e2be65 P 4df3e0fad94443cbaf72c2913a9c3c76 [CANDIDATE]: Term 1 pre-election: Requested pre-vote from peers 6859f00d5cf7462bb9853a161603dc82 (127.11.65.193:39003), ac0f7b7c61774bbe9406b08918ac2778 (127.11.65.194:36775)
I20260709 12:09:23.060813 13123 consensus_queue.cc:1048] T e524b9bab1b842daab3dca63370e48f3 P ac0f7b7c61774bbe9406b08918ac2778 [LEADER]: Connected to new peer: Peer: permanent_uuid: "4df3e0fad94443cbaf72c2913a9c3c76" member_type: VOTER last_known_addr { host: "127.11.65.195" port: 45811 }, Status: LMP_MISMATCH, Last received: 0.0, Next index: 1, Last known committed idx: 0, Time since last communication: 0.001s
I20260709 12:09:23.072479 12847 raft_consensus.cc:2468] T da5ba838a1b5429896443d2ca3e2be65 P ac0f7b7c61774bbe9406b08918ac2778 [term 0 FOLLOWER]: Leader pre-election vote request: Granting yes vote for candidate 4df3e0fad94443cbaf72c2913a9c3c76 in term 0.
W20260709 12:09:23.058275 12891 outbound_call.cc:321] RPC callback for RPC call kudu.consensus.ConsensusService.RequestConsensusVote -> {remote=127.11.65.193:39003, user_credentials={real_user=slave}} blocked reactor thread for 51809.5us
I20260709 12:09:23.067795 12969 tablet_bootstrap.cc:654] T da5ba838a1b5429896443d2ca3e2be65 P 6859f00d5cf7462bb9853a161603dc82: Neither blocks nor log segments found. Creating new log.
I20260709 12:09:23.068176 12967 consensus_queue.cc:260] T db87a89c60e84867bd7b003060dfd525 P 4df3e0fad94443cbaf72c2913a9c3c76 [NON_LEADER]: Queue going to NON_LEADER mode. State: All replicated index: 0, Majority replicated index: 0, Committed index: 0, Last appended: 0.0, Last appended by leader: 0, Current term: 0, Majority size: -1, State: 0, Mode: NON_LEADER, active raft config: opid_index: -1 OBSOLETE_local: false peers { permanent_uuid: "6859f00d5cf7462bb9853a161603dc82" member_type: VOTER last_known_addr { host: "127.11.65.193" port: 39003 } } peers { permanent_uuid: "ac0f7b7c61774bbe9406b08918ac2778" member_type: VOTER last_known_addr { host: "127.11.65.194" port: 36775 } } peers { permanent_uuid: "4df3e0fad94443cbaf72c2913a9c3c76" member_type: VOTER last_known_addr { host: "127.11.65.195" port: 45811 } }
I20260709 12:09:23.071537 12852 tablet_service.cc:1917] Received RequestConsensusVote() RPC: tablet_id: "7773a0ae2261484494418c82618eaa40" candidate_uuid: "6859f00d5cf7462bb9853a161603dc82" candidate_term: 1 candidate_status { last_received { term: 0 index: 0 } } ignore_live_leader: false dest_uuid: "ac0f7b7c61774bbe9406b08918ac2778" is_pre_election: true
I20260709 12:09:23.082310 12852 raft_consensus.cc:2468] T 7773a0ae2261484494418c82618eaa40 P ac0f7b7c61774bbe9406b08918ac2778 [term 0 FOLLOWER]: Leader pre-election vote request: Granting yes vote for candidate 6859f00d5cf7462bb9853a161603dc82 in term 0.
I20260709 12:09:23.067404 13084 leader_election.cc:290] T 7773a0ae2261484494418c82618eaa40 P 6859f00d5cf7462bb9853a161603dc82 [CANDIDATE]: Term 1 pre-election: Requested pre-vote from peers ac0f7b7c61774bbe9406b08918ac2778 (127.11.65.194:36775), 4df3e0fad94443cbaf72c2913a9c3c76 (127.11.65.195:45811)
I20260709 12:09:23.073887 12924 tablet_service.cc:1917] Received RequestConsensusVote() RPC: tablet_id: "7773a0ae2261484494418c82618eaa40" candidate_uuid: "6859f00d5cf7462bb9853a161603dc82" candidate_term: 1 candidate_status { last_received { term: 0 index: 0 } } ignore_live_leader: false dest_uuid: "4df3e0fad94443cbaf72c2913a9c3c76" is_pre_election: true
I20260709 12:09:23.083676 12967 ts_tablet_manager.cc:1434] T db87a89c60e84867bd7b003060dfd525 P 4df3e0fad94443cbaf72c2913a9c3c76: Time spent starting tablet: real 0.118s	user 0.005s	sys 0.006s
I20260709 12:09:23.084071 12924 raft_consensus.cc:2468] T 7773a0ae2261484494418c82618eaa40 P 4df3e0fad94443cbaf72c2913a9c3c76 [term 0 FOLLOWER]: Leader pre-election vote request: Granting yes vote for candidate 6859f00d5cf7462bb9853a161603dc82 in term 0.
I20260709 12:09:23.084722 12967 tablet_bootstrap.cc:492] T 7487c18246334eb8aa7c26d9c264788b P 4df3e0fad94443cbaf72c2913a9c3c76: Bootstrap starting.
I20260709 12:09:23.089301 12890 leader_election.cc:304] T da5ba838a1b5429896443d2ca3e2be65 P 4df3e0fad94443cbaf72c2913a9c3c76 [CANDIDATE]: Term 1 pre-election: Election decided. Result: candidate won. Election summary: received 3 responses out of 3 voters: 2 yes votes; 1 no votes. yes voters: 4df3e0fad94443cbaf72c2913a9c3c76, ac0f7b7c61774bbe9406b08918ac2778; no voters: 6859f00d5cf7462bb9853a161603dc82
I20260709 12:09:23.090739 13183 raft_consensus.cc:2804] T da5ba838a1b5429896443d2ca3e2be65 P 4df3e0fad94443cbaf72c2913a9c3c76 [term 0 FOLLOWER]: Leader pre-election won for term 1
I20260709 12:09:23.091212 13183 raft_consensus.cc:493] T da5ba838a1b5429896443d2ca3e2be65 P 4df3e0fad94443cbaf72c2913a9c3c76 [term 0 FOLLOWER]: Starting leader election (no leader contacted us within the election timeout)
I20260709 12:09:23.091451 12741 leader_election.cc:304] T 7773a0ae2261484494418c82618eaa40 P 6859f00d5cf7462bb9853a161603dc82 [CANDIDATE]: Term 1 pre-election: Election decided. Result: candidate won. Election summary: received 2 responses out of 3 voters: 2 yes votes; 0 no votes. yes voters: 4df3e0fad94443cbaf72c2913a9c3c76, 6859f00d5cf7462bb9853a161603dc82; no voters: 
I20260709 12:09:23.091660 13183 raft_consensus.cc:3060] T da5ba838a1b5429896443d2ca3e2be65 P 4df3e0fad94443cbaf72c2913a9c3c76 [term 0 FOLLOWER]: Advancing to term 1
I20260709 12:09:23.096199 12968 tablet_bootstrap.cc:492] T db87a89c60e84867bd7b003060dfd525 P ac0f7b7c61774bbe9406b08918ac2778: No bootstrap required, opened a new log
I20260709 12:09:23.096832 12968 ts_tablet_manager.cc:1403] T db87a89c60e84867bd7b003060dfd525 P ac0f7b7c61774bbe9406b08918ac2778: Time spent bootstrapping tablet: real 0.074s	user 0.003s	sys 0.009s
I20260709 12:09:23.103694 13084 raft_consensus.cc:2804] T 7773a0ae2261484494418c82618eaa40 P 6859f00d5cf7462bb9853a161603dc82 [term 0 FOLLOWER]: Leader pre-election won for term 1
I20260709 12:09:23.104488 13084 raft_consensus.cc:493] T 7773a0ae2261484494418c82618eaa40 P 6859f00d5cf7462bb9853a161603dc82 [term 0 FOLLOWER]: Starting leader election (no leader contacted us within the election timeout)
I20260709 12:09:23.105576 13084 raft_consensus.cc:3060] T 7773a0ae2261484494418c82618eaa40 P 6859f00d5cf7462bb9853a161603dc82 [term 0 FOLLOWER]: Advancing to term 1
I20260709 12:09:23.104646 13057 raft_consensus.cc:493] T dab0c7e957664ad8beb49a429163c48c P 4df3e0fad94443cbaf72c2913a9c3c76 [term 0 FOLLOWER]: Starting pre-election (no leader contacted us within the election timeout)
