I20260709 12:09:17.593597  5074 consensus_queue.cc:1048] T 0e7b07518a00402aaa235a0d34263b1f P 8de40fe2bb814adcbe13958669063dc9 [LEADER]: Connected to new peer: Peer: permanent_uuid: "baa50eb5ed704004b7f391934a59d010" member_type: VOTER last_known_addr { host: "127.3.163.67" port: 40575 }, Status: LMP_MISMATCH, Last received: 0.0, Next index: 1, Last known committed idx: 0, Time since last communication: 0.000s
I20260709 12:09:17.577319  5191 raft_consensus.cc:515] T fedd910b0097474d987abca8337e4e48 P baa50eb5ed704004b7f391934a59d010 [term 1 FOLLOWER]: Starting leader election with config: opid_index: -1 OBSOLETE_local: false peers { permanent_uuid: "4f3bf546572147c3abe4522189e86ce6" member_type: VOTER last_known_addr { host: "127.3.163.65" port: 38799 } } peers { permanent_uuid: "8de40fe2bb814adcbe13958669063dc9" member_type: VOTER last_known_addr { host: "127.3.163.66" port: 43473 } } peers { permanent_uuid: "baa50eb5ed704004b7f391934a59d010" member_type: VOTER last_known_addr { host: "127.3.163.67" port: 40575 } }
I20260709 12:09:17.593698  4917 leader_election.cc:304] T 811353fb6b174f3e96608844f05794de P 8de40fe2bb814adcbe13958669063dc9 [CANDIDATE]: Term 1 election: Election decided. Result: candidate won. Election summary: received 3 responses out of 3 voters: 2 yes votes; 1 no votes. yes voters: 4f3bf546572147c3abe4522189e86ce6, 8de40fe2bb814adcbe13958669063dc9; no voters: baa50eb5ed704004b7f391934a59d010
I20260709 12:09:17.597424  5136 raft_consensus.cc:2804] T 811353fb6b174f3e96608844f05794de P 8de40fe2bb814adcbe13958669063dc9 [term 1 FOLLOWER]: Leader election won for term 1
I20260709 12:09:17.597894  5136 raft_consensus.cc:697] T 811353fb6b174f3e96608844f05794de P 8de40fe2bb814adcbe13958669063dc9 [term 1 LEADER]: Becoming Leader. State: Replica: 8de40fe2bb814adcbe13958669063dc9, State: Running, Role: LEADER
I20260709 12:09:17.598531  4873 tablet_service.cc:1917] Received RequestConsensusVote() RPC: tablet_id: "fedd910b0097474d987abca8337e4e48" candidate_uuid: "baa50eb5ed704004b7f391934a59d010" candidate_term: 1 candidate_status { last_received { term: 0 index: 0 } } ignore_live_leader: false dest_uuid: "4f3bf546572147c3abe4522189e86ce6"
I20260709 12:09:17.599102  4873 raft_consensus.cc:3060] T fedd910b0097474d987abca8337e4e48 P 4f3bf546572147c3abe4522189e86ce6 [term 0 FOLLOWER]: Advancing to term 1
I20260709 12:09:17.598747  5136 consensus_queue.cc:237] T 811353fb6b174f3e96608844f05794de P 8de40fe2bb814adcbe13958669063dc9 [LEADER]: Queue going to LEADER mode. State: All replicated index: 0, Majority replicated index: 0, Committed index: 0, Last appended: 0.0, Last appended by leader: 0, Current term: 1, Majority size: 2, State: 0, Mode: LEADER, active raft config: opid_index: -1 OBSOLETE_local: false peers { permanent_uuid: "4f3bf546572147c3abe4522189e86ce6" member_type: VOTER last_known_addr { host: "127.3.163.65" port: 38799 } } peers { permanent_uuid: "8de40fe2bb814adcbe13958669063dc9" member_type: VOTER last_known_addr { host: "127.3.163.66" port: 43473 } } peers { permanent_uuid: "baa50eb5ed704004b7f391934a59d010" member_type: VOTER last_known_addr { host: "127.3.163.67" port: 40575 } }
I20260709 12:09:17.599493  5137 raft_consensus.cc:493] T 7d89e729329948059879ed6f44a07690 P 8de40fe2bb814adcbe13958669063dc9 [term 0 FOLLOWER]: Starting pre-election (no leader contacted us within the election timeout)
I20260709 12:09:17.599987  5137 raft_consensus.cc:515] T 7d89e729329948059879ed6f44a07690 P 8de40fe2bb814adcbe13958669063dc9 [term 0 FOLLOWER]: Starting pre-election with config: opid_index: -1 OBSOLETE_local: false peers { permanent_uuid: "4f3bf546572147c3abe4522189e86ce6" member_type: VOTER last_known_addr { host: "127.3.163.65" port: 38799 } } peers { permanent_uuid: "8de40fe2bb814adcbe13958669063dc9" member_type: VOTER last_known_addr { host: "127.3.163.66" port: 43473 } } peers { permanent_uuid: "baa50eb5ed704004b7f391934a59d010" member_type: VOTER last_known_addr { host: "127.3.163.67" port: 40575 } }
I20260709 12:09:17.601987  5137 leader_election.cc:290] T 7d89e729329948059879ed6f44a07690 P 8de40fe2bb814adcbe13958669063dc9 [CANDIDATE]: Term 1 pre-election: Requested pre-vote from peers 4f3bf546572147c3abe4522189e86ce6 (127.3.163.65:38799), baa50eb5ed704004b7f391934a59d010 (127.3.163.67:40575)
I20260709 12:09:17.603660  4949 tablet_service.cc:1917] Received RequestConsensusVote() RPC: tablet_id: "fedd910b0097474d987abca8337e4e48" candidate_uuid: "baa50eb5ed704004b7f391934a59d010" candidate_term: 1 candidate_status { last_received { term: 0 index: 0 } } ignore_live_leader: false dest_uuid: "8de40fe2bb814adcbe13958669063dc9"
W20260709 12:09:17.606827  4988 leader_election.cc:343] T fedd910b0097474d987abca8337e4e48 P baa50eb5ed704004b7f391934a59d010 [CANDIDATE]: Term 1 election: Tablet error from VoteRequest() call to peer 8de40fe2bb814adcbe13958669063dc9 (127.3.163.66:43473): Illegal state: must be running to vote when last-logged opid is not known
I20260709 12:09:17.606683  4771 catalog_manager.cc:5697] T b33c26da92464c7896c3c4d2243075e8 P 4f3bf546572147c3abe4522189e86ce6 reported cstate change: term changed from 0 to 1, leader changed from <none> to 4f3bf546572147c3abe4522189e86ce6 (127.3.163.65). New cstate: current_term: 1 leader_uuid: "4f3bf546572147c3abe4522189e86ce6" committed_config { opid_index: -1 OBSOLETE_local: false peers { permanent_uuid: "4f3bf546572147c3abe4522189e86ce6" member_type: VOTER last_known_addr { host: "127.3.163.65" port: 38799 } health_report { overall_health: HEALTHY } } peers { permanent_uuid: "8de40fe2bb814adcbe13958669063dc9" member_type: VOTER last_known_addr { host: "127.3.163.66" port: 43473 } health_report { overall_health: UNKNOWN } } peers { permanent_uuid: "baa50eb5ed704004b7f391934a59d010" member_type: VOTER last_known_addr { host: "127.3.163.67" port: 40575 } health_report { overall_health: UNKNOWN } } }
I20260709 12:09:17.608897  5025 tablet_service.cc:1917] Received RequestConsensusVote() RPC: tablet_id: "7d89e729329948059879ed6f44a07690" candidate_uuid: "8de40fe2bb814adcbe13958669063dc9" candidate_term: 1 candidate_status { last_received { term: 0 index: 0 } } ignore_live_leader: false dest_uuid: "baa50eb5ed704004b7f391934a59d010" is_pre_election: true
I20260709 12:09:17.609449  5025 raft_consensus.cc:2468] T 7d89e729329948059879ed6f44a07690 P baa50eb5ed704004b7f391934a59d010 [term 0 FOLLOWER]: Leader pre-election vote request: Granting yes vote for candidate 8de40fe2bb814adcbe13958669063dc9 in term 0.
I20260709 12:09:17.610616  4872 tablet_service.cc:1917] Received RequestConsensusVote() RPC: tablet_id: "7d89e729329948059879ed6f44a07690" candidate_uuid: "8de40fe2bb814adcbe13958669063dc9" candidate_term: 1 candidate_status { last_received { term: 0 index: 0 } } ignore_live_leader: false dest_uuid: "4f3bf546572147c3abe4522189e86ce6" is_pre_election: true
I20260709 12:09:17.611199  4872 raft_consensus.cc:2468] T 7d89e729329948059879ed6f44a07690 P 4f3bf546572147c3abe4522189e86ce6 [term 0 FOLLOWER]: Leader pre-election vote request: Granting yes vote for candidate 8de40fe2bb814adcbe13958669063dc9 in term 0.
I20260709 12:09:17.614173  4915 leader_election.cc:304] T 7d89e729329948059879ed6f44a07690 P 8de40fe2bb814adcbe13958669063dc9 [CANDIDATE]: Term 1 pre-election: Election decided. Result: candidate won. Election summary: received 2 responses out of 3 voters: 2 yes votes; 0 no votes. yes voters: 8de40fe2bb814adcbe13958669063dc9, baa50eb5ed704004b7f391934a59d010; no voters: 
I20260709 12:09:17.614943  5137 raft_consensus.cc:2804] T 7d89e729329948059879ed6f44a07690 P 8de40fe2bb814adcbe13958669063dc9 [term 0 FOLLOWER]: Leader pre-election won for term 1
I20260709 12:09:17.615276  5137 raft_consensus.cc:493] T 7d89e729329948059879ed6f44a07690 P 8de40fe2bb814adcbe13958669063dc9 [term 0 FOLLOWER]: Starting leader election (no leader contacted us within the election timeout)
I20260709 12:09:17.615576  5137 raft_consensus.cc:3060] T 7d89e729329948059879ed6f44a07690 P 8de40fe2bb814adcbe13958669063dc9 [term 0 FOLLOWER]: Advancing to term 1
I20260709 12:09:17.622305  5074 consensus_queue.cc:1048] T e66df43bc3234fd5b769c5dc5afc1096 P 8de40fe2bb814adcbe13958669063dc9 [LEADER]: Connected to new peer: Peer: permanent_uuid: "4f3bf546572147c3abe4522189e86ce6" member_type: VOTER last_known_addr { host: "127.3.163.65" port: 38799 }, Status: LMP_MISMATCH, Last received: 0.0, Next index: 1, Last known committed idx: 0, Time since last communication: 0.000s
I20260709 12:09:17.622411  5137 raft_consensus.cc:515] T 7d89e729329948059879ed6f44a07690 P 8de40fe2bb814adcbe13958669063dc9 [term 1 FOLLOWER]: Starting leader election with config: opid_index: -1 OBSOLETE_local: false peers { permanent_uuid: "4f3bf546572147c3abe4522189e86ce6" member_type: VOTER last_known_addr { host: "127.3.163.65" port: 38799 } } peers { permanent_uuid: "8de40fe2bb814adcbe13958669063dc9" member_type: VOTER last_known_addr { host: "127.3.163.66" port: 43473 } } peers { permanent_uuid: "baa50eb5ed704004b7f391934a59d010" member_type: VOTER last_known_addr { host: "127.3.163.67" port: 40575 } }
I20260709 12:09:17.624653  5137 leader_election.cc:290] T 7d89e729329948059879ed6f44a07690 P 8de40fe2bb814adcbe13958669063dc9 [CANDIDATE]: Term 1 election: Requested vote from peers 4f3bf546572147c3abe4522189e86ce6 (127.3.163.65:38799), baa50eb5ed704004b7f391934a59d010 (127.3.163.67:40575)
I20260709 12:09:17.625527  4875 tablet_service.cc:1917] Received RequestConsensusVote() RPC: tablet_id: "7d89e729329948059879ed6f44a07690" candidate_uuid: "8de40fe2bb814adcbe13958669063dc9" candidate_term: 1 candidate_status { last_received { term: 0 index: 0 } } ignore_live_leader: false dest_uuid: "4f3bf546572147c3abe4522189e86ce6"
I20260709 12:09:17.626099  4875 raft_consensus.cc:3060] T 7d89e729329948059879ed6f44a07690 P 4f3bf546572147c3abe4522189e86ce6 [term 0 FOLLOWER]: Advancing to term 1
I20260709 12:09:17.632879  4875 raft_consensus.cc:2468] T 7d89e729329948059879ed6f44a07690 P 4f3bf546572147c3abe4522189e86ce6 [term 1 FOLLOWER]: Leader election vote request: Granting yes vote for candidate 8de40fe2bb814adcbe13958669063dc9 in term 1.
I20260709 12:09:17.636391  5025 tablet_service.cc:1917] Received RequestConsensusVote() RPC: tablet_id: "7d89e729329948059879ed6f44a07690" candidate_uuid: "8de40fe2bb814adcbe13958669063dc9" candidate_term: 1 candidate_status { last_received { term: 0 index: 0 } } ignore_live_leader: false dest_uuid: "baa50eb5ed704004b7f391934a59d010"
I20260709 12:09:17.636996  5025 raft_consensus.cc:3060] T 7d89e729329948059879ed6f44a07690 P baa50eb5ed704004b7f391934a59d010 [term 0 FOLLOWER]: Advancing to term 1
I20260709 12:09:17.638463  4917 leader_election.cc:304] T 7d89e729329948059879ed6f44a07690 P 8de40fe2bb814adcbe13958669063dc9 [CANDIDATE]: Term 1 election: Election decided. Result: candidate won. Election summary: received 2 responses out of 3 voters: 2 yes votes; 0 no votes. yes voters: 4f3bf546572147c3abe4522189e86ce6, 8de40fe2bb814adcbe13958669063dc9; no voters: 
I20260709 12:09:17.639302  5074 raft_consensus.cc:2804] T 7d89e729329948059879ed6f44a07690 P 8de40fe2bb814adcbe13958669063dc9 [term 1 FOLLOWER]: Leader election won for term 1
I20260709 12:09:17.641045  5164 leader_election.cc:290] T 811353fb6b174f3e96608844f05794de P 8de40fe2bb814adcbe13958669063dc9 [CANDIDATE]: Term 1 election: Requested vote from peers 4f3bf546572147c3abe4522189e86ce6 (127.3.163.65:38799), baa50eb5ed704004b7f391934a59d010 (127.3.163.67:40575)
I20260709 12:09:17.643146  5025 raft_consensus.cc:2468] T 7d89e729329948059879ed6f44a07690 P baa50eb5ed704004b7f391934a59d010 [term 1 FOLLOWER]: Leader election vote request: Granting yes vote for candidate 8de40fe2bb814adcbe13958669063dc9 in term 1.
W20260709 12:09:17.644301  4917 consensus_peers.cc:597] T 7d62e31abaf34e25ad480865e4285e64 P 8de40fe2bb814adcbe13958669063dc9 -> Peer 4f3bf546572147c3abe4522189e86ce6 (127.3.163.65:38799): Couldn't send request to peer 4f3bf546572147c3abe4522189e86ce6. Error code: TABLET_NOT_RUNNING (12). Status: Illegal state: Tablet not RUNNING: INITIALIZED. This is attempt 1: this message will repeat every 5th retry.
I20260709 12:09:17.646425  5067 tablet_bootstrap.cc:492] T ecf61812afc64320acafb43ddc29f4a2 P 4f3bf546572147c3abe4522189e86ce6: No bootstrap required, opened a new log
I20260709 12:09:17.647320  5067 ts_tablet_manager.cc:1403] T ecf61812afc64320acafb43ddc29f4a2 P 4f3bf546572147c3abe4522189e86ce6: Time spent bootstrapping tablet: real 0.197s	user 0.017s	sys 0.011s
I20260709 12:09:17.649207  5065 tablet_bootstrap.cc:492] T 97f05b369a3a4067afed9c87ba39f448 P 8de40fe2bb814adcbe13958669063dc9: No bootstrap required, opened a new log
I20260709 12:09:17.653575  5065 ts_tablet_manager.cc:1403] T 97f05b369a3a4067afed9c87ba39f448 P 8de40fe2bb814adcbe13958669063dc9: Time spent bootstrapping tablet: real 0.172s	user 0.019s	sys 0.004s
I20260709 12:09:17.652535  5203 consensus_queue.cc:1048] T 7d62e31abaf34e25ad480865e4285e64 P 8de40fe2bb814adcbe13958669063dc9 [LEADER]: Connected to new peer: Peer: permanent_uuid: "baa50eb5ed704004b7f391934a59d010" member_type: VOTER last_known_addr { host: "127.3.163.67" port: 40575 }, Status: LMP_MISMATCH, Last received: 0.0, Next index: 1, Last known committed idx: 0, Time since last communication: 0.002s
I20260709 12:09:17.649905  5191 leader_election.cc:290] T fedd910b0097474d987abca8337e4e48 P baa50eb5ed704004b7f391934a59d010 [CANDIDATE]: Term 1 election: Requested vote from peers 4f3bf546572147c3abe4522189e86ce6 (127.3.163.65:38799), 8de40fe2bb814adcbe13958669063dc9 (127.3.163.66:43473)
I20260709 12:09:17.658150  5065 raft_consensus.cc:359] T 97f05b369a3a4067afed9c87ba39f448 P 8de40fe2bb814adcbe13958669063dc9 [term 0 FOLLOWER]: Replica starting. Triggering 0 pending ops. Active config: opid_index: -1 OBSOLETE_local: false peers { permanent_uuid: "4f3bf546572147c3abe4522189e86ce6" member_type: VOTER last_known_addr { host: "127.3.163.65" port: 38799 } } peers { permanent_uuid: "8de40fe2bb814adcbe13958669063dc9" member_type: VOTER last_known_addr { host: "127.3.163.66" port: 43473 } } peers { permanent_uuid: "baa50eb5ed704004b7f391934a59d010" member_type: VOTER last_known_addr { host: "127.3.163.67" port: 40575 } }
I20260709 12:09:17.658814  5065 raft_consensus.cc:385] T 97f05b369a3a4067afed9c87ba39f448 P 8de40fe2bb814adcbe13958669063dc9 [term 0 FOLLOWER]: Consensus starting up: Expiring failure detector timer to make a prompt election more likely
I20260709 12:09:17.659247  5065 raft_consensus.cc:740] T 97f05b369a3a4067afed9c87ba39f448 P 8de40fe2bb814adcbe13958669063dc9 [term 0 FOLLOWER]: Becoming Follower/Learner. State: Replica: 8de40fe2bb814adcbe13958669063dc9, State: Initialized, Role: FOLLOWER
I20260709 12:09:17.649786  5067 raft_consensus.cc:359] T ecf61812afc64320acafb43ddc29f4a2 P 4f3bf546572147c3abe4522189e86ce6 [term 0 FOLLOWER]: Replica starting. Triggering 0 pending ops. Active config: opid_index: -1 OBSOLETE_local: false peers { permanent_uuid: "4f3bf546572147c3abe4522189e86ce6" member_type: VOTER last_known_addr { host: "127.3.163.65" port: 38799 } } peers { permanent_uuid: "8de40fe2bb814adcbe13958669063dc9" member_type: VOTER last_known_addr { host: "127.3.163.66" port: 43473 } } peers { permanent_uuid: "baa50eb5ed704004b7f391934a59d010" member_type: VOTER last_known_addr { host: "127.3.163.67" port: 40575 } }
I20260709 12:09:17.652962  5074 raft_consensus.cc:697] T 7d89e729329948059879ed6f44a07690 P 8de40fe2bb814adcbe13958669063dc9 [term 1 LEADER]: Becoming Leader. State: Replica: 8de40fe2bb814adcbe13958669063dc9, State: Running, Role: LEADER
I20260709 12:09:17.660562  5067 raft_consensus.cc:385] T ecf61812afc64320acafb43ddc29f4a2 P 4f3bf546572147c3abe4522189e86ce6 [term 0 FOLLOWER]: Consensus starting up: Expiring failure detector timer to make a prompt election more likely
I20260709 12:09:17.660907  5067 raft_consensus.cc:740] T ecf61812afc64320acafb43ddc29f4a2 P 4f3bf546572147c3abe4522189e86ce6 [term 0 FOLLOWER]: Becoming Follower/Learner. State: Replica: 4f3bf546572147c3abe4522189e86ce6, State: Initialized, Role: FOLLOWER
I20260709 12:09:17.659907  5065 consensus_queue.cc:260] T 97f05b369a3a4067afed9c87ba39f448 P 8de40fe2bb814adcbe13958669063dc9 [NON_LEADER]: Queue going to NON_LEADER mode. State: All replicated index: 0, Majority replicated index: 0, Committed index: 0, Last appended: 0.0, Last appended by leader: 0, Current term: 0, Majority size: -1, State: 0, Mode: NON_LEADER, active raft config: opid_index: -1 OBSOLETE_local: false peers { permanent_uuid: "4f3bf546572147c3abe4522189e86ce6" member_type: VOTER last_known_addr { host: "127.3.163.65" port: 38799 } } peers { permanent_uuid: "8de40fe2bb814adcbe13958669063dc9" member_type: VOTER last_known_addr { host: "127.3.163.66" port: 43473 } } peers { permanent_uuid: "baa50eb5ed704004b7f391934a59d010" member_type: VOTER last_known_addr { host: "127.3.163.67" port: 40575 } }
I20260709 12:09:17.661860  5067 consensus_queue.cc:260] T ecf61812afc64320acafb43ddc29f4a2 P 4f3bf546572147c3abe4522189e86ce6 [NON_LEADER]: Queue going to NON_LEADER mode. State: All replicated index: 0, Majority replicated index: 0, Committed index: 0, Last appended: 0.0, Last appended by leader: 0, Current term: 0, Majority size: -1, State: 0, Mode: NON_LEADER, active raft config: opid_index: -1 OBSOLETE_local: false peers { permanent_uuid: "4f3bf546572147c3abe4522189e86ce6" member_type: VOTER last_known_addr { host: "127.3.163.65" port: 38799 } } peers { permanent_uuid: "8de40fe2bb814adcbe13958669063dc9" member_type: VOTER last_known_addr { host: "127.3.163.66" port: 43473 } } peers { permanent_uuid: "baa50eb5ed704004b7f391934a59d010" member_type: VOTER last_known_addr { host: "127.3.163.67" port: 40575 } }
I20260709 12:09:17.661131  5074 consensus_queue.cc:237] T 7d89e729329948059879ed6f44a07690 P 8de40fe2bb814adcbe13958669063dc9 [LEADER]: Queue going to LEADER mode. State: All replicated index: 0, Majority replicated index: 0, Committed index: 0, Last appended: 0.0, Last appended by leader: 0, Current term: 1, Majority size: 2, State: 0, Mode: LEADER, active raft config: opid_index: -1 OBSOLETE_local: false peers { permanent_uuid: "4f3bf546572147c3abe4522189e86ce6" member_type: VOTER last_known_addr { host: "127.3.163.65" port: 38799 } } peers { permanent_uuid: "8de40fe2bb814adcbe13958669063dc9" member_type: VOTER last_known_addr { host: "127.3.163.66" port: 43473 } } peers { permanent_uuid: "baa50eb5ed704004b7f391934a59d010" member_type: VOTER last_known_addr { host: "127.3.163.67" port: 40575 } }
I20260709 12:09:17.663657  5065 ts_tablet_manager.cc:1434] T 97f05b369a3a4067afed9c87ba39f448 P 8de40fe2bb814adcbe13958669063dc9: Time spent starting tablet: real 0.010s	user 0.006s	sys 0.000s
I20260709 12:09:17.664263  5067 ts_tablet_manager.cc:1434] T ecf61812afc64320acafb43ddc29f4a2 P 4f3bf546572147c3abe4522189e86ce6: Time spent starting tablet: real 0.017s	user 0.007s	sys 0.001s
I20260709 12:09:17.665273  5067 tablet_bootstrap.cc:492] T 4be803cbf3854da89561de85968acd64 P 4f3bf546572147c3abe4522189e86ce6: Bootstrap starting.
I20260709 12:09:17.668689  5066 tablet_bootstrap.cc:492] T b33c26da92464c7896c3c4d2243075e8 P baa50eb5ed704004b7f391934a59d010: No bootstrap required, opened a new log
I20260709 12:09:17.669143  5066 ts_tablet_manager.cc:1403] T b33c26da92464c7896c3c4d2243075e8 P baa50eb5ed704004b7f391934a59d010: Time spent bootstrapping tablet: real 0.127s	user 0.043s	sys 0.073s
I20260709 12:09:17.671077  5067 tablet_bootstrap.cc:654] T 4be803cbf3854da89561de85968acd64 P 4f3bf546572147c3abe4522189e86ce6: Neither blocks nor log segments found. Creating new log.
I20260709 12:09:17.671476  5066 raft_consensus.cc:359] T b33c26da92464c7896c3c4d2243075e8 P baa50eb5ed704004b7f391934a59d010 [term 0 FOLLOWER]: Replica starting. Triggering 0 pending ops. Active config: opid_index: -1 OBSOLETE_local: false peers { permanent_uuid: "4f3bf546572147c3abe4522189e86ce6" member_type: VOTER last_known_addr { host: "127.3.163.65" port: 38799 } } peers { permanent_uuid: "8de40fe2bb814adcbe13958669063dc9" member_type: VOTER last_known_addr { host: "127.3.163.66" port: 43473 } } peers { permanent_uuid: "baa50eb5ed704004b7f391934a59d010" member_type: VOTER last_known_addr { host: "127.3.163.67" port: 40575 } }
I20260709 12:09:17.672096  5066 raft_consensus.cc:385] T b33c26da92464c7896c3c4d2243075e8 P baa50eb5ed704004b7f391934a59d010 [term 0 FOLLOWER]: Consensus starting up: Expiring failure detector timer to make a prompt election more likely
I20260709 12:09:17.672354  5066 raft_consensus.cc:740] T b33c26da92464c7896c3c4d2243075e8 P baa50eb5ed704004b7f391934a59d010 [term 0 FOLLOWER]: Becoming Follower/Learner. State: Replica: baa50eb5ed704004b7f391934a59d010, State: Initialized, Role: FOLLOWER
I20260709 12:09:17.672989  5066 consensus_queue.cc:260] T b33c26da92464c7896c3c4d2243075e8 P baa50eb5ed704004b7f391934a59d010 [NON_LEADER]: Queue going to NON_LEADER mode. State: All replicated index: 0, Majority replicated index: 0, Committed index: 0, Last appended: 0.0, Last appended by leader: 0, Current term: 0, Majority size: -1, State: 0, Mode: NON_LEADER, active raft config: opid_index: -1 OBSOLETE_local: false peers { permanent_uuid: "4f3bf546572147c3abe4522189e86ce6" member_type: VOTER last_known_addr { host: "127.3.163.65" port: 38799 } } peers { permanent_uuid: "8de40fe2bb814adcbe13958669063dc9" member_type: VOTER last_known_addr { host: "127.3.163.66" port: 43473 } } peers { permanent_uuid: "baa50eb5ed704004b7f391934a59d010" member_type: VOTER last_known_addr { host: "127.3.163.67" port: 40575 } }
I20260709 12:09:17.675542  5066 ts_tablet_manager.cc:1434] T b33c26da92464c7896c3c4d2243075e8 P baa50eb5ed704004b7f391934a59d010: Time spent starting tablet: real 0.006s	user 0.005s	sys 0.000s
I20260709 12:09:17.676321  5066 tablet_bootstrap.cc:492] T 4be803cbf3854da89561de85968acd64 P baa50eb5ed704004b7f391934a59d010: Bootstrap starting.
I20260709 12:09:17.680686  5190 raft_consensus.cc:493] T e66df43bc3234fd5b769c5dc5afc1096 P baa50eb5ed704004b7f391934a59d010 [term 0 FOLLOWER]: Starting pre-election (no leader contacted us within the election timeout)
I20260709 12:09:17.681623  5066 tablet_bootstrap.cc:654] T 4be803cbf3854da89561de85968acd64 P baa50eb5ed704004b7f391934a59d010: Neither blocks nor log segments found. Creating new log.
I20260709 12:09:17.681511  5190 raft_consensus.cc:515] T e66df43bc3234fd5b769c5dc5afc1096 P baa50eb5ed704004b7f391934a59d010 [term 0 FOLLOWER]: Starting pre-election with config: opid_index: -1 OBSOLETE_local: false peers { permanent_uuid: "4f3bf546572147c3abe4522189e86ce6" member_type: VOTER last_known_addr { host: "127.3.163.65" port: 38799 } } peers { permanent_uuid: "8de40fe2bb814adcbe13958669063dc9" member_type: VOTER last_known_addr { host: "127.3.163.66" port: 43473 } } peers { permanent_uuid: "baa50eb5ed704004b7f391934a59d010" member_type: VOTER last_known_addr { host: "127.3.163.67" port: 40575 } }
I20260709 12:09:17.683247  5100 raft_consensus.cc:493] T 1f8b0320f7e94e2688e2a1d2005746ef P 4f3bf546572147c3abe4522189e86ce6 [term 0 FOLLOWER]: Starting pre-election (no leader contacted us within the election timeout)
I20260709 12:09:17.683689  5100 raft_consensus.cc:515] T 1f8b0320f7e94e2688e2a1d2005746ef P 4f3bf546572147c3abe4522189e86ce6 [term 0 FOLLOWER]: Starting pre-election with config: opid_index: -1 OBSOLETE_local: false peers { permanent_uuid: "4f3bf546572147c3abe4522189e86ce6" member_type: VOTER last_known_addr { host: "127.3.163.65" port: 38799 } } peers { permanent_uuid: "8de40fe2bb814adcbe13958669063dc9" member_type: VOTER last_known_addr { host: "127.3.163.66" port: 43473 } } peers { permanent_uuid: "baa50eb5ed704004b7f391934a59d010" member_type: VOTER last_known_addr { host: "127.3.163.67" port: 40575 } }
I20260709 12:09:17.684378  4875 tablet_service.cc:1917] Received RequestConsensusVote() RPC: tablet_id: "e66df43bc3234fd5b769c5dc5afc1096" candidate_uuid: "baa50eb5ed704004b7f391934a59d010" candidate_term: 1 candidate_status { last_received { term: 0 index: 0 } } ignore_live_leader: false dest_uuid: "4f3bf546572147c3abe4522189e86ce6" is_pre_election: true
I20260709 12:09:17.685731  5100 leader_election.cc:290] T 1f8b0320f7e94e2688e2a1d2005746ef P 4f3bf546572147c3abe4522189e86ce6 [CANDIDATE]: Term 1 pre-election: Requested pre-vote from peers 8de40fe2bb814adcbe13958669063dc9 (127.3.163.66:43473), baa50eb5ed704004b7f391934a59d010 (127.3.163.67:40575)
I20260709 12:09:17.686676  5066 tablet_bootstrap.cc:492] T 4be803cbf3854da89561de85968acd64 P baa50eb5ed704004b7f391934a59d010: No bootstrap required, opened a new log
I20260709 12:09:17.687129  5066 ts_tablet_manager.cc:1403] T 4be803cbf3854da89561de85968acd64 P baa50eb5ed704004b7f391934a59d010: Time spent bootstrapping tablet: real 0.011s	user 0.008s	sys 0.000s
I20260709 12:09:17.687569  4951 tablet_service.cc:1917] Received RequestConsensusVote() RPC: tablet_id: "1f8b0320f7e94e2688e2a1d2005746ef" candidate_uuid: "4f3bf546572147c3abe4522189e86ce6" candidate_term: 1 candidate_status { last_received { term: 0 index: 0 } } ignore_live_leader: false dest_uuid: "8de40fe2bb814adcbe13958669063dc9" is_pre_election: true
I20260709 12:09:17.688373  5024 tablet_service.cc:1917] Received RequestConsensusVote() RPC: tablet_id: "1f8b0320f7e94e2688e2a1d2005746ef" candidate_uuid: "4f3bf546572147c3abe4522189e86ce6" candidate_term: 1 candidate_status { last_received { term: 0 index: 0 } } ignore_live_leader: false dest_uuid: "baa50eb5ed704004b7f391934a59d010" is_pre_election: true
W20260709 12:09:17.688966  4839 leader_election.cc:343] T 1f8b0320f7e94e2688e2a1d2005746ef P 4f3bf546572147c3abe4522189e86ce6 [CANDIDATE]: Term 1 pre-election: Tablet error from VoteRequest() call to peer 8de40fe2bb814adcbe13958669063dc9 (127.3.163.66:43473): Illegal state: must be running to vote when last-logged opid is not known
I20260709 12:09:17.689410  5066 raft_consensus.cc:359] T 4be803cbf3854da89561de85968acd64 P baa50eb5ed704004b7f391934a59d010 [term 0 FOLLOWER]: Replica starting. Triggering 0 pending ops. Active config: opid_index: -1 OBSOLETE_local: false peers { permanent_uuid: "4f3bf546572147c3abe4522189e86ce6" member_type: VOTER last_known_addr { host: "127.3.163.65" port: 38799 } } peers { permanent_uuid: "8de40fe2bb814adcbe13958669063dc9" member_type: VOTER last_known_addr { host: "127.3.163.66" port: 43473 } } peers { permanent_uuid: "baa50eb5ed704004b7f391934a59d010" member_type: VOTER last_known_addr { host: "127.3.163.67" port: 40575 } }
I20260709 12:09:17.690035  5066 raft_consensus.cc:385] T 4be803cbf3854da89561de85968acd64 P baa50eb5ed704004b7f391934a59d010 [term 0 FOLLOWER]: Consensus starting up: Expiring failure detector timer to make a prompt election more likely
W20260709 12:09:17.689700  4840 leader_election.cc:343] T 1f8b0320f7e94e2688e2a1d2005746ef P 4f3bf546572147c3abe4522189e86ce6 [CANDIDATE]: Term 1 pre-election: Tablet error from VoteRequest() call to peer baa50eb5ed704004b7f391934a59d010 (127.3.163.67:40575): Illegal state: must be running to vote when last-logged opid is not known
I20260709 12:09:17.690434  4840 leader_election.cc:304] T 1f8b0320f7e94e2688e2a1d2005746ef P 4f3bf546572147c3abe4522189e86ce6 [CANDIDATE]: Term 1 pre-election: Election decided. Result: candidate lost. Election summary: received 3 responses out of 3 voters: 1 yes votes; 2 no votes. yes voters: 4f3bf546572147c3abe4522189e86ce6; no voters: 8de40fe2bb814adcbe13958669063dc9, baa50eb5ed704004b7f391934a59d010
I20260709 12:09:17.690690  5066 raft_consensus.cc:740] T 4be803cbf3854da89561de85968acd64 P baa50eb5ed704004b7f391934a59d010 [term 0 FOLLOWER]: Becoming Follower/Learner. State: Replica: baa50eb5ed704004b7f391934a59d010, State: Initialized, Role: FOLLOWER
I20260709 12:09:17.691785  5100 raft_consensus.cc:2749] T 1f8b0320f7e94e2688e2a1d2005746ef P 4f3bf546572147c3abe4522189e86ce6 [term 0 FOLLOWER]: Leader pre-election lost for term 1. Reason: could not achieve majority
I20260709 12:09:17.692276  5066 consensus_queue.cc:260] T 4be803cbf3854da89561de85968acd64 P baa50eb5ed704004b7f391934a59d010 [NON_LEADER]: Queue going to NON_LEADER mode. State: All replicated index: 0, Majority replicated index: 0, Committed index: 0, Last appended: 0.0, Last appended by leader: 0, Current term: 0, Majority size: -1, State: 0, Mode: NON_LEADER, active raft config: opid_index: -1 OBSOLETE_local: false peers { permanent_uuid: "4f3bf546572147c3abe4522189e86ce6" member_type: VOTER last_known_addr { host: "127.3.163.65" port: 38799 } } peers { permanent_uuid: "8de40fe2bb814adcbe13958669063dc9" member_type: VOTER last_known_addr { host: "127.3.163.66" port: 43473 } } peers { permanent_uuid: "baa50eb5ed704004b7f391934a59d010" member_type: VOTER last_known_addr { host: "127.3.163.67" port: 40575 } }
I20260709 12:09:17.693838  4951 tablet_service.cc:1917] Received RequestConsensusVote() RPC: tablet_id: "e66df43bc3234fd5b769c5dc5afc1096" candidate_uuid: "baa50eb5ed704004b7f391934a59d010" candidate_term: 1 candidate_status { last_received { term: 0 index: 0 } } ignore_live_leader: false dest_uuid: "8de40fe2bb814adcbe13958669063dc9" is_pre_election: true
I20260709 12:09:17.692683  5190 leader_election.cc:290] T e66df43bc3234fd5b769c5dc5afc1096 P baa50eb5ed704004b7f391934a59d010 [CANDIDATE]: Term 1 pre-election: Requested pre-vote from peers 4f3bf546572147c3abe4522189e86ce6 (127.3.163.65:38799), 8de40fe2bb814adcbe13958669063dc9 (127.3.163.66:43473)
I20260709 12:09:17.695286  4988 leader_election.cc:304] T e66df43bc3234fd5b769c5dc5afc1096 P baa50eb5ed704004b7f391934a59d010 [CANDIDATE]: Term 1 pre-election: Election decided. Result: candidate lost. Election summary: received 3 responses out of 3 voters: 1 yes votes; 2 no votes. yes voters: baa50eb5ed704004b7f391934a59d010; no voters: 4f3bf546572147c3abe4522189e86ce6, 8de40fe2bb814adcbe13958669063dc9
I20260709 12:09:17.696779  5066 ts_tablet_manager.cc:1434] T 4be803cbf3854da89561de85968acd64 P baa50eb5ed704004b7f391934a59d010: Time spent starting tablet: real 0.009s	user 0.007s	sys 0.000s
I20260709 12:09:17.697655  5066 tablet_bootstrap.cc:492] T 22be31682d204ff18c81f1e0ac60a00a P baa50eb5ed704004b7f391934a59d010: Bootstrap starting.
I20260709 12:09:17.703224  5065 tablet_bootstrap.cc:492] T b4428def03fb45c99d3538acc2628494 P 8de40fe2bb814adcbe13958669063dc9: Bootstrap starting.
I20260709 12:09:17.706073  5190 raft_consensus.cc:2749] T e66df43bc3234fd5b769c5dc5afc1096 P baa50eb5ed704004b7f391934a59d010 [term 0 FOLLOWER]: Leader pre-election lost for term 1. Reason: could not achieve majority
I20260709 12:09:17.706594  5024 raft_consensus.cc:3060] T e66df43bc3234fd5b769c5dc5afc1096 P baa50eb5ed704004b7f391934a59d010 [term 0 FOLLOWER]: Advancing to term 1
I20260709 12:09:17.707901  4873 raft_consensus.cc:2468] T fedd910b0097474d987abca8337e4e48 P 4f3bf546572147c3abe4522189e86ce6 [term 1 FOLLOWER]: Leader election vote request: Granting yes vote for candidate baa50eb5ed704004b7f391934a59d010 in term 1.
I20260709 12:09:17.709251  4991 leader_election.cc:304] T fedd910b0097474d987abca8337e4e48 P baa50eb5ed704004b7f391934a59d010 [CANDIDATE]: Term 1 election: Election decided. Result: candidate won. Election summary: received 3 responses out of 3 voters: 2 yes votes; 1 no votes. yes voters: 4f3bf546572147c3abe4522189e86ce6, baa50eb5ed704004b7f391934a59d010; no voters: 8de40fe2bb814adcbe13958669063dc9
I20260709 12:09:17.710410  5190 raft_consensus.cc:2804] T fedd910b0097474d987abca8337e4e48 P baa50eb5ed704004b7f391934a59d010 [term 1 FOLLOWER]: Leader election won for term 1
I20260709 12:09:17.710980  5190 raft_consensus.cc:697] T fedd910b0097474d987abca8337e4e48 P baa50eb5ed704004b7f391934a59d010 [term 1 LEADER]: Becoming Leader. State: Replica: baa50eb5ed704004b7f391934a59d010, State: Running, Role: LEADER
I20260709 12:09:17.712188  5190 consensus_queue.cc:237] T fedd910b0097474d987abca8337e4e48 P baa50eb5ed704004b7f391934a59d010 [LEADER]: Queue going to LEADER mode. State: All replicated index: 0, Majority replicated index: 0, Committed index: 0, Last appended: 0.0, Last appended by leader: 0, Current term: 1, Majority size: 2, State: 0, Mode: LEADER, active raft config: opid_index: -1 OBSOLETE_local: false peers { permanent_uuid: "4f3bf546572147c3abe4522189e86ce6" member_type: VOTER last_known_addr { host: "127.3.163.65" port: 38799 } } peers { permanent_uuid: "8de40fe2bb814adcbe13958669063dc9" member_type: VOTER last_known_addr { host: "127.3.163.66" port: 43473 } } peers { permanent_uuid: "baa50eb5ed704004b7f391934a59d010" member_type: VOTER last_known_addr { host: "127.3.163.67" port: 40575 } }
I20260709 12:09:17.714190  4773 catalog_manager.cc:5697] T 811353fb6b174f3e96608844f05794de P 8de40fe2bb814adcbe13958669063dc9 reported cstate change: term changed from 0 to 1, leader changed from <none> to 8de40fe2bb814adcbe13958669063dc9 (127.3.163.66). New cstate: current_term: 1 leader_uuid: "8de40fe2bb814adcbe13958669063dc9" committed_config { opid_index: -1 OBSOLETE_local: false peers { permanent_uuid: "4f3bf546572147c3abe4522189e86ce6" member_type: VOTER last_known_addr { host: "127.3.163.65" port: 38799 } health_report { overall_health: UNKNOWN } } peers { permanent_uuid: "8de40fe2bb814adcbe13958669063dc9" member_type: VOTER last_known_addr { host: "127.3.163.66" port: 43473 } health_report { overall_health: HEALTHY } } peers { permanent_uuid: "baa50eb5ed704004b7f391934a59d010" member_type: VOTER last_known_addr { host: "127.3.163.67" port: 40575 } health_report { overall_health: UNKNOWN } } }
I20260709 12:09:17.720600  4772 catalog_manager.cc:5697] T fedd910b0097474d987abca8337e4e48 P baa50eb5ed704004b7f391934a59d010 reported cstate change: term changed from 0 to 1, leader changed from <none> to baa50eb5ed704004b7f391934a59d010 (127.3.163.67). New cstate: current_term: 1 leader_uuid: "baa50eb5ed704004b7f391934a59d010" committed_config { opid_index: -1 OBSOLETE_local: false peers { permanent_uuid: "4f3bf546572147c3abe4522189e86ce6" member_type: VOTER last_known_addr { host: "127.3.163.65" port: 38799 } health_report { overall_health: UNKNOWN } } peers { permanent_uuid: "8de40fe2bb814adcbe13958669063dc9" member_type: VOTER last_known_addr { host: "127.3.163.66" port: 43473 } health_report { overall_health: UNKNOWN } } peers { permanent_uuid: "baa50eb5ed704004b7f391934a59d010" member_type: VOTER last_known_addr { host: "127.3.163.67" port: 40575 } health_report { overall_health: HEALTHY } } }
I20260709 12:09:17.730609  5065 tablet_bootstrap.cc:654] T b4428def03fb45c99d3538acc2628494 P 8de40fe2bb814adcbe13958669063dc9: Neither blocks nor log segments found. Creating new log.
I20260709 12:09:17.733805  5067 tablet_bootstrap.cc:492] T 4be803cbf3854da89561de85968acd64 P 4f3bf546572147c3abe4522189e86ce6: No bootstrap required, opened a new log
I20260709 12:09:17.734200  5067 ts_tablet_manager.cc:1403] T 4be803cbf3854da89561de85968acd64 P 4f3bf546572147c3abe4522189e86ce6: Time spent bootstrapping tablet: real 0.069s	user 0.020s	sys 0.025s
I20260709 12:09:17.736733  5066 tablet_bootstrap.cc:654] T 22be31682d204ff18c81f1e0ac60a00a P baa50eb5ed704004b7f391934a59d010: Neither blocks nor log segments found. Creating new log.
I20260709 12:09:17.737114  5067 raft_consensus.cc:359] T 4be803cbf3854da89561de85968acd64 P 4f3bf546572147c3abe4522189e86ce6 [term 0 FOLLOWER]: Replica starting. Triggering 0 pending ops. Active config: opid_index: -1 OBSOLETE_local: false peers { permanent_uuid: "4f3bf546572147c3abe4522189e86ce6" member_type: VOTER last_known_addr { host: "127.3.163.65" port: 38799 } } peers { permanent_uuid: "8de40fe2bb814adcbe13958669063dc9" member_type: VOTER last_known_addr { host: "127.3.163.66" port: 43473 } } peers { permanent_uuid: "baa50eb5ed704004b7f391934a59d010" member_type: VOTER last_known_addr { host: "127.3.163.67" port: 40575 } }
I20260709 12:09:17.737758  5067 raft_consensus.cc:385] T 4be803cbf3854da89561de85968acd64 P 4f3bf546572147c3abe4522189e86ce6 [term 0 FOLLOWER]: Consensus starting up: Expiring failure detector timer to make a prompt election more likely
I20260709 12:09:17.738001  5067 raft_consensus.cc:740] T 4be803cbf3854da89561de85968acd64 P 4f3bf546572147c3abe4522189e86ce6 [term 0 FOLLOWER]: Becoming Follower/Learner. State: Replica: 4f3bf546572147c3abe4522189e86ce6, State: Initialized, Role: FOLLOWER
I20260709 12:09:17.738601  5067 consensus_queue.cc:260] T 4be803cbf3854da89561de85968acd64 P 4f3bf546572147c3abe4522189e86ce6 [NON_LEADER]: Queue going to NON_LEADER mode. State: All replicated index: 0, Majority replicated index: 0, Committed index: 0, Last appended: 0.0, Last appended by leader: 0, Current term: 0, Majority size: -1, State: 0, Mode: NON_LEADER, active raft config: opid_index: -1 OBSOLETE_local: false peers { permanent_uuid: "4f3bf546572147c3abe4522189e86ce6" member_type: VOTER last_known_addr { host: "127.3.163.65" port: 38799 } } peers { permanent_uuid: "8de40fe2bb814adcbe13958669063dc9" member_type: VOTER last_known_addr { host: "127.3.163.66" port: 43473 } } peers { permanent_uuid: "baa50eb5ed704004b7f391934a59d010" member_type: VOTER last_known_addr { host: "127.3.163.67" port: 40575 } }
I20260709 12:09:17.739931  5190 raft_consensus.cc:493] T 4be803cbf3854da89561de85968acd64 P baa50eb5ed704004b7f391934a59d010 [term 0 FOLLOWER]: Starting pre-election (no leader contacted us within the election timeout)
I20260709 12:09:17.740361  5190 raft_consensus.cc:515] T 4be803cbf3854da89561de85968acd64 P baa50eb5ed704004b7f391934a59d010 [term 0 FOLLOWER]: Starting pre-election with config: opid_index: -1 OBSOLETE_local: false peers { permanent_uuid: "4f3bf546572147c3abe4522189e86ce6" member_type: VOTER last_known_addr { host: "127.3.163.65" port: 38799 } } peers { permanent_uuid: "8de40fe2bb814adcbe13958669063dc9" member_type: VOTER last_known_addr { host: "127.3.163.66" port: 43473 } } peers { permanent_uuid: "baa50eb5ed704004b7f391934a59d010" member_type: VOTER last_known_addr { host: "127.3.163.67" port: 40575 } }
I20260709 12:09:17.740793  5067 ts_tablet_manager.cc:1434] T 4be803cbf3854da89561de85968acd64 P 4f3bf546572147c3abe4522189e86ce6: Time spent starting tablet: real 0.006s	user 0.006s	sys 0.000s
I20260709 12:09:17.741998  5067 tablet_bootstrap.cc:492] T 950c0e5da47a49abb359c63b8483f487 P 4f3bf546572147c3abe4522189e86ce6: Bootstrap starting.
I20260709 12:09:17.742590  5190 leader_election.cc:290] T 4be803cbf3854da89561de85968acd64 P baa50eb5ed704004b7f391934a59d010 [CANDIDATE]: Term 1 pre-election: Requested pre-vote from peers 4f3bf546572147c3abe4522189e86ce6 (127.3.163.65:38799), 8de40fe2bb814adcbe13958669063dc9 (127.3.163.66:43473)
I20260709 12:09:17.743952  4873 tablet_service.cc:1917] Received RequestConsensusVote() RPC: tablet_id: "4be803cbf3854da89561de85968acd64" candidate_uuid: "baa50eb5ed704004b7f391934a59d010" candidate_term: 1 candidate_status { last_received { term: 0 index: 0 } } ignore_live_leader: false dest_uuid: "4f3bf546572147c3abe4522189e86ce6" is_pre_election: true
I20260709 12:09:17.744587  4873 raft_consensus.cc:2468] T 4be803cbf3854da89561de85968acd64 P 4f3bf546572147c3abe4522189e86ce6 [term 0 FOLLOWER]: Leader pre-election vote request: Granting yes vote for candidate baa50eb5ed704004b7f391934a59d010 in term 0.
I20260709 12:09:17.746380  4951 tablet_service.cc:1917] Received RequestConsensusVote() RPC: tablet_id: "4be803cbf3854da89561de85968acd64" candidate_uuid: "baa50eb5ed704004b7f391934a59d010" candidate_term: 1 candidate_status { last_received { term: 0 index: 0 } } ignore_live_leader: false dest_uuid: "8de40fe2bb814adcbe13958669063dc9" is_pre_election: true
I20260709 12:09:17.747409  5067 tablet_bootstrap.cc:654] T 950c0e5da47a49abb359c63b8483f487 P 4f3bf546572147c3abe4522189e86ce6: Neither blocks nor log segments found. Creating new log.
W20260709 12:09:17.748795  4988 leader_election.cc:343] T 4be803cbf3854da89561de85968acd64 P baa50eb5ed704004b7f391934a59d010 [CANDIDATE]: Term 1 pre-election: Tablet error from VoteRequest() call to peer 8de40fe2bb814adcbe13958669063dc9 (127.3.163.66:43473): Illegal state: must be running to vote when last-logged opid is not known
I20260709 12:09:17.750110  4991 leader_election.cc:304] T 4be803cbf3854da89561de85968acd64 P baa50eb5ed704004b7f391934a59d010 [CANDIDATE]: Term 1 pre-election: Election decided. Result: candidate won. Election summary: received 3 responses out of 3 voters: 2 yes votes; 1 no votes. yes voters: 4f3bf546572147c3abe4522189e86ce6, baa50eb5ed704004b7f391934a59d010; no voters: 8de40fe2bb814adcbe13958669063dc9
I20260709 12:09:17.750391  5204 consensus_queue.cc:1048] T e66df43bc3234fd5b769c5dc5afc1096 P 8de40fe2bb814adcbe13958669063dc9 [LEADER]: Connected to new peer: Peer: permanent_uuid: "baa50eb5ed704004b7f391934a59d010" member_type: VOTER last_known_addr { host: "127.3.163.67" port: 40575 }, Status: LMP_MISMATCH, Last received: 0.0, Next index: 1, Last known committed idx: 0, Time since last communication: 0.001s
I20260709 12:09:17.751204  5190 raft_consensus.cc:2804] T 4be803cbf3854da89561de85968acd64 P baa50eb5ed704004b7f391934a59d010 [term 0 FOLLOWER]: Leader pre-election won for term 1
I20260709 12:09:17.751570  5190 raft_consensus.cc:493] T 4be803cbf3854da89561de85968acd64 P baa50eb5ed704004b7f391934a59d010 [term 0 FOLLOWER]: Starting leader election (no leader contacted us within the election timeout)
I20260709 12:09:17.751896  5190 raft_consensus.cc:3060] T 4be803cbf3854da89561de85968acd64 P baa50eb5ed704004b7f391934a59d010 [term 0 FOLLOWER]: Advancing to term 1
I20260709 12:09:17.752988  5065 tablet_bootstrap.cc:492] T b4428def03fb45c99d3538acc2628494 P 8de40fe2bb814adcbe13958669063dc9: No bootstrap required, opened a new log
I20260709 12:09:17.753432  5065 ts_tablet_manager.cc:1403] T b4428def03fb45c99d3538acc2628494 P 8de40fe2bb814adcbe13958669063dc9: Time spent bootstrapping tablet: real 0.050s	user 0.013s	sys 0.003s
I20260709 12:09:17.754036  5066 tablet_bootstrap.cc:492] T 22be31682d204ff18c81f1e0ac60a00a P baa50eb5ed704004b7f391934a59d010: No bootstrap required, opened a new log
I20260709 12:09:17.754935  5066 ts_tablet_manager.cc:1403] T 22be31682d204ff18c81f1e0ac60a00a P baa50eb5ed704004b7f391934a59d010: Time spent bootstrapping tablet: real 0.057s	user 0.012s	sys 0.003s
I20260709 12:09:17.755734  5065 raft_consensus.cc:359] T b4428def03fb45c99d3538acc2628494 P 8de40fe2bb814adcbe13958669063dc9 [term 0 FOLLOWER]: Replica starting. Triggering 0 pending ops. Active config: opid_index: -1 OBSOLETE_local: false peers { permanent_uuid: "4f3bf546572147c3abe4522189e86ce6" member_type: VOTER last_known_addr { host: "127.3.163.65" port: 38799 } } peers { permanent_uuid: "8de40fe2bb814adcbe13958669063dc9" member_type: VOTER last_known_addr { host: "127.3.163.66" port: 43473 } } peers { permanent_uuid: "baa50eb5ed704004b7f391934a59d010" member_type: VOTER last_known_addr { host: "127.3.163.67" port: 40575 } }
I20260709 12:09:17.756353  5065 raft_consensus.cc:385] T b4428def03fb45c99d3538acc2628494 P 8de40fe2bb814adcbe13958669063dc9 [term 0 FOLLOWER]: Consensus starting up: Expiring failure detector timer to make a prompt election more likely
I20260709 12:09:17.756609  5065 raft_consensus.cc:740] T b4428def03fb45c99d3538acc2628494 P 8de40fe2bb814adcbe13958669063dc9 [term 0 FOLLOWER]: Becoming Follower/Learner. State: Replica: 8de40fe2bb814adcbe13958669063dc9, State: Initialized, Role: FOLLOWER
I20260709 12:09:17.757517  5066 raft_consensus.cc:359] T 22be31682d204ff18c81f1e0ac60a00a P baa50eb5ed704004b7f391934a59d010 [term 0 FOLLOWER]: Replica starting. Triggering 0 pending ops. Active config: opid_index: -1 OBSOLETE_local: false peers { permanent_uuid: "4f3bf546572147c3abe4522189e86ce6" member_type: VOTER last_known_addr { host: "127.3.163.65" port: 38799 } } peers { permanent_uuid: "8de40fe2bb814adcbe13958669063dc9" member_type: VOTER last_known_addr { host: "127.3.163.66" port: 43473 } } peers { permanent_uuid: "baa50eb5ed704004b7f391934a59d010" member_type: VOTER last_known_addr { host: "127.3.163.67" port: 40575 } }
I20260709 12:09:17.758153  5066 raft_consensus.cc:385] T 22be31682d204ff18c81f1e0ac60a00a P baa50eb5ed704004b7f391934a59d010 [term 0 FOLLOWER]: Consensus starting up: Expiring failure detector timer to make a prompt election more likely
I20260709 12:09:17.758450  5066 raft_consensus.cc:740] T 22be31682d204ff18c81f1e0ac60a00a P baa50eb5ed704004b7f391934a59d010 [term 0 FOLLOWER]: Becoming Follower/Learner. State: Replica: baa50eb5ed704004b7f391934a59d010, State: Initialized, Role: FOLLOWER
I20260709 12:09:17.758248  5065 consensus_queue.cc:260] T b4428def03fb45c99d3538acc2628494 P 8de40fe2bb814adcbe13958669063dc9 [NON_LEADER]: Queue going to NON_LEADER mode. State: All replicated index: 0, Majority replicated index: 0, Committed index: 0, Last appended: 0.0, Last appended by leader: 0, Current term: 0, Majority size: -1, State: 0, Mode: NON_LEADER, active raft config: opid_index: -1 OBSOLETE_local: false peers { permanent_uuid: "4f3bf546572147c3abe4522189e86ce6" member_type: VOTER last_known_addr { host: "127.3.163.65" port: 38799 } } peers { permanent_uuid: "8de40fe2bb814adcbe13958669063dc9" member_type: VOTER last_known_addr { host: "127.3.163.66" port: 43473 } } peers { permanent_uuid: "baa50eb5ed704004b7f391934a59d010" member_type: VOTER last_known_addr { host: "127.3.163.67" port: 40575 } }
I20260709 12:09:17.759290  5066 consensus_queue.cc:260] T 22be31682d204ff18c81f1e0ac60a00a P baa50eb5ed704004b7f391934a59d010 [NON_LEADER]: Queue going to NON_LEADER mode. State: All replicated index: 0, Majority replicated index: 0, Committed index: 0, Last appended: 0.0, Last appended by leader: 0, Current term: 0, Majority size: -1, State: 0, Mode: NON_LEADER, active raft config: opid_index: -1 OBSOLETE_local: false peers { permanent_uuid: "4f3bf546572147c3abe4522189e86ce6" member_type: VOTER last_known_addr { host: "127.3.163.65" port: 38799 } } peers { permanent_uuid: "8de40fe2bb814adcbe13958669063dc9" member_type: VOTER last_known_addr { host: "127.3.163.66" port: 43473 } } peers { permanent_uuid: "baa50eb5ed704004b7f391934a59d010" member_type: VOTER last_known_addr { host: "127.3.163.67" port: 40575 } }
I20260709 12:09:17.761832  5065 ts_tablet_manager.cc:1434] T b4428def03fb45c99d3538acc2628494 P 8de40fe2bb814adcbe13958669063dc9: Time spent starting tablet: real 0.008s	user 0.006s	sys 0.000s
I20260709 12:09:17.761443  4772 catalog_manager.cc:5697] T 7d89e729329948059879ed6f44a07690 P 8de40fe2bb814adcbe13958669063dc9 reported cstate change: term changed from 0 to 1, leader changed from <none> to 8de40fe2bb814adcbe13958669063dc9 (127.3.163.66). New cstate: current_term: 1 leader_uuid: "8de40fe2bb814adcbe13958669063dc9" committed_config { opid_index: -1 OBSOLETE_local: false peers { permanent_uuid: "4f3bf546572147c3abe4522189e86ce6" member_type: VOTER last_known_addr { host: "127.3.163.65" port: 38799 } health_report { overall_health: UNKNOWN } } peers { permanent_uuid: "8de40fe2bb814adcbe13958669063dc9" member_type: VOTER last_known_addr { host: "127.3.163.66" port: 43473 } health_report { overall_health: HEALTHY } } peers { permanent_uuid: "baa50eb5ed704004b7f391934a59d010" member_type: VOTER last_known_addr { host: "127.3.163.67" port: 40575 } health_report { overall_health: UNKNOWN } } }
I20260709 12:09:17.762689  5065 tablet_bootstrap.cc:492] T 4be803cbf3854da89561de85968acd64 P 8de40fe2bb814adcbe13958669063dc9: Bootstrap starting.
I20260709 12:09:17.763268  5190 raft_consensus.cc:515] T 4be803cbf3854da89561de85968acd64 P baa50eb5ed704004b7f391934a59d010 [term 1 FOLLOWER]: Starting leader election with config: opid_index: -1 OBSOLETE_local: false peers { permanent_uuid: "4f3bf546572147c3abe4522189e86ce6" member_type: VOTER last_known_addr { host: "127.3.163.65" port: 38799 } } peers { permanent_uuid: "8de40fe2bb814adcbe13958669063dc9" member_type: VOTER last_known_addr { host: "127.3.163.66" port: 43473 } } peers { permanent_uuid: "baa50eb5ed704004b7f391934a59d010" member_type: VOTER last_known_addr { host: "127.3.163.67" port: 40575 } }
I20260709 12:09:17.765257  5066 ts_tablet_manager.cc:1434] T 22be31682d204ff18c81f1e0ac60a00a P baa50eb5ed704004b7f391934a59d010: Time spent starting tablet: real 0.010s	user 0.005s	sys 0.000s
I20260709 12:09:17.767167  4873 tablet_service.cc:1917] Received RequestConsensusVote() RPC: tablet_id: "4be803cbf3854da89561de85968acd64" candidate_uuid: "baa50eb5ed704004b7f391934a59d010" candidate_term: 1 candidate_status { last_received { term: 0 index: 0 } } ignore_live_leader: false dest_uuid: "4f3bf546572147c3abe4522189e86ce6"
I20260709 12:09:17.767516  4951 tablet_service.cc:1917] Received RequestConsensusVote() RPC: tablet_id: "4be803cbf3854da89561de85968acd64" candidate_uuid: "baa50eb5ed704004b7f391934a59d010" candidate_term: 1 candidate_status { last_received { term: 0 index: 0 } } ignore_live_leader: false dest_uuid: "8de40fe2bb814adcbe13958669063dc9"
I20260709 12:09:17.767701  4873 raft_consensus.cc:3060] T 4be803cbf3854da89561de85968acd64 P 4f3bf546572147c3abe4522189e86ce6 [term 0 FOLLOWER]: Advancing to term 1
W20260709 12:09:17.768738  4988 leader_election.cc:343] T 4be803cbf3854da89561de85968acd64 P baa50eb5ed704004b7f391934a59d010 [CANDIDATE]: Term 1 election: Tablet error from VoteRequest() call to peer 8de40fe2bb814adcbe13958669063dc9 (127.3.163.66:43473): Illegal state: must be running to vote when last-logged opid is not known
I20260709 12:09:17.769251  5190 leader_election.cc:290] T 4be803cbf3854da89561de85968acd64 P baa50eb5ed704004b7f391934a59d010 [CANDIDATE]: Term 1 election: Requested vote from peers 4f3bf546572147c3abe4522189e86ce6 (127.3.163.65:38799), 8de40fe2bb814adcbe13958669063dc9 (127.3.163.66:43473)
I20260709 12:09:17.770556  5065 tablet_bootstrap.cc:654] T 4be803cbf3854da89561de85968acd64 P 8de40fe2bb814adcbe13958669063dc9: Neither blocks nor log segments found. Creating new log.
