I20260709 12:09:19.781211 31123 consensus_queue.cc:237] T 695482dbe4d240d7b7597e70aa3feccc P 04d9cbe274334d0c8b9ae2357a82c7aa [LEADER]: Queue going to LEADER mode. State: All replicated index: 0, Majority replicated index: 0, Committed index: 0, Last appended: 0.0, Last appended by leader: 0, Current term: 1, Majority size: 2, State: 0, Mode: LEADER, active raft config: opid_index: -1 OBSOLETE_local: false peers { permanent_uuid: "bd77b6cca31e4ce7b18f72bcc6d86ac6" member_type: VOTER last_known_addr { host: "127.28.235.129" port: 44335 } } peers { permanent_uuid: "3441e73f06f947febb4620c5b454c402" member_type: VOTER last_known_addr { host: "127.28.235.130" port: 40487 } } peers { permanent_uuid: "04d9cbe274334d0c8b9ae2357a82c7aa" member_type: VOTER last_known_addr { host: "127.28.235.131" port: 44079 } }
I20260709 12:09:19.783748 30827 tablet_service.cc:1917] Received RequestConsensusVote() RPC: tablet_id: "d33f3bcb3009409ba89fe3503a9b2ea9" candidate_uuid: "bd77b6cca31e4ce7b18f72bcc6d86ac6" candidate_term: 1 candidate_status { last_received { term: 0 index: 0 } } ignore_live_leader: false dest_uuid: "3441e73f06f947febb4620c5b454c402"
I20260709 12:09:19.784631 30827 raft_consensus.cc:3060] T d33f3bcb3009409ba89fe3503a9b2ea9 P 3441e73f06f947febb4620c5b454c402 [term 0 FOLLOWER]: Advancing to term 1
I20260709 12:09:19.787676 30902 tablet_service.cc:1917] Received RequestConsensusVote() RPC: tablet_id: "d33f3bcb3009409ba89fe3503a9b2ea9" candidate_uuid: "bd77b6cca31e4ce7b18f72bcc6d86ac6" candidate_term: 1 candidate_status { last_received { term: 0 index: 0 } } ignore_live_leader: false dest_uuid: "04d9cbe274334d0c8b9ae2357a82c7aa"
I20260709 12:09:19.788249 30902 raft_consensus.cc:3060] T d33f3bcb3009409ba89fe3503a9b2ea9 P 04d9cbe274334d0c8b9ae2357a82c7aa [term 0 FOLLOWER]: Advancing to term 1
I20260709 12:09:19.818084 30945 tablet_bootstrap.cc:654] T d8e884a91f06453dbb75486def268589 P 3441e73f06f947febb4620c5b454c402: Neither blocks nor log segments found. Creating new log.
I20260709 12:09:19.823755 30827 raft_consensus.cc:2468] T d33f3bcb3009409ba89fe3503a9b2ea9 P 3441e73f06f947febb4620c5b454c402 [term 1 FOLLOWER]: Leader election vote request: Granting yes vote for candidate bd77b6cca31e4ce7b18f72bcc6d86ac6 in term 1.
I20260709 12:09:19.825067 30720 leader_election.cc:304] T d33f3bcb3009409ba89fe3503a9b2ea9 P bd77b6cca31e4ce7b18f72bcc6d86ac6 [CANDIDATE]: Term 1 election: Election decided. Result: candidate won. Election summary: received 2 responses out of 3 voters: 2 yes votes; 0 no votes. yes voters: 3441e73f06f947febb4620c5b454c402, bd77b6cca31e4ce7b18f72bcc6d86ac6; no voters: 
I20260709 12:09:19.825897 30974 raft_consensus.cc:2804] T d33f3bcb3009409ba89fe3503a9b2ea9 P bd77b6cca31e4ce7b18f72bcc6d86ac6 [term 1 FOLLOWER]: Leader election won for term 1
I20260709 12:09:19.826414 30974 raft_consensus.cc:697] T d33f3bcb3009409ba89fe3503a9b2ea9 P bd77b6cca31e4ce7b18f72bcc6d86ac6 [term 1 LEADER]: Becoming Leader. State: Replica: bd77b6cca31e4ce7b18f72bcc6d86ac6, State: Running, Role: LEADER
I20260709 12:09:19.827265 30651 catalog_manager.cc:5697] T 09ed72747e21450c871442dceea202e7 P bd77b6cca31e4ce7b18f72bcc6d86ac6 reported cstate change: term changed from 0 to 1, leader changed from <none> to bd77b6cca31e4ce7b18f72bcc6d86ac6 (127.28.235.129). New cstate: current_term: 1 leader_uuid: "bd77b6cca31e4ce7b18f72bcc6d86ac6" committed_config { opid_index: -1 OBSOLETE_local: false peers { permanent_uuid: "bd77b6cca31e4ce7b18f72bcc6d86ac6" member_type: VOTER last_known_addr { host: "127.28.235.129" port: 44335 } health_report { overall_health: HEALTHY } } peers { permanent_uuid: "3441e73f06f947febb4620c5b454c402" member_type: VOTER last_known_addr { host: "127.28.235.130" port: 40487 } health_report { overall_health: UNKNOWN } } peers { permanent_uuid: "04d9cbe274334d0c8b9ae2357a82c7aa" member_type: VOTER last_known_addr { host: "127.28.235.131" port: 44079 } health_report { overall_health: UNKNOWN } } }
I20260709 12:09:19.827383 30974 consensus_queue.cc:237] T d33f3bcb3009409ba89fe3503a9b2ea9 P bd77b6cca31e4ce7b18f72bcc6d86ac6 [LEADER]: Queue going to LEADER mode. State: All replicated index: 0, Majority replicated index: 0, Committed index: 0, Last appended: 0.0, Last appended by leader: 0, Current term: 1, Majority size: 2, State: 0, Mode: LEADER, active raft config: opid_index: -1 OBSOLETE_local: false peers { permanent_uuid: "bd77b6cca31e4ce7b18f72bcc6d86ac6" member_type: VOTER last_known_addr { host: "127.28.235.129" port: 44335 } } peers { permanent_uuid: "3441e73f06f947febb4620c5b454c402" member_type: VOTER last_known_addr { host: "127.28.235.130" port: 40487 } } peers { permanent_uuid: "04d9cbe274334d0c8b9ae2357a82c7aa" member_type: VOTER last_known_addr { host: "127.28.235.131" port: 44079 } }
I20260709 12:09:19.823755 30902 raft_consensus.cc:2468] T d33f3bcb3009409ba89fe3503a9b2ea9 P 04d9cbe274334d0c8b9ae2357a82c7aa [term 1 FOLLOWER]: Leader election vote request: Granting yes vote for candidate bd77b6cca31e4ce7b18f72bcc6d86ac6 in term 1.
I20260709 12:09:19.832194 30947 tablet_bootstrap.cc:654] T d8e884a91f06453dbb75486def268589 P 04d9cbe274334d0c8b9ae2357a82c7aa: Neither blocks nor log segments found. Creating new log.
I20260709 12:09:19.838745 30946 tablet_bootstrap.cc:654] T c6797a8612584b15a0d304e8e39ea8ec P bd77b6cca31e4ce7b18f72bcc6d86ac6: Neither blocks nor log segments found. Creating new log.
I20260709 12:09:19.841645 30945 tablet_bootstrap.cc:492] T d8e884a91f06453dbb75486def268589 P 3441e73f06f947febb4620c5b454c402: No bootstrap required, opened a new log
I20260709 12:09:19.842494 30945 ts_tablet_manager.cc:1403] T d8e884a91f06453dbb75486def268589 P 3441e73f06f947febb4620c5b454c402: Time spent bootstrapping tablet: real 0.104s	user 0.007s	sys 0.013s
I20260709 12:09:19.845713 30945 raft_consensus.cc:359] T d8e884a91f06453dbb75486def268589 P 3441e73f06f947febb4620c5b454c402 [term 0 FOLLOWER]: Replica starting. Triggering 0 pending ops. Active config: opid_index: -1 OBSOLETE_local: false peers { permanent_uuid: "bd77b6cca31e4ce7b18f72bcc6d86ac6" member_type: VOTER last_known_addr { host: "127.28.235.129" port: 44335 } } peers { permanent_uuid: "3441e73f06f947febb4620c5b454c402" member_type: VOTER last_known_addr { host: "127.28.235.130" port: 40487 } } peers { permanent_uuid: "04d9cbe274334d0c8b9ae2357a82c7aa" member_type: VOTER last_known_addr { host: "127.28.235.131" port: 44079 } }
I20260709 12:09:19.846444 31123 raft_consensus.cc:493] T 835c83c8ce774eb88b097c2a926d4155 P 04d9cbe274334d0c8b9ae2357a82c7aa [term 0 FOLLOWER]: Starting pre-election (no leader contacted us within the election timeout)
I20260709 12:09:19.846516 30945 raft_consensus.cc:385] T d8e884a91f06453dbb75486def268589 P 3441e73f06f947febb4620c5b454c402 [term 0 FOLLOWER]: Consensus starting up: Expiring failure detector timer to make a prompt election more likely
I20260709 12:09:19.847007 30945 raft_consensus.cc:740] T d8e884a91f06453dbb75486def268589 P 3441e73f06f947febb4620c5b454c402 [term 0 FOLLOWER]: Becoming Follower/Learner. State: Replica: 3441e73f06f947febb4620c5b454c402, State: Initialized, Role: FOLLOWER
I20260709 12:09:19.847011 31123 raft_consensus.cc:515] T 835c83c8ce774eb88b097c2a926d4155 P 04d9cbe274334d0c8b9ae2357a82c7aa [term 0 FOLLOWER]: Starting pre-election with config: opid_index: -1 OBSOLETE_local: false peers { permanent_uuid: "bd77b6cca31e4ce7b18f72bcc6d86ac6" member_type: VOTER last_known_addr { host: "127.28.235.129" port: 44335 } } peers { permanent_uuid: "3441e73f06f947febb4620c5b454c402" member_type: VOTER last_known_addr { host: "127.28.235.130" port: 40487 } } peers { permanent_uuid: "04d9cbe274334d0c8b9ae2357a82c7aa" member_type: VOTER last_known_addr { host: "127.28.235.131" port: 44079 } }
I20260709 12:09:19.849365 31123 leader_election.cc:290] T 835c83c8ce774eb88b097c2a926d4155 P 04d9cbe274334d0c8b9ae2357a82c7aa [CANDIDATE]: Term 1 pre-election: Requested pre-vote from peers bd77b6cca31e4ce7b18f72bcc6d86ac6 (127.28.235.129:44335), 3441e73f06f947febb4620c5b454c402 (127.28.235.130:40487)
I20260709 12:09:19.850792 30945 consensus_queue.cc:260] T d8e884a91f06453dbb75486def268589 P 3441e73f06f947febb4620c5b454c402 [NON_LEADER]: Queue going to NON_LEADER mode. State: All replicated index: 0, Majority replicated index: 0, Committed index: 0, Last appended: 0.0, Last appended by leader: 0, Current term: 0, Majority size: -1, State: 0, Mode: NON_LEADER, active raft config: opid_index: -1 OBSOLETE_local: false peers { permanent_uuid: "bd77b6cca31e4ce7b18f72bcc6d86ac6" member_type: VOTER last_known_addr { host: "127.28.235.129" port: 44335 } } peers { permanent_uuid: "3441e73f06f947febb4620c5b454c402" member_type: VOTER last_known_addr { host: "127.28.235.130" port: 40487 } } peers { permanent_uuid: "04d9cbe274334d0c8b9ae2357a82c7aa" member_type: VOTER last_known_addr { host: "127.28.235.131" port: 44079 } }
I20260709 12:09:19.852552 30830 tablet_service.cc:1917] Received RequestConsensusVote() RPC: tablet_id: "835c83c8ce774eb88b097c2a926d4155" candidate_uuid: "04d9cbe274334d0c8b9ae2357a82c7aa" candidate_term: 1 candidate_status { last_received { term: 0 index: 0 } } ignore_live_leader: false dest_uuid: "3441e73f06f947febb4620c5b454c402" is_pre_election: true
I20260709 12:09:19.852573 30653 catalog_manager.cc:5697] T 695482dbe4d240d7b7597e70aa3feccc P 04d9cbe274334d0c8b9ae2357a82c7aa reported cstate change: term changed from 0 to 1, leader changed from <none> to 04d9cbe274334d0c8b9ae2357a82c7aa (127.28.235.131). New cstate: current_term: 1 leader_uuid: "04d9cbe274334d0c8b9ae2357a82c7aa" committed_config { opid_index: -1 OBSOLETE_local: false peers { permanent_uuid: "bd77b6cca31e4ce7b18f72bcc6d86ac6" member_type: VOTER last_known_addr { host: "127.28.235.129" port: 44335 } health_report { overall_health: UNKNOWN } } peers { permanent_uuid: "3441e73f06f947febb4620c5b454c402" member_type: VOTER last_known_addr { host: "127.28.235.130" port: 40487 } health_report { overall_health: UNKNOWN } } peers { permanent_uuid: "04d9cbe274334d0c8b9ae2357a82c7aa" member_type: VOTER last_known_addr { host: "127.28.235.131" port: 44079 } health_report { overall_health: HEALTHY } } }
I20260709 12:09:19.853225 30830 raft_consensus.cc:2468] T 835c83c8ce774eb88b097c2a926d4155 P 3441e73f06f947febb4620c5b454c402 [term 0 FOLLOWER]: Leader pre-election vote request: Granting yes vote for candidate 04d9cbe274334d0c8b9ae2357a82c7aa in term 0.
I20260709 12:09:19.860706 30945 ts_tablet_manager.cc:1434] T d8e884a91f06453dbb75486def268589 P 3441e73f06f947febb4620c5b454c402: Time spent starting tablet: real 0.018s	user 0.008s	sys 0.000s
I20260709 12:09:19.861819 30945 tablet_bootstrap.cc:492] T c6797a8612584b15a0d304e8e39ea8ec P 3441e73f06f947febb4620c5b454c402: Bootstrap starting.
I20260709 12:09:19.865990 30754 tablet_service.cc:1917] Received RequestConsensusVote() RPC: tablet_id: "835c83c8ce774eb88b097c2a926d4155" candidate_uuid: "04d9cbe274334d0c8b9ae2357a82c7aa" candidate_term: 1 candidate_status { last_received { term: 0 index: 0 } } ignore_live_leader: false dest_uuid: "bd77b6cca31e4ce7b18f72bcc6d86ac6" is_pre_election: true
I20260709 12:09:19.866632 30754 raft_consensus.cc:2468] T 835c83c8ce774eb88b097c2a926d4155 P bd77b6cca31e4ce7b18f72bcc6d86ac6 [term 0 FOLLOWER]: Leader pre-election vote request: Granting yes vote for candidate 04d9cbe274334d0c8b9ae2357a82c7aa in term 0.
I20260709 12:09:19.869725 30871 leader_election.cc:304] T 835c83c8ce774eb88b097c2a926d4155 P 04d9cbe274334d0c8b9ae2357a82c7aa [CANDIDATE]: Term 1 pre-election: Election decided. Result: candidate won. Election summary: received 2 responses out of 3 voters: 2 yes votes; 0 no votes. yes voters: 04d9cbe274334d0c8b9ae2357a82c7aa, bd77b6cca31e4ce7b18f72bcc6d86ac6; no voters: 
I20260709 12:09:19.870878 31123 raft_consensus.cc:2804] T 835c83c8ce774eb88b097c2a926d4155 P 04d9cbe274334d0c8b9ae2357a82c7aa [term 0 FOLLOWER]: Leader pre-election won for term 1
I20260709 12:09:19.871279 31123 raft_consensus.cc:493] T 835c83c8ce774eb88b097c2a926d4155 P 04d9cbe274334d0c8b9ae2357a82c7aa [term 0 FOLLOWER]: Starting leader election (no leader contacted us within the election timeout)
I20260709 12:09:19.871524 30946 tablet_bootstrap.cc:492] T c6797a8612584b15a0d304e8e39ea8ec P bd77b6cca31e4ce7b18f72bcc6d86ac6: No bootstrap required, opened a new log
I20260709 12:09:19.872123 30946 ts_tablet_manager.cc:1403] T c6797a8612584b15a0d304e8e39ea8ec P bd77b6cca31e4ce7b18f72bcc6d86ac6: Time spent bootstrapping tablet: real 0.132s	user 0.009s	sys 0.017s
I20260709 12:09:19.871770 31123 raft_consensus.cc:3060] T 835c83c8ce774eb88b097c2a926d4155 P 04d9cbe274334d0c8b9ae2357a82c7aa [term 0 FOLLOWER]: Advancing to term 1
I20260709 12:09:19.871595 30650 catalog_manager.cc:5697] T d33f3bcb3009409ba89fe3503a9b2ea9 P bd77b6cca31e4ce7b18f72bcc6d86ac6 reported cstate change: term changed from 0 to 1, leader changed from <none> to bd77b6cca31e4ce7b18f72bcc6d86ac6 (127.28.235.129). New cstate: current_term: 1 leader_uuid: "bd77b6cca31e4ce7b18f72bcc6d86ac6" committed_config { opid_index: -1 OBSOLETE_local: false peers { permanent_uuid: "bd77b6cca31e4ce7b18f72bcc6d86ac6" member_type: VOTER last_known_addr { host: "127.28.235.129" port: 44335 } health_report { overall_health: HEALTHY } } peers { permanent_uuid: "3441e73f06f947febb4620c5b454c402" member_type: VOTER last_known_addr { host: "127.28.235.130" port: 40487 } health_report { overall_health: UNKNOWN } } peers { permanent_uuid: "04d9cbe274334d0c8b9ae2357a82c7aa" member_type: VOTER last_known_addr { host: "127.28.235.131" port: 44079 } health_report { overall_health: UNKNOWN } } }
I20260709 12:09:19.876415 30945 tablet_bootstrap.cc:654] T c6797a8612584b15a0d304e8e39ea8ec P 3441e73f06f947febb4620c5b454c402: Neither blocks nor log segments found. Creating new log.
I20260709 12:09:19.876186 30946 raft_consensus.cc:359] T c6797a8612584b15a0d304e8e39ea8ec P bd77b6cca31e4ce7b18f72bcc6d86ac6 [term 0 FOLLOWER]: Replica starting. Triggering 0 pending ops. Active config: opid_index: -1 OBSOLETE_local: false peers { permanent_uuid: "bd77b6cca31e4ce7b18f72bcc6d86ac6" member_type: VOTER last_known_addr { host: "127.28.235.129" port: 44335 } } peers { permanent_uuid: "3441e73f06f947febb4620c5b454c402" member_type: VOTER last_known_addr { host: "127.28.235.130" port: 40487 } } peers { permanent_uuid: "04d9cbe274334d0c8b9ae2357a82c7aa" member_type: VOTER last_known_addr { host: "127.28.235.131" port: 44079 } }
I20260709 12:09:19.876842 30946 raft_consensus.cc:385] T c6797a8612584b15a0d304e8e39ea8ec P bd77b6cca31e4ce7b18f72bcc6d86ac6 [term 0 FOLLOWER]: Consensus starting up: Expiring failure detector timer to make a prompt election more likely
I20260709 12:09:19.877534 30946 raft_consensus.cc:740] T c6797a8612584b15a0d304e8e39ea8ec P bd77b6cca31e4ce7b18f72bcc6d86ac6 [term 0 FOLLOWER]: Becoming Follower/Learner. State: Replica: bd77b6cca31e4ce7b18f72bcc6d86ac6, State: Initialized, Role: FOLLOWER
I20260709 12:09:19.878362 30946 consensus_queue.cc:260] T c6797a8612584b15a0d304e8e39ea8ec P bd77b6cca31e4ce7b18f72bcc6d86ac6 [NON_LEADER]: Queue going to NON_LEADER mode. State: All replicated index: 0, Majority replicated index: 0, Committed index: 0, Last appended: 0.0, Last appended by leader: 0, Current term: 0, Majority size: -1, State: 0, Mode: NON_LEADER, active raft config: opid_index: -1 OBSOLETE_local: false peers { permanent_uuid: "bd77b6cca31e4ce7b18f72bcc6d86ac6" member_type: VOTER last_known_addr { host: "127.28.235.129" port: 44335 } } peers { permanent_uuid: "3441e73f06f947febb4620c5b454c402" member_type: VOTER last_known_addr { host: "127.28.235.130" port: 40487 } } peers { permanent_uuid: "04d9cbe274334d0c8b9ae2357a82c7aa" member_type: VOTER last_known_addr { host: "127.28.235.131" port: 44079 } }
I20260709 12:09:19.880717 30946 ts_tablet_manager.cc:1434] T c6797a8612584b15a0d304e8e39ea8ec P bd77b6cca31e4ce7b18f72bcc6d86ac6: Time spent starting tablet: real 0.008s	user 0.005s	sys 0.000s
I20260709 12:09:19.881918 31123 raft_consensus.cc:515] T 835c83c8ce774eb88b097c2a926d4155 P 04d9cbe274334d0c8b9ae2357a82c7aa [term 1 FOLLOWER]: Starting leader election with config: opid_index: -1 OBSOLETE_local: false peers { permanent_uuid: "bd77b6cca31e4ce7b18f72bcc6d86ac6" member_type: VOTER last_known_addr { host: "127.28.235.129" port: 44335 } } peers { permanent_uuid: "3441e73f06f947febb4620c5b454c402" member_type: VOTER last_known_addr { host: "127.28.235.130" port: 40487 } } peers { permanent_uuid: "04d9cbe274334d0c8b9ae2357a82c7aa" member_type: VOTER last_known_addr { host: "127.28.235.131" port: 44079 } }
I20260709 12:09:19.882741 30946 tablet_bootstrap.cc:492] T d8e884a91f06453dbb75486def268589 P bd77b6cca31e4ce7b18f72bcc6d86ac6: Bootstrap starting.
I20260709 12:09:19.884630 30755 tablet_service.cc:1917] Received RequestConsensusVote() RPC: tablet_id: "835c83c8ce774eb88b097c2a926d4155" candidate_uuid: "04d9cbe274334d0c8b9ae2357a82c7aa" candidate_term: 1 candidate_status { last_received { term: 0 index: 0 } } ignore_live_leader: false dest_uuid: "bd77b6cca31e4ce7b18f72bcc6d86ac6"
I20260709 12:09:19.885179 30755 raft_consensus.cc:3060] T 835c83c8ce774eb88b097c2a926d4155 P bd77b6cca31e4ce7b18f72bcc6d86ac6 [term 0 FOLLOWER]: Advancing to term 1
I20260709 12:09:19.893496 30755 raft_consensus.cc:2468] T 835c83c8ce774eb88b097c2a926d4155 P bd77b6cca31e4ce7b18f72bcc6d86ac6 [term 1 FOLLOWER]: Leader election vote request: Granting yes vote for candidate 04d9cbe274334d0c8b9ae2357a82c7aa in term 1.
I20260709 12:09:19.896006 31137 raft_consensus.cc:493] T 1c41ce48554448a5aafe3ee32273a6a8 P 3441e73f06f947febb4620c5b454c402 [term 0 FOLLOWER]: Starting pre-election (no leader contacted us within the election timeout)
I20260709 12:09:19.896477 31137 raft_consensus.cc:515] T 1c41ce48554448a5aafe3ee32273a6a8 P 3441e73f06f947febb4620c5b454c402 [term 0 FOLLOWER]: Starting pre-election with config: opid_index: -1 OBSOLETE_local: false peers { permanent_uuid: "bd77b6cca31e4ce7b18f72bcc6d86ac6" member_type: VOTER last_known_addr { host: "127.28.235.129" port: 44335 } } peers { permanent_uuid: "3441e73f06f947febb4620c5b454c402" member_type: VOTER last_known_addr { host: "127.28.235.130" port: 40487 } } peers { permanent_uuid: "04d9cbe274334d0c8b9ae2357a82c7aa" member_type: VOTER last_known_addr { host: "127.28.235.131" port: 44079 } }
I20260709 12:09:19.897181 30946 tablet_bootstrap.cc:654] T d8e884a91f06453dbb75486def268589 P bd77b6cca31e4ce7b18f72bcc6d86ac6: Neither blocks nor log segments found. Creating new log.
I20260709 12:09:19.898144 30827 tablet_service.cc:1917] Received RequestConsensusVote() RPC: tablet_id: "835c83c8ce774eb88b097c2a926d4155" candidate_uuid: "04d9cbe274334d0c8b9ae2357a82c7aa" candidate_term: 1 candidate_status { last_received { term: 0 index: 0 } } ignore_live_leader: false dest_uuid: "3441e73f06f947febb4620c5b454c402"
I20260709 12:09:19.898404 31137 leader_election.cc:290] T 1c41ce48554448a5aafe3ee32273a6a8 P 3441e73f06f947febb4620c5b454c402 [CANDIDATE]: Term 1 pre-election: Requested pre-vote from peers bd77b6cca31e4ce7b18f72bcc6d86ac6 (127.28.235.129:44335), 04d9cbe274334d0c8b9ae2357a82c7aa (127.28.235.131:44079)
I20260709 12:09:19.898730 30827 raft_consensus.cc:3060] T 835c83c8ce774eb88b097c2a926d4155 P 3441e73f06f947febb4620c5b454c402 [term 0 FOLLOWER]: Advancing to term 1
I20260709 12:09:19.899994 30902 tablet_service.cc:1917] Received RequestConsensusVote() RPC: tablet_id: "1c41ce48554448a5aafe3ee32273a6a8" candidate_uuid: "3441e73f06f947febb4620c5b454c402" candidate_term: 1 candidate_status { last_received { term: 0 index: 0 } } ignore_live_leader: false dest_uuid: "04d9cbe274334d0c8b9ae2357a82c7aa" is_pre_election: true
I20260709 12:09:19.900609 30902 raft_consensus.cc:2468] T 1c41ce48554448a5aafe3ee32273a6a8 P 04d9cbe274334d0c8b9ae2357a82c7aa [term 0 FOLLOWER]: Leader pre-election vote request: Granting yes vote for candidate 3441e73f06f947febb4620c5b454c402 in term 0.
I20260709 12:09:19.902724 30947 tablet_bootstrap.cc:492] T d8e884a91f06453dbb75486def268589 P 04d9cbe274334d0c8b9ae2357a82c7aa: No bootstrap required, opened a new log
I20260709 12:09:19.903172 30947 ts_tablet_manager.cc:1403] T d8e884a91f06453dbb75486def268589 P 04d9cbe274334d0c8b9ae2357a82c7aa: Time spent bootstrapping tablet: real 0.124s	user 0.015s	sys 0.005s
I20260709 12:09:19.904481 30752 tablet_service.cc:1917] Received RequestConsensusVote() RPC: tablet_id: "1c41ce48554448a5aafe3ee32273a6a8" candidate_uuid: "3441e73f06f947febb4620c5b454c402" candidate_term: 1 candidate_status { last_received { term: 0 index: 0 } } ignore_live_leader: false dest_uuid: "bd77b6cca31e4ce7b18f72bcc6d86ac6" is_pre_election: true
I20260709 12:09:19.905081 30752 raft_consensus.cc:2468] T 1c41ce48554448a5aafe3ee32273a6a8 P bd77b6cca31e4ce7b18f72bcc6d86ac6 [term 0 FOLLOWER]: Leader pre-election vote request: Granting yes vote for candidate 3441e73f06f947febb4620c5b454c402 in term 0.
I20260709 12:09:19.904481 31123 leader_election.cc:290] T 835c83c8ce774eb88b097c2a926d4155 P 04d9cbe274334d0c8b9ae2357a82c7aa [CANDIDATE]: Term 1 election: Requested vote from peers bd77b6cca31e4ce7b18f72bcc6d86ac6 (127.28.235.129:44335), 3441e73f06f947febb4620c5b454c402 (127.28.235.130:40487)
I20260709 12:09:19.906226 30947 raft_consensus.cc:359] T d8e884a91f06453dbb75486def268589 P 04d9cbe274334d0c8b9ae2357a82c7aa [term 0 FOLLOWER]: Replica starting. Triggering 0 pending ops. Active config: opid_index: -1 OBSOLETE_local: false peers { permanent_uuid: "bd77b6cca31e4ce7b18f72bcc6d86ac6" member_type: VOTER last_known_addr { host: "127.28.235.129" port: 44335 } } peers { permanent_uuid: "3441e73f06f947febb4620c5b454c402" member_type: VOTER last_known_addr { host: "127.28.235.130" port: 40487 } } peers { permanent_uuid: "04d9cbe274334d0c8b9ae2357a82c7aa" member_type: VOTER last_known_addr { host: "127.28.235.131" port: 44079 } }
I20260709 12:09:19.906872 30947 raft_consensus.cc:385] T d8e884a91f06453dbb75486def268589 P 04d9cbe274334d0c8b9ae2357a82c7aa [term 0 FOLLOWER]: Consensus starting up: Expiring failure detector timer to make a prompt election more likely
I20260709 12:09:19.906615 30796 leader_election.cc:304] T 1c41ce48554448a5aafe3ee32273a6a8 P 3441e73f06f947febb4620c5b454c402 [CANDIDATE]: Term 1 pre-election: Election decided. Result: candidate won. Election summary: received 2 responses out of 3 voters: 2 yes votes; 0 no votes. yes voters: 04d9cbe274334d0c8b9ae2357a82c7aa, 3441e73f06f947febb4620c5b454c402; no voters: 
I20260709 12:09:19.907150 30947 raft_consensus.cc:740] T d8e884a91f06453dbb75486def268589 P 04d9cbe274334d0c8b9ae2357a82c7aa [term 0 FOLLOWER]: Becoming Follower/Learner. State: Replica: 04d9cbe274334d0c8b9ae2357a82c7aa, State: Initialized, Role: FOLLOWER
I20260709 12:09:19.907888 31137 raft_consensus.cc:2804] T 1c41ce48554448a5aafe3ee32273a6a8 P 3441e73f06f947febb4620c5b454c402 [term 0 FOLLOWER]: Leader pre-election won for term 1
I20260709 12:09:19.907974 30947 consensus_queue.cc:260] T d8e884a91f06453dbb75486def268589 P 04d9cbe274334d0c8b9ae2357a82c7aa [NON_LEADER]: Queue going to NON_LEADER mode. State: All replicated index: 0, Majority replicated index: 0, Committed index: 0, Last appended: 0.0, Last appended by leader: 0, Current term: 0, Majority size: -1, State: 0, Mode: NON_LEADER, active raft config: opid_index: -1 OBSOLETE_local: false peers { permanent_uuid: "bd77b6cca31e4ce7b18f72bcc6d86ac6" member_type: VOTER last_known_addr { host: "127.28.235.129" port: 44335 } } peers { permanent_uuid: "3441e73f06f947febb4620c5b454c402" member_type: VOTER last_known_addr { host: "127.28.235.130" port: 40487 } } peers { permanent_uuid: "04d9cbe274334d0c8b9ae2357a82c7aa" member_type: VOTER last_known_addr { host: "127.28.235.131" port: 44079 } }
I20260709 12:09:19.908543 31137 raft_consensus.cc:493] T 1c41ce48554448a5aafe3ee32273a6a8 P 3441e73f06f947febb4620c5b454c402 [term 0 FOLLOWER]: Starting leader election (no leader contacted us within the election timeout)
I20260709 12:09:19.908998 31137 raft_consensus.cc:3060] T 1c41ce48554448a5aafe3ee32273a6a8 P 3441e73f06f947febb4620c5b454c402 [term 0 FOLLOWER]: Advancing to term 1
I20260709 12:09:19.911090 30946 tablet_bootstrap.cc:492] T d8e884a91f06453dbb75486def268589 P bd77b6cca31e4ce7b18f72bcc6d86ac6: No bootstrap required, opened a new log
I20260709 12:09:19.911607 30946 ts_tablet_manager.cc:1403] T d8e884a91f06453dbb75486def268589 P bd77b6cca31e4ce7b18f72bcc6d86ac6: Time spent bootstrapping tablet: real 0.029s	user 0.017s	sys 0.000s
I20260709 12:09:19.914319 30946 raft_consensus.cc:359] T d8e884a91f06453dbb75486def268589 P bd77b6cca31e4ce7b18f72bcc6d86ac6 [term 0 FOLLOWER]: Replica starting. Triggering 0 pending ops. Active config: opid_index: -1 OBSOLETE_local: false peers { permanent_uuid: "bd77b6cca31e4ce7b18f72bcc6d86ac6" member_type: VOTER last_known_addr { host: "127.28.235.129" port: 44335 } } peers { permanent_uuid: "3441e73f06f947febb4620c5b454c402" member_type: VOTER last_known_addr { host: "127.28.235.130" port: 40487 } } peers { permanent_uuid: "04d9cbe274334d0c8b9ae2357a82c7aa" member_type: VOTER last_known_addr { host: "127.28.235.131" port: 44079 } }
I20260709 12:09:19.914994 30946 raft_consensus.cc:385] T d8e884a91f06453dbb75486def268589 P bd77b6cca31e4ce7b18f72bcc6d86ac6 [term 0 FOLLOWER]: Consensus starting up: Expiring failure detector timer to make a prompt election more likely
I20260709 12:09:19.915269 30827 raft_consensus.cc:2468] T 835c83c8ce774eb88b097c2a926d4155 P 3441e73f06f947febb4620c5b454c402 [term 1 FOLLOWER]: Leader election vote request: Granting yes vote for candidate 04d9cbe274334d0c8b9ae2357a82c7aa in term 1.
I20260709 12:09:19.915313 30946 raft_consensus.cc:740] T d8e884a91f06453dbb75486def268589 P bd77b6cca31e4ce7b18f72bcc6d86ac6 [term 0 FOLLOWER]: Becoming Follower/Learner. State: Replica: bd77b6cca31e4ce7b18f72bcc6d86ac6, State: Initialized, Role: FOLLOWER
I20260709 12:09:19.917038 30870 leader_election.cc:304] T 835c83c8ce774eb88b097c2a926d4155 P 04d9cbe274334d0c8b9ae2357a82c7aa [CANDIDATE]: Term 1 election: Election decided. Result: candidate won. Election summary: received 2 responses out of 3 voters: 2 yes votes; 0 no votes. yes voters: 04d9cbe274334d0c8b9ae2357a82c7aa, 3441e73f06f947febb4620c5b454c402; no voters: 
I20260709 12:09:19.917209 30946 consensus_queue.cc:260] T d8e884a91f06453dbb75486def268589 P bd77b6cca31e4ce7b18f72bcc6d86ac6 [NON_LEADER]: Queue going to NON_LEADER mode. State: All replicated index: 0, Majority replicated index: 0, Committed index: 0, Last appended: 0.0, Last appended by leader: 0, Current term: 0, Majority size: -1, State: 0, Mode: NON_LEADER, active raft config: opid_index: -1 OBSOLETE_local: false peers { permanent_uuid: "bd77b6cca31e4ce7b18f72bcc6d86ac6" member_type: VOTER last_known_addr { host: "127.28.235.129" port: 44335 } } peers { permanent_uuid: "3441e73f06f947febb4620c5b454c402" member_type: VOTER last_known_addr { host: "127.28.235.130" port: 40487 } } peers { permanent_uuid: "04d9cbe274334d0c8b9ae2357a82c7aa" member_type: VOTER last_known_addr { host: "127.28.235.131" port: 44079 } }
I20260709 12:09:19.918329 31130 raft_consensus.cc:2804] T 835c83c8ce774eb88b097c2a926d4155 P 04d9cbe274334d0c8b9ae2357a82c7aa [term 1 FOLLOWER]: Leader election won for term 1
I20260709 12:09:19.918766 31130 raft_consensus.cc:697] T 835c83c8ce774eb88b097c2a926d4155 P 04d9cbe274334d0c8b9ae2357a82c7aa [term 1 LEADER]: Becoming Leader. State: Replica: 04d9cbe274334d0c8b9ae2357a82c7aa, State: Running, Role: LEADER
I20260709 12:09:19.919571 31130 consensus_queue.cc:237] T 835c83c8ce774eb88b097c2a926d4155 P 04d9cbe274334d0c8b9ae2357a82c7aa [LEADER]: Queue going to LEADER mode. State: All replicated index: 0, Majority replicated index: 0, Committed index: 0, Last appended: 0.0, Last appended by leader: 0, Current term: 1, Majority size: 2, State: 0, Mode: LEADER, active raft config: opid_index: -1 OBSOLETE_local: false peers { permanent_uuid: "bd77b6cca31e4ce7b18f72bcc6d86ac6" member_type: VOTER last_known_addr { host: "127.28.235.129" port: 44335 } } peers { permanent_uuid: "3441e73f06f947febb4620c5b454c402" member_type: VOTER last_known_addr { host: "127.28.235.130" port: 40487 } } peers { permanent_uuid: "04d9cbe274334d0c8b9ae2357a82c7aa" member_type: VOTER last_known_addr { host: "127.28.235.131" port: 44079 } }
I20260709 12:09:19.926820 30946 ts_tablet_manager.cc:1434] T d8e884a91f06453dbb75486def268589 P bd77b6cca31e4ce7b18f72bcc6d86ac6: Time spent starting tablet: real 0.015s	user 0.006s	sys 0.000s
I20260709 12:09:19.927821 30946 tablet_bootstrap.cc:492] T b479dce3a1f74f0880cbe846b5592987 P bd77b6cca31e4ce7b18f72bcc6d86ac6: Bootstrap starting.
I20260709 12:09:19.934315 30945 tablet_bootstrap.cc:492] T c6797a8612584b15a0d304e8e39ea8ec P 3441e73f06f947febb4620c5b454c402: No bootstrap required, opened a new log
I20260709 12:09:19.934669 30946 tablet_bootstrap.cc:654] T b479dce3a1f74f0880cbe846b5592987 P bd77b6cca31e4ce7b18f72bcc6d86ac6: Neither blocks nor log segments found. Creating new log.
I20260709 12:09:19.934826 30945 ts_tablet_manager.cc:1403] T c6797a8612584b15a0d304e8e39ea8ec P 3441e73f06f947febb4620c5b454c402: Time spent bootstrapping tablet: real 0.073s	user 0.014s	sys 0.002s
I20260709 12:09:19.937704 30945 raft_consensus.cc:359] T c6797a8612584b15a0d304e8e39ea8ec P 3441e73f06f947febb4620c5b454c402 [term 0 FOLLOWER]: Replica starting. Triggering 0 pending ops. Active config: opid_index: -1 OBSOLETE_local: false peers { permanent_uuid: "bd77b6cca31e4ce7b18f72bcc6d86ac6" member_type: VOTER last_known_addr { host: "127.28.235.129" port: 44335 } } peers { permanent_uuid: "3441e73f06f947febb4620c5b454c402" member_type: VOTER last_known_addr { host: "127.28.235.130" port: 40487 } } peers { permanent_uuid: "04d9cbe274334d0c8b9ae2357a82c7aa" member_type: VOTER last_known_addr { host: "127.28.235.131" port: 44079 } }
I20260709 12:09:19.938418 30945 raft_consensus.cc:385] T c6797a8612584b15a0d304e8e39ea8ec P 3441e73f06f947febb4620c5b454c402 [term 0 FOLLOWER]: Consensus starting up: Expiring failure detector timer to make a prompt election more likely
I20260709 12:09:19.938709 30945 raft_consensus.cc:740] T c6797a8612584b15a0d304e8e39ea8ec P 3441e73f06f947febb4620c5b454c402 [term 0 FOLLOWER]: Becoming Follower/Learner. State: Replica: 3441e73f06f947febb4620c5b454c402, State: Initialized, Role: FOLLOWER
I20260709 12:09:19.939579 30945 consensus_queue.cc:260] T c6797a8612584b15a0d304e8e39ea8ec P 3441e73f06f947febb4620c5b454c402 [NON_LEADER]: Queue going to NON_LEADER mode. State: All replicated index: 0, Majority replicated index: 0, Committed index: 0, Last appended: 0.0, Last appended by leader: 0, Current term: 0, Majority size: -1, State: 0, Mode: NON_LEADER, active raft config: opid_index: -1 OBSOLETE_local: false peers { permanent_uuid: "bd77b6cca31e4ce7b18f72bcc6d86ac6" member_type: VOTER last_known_addr { host: "127.28.235.129" port: 44335 } } peers { permanent_uuid: "3441e73f06f947febb4620c5b454c402" member_type: VOTER last_known_addr { host: "127.28.235.130" port: 40487 } } peers { permanent_uuid: "04d9cbe274334d0c8b9ae2357a82c7aa" member_type: VOTER last_known_addr { host: "127.28.235.131" port: 44079 } }
I20260709 12:09:19.941757 30945 ts_tablet_manager.cc:1434] T c6797a8612584b15a0d304e8e39ea8ec P 3441e73f06f947febb4620c5b454c402: Time spent starting tablet: real 0.007s	user 0.005s	sys 0.001s
I20260709 12:09:19.942859 30945 tablet_bootstrap.cc:492] T d587bfcdf48c4fc6b7101cc806440bd9 P 3441e73f06f947febb4620c5b454c402: Bootstrap starting.
I20260709 12:09:19.934706 31137 raft_consensus.cc:515] T 1c41ce48554448a5aafe3ee32273a6a8 P 3441e73f06f947febb4620c5b454c402 [term 1 FOLLOWER]: Starting leader election with config: opid_index: -1 OBSOLETE_local: false peers { permanent_uuid: "bd77b6cca31e4ce7b18f72bcc6d86ac6" member_type: VOTER last_known_addr { host: "127.28.235.129" port: 44335 } } peers { permanent_uuid: "3441e73f06f947febb4620c5b454c402" member_type: VOTER last_known_addr { host: "127.28.235.130" port: 40487 } } peers { permanent_uuid: "04d9cbe274334d0c8b9ae2357a82c7aa" member_type: VOTER last_known_addr { host: "127.28.235.131" port: 44079 } }
I20260709 12:09:19.948419 30947 ts_tablet_manager.cc:1434] T d8e884a91f06453dbb75486def268589 P 04d9cbe274334d0c8b9ae2357a82c7aa: Time spent starting tablet: real 0.045s	user 0.002s	sys 0.004s
I20260709 12:09:19.952375 30947 tablet_bootstrap.cc:492] T 02db9c720bf5443188a966c4b1b77ffd P 04d9cbe274334d0c8b9ae2357a82c7aa: Bootstrap starting.
I20260709 12:09:19.952503 30755 tablet_service.cc:1917] Received RequestConsensusVote() RPC: tablet_id: "1c41ce48554448a5aafe3ee32273a6a8" candidate_uuid: "3441e73f06f947febb4620c5b454c402" candidate_term: 1 candidate_status { last_received { term: 0 index: 0 } } ignore_live_leader: false dest_uuid: "bd77b6cca31e4ce7b18f72bcc6d86ac6"
I20260709 12:09:19.954031 30755 raft_consensus.cc:3060] T 1c41ce48554448a5aafe3ee32273a6a8 P bd77b6cca31e4ce7b18f72bcc6d86ac6 [term 0 FOLLOWER]: Advancing to term 1
I20260709 12:09:19.952462 30652 catalog_manager.cc:5697] T 835c83c8ce774eb88b097c2a926d4155 P 04d9cbe274334d0c8b9ae2357a82c7aa reported cstate change: term changed from 0 to 1, leader changed from <none> to 04d9cbe274334d0c8b9ae2357a82c7aa (127.28.235.131). New cstate: current_term: 1 leader_uuid: "04d9cbe274334d0c8b9ae2357a82c7aa" committed_config { opid_index: -1 OBSOLETE_local: false peers { permanent_uuid: "bd77b6cca31e4ce7b18f72bcc6d86ac6" member_type: VOTER last_known_addr { host: "127.28.235.129" port: 44335 } health_report { overall_health: UNKNOWN } } peers { permanent_uuid: "3441e73f06f947febb4620c5b454c402" member_type: VOTER last_known_addr { host: "127.28.235.130" port: 40487 } health_report { overall_health: UNKNOWN } } peers { permanent_uuid: "04d9cbe274334d0c8b9ae2357a82c7aa" member_type: VOTER last_known_addr { host: "127.28.235.131" port: 44079 } health_report { overall_health: HEALTHY } } }
I20260709 12:09:19.961541 30945 tablet_bootstrap.cc:654] T d587bfcdf48c4fc6b7101cc806440bd9 P 3441e73f06f947febb4620c5b454c402: Neither blocks nor log segments found. Creating new log.
I20260709 12:09:19.963820 30946 tablet_bootstrap.cc:492] T b479dce3a1f74f0880cbe846b5592987 P bd77b6cca31e4ce7b18f72bcc6d86ac6: No bootstrap required, opened a new log
I20260709 12:09:19.965622 30946 ts_tablet_manager.cc:1403] T b479dce3a1f74f0880cbe846b5592987 P bd77b6cca31e4ce7b18f72bcc6d86ac6: Time spent bootstrapping tablet: real 0.038s	user 0.016s	sys 0.009s
I20260709 12:09:19.969261 31130 raft_consensus.cc:493] T c6797a8612584b15a0d304e8e39ea8ec P 04d9cbe274334d0c8b9ae2357a82c7aa [term 0 FOLLOWER]: Starting pre-election (no leader contacted us within the election timeout)
I20260709 12:09:19.969043 30946 raft_consensus.cc:359] T b479dce3a1f74f0880cbe846b5592987 P bd77b6cca31e4ce7b18f72bcc6d86ac6 [term 0 FOLLOWER]: Replica starting. Triggering 0 pending ops. Active config: opid_index: -1 OBSOLETE_local: false peers { permanent_uuid: "bd77b6cca31e4ce7b18f72bcc6d86ac6" member_type: VOTER last_known_addr { host: "127.28.235.129" port: 44335 } } peers { permanent_uuid: "3441e73f06f947febb4620c5b454c402" member_type: VOTER last_known_addr { host: "127.28.235.130" port: 40487 } } peers { permanent_uuid: "04d9cbe274334d0c8b9ae2357a82c7aa" member_type: VOTER last_known_addr { host: "127.28.235.131" port: 44079 } }
I20260709 12:09:19.970058 30946 raft_consensus.cc:385] T b479dce3a1f74f0880cbe846b5592987 P bd77b6cca31e4ce7b18f72bcc6d86ac6 [term 0 FOLLOWER]: Consensus starting up: Expiring failure detector timer to make a prompt election more likely
I20260709 12:09:19.969807 31130 raft_consensus.cc:515] T c6797a8612584b15a0d304e8e39ea8ec P 04d9cbe274334d0c8b9ae2357a82c7aa [term 0 FOLLOWER]: Starting pre-election with config: opid_index: -1 OBSOLETE_local: false peers { permanent_uuid: "bd77b6cca31e4ce7b18f72bcc6d86ac6" member_type: VOTER last_known_addr { host: "127.28.235.129" port: 44335 } } peers { permanent_uuid: "3441e73f06f947febb4620c5b454c402" member_type: VOTER last_known_addr { host: "127.28.235.130" port: 40487 } } peers { permanent_uuid: "04d9cbe274334d0c8b9ae2357a82c7aa" member_type: VOTER last_known_addr { host: "127.28.235.131" port: 44079 } }
I20260709 12:09:19.970353 30946 raft_consensus.cc:740] T b479dce3a1f74f0880cbe846b5592987 P bd77b6cca31e4ce7b18f72bcc6d86ac6 [term 0 FOLLOWER]: Becoming Follower/Learner. State: Replica: bd77b6cca31e4ce7b18f72bcc6d86ac6, State: Initialized, Role: FOLLOWER
I20260709 12:09:19.971086 30946 consensus_queue.cc:260] T b479dce3a1f74f0880cbe846b5592987 P bd77b6cca31e4ce7b18f72bcc6d86ac6 [NON_LEADER]: Queue going to NON_LEADER mode. State: All replicated index: 0, Majority replicated index: 0, Committed index: 0, Last appended: 0.0, Last appended by leader: 0, Current term: 0, Majority size: -1, State: 0, Mode: NON_LEADER, active raft config: opid_index: -1 OBSOLETE_local: false peers { permanent_uuid: "bd77b6cca31e4ce7b18f72bcc6d86ac6" member_type: VOTER last_known_addr { host: "127.28.235.129" port: 44335 } } peers { permanent_uuid: "3441e73f06f947febb4620c5b454c402" member_type: VOTER last_known_addr { host: "127.28.235.130" port: 40487 } } peers { permanent_uuid: "04d9cbe274334d0c8b9ae2357a82c7aa" member_type: VOTER last_known_addr { host: "127.28.235.131" port: 44079 } }
I20260709 12:09:19.978049 30946 ts_tablet_manager.cc:1434] T b479dce3a1f74f0880cbe846b5592987 P bd77b6cca31e4ce7b18f72bcc6d86ac6: Time spent starting tablet: real 0.012s	user 0.004s	sys 0.002s
I20260709 12:09:19.978397 30752 tablet_service.cc:1917] Received RequestConsensusVote() RPC: tablet_id: "c6797a8612584b15a0d304e8e39ea8ec" candidate_uuid: "04d9cbe274334d0c8b9ae2357a82c7aa" candidate_term: 1 candidate_status { last_received { term: 0 index: 0 } } ignore_live_leader: false dest_uuid: "bd77b6cca31e4ce7b18f72bcc6d86ac6" is_pre_election: true
I20260709 12:09:19.978955 30946 tablet_bootstrap.cc:492] T d587bfcdf48c4fc6b7101cc806440bd9 P bd77b6cca31e4ce7b18f72bcc6d86ac6: Bootstrap starting.
I20260709 12:09:19.979110 30752 raft_consensus.cc:2468] T c6797a8612584b15a0d304e8e39ea8ec P bd77b6cca31e4ce7b18f72bcc6d86ac6 [term 0 FOLLOWER]: Leader pre-election vote request: Granting yes vote for candidate 04d9cbe274334d0c8b9ae2357a82c7aa in term 0.
I20260709 12:09:19.979353 30830 raft_consensus.cc:1275] T f7c301a7a3e7448cae939c6a018c8edb P 3441e73f06f947febb4620c5b454c402 [term 3 FOLLOWER]: Refusing update from remote peer bd77b6cca31e4ce7b18f72bcc6d86ac6: Log matching property violated. Preceding OpId in replica: term: 1 index: 1. Preceding OpId from leader: term: 3 index: 2. (index mismatch)
I20260709 12:09:19.980432 30871 leader_election.cc:304] T c6797a8612584b15a0d304e8e39ea8ec P 04d9cbe274334d0c8b9ae2357a82c7aa [CANDIDATE]: Term 1 pre-election: Election decided. Result: candidate won. Election summary: received 2 responses out of 3 voters: 2 yes votes; 0 no votes. yes voters: 04d9cbe274334d0c8b9ae2357a82c7aa, bd77b6cca31e4ce7b18f72bcc6d86ac6; no voters: 
I20260709 12:09:19.981300 31042 raft_consensus.cc:2804] T c6797a8612584b15a0d304e8e39ea8ec P 04d9cbe274334d0c8b9ae2357a82c7aa [term 0 FOLLOWER]: Leader pre-election won for term 1
I20260709 12:09:19.981704 31042 raft_consensus.cc:493] T c6797a8612584b15a0d304e8e39ea8ec P 04d9cbe274334d0c8b9ae2357a82c7aa [term 0 FOLLOWER]: Starting leader election (no leader contacted us within the election timeout)
I20260709 12:09:19.982095 31042 raft_consensus.cc:3060] T c6797a8612584b15a0d304e8e39ea8ec P 04d9cbe274334d0c8b9ae2357a82c7aa [term 0 FOLLOWER]: Advancing to term 1
I20260709 12:09:19.982503 30902 tablet_service.cc:1917] Received RequestConsensusVote() RPC: tablet_id: "1c41ce48554448a5aafe3ee32273a6a8" candidate_uuid: "3441e73f06f947febb4620c5b454c402" candidate_term: 1 candidate_status { last_received { term: 0 index: 0 } } ignore_live_leader: false dest_uuid: "04d9cbe274334d0c8b9ae2357a82c7aa"
I20260709 12:09:19.983460 30902 raft_consensus.cc:3060] T 1c41ce48554448a5aafe3ee32273a6a8 P 04d9cbe274334d0c8b9ae2357a82c7aa [term 0 FOLLOWER]: Advancing to term 1
I20260709 12:09:19.990289 30974 consensus_queue.cc:1048] T f7c301a7a3e7448cae939c6a018c8edb P bd77b6cca31e4ce7b18f72bcc6d86ac6 [LEADER]: Connected to new peer: Peer: permanent_uuid: "3441e73f06f947febb4620c5b454c402" member_type: VOTER last_known_addr { host: "127.28.235.130" port: 40487 }, Status: LMP_MISMATCH, Last received: 0.0, Next index: 2, Last known committed idx: 1, Time since last communication: 0.005s
I20260709 12:09:19.990167 30902 raft_consensus.cc:2468] T 1c41ce48554448a5aafe3ee32273a6a8 P 04d9cbe274334d0c8b9ae2357a82c7aa [term 1 FOLLOWER]: Leader election vote request: Granting yes vote for candidate 3441e73f06f947febb4620c5b454c402 in term 1.
I20260709 12:09:19.997460 31137 leader_election.cc:290] T 1c41ce48554448a5aafe3ee32273a6a8 P 3441e73f06f947febb4620c5b454c402 [CANDIDATE]: Term 1 election: Requested vote from peers bd77b6cca31e4ce7b18f72bcc6d86ac6 (127.28.235.129:44335), 04d9cbe274334d0c8b9ae2357a82c7aa (127.28.235.131:44079)
I20260709 12:09:19.999557 30946 tablet_bootstrap.cc:654] T d587bfcdf48c4fc6b7101cc806440bd9 P bd77b6cca31e4ce7b18f72bcc6d86ac6: Neither blocks nor log segments found. Creating new log.
I20260709 12:09:20.003322 30947 tablet_bootstrap.cc:654] T 02db9c720bf5443188a966c4b1b77ffd P 04d9cbe274334d0c8b9ae2357a82c7aa: Neither blocks nor log segments found. Creating new log.
I20260709 12:09:20.004930 30946 tablet_bootstrap.cc:492] T d587bfcdf48c4fc6b7101cc806440bd9 P bd77b6cca31e4ce7b18f72bcc6d86ac6: No bootstrap required, opened a new log
I20260709 12:09:20.005373 30946 ts_tablet_manager.cc:1403] T d587bfcdf48c4fc6b7101cc806440bd9 P bd77b6cca31e4ce7b18f72bcc6d86ac6: Time spent bootstrapping tablet: real 0.027s	user 0.009s	sys 0.001s
I20260709 12:09:20.007660 31042 raft_consensus.cc:515] T c6797a8612584b15a0d304e8e39ea8ec P 04d9cbe274334d0c8b9ae2357a82c7aa [term 1 FOLLOWER]: Starting leader election with config: opid_index: -1 OBSOLETE_local: false peers { permanent_uuid: "bd77b6cca31e4ce7b18f72bcc6d86ac6" member_type: VOTER last_known_addr { host: "127.28.235.129" port: 44335 } } peers { permanent_uuid: "3441e73f06f947febb4620c5b454c402" member_type: VOTER last_known_addr { host: "127.28.235.130" port: 40487 } } peers { permanent_uuid: "04d9cbe274334d0c8b9ae2357a82c7aa" member_type: VOTER last_known_addr { host: "127.28.235.131" port: 44079 } }
I20260709 12:09:20.008853 30945 tablet_bootstrap.cc:492] T d587bfcdf48c4fc6b7101cc806440bd9 P 3441e73f06f947febb4620c5b454c402: No bootstrap required, opened a new log
I20260709 12:09:20.009399 30945 ts_tablet_manager.cc:1403] T d587bfcdf48c4fc6b7101cc806440bd9 P 3441e73f06f947febb4620c5b454c402: Time spent bootstrapping tablet: real 0.067s	user 0.017s	sys 0.009s
I20260709 12:09:20.009605 30946 raft_consensus.cc:359] T d587bfcdf48c4fc6b7101cc806440bd9 P bd77b6cca31e4ce7b18f72bcc6d86ac6 [term 0 FOLLOWER]: Replica starting. Triggering 0 pending ops. Active config: opid_index: -1 OBSOLETE_local: false peers { permanent_uuid: "bd77b6cca31e4ce7b18f72bcc6d86ac6" member_type: VOTER last_known_addr { host: "127.28.235.129" port: 44335 } } peers { permanent_uuid: "3441e73f06f947febb4620c5b454c402" member_type: VOTER last_known_addr { host: "127.28.235.130" port: 40487 } } peers { permanent_uuid: "04d9cbe274334d0c8b9ae2357a82c7aa" member_type: VOTER last_known_addr { host: "127.28.235.131" port: 44079 } }
I20260709 12:09:20.010346 30946 raft_consensus.cc:385] T d587bfcdf48c4fc6b7101cc806440bd9 P bd77b6cca31e4ce7b18f72bcc6d86ac6 [term 0 FOLLOWER]: Consensus starting up: Expiring failure detector timer to make a prompt election more likely
I20260709 12:09:20.010627 30946 raft_consensus.cc:740] T d587bfcdf48c4fc6b7101cc806440bd9 P bd77b6cca31e4ce7b18f72bcc6d86ac6 [term 0 FOLLOWER]: Becoming Follower/Learner. State: Replica: bd77b6cca31e4ce7b18f72bcc6d86ac6, State: Initialized, Role: FOLLOWER
I20260709 12:09:20.010838 30752 tablet_service.cc:1917] Received RequestConsensusVote() RPC: tablet_id: "c6797a8612584b15a0d304e8e39ea8ec" candidate_uuid: "04d9cbe274334d0c8b9ae2357a82c7aa" candidate_term: 1 candidate_status { last_received { term: 0 index: 0 } } ignore_live_leader: false dest_uuid: "bd77b6cca31e4ce7b18f72bcc6d86ac6"
I20260709 12:09:20.011524 30752 raft_consensus.cc:3060] T c6797a8612584b15a0d304e8e39ea8ec P bd77b6cca31e4ce7b18f72bcc6d86ac6 [term 0 FOLLOWER]: Advancing to term 1
I20260709 12:09:20.011390 30946 consensus_queue.cc:260] T d587bfcdf48c4fc6b7101cc806440bd9 P bd77b6cca31e4ce7b18f72bcc6d86ac6 [NON_LEADER]: Queue going to NON_LEADER mode. State: All replicated index: 0, Majority replicated index: 0, Committed index: 0, Last appended: 0.0, Last appended by leader: 0, Current term: 0, Majority size: -1, State: 0, Mode: NON_LEADER, active raft config: opid_index: -1 OBSOLETE_local: false peers { permanent_uuid: "bd77b6cca31e4ce7b18f72bcc6d86ac6" member_type: VOTER last_known_addr { host: "127.28.235.129" port: 44335 } } peers { permanent_uuid: "3441e73f06f947febb4620c5b454c402" member_type: VOTER last_known_addr { host: "127.28.235.130" port: 40487 } } peers { permanent_uuid: "04d9cbe274334d0c8b9ae2357a82c7aa" member_type: VOTER last_known_addr { host: "127.28.235.131" port: 44079 } }
I20260709 12:09:20.011924 30947 tablet_bootstrap.cc:492] T 02db9c720bf5443188a966c4b1b77ffd P 04d9cbe274334d0c8b9ae2357a82c7aa: No bootstrap required, opened a new log
I20260709 12:09:20.012764 30945 raft_consensus.cc:359] T d587bfcdf48c4fc6b7101cc806440bd9 P 3441e73f06f947febb4620c5b454c402 [term 0 FOLLOWER]: Replica starting. Triggering 0 pending ops. Active config: opid_index: -1 OBSOLETE_local: false peers { permanent_uuid: "bd77b6cca31e4ce7b18f72bcc6d86ac6" member_type: VOTER last_known_addr { host: "127.28.235.129" port: 44335 } } peers { permanent_uuid: "3441e73f06f947febb4620c5b454c402" member_type: VOTER last_known_addr { host: "127.28.235.130" port: 40487 } } peers { permanent_uuid: "04d9cbe274334d0c8b9ae2357a82c7aa" member_type: VOTER last_known_addr { host: "127.28.235.131" port: 44079 } }
I20260709 12:09:20.013481 30946 ts_tablet_manager.cc:1434] T d587bfcdf48c4fc6b7101cc806440bd9 P bd77b6cca31e4ce7b18f72bcc6d86ac6: Time spent starting tablet: real 0.008s	user 0.005s	sys 0.002s
I20260709 12:09:20.013579 30945 raft_consensus.cc:385] T d587bfcdf48c4fc6b7101cc806440bd9 P 3441e73f06f947febb4620c5b454c402 [term 0 FOLLOWER]: Consensus starting up: Expiring failure detector timer to make a prompt election more likely
I20260709 12:09:20.014043 30945 raft_consensus.cc:740] T d587bfcdf48c4fc6b7101cc806440bd9 P 3441e73f06f947febb4620c5b454c402 [term 0 FOLLOWER]: Becoming Follower/Learner. State: Replica: 3441e73f06f947febb4620c5b454c402, State: Initialized, Role: FOLLOWER
I20260709 12:09:20.014680 30946 tablet_bootstrap.cc:492] T 25c79b81b78045a48c19a2902994e72c P bd77b6cca31e4ce7b18f72bcc6d86ac6: Bootstrap starting.
I20260709 12:09:20.014976 30945 consensus_queue.cc:260] T d587bfcdf48c4fc6b7101cc806440bd9 P 3441e73f06f947febb4620c5b454c402 [NON_LEADER]: Queue going to NON_LEADER mode. State: All replicated index: 0, Majority replicated index: 0, Committed index: 0, Last appended: 0.0, Last appended by leader: 0, Current term: 0, Majority size: -1, State: 0, Mode: NON_LEADER, active raft config: opid_index: -1 OBSOLETE_local: false peers { permanent_uuid: "bd77b6cca31e4ce7b18f72bcc6d86ac6" member_type: VOTER last_known_addr { host: "127.28.235.129" port: 44335 } } peers { permanent_uuid: "3441e73f06f947febb4620c5b454c402" member_type: VOTER last_known_addr { host: "127.28.235.130" port: 40487 } } peers { permanent_uuid: "04d9cbe274334d0c8b9ae2357a82c7aa" member_type: VOTER last_known_addr { host: "127.28.235.131" port: 44079 } }
I20260709 12:09:20.015628 30796 leader_election.cc:304] T 1c41ce48554448a5aafe3ee32273a6a8 P 3441e73f06f947febb4620c5b454c402 [CANDIDATE]: Term 1 election: Election decided. Result: candidate won. Election summary: received 2 responses out of 3 voters: 2 yes votes; 0 no votes. yes voters: 04d9cbe274334d0c8b9ae2357a82c7aa, 3441e73f06f947febb4620c5b454c402; no voters: 
I20260709 12:09:20.016592 30947 ts_tablet_manager.cc:1403] T 02db9c720bf5443188a966c4b1b77ffd P 04d9cbe274334d0c8b9ae2357a82c7aa: Time spent bootstrapping tablet: real 0.064s	user 0.010s	sys 0.004s
I20260709 12:09:20.017445 30945 ts_tablet_manager.cc:1434] T d587bfcdf48c4fc6b7101cc806440bd9 P 3441e73f06f947febb4620c5b454c402: Time spent starting tablet: real 0.008s	user 0.006s	sys 0.000s
I20260709 12:09:20.018496 30945 tablet_bootstrap.cc:492] T a7c3ee3de1c24ae883df0c1c17ee9924 P 3441e73f06f947febb4620c5b454c402: Bootstrap starting.
I20260709 12:09:20.019126 30947 raft_consensus.cc:359] T 02db9c720bf5443188a966c4b1b77ffd P 04d9cbe274334d0c8b9ae2357a82c7aa [term 0 FOLLOWER]: Replica starting. Triggering 0 pending ops. Active config: opid_index: -1 OBSOLETE_local: false peers { permanent_uuid: "bd77b6cca31e4ce7b18f72bcc6d86ac6" member_type: VOTER last_known_addr { host: "127.28.235.129" port: 44335 } } peers { permanent_uuid: "3441e73f06f947febb4620c5b454c402" member_type: VOTER last_known_addr { host: "127.28.235.130" port: 40487 } } peers { permanent_uuid: "04d9cbe274334d0c8b9ae2357a82c7aa" member_type: VOTER last_known_addr { host: "127.28.235.131" port: 44079 } }
I20260709 12:09:20.019559 31130 leader_election.cc:290] T c6797a8612584b15a0d304e8e39ea8ec P 04d9cbe274334d0c8b9ae2357a82c7aa [CANDIDATE]: Term 1 pre-election: Requested pre-vote from peers bd77b6cca31e4ce7b18f72bcc6d86ac6 (127.28.235.129:44335), 3441e73f06f947febb4620c5b454c402 (127.28.235.130:40487)
I20260709 12:09:20.019853 30947 raft_consensus.cc:385] T 02db9c720bf5443188a966c4b1b77ffd P 04d9cbe274334d0c8b9ae2357a82c7aa [term 0 FOLLOWER]: Consensus starting up: Expiring failure detector timer to make a prompt election more likely
I20260709 12:09:20.020166 30947 raft_consensus.cc:740] T 02db9c720bf5443188a966c4b1b77ffd P 04d9cbe274334d0c8b9ae2357a82c7aa [term 0 FOLLOWER]: Becoming Follower/Learner. State: Replica: 04d9cbe274334d0c8b9ae2357a82c7aa, State: Initialized, Role: FOLLOWER
