I20260709 12:09:19.403855 21937 tablet_bootstrap.cc:492] T e80e652eaf3d4f3abc806575644056e4 P 8660456b9c6e441699359ec8e41881f2: No bootstrap required, opened a new log
I20260709 12:09:19.404011 21822 raft_consensus.cc:2468] T a90b05d0970d4745b63088c55d7ce2e4 P 8660456b9c6e441699359ec8e41881f2 [term 0 FOLLOWER]: Leader pre-election vote request: Granting yes vote for candidate 7409870d3a304cbf9b2cff603fc40951 in term 0.
I20260709 12:09:19.404305 21937 ts_tablet_manager.cc:1403] T e80e652eaf3d4f3abc806575644056e4 P 8660456b9c6e441699359ec8e41881f2: Time spent bootstrapping tablet: real 0.039s	user 0.011s	sys 0.021s
I20260709 12:09:19.404000 21936 raft_consensus.cc:359] T 358f3857a51d4fb78a0a29f8bbbcd568 P 818ca309e3244fcd82a95078e4162935 [term 0 FOLLOWER]: Replica starting. Triggering 0 pending ops. Active config: opid_index: -1 OBSOLETE_local: false peers { permanent_uuid: "7409870d3a304cbf9b2cff603fc40951" member_type: VOTER last_known_addr { host: "127.20.19.65" port: 39079 } } peers { permanent_uuid: "8660456b9c6e441699359ec8e41881f2" member_type: VOTER last_known_addr { host: "127.20.19.66" port: 44135 } } peers { permanent_uuid: "818ca309e3244fcd82a95078e4162935" member_type: VOTER last_known_addr { host: "127.20.19.67" port: 40235 } }
I20260709 12:09:19.404805 21936 raft_consensus.cc:385] T 358f3857a51d4fb78a0a29f8bbbcd568 P 818ca309e3244fcd82a95078e4162935 [term 0 FOLLOWER]: Consensus starting up: Expiring failure detector timer to make a prompt election more likely
I20260709 12:09:19.405085 21936 raft_consensus.cc:740] T 358f3857a51d4fb78a0a29f8bbbcd568 P 818ca309e3244fcd82a95078e4162935 [term 0 FOLLOWER]: Becoming Follower/Learner. State: Replica: 818ca309e3244fcd82a95078e4162935, State: Initialized, Role: FOLLOWER
I20260709 12:09:19.405325 21712 leader_election.cc:304] T a90b05d0970d4745b63088c55d7ce2e4 P 7409870d3a304cbf9b2cff603fc40951 [CANDIDATE]: Term 1 pre-election: Election decided. Result: candidate won. Election summary: received 2 responses out of 3 voters: 2 yes votes; 0 no votes. yes voters: 7409870d3a304cbf9b2cff603fc40951, 8660456b9c6e441699359ec8e41881f2; no voters: 
I20260709 12:09:19.405820 21936 consensus_queue.cc:260] T 358f3857a51d4fb78a0a29f8bbbcd568 P 818ca309e3244fcd82a95078e4162935 [NON_LEADER]: Queue going to NON_LEADER mode. State: All replicated index: 0, Majority replicated index: 0, Committed index: 0, Last appended: 0.0, Last appended by leader: 0, Current term: 0, Majority size: -1, State: 0, Mode: NON_LEADER, active raft config: opid_index: -1 OBSOLETE_local: false peers { permanent_uuid: "7409870d3a304cbf9b2cff603fc40951" member_type: VOTER last_known_addr { host: "127.20.19.65" port: 39079 } } peers { permanent_uuid: "8660456b9c6e441699359ec8e41881f2" member_type: VOTER last_known_addr { host: "127.20.19.66" port: 44135 } } peers { permanent_uuid: "818ca309e3244fcd82a95078e4162935" member_type: VOTER last_known_addr { host: "127.20.19.67" port: 40235 } }
I20260709 12:09:19.407430 21937 raft_consensus.cc:359] T e80e652eaf3d4f3abc806575644056e4 P 8660456b9c6e441699359ec8e41881f2 [term 0 FOLLOWER]: Replica starting. Triggering 0 pending ops. Active config: opid_index: -1 OBSOLETE_local: false peers { permanent_uuid: "7409870d3a304cbf9b2cff603fc40951" member_type: VOTER last_known_addr { host: "127.20.19.65" port: 39079 } } peers { permanent_uuid: "8660456b9c6e441699359ec8e41881f2" member_type: VOTER last_known_addr { host: "127.20.19.66" port: 44135 } } peers { permanent_uuid: "818ca309e3244fcd82a95078e4162935" member_type: VOTER last_known_addr { host: "127.20.19.67" port: 40235 } }
I20260709 12:09:19.407856 21896 tablet_service.cc:1917] Received RequestConsensusVote() RPC: tablet_id: "a90b05d0970d4745b63088c55d7ce2e4" candidate_uuid: "7409870d3a304cbf9b2cff603fc40951" candidate_term: 1 candidate_status { last_received { term: 0 index: 0 } } ignore_live_leader: false dest_uuid: "818ca309e3244fcd82a95078e4162935" is_pre_election: true
I20260709 12:09:19.408059 21945 leader_election.cc:290] T a90b05d0970d4745b63088c55d7ce2e4 P 7409870d3a304cbf9b2cff603fc40951 [CANDIDATE]: Term 1 pre-election: Requested pre-vote from peers 8660456b9c6e441699359ec8e41881f2 (127.20.19.66:44135), 818ca309e3244fcd82a95078e4162935 (127.20.19.67:40235)
I20260709 12:09:19.408452 21896 raft_consensus.cc:2468] T a90b05d0970d4745b63088c55d7ce2e4 P 818ca309e3244fcd82a95078e4162935 [term 0 FOLLOWER]: Leader pre-election vote request: Granting yes vote for candidate 7409870d3a304cbf9b2cff603fc40951 in term 0.
I20260709 12:09:19.408571 21945 raft_consensus.cc:2804] T a90b05d0970d4745b63088c55d7ce2e4 P 7409870d3a304cbf9b2cff603fc40951 [term 0 FOLLOWER]: Leader pre-election won for term 1
I20260709 12:09:19.408978 21945 raft_consensus.cc:493] T a90b05d0970d4745b63088c55d7ce2e4 P 7409870d3a304cbf9b2cff603fc40951 [term 0 FOLLOWER]: Starting leader election (no leader contacted us within the election timeout)
I20260709 12:09:19.409291 21945 raft_consensus.cc:3060] T a90b05d0970d4745b63088c55d7ce2e4 P 7409870d3a304cbf9b2cff603fc40951 [term 0 FOLLOWER]: Advancing to term 1
I20260709 12:09:19.410912 21936 ts_tablet_manager.cc:1434] T 358f3857a51d4fb78a0a29f8bbbcd568 P 818ca309e3244fcd82a95078e4162935: Time spent starting tablet: real 0.015s	user 0.005s	sys 0.000s
I20260709 12:09:19.411768 21936 tablet_bootstrap.cc:492] T 17e3b79b6dfb4209bd5a0a3e5706df2c P 818ca309e3244fcd82a95078e4162935: Bootstrap starting.
I20260709 12:09:19.403982 21938 tablet_bootstrap.cc:492] T c941eeaa756e4a12b5c238720dc24d89 P 7409870d3a304cbf9b2cff603fc40951: Bootstrap starting.
I20260709 12:09:19.408062 21937 raft_consensus.cc:385] T e80e652eaf3d4f3abc806575644056e4 P 8660456b9c6e441699359ec8e41881f2 [term 0 FOLLOWER]: Consensus starting up: Expiring failure detector timer to make a prompt election more likely
I20260709 12:09:19.416885 21936 tablet_bootstrap.cc:654] T 17e3b79b6dfb4209bd5a0a3e5706df2c P 818ca309e3244fcd82a95078e4162935: Neither blocks nor log segments found. Creating new log.
I20260709 12:09:19.417038 21937 raft_consensus.cc:740] T e80e652eaf3d4f3abc806575644056e4 P 8660456b9c6e441699359ec8e41881f2 [term 0 FOLLOWER]: Becoming Follower/Learner. State: Replica: 8660456b9c6e441699359ec8e41881f2, State: Initialized, Role: FOLLOWER
I20260709 12:09:19.418164 21937 consensus_queue.cc:260] T e80e652eaf3d4f3abc806575644056e4 P 8660456b9c6e441699359ec8e41881f2 [NON_LEADER]: Queue going to NON_LEADER mode. State: All replicated index: 0, Majority replicated index: 0, Committed index: 0, Last appended: 0.0, Last appended by leader: 0, Current term: 0, Majority size: -1, State: 0, Mode: NON_LEADER, active raft config: opid_index: -1 OBSOLETE_local: false peers { permanent_uuid: "7409870d3a304cbf9b2cff603fc40951" member_type: VOTER last_known_addr { host: "127.20.19.65" port: 39079 } } peers { permanent_uuid: "8660456b9c6e441699359ec8e41881f2" member_type: VOTER last_known_addr { host: "127.20.19.66" port: 44135 } } peers { permanent_uuid: "818ca309e3244fcd82a95078e4162935" member_type: VOTER last_known_addr { host: "127.20.19.67" port: 40235 } }
I20260709 12:09:19.419407 21945 raft_consensus.cc:515] T a90b05d0970d4745b63088c55d7ce2e4 P 7409870d3a304cbf9b2cff603fc40951 [term 1 FOLLOWER]: Starting leader election with config: opid_index: -1 OBSOLETE_local: false peers { permanent_uuid: "7409870d3a304cbf9b2cff603fc40951" member_type: VOTER last_known_addr { host: "127.20.19.65" port: 39079 } } peers { permanent_uuid: "8660456b9c6e441699359ec8e41881f2" member_type: VOTER last_known_addr { host: "127.20.19.66" port: 44135 } } peers { permanent_uuid: "818ca309e3244fcd82a95078e4162935" member_type: VOTER last_known_addr { host: "127.20.19.67" port: 40235 } }
I20260709 12:09:19.421169 21937 ts_tablet_manager.cc:1434] T e80e652eaf3d4f3abc806575644056e4 P 8660456b9c6e441699359ec8e41881f2: Time spent starting tablet: real 0.017s	user 0.006s	sys 0.001s
I20260709 12:09:19.421880 21822 tablet_service.cc:1917] Received RequestConsensusVote() RPC: tablet_id: "a90b05d0970d4745b63088c55d7ce2e4" candidate_uuid: "7409870d3a304cbf9b2cff603fc40951" candidate_term: 1 candidate_status { last_received { term: 0 index: 0 } } ignore_live_leader: false dest_uuid: "8660456b9c6e441699359ec8e41881f2"
I20260709 12:09:19.422185 21937 tablet_bootstrap.cc:492] T 6cd2ac9045034a5abb73e3cc92749aee P 8660456b9c6e441699359ec8e41881f2: Bootstrap starting.
I20260709 12:09:19.424002 21822 raft_consensus.cc:3060] T a90b05d0970d4745b63088c55d7ce2e4 P 8660456b9c6e441699359ec8e41881f2 [term 0 FOLLOWER]: Advancing to term 1
I20260709 12:09:19.423790 21938 tablet_bootstrap.cc:654] T c941eeaa756e4a12b5c238720dc24d89 P 7409870d3a304cbf9b2cff603fc40951: Neither blocks nor log segments found. Creating new log.
I20260709 12:09:19.429781 21937 tablet_bootstrap.cc:654] T 6cd2ac9045034a5abb73e3cc92749aee P 8660456b9c6e441699359ec8e41881f2: Neither blocks nor log segments found. Creating new log.
I20260709 12:09:19.432369 21822 raft_consensus.cc:2468] T a90b05d0970d4745b63088c55d7ce2e4 P 8660456b9c6e441699359ec8e41881f2 [term 1 FOLLOWER]: Leader election vote request: Granting yes vote for candidate 7409870d3a304cbf9b2cff603fc40951 in term 1.
I20260709 12:09:19.434273 21896 tablet_service.cc:1917] Received RequestConsensusVote() RPC: tablet_id: "a90b05d0970d4745b63088c55d7ce2e4" candidate_uuid: "7409870d3a304cbf9b2cff603fc40951" candidate_term: 1 candidate_status { last_received { term: 0 index: 0 } } ignore_live_leader: false dest_uuid: "818ca309e3244fcd82a95078e4162935"
I20260709 12:09:19.434828 21896 raft_consensus.cc:3060] T a90b05d0970d4745b63088c55d7ce2e4 P 818ca309e3244fcd82a95078e4162935 [term 0 FOLLOWER]: Advancing to term 1
I20260709 12:09:19.436141 21936 tablet_bootstrap.cc:492] T 17e3b79b6dfb4209bd5a0a3e5706df2c P 818ca309e3244fcd82a95078e4162935: No bootstrap required, opened a new log
I20260709 12:09:19.436609 21936 ts_tablet_manager.cc:1403] T 17e3b79b6dfb4209bd5a0a3e5706df2c P 818ca309e3244fcd82a95078e4162935: Time spent bootstrapping tablet: real 0.025s	user 0.008s	sys 0.000s
I20260709 12:09:19.439198 21936 raft_consensus.cc:359] T 17e3b79b6dfb4209bd5a0a3e5706df2c P 818ca309e3244fcd82a95078e4162935 [term 0 FOLLOWER]: Replica starting. Triggering 0 pending ops. Active config: opid_index: -1 OBSOLETE_local: false peers { permanent_uuid: "7409870d3a304cbf9b2cff603fc40951" member_type: VOTER last_known_addr { host: "127.20.19.65" port: 39079 } } peers { permanent_uuid: "8660456b9c6e441699359ec8e41881f2" member_type: VOTER last_known_addr { host: "127.20.19.66" port: 44135 } } peers { permanent_uuid: "818ca309e3244fcd82a95078e4162935" member_type: VOTER last_known_addr { host: "127.20.19.67" port: 40235 } }
I20260709 12:09:19.439810 21936 raft_consensus.cc:385] T 17e3b79b6dfb4209bd5a0a3e5706df2c P 818ca309e3244fcd82a95078e4162935 [term 0 FOLLOWER]: Consensus starting up: Expiring failure detector timer to make a prompt election more likely
I20260709 12:09:19.440060 21936 raft_consensus.cc:740] T 17e3b79b6dfb4209bd5a0a3e5706df2c P 818ca309e3244fcd82a95078e4162935 [term 0 FOLLOWER]: Becoming Follower/Learner. State: Replica: 818ca309e3244fcd82a95078e4162935, State: Initialized, Role: FOLLOWER
I20260709 12:09:19.440760 21936 consensus_queue.cc:260] T 17e3b79b6dfb4209bd5a0a3e5706df2c P 818ca309e3244fcd82a95078e4162935 [NON_LEADER]: Queue going to NON_LEADER mode. State: All replicated index: 0, Majority replicated index: 0, Committed index: 0, Last appended: 0.0, Last appended by leader: 0, Current term: 0, Majority size: -1, State: 0, Mode: NON_LEADER, active raft config: opid_index: -1 OBSOLETE_local: false peers { permanent_uuid: "7409870d3a304cbf9b2cff603fc40951" member_type: VOTER last_known_addr { host: "127.20.19.65" port: 39079 } } peers { permanent_uuid: "8660456b9c6e441699359ec8e41881f2" member_type: VOTER last_known_addr { host: "127.20.19.66" port: 44135 } } peers { permanent_uuid: "818ca309e3244fcd82a95078e4162935" member_type: VOTER last_known_addr { host: "127.20.19.67" port: 40235 } }
I20260709 12:09:19.441653 21896 raft_consensus.cc:2468] T a90b05d0970d4745b63088c55d7ce2e4 P 818ca309e3244fcd82a95078e4162935 [term 1 FOLLOWER]: Leader election vote request: Granting yes vote for candidate 7409870d3a304cbf9b2cff603fc40951 in term 1.
I20260709 12:09:19.442737 21713 leader_election.cc:304] T a90b05d0970d4745b63088c55d7ce2e4 P 7409870d3a304cbf9b2cff603fc40951 [CANDIDATE]: Term 1 election: Election decided. Result: candidate won. Election summary: received 2 responses out of 3 voters: 2 yes votes; 0 no votes. yes voters: 7409870d3a304cbf9b2cff603fc40951, 818ca309e3244fcd82a95078e4162935; no voters: 
I20260709 12:09:19.443641 21988 raft_consensus.cc:2804] T a90b05d0970d4745b63088c55d7ce2e4 P 7409870d3a304cbf9b2cff603fc40951 [term 1 FOLLOWER]: Leader election won for term 1
I20260709 12:09:19.445286 21936 ts_tablet_manager.cc:1434] T 17e3b79b6dfb4209bd5a0a3e5706df2c P 818ca309e3244fcd82a95078e4162935: Time spent starting tablet: real 0.008s	user 0.001s	sys 0.005s
I20260709 12:09:19.446147 21936 tablet_bootstrap.cc:492] T 55844a940d204c689a0c2e4bb919007c P 818ca309e3244fcd82a95078e4162935: Bootstrap starting.
I20260709 12:09:19.448691 21942 raft_consensus.cc:493] T c941eeaa756e4a12b5c238720dc24d89 P 818ca309e3244fcd82a95078e4162935 [term 0 FOLLOWER]: Starting pre-election (no leader contacted us within the election timeout)
I20260709 12:09:19.449183 21942 raft_consensus.cc:515] T c941eeaa756e4a12b5c238720dc24d89 P 818ca309e3244fcd82a95078e4162935 [term 0 FOLLOWER]: Starting pre-election with config: opid_index: -1 OBSOLETE_local: false peers { permanent_uuid: "7409870d3a304cbf9b2cff603fc40951" member_type: VOTER last_known_addr { host: "127.20.19.65" port: 39079 } } peers { permanent_uuid: "8660456b9c6e441699359ec8e41881f2" member_type: VOTER last_known_addr { host: "127.20.19.66" port: 44135 } } peers { permanent_uuid: "818ca309e3244fcd82a95078e4162935" member_type: VOTER last_known_addr { host: "127.20.19.67" port: 40235 } }
I20260709 12:09:19.451155 21936 tablet_bootstrap.cc:654] T 55844a940d204c689a0c2e4bb919007c P 818ca309e3244fcd82a95078e4162935: Neither blocks nor log segments found. Creating new log.
I20260709 12:09:19.452546 21746 tablet_service.cc:1917] Received RequestConsensusVote() RPC: tablet_id: "c941eeaa756e4a12b5c238720dc24d89" candidate_uuid: "818ca309e3244fcd82a95078e4162935" candidate_term: 1 candidate_status { last_received { term: 0 index: 0 } } ignore_live_leader: false dest_uuid: "7409870d3a304cbf9b2cff603fc40951" is_pre_election: true
I20260709 12:09:19.453686 21821 tablet_service.cc:1917] Received RequestConsensusVote() RPC: tablet_id: "c941eeaa756e4a12b5c238720dc24d89" candidate_uuid: "818ca309e3244fcd82a95078e4162935" candidate_term: 1 candidate_status { last_received { term: 0 index: 0 } } ignore_live_leader: false dest_uuid: "8660456b9c6e441699359ec8e41881f2" is_pre_election: true
W20260709 12:09:19.454447 21861 leader_election.cc:343] T c941eeaa756e4a12b5c238720dc24d89 P 818ca309e3244fcd82a95078e4162935 [CANDIDATE]: Term 1 pre-election: Tablet error from VoteRequest() call to peer 7409870d3a304cbf9b2cff603fc40951 (127.20.19.65:39079): Illegal state: must be running to vote when last-logged opid is not known
W20260709 12:09:19.455497 21861 leader_election.cc:343] T c941eeaa756e4a12b5c238720dc24d89 P 818ca309e3244fcd82a95078e4162935 [CANDIDATE]: Term 1 pre-election: Tablet error from VoteRequest() call to peer 8660456b9c6e441699359ec8e41881f2 (127.20.19.66:44135): Illegal state: must be running to vote when last-logged opid is not known
I20260709 12:09:19.455921 21861 leader_election.cc:304] T c941eeaa756e4a12b5c238720dc24d89 P 818ca309e3244fcd82a95078e4162935 [CANDIDATE]: Term 1 pre-election: Election decided. Result: candidate lost. Election summary: received 3 responses out of 3 voters: 1 yes votes; 2 no votes. yes voters: 818ca309e3244fcd82a95078e4162935; no voters: 7409870d3a304cbf9b2cff603fc40951, 8660456b9c6e441699359ec8e41881f2
I20260709 12:09:19.456866 21963 raft_consensus.cc:2749] T c941eeaa756e4a12b5c238720dc24d89 P 818ca309e3244fcd82a95078e4162935 [term 0 FOLLOWER]: Leader pre-election lost for term 1. Reason: could not achieve majority
I20260709 12:09:19.451090 21942 leader_election.cc:290] T c941eeaa756e4a12b5c238720dc24d89 P 818ca309e3244fcd82a95078e4162935 [CANDIDATE]: Term 1 pre-election: Requested pre-vote from peers 7409870d3a304cbf9b2cff603fc40951 (127.20.19.65:39079), 8660456b9c6e441699359ec8e41881f2 (127.20.19.66:44135)
I20260709 12:09:19.464953 21945 leader_election.cc:290] T a90b05d0970d4745b63088c55d7ce2e4 P 7409870d3a304cbf9b2cff603fc40951 [CANDIDATE]: Term 1 election: Requested vote from peers 8660456b9c6e441699359ec8e41881f2 (127.20.19.66:44135), 818ca309e3244fcd82a95078e4162935 (127.20.19.67:40235)
I20260709 12:09:19.469461 21936 tablet_bootstrap.cc:492] T 55844a940d204c689a0c2e4bb919007c P 818ca309e3244fcd82a95078e4162935: No bootstrap required, opened a new log
I20260709 12:09:19.469928 21936 ts_tablet_manager.cc:1403] T 55844a940d204c689a0c2e4bb919007c P 818ca309e3244fcd82a95078e4162935: Time spent bootstrapping tablet: real 0.024s	user 0.010s	sys 0.004s
I20260709 12:09:19.470458 21988 raft_consensus.cc:697] T a90b05d0970d4745b63088c55d7ce2e4 P 7409870d3a304cbf9b2cff603fc40951 [term 1 LEADER]: Becoming Leader. State: Replica: 7409870d3a304cbf9b2cff603fc40951, State: Running, Role: LEADER
I20260709 12:09:19.471285 21988 consensus_queue.cc:237] T a90b05d0970d4745b63088c55d7ce2e4 P 7409870d3a304cbf9b2cff603fc40951 [LEADER]: Queue going to LEADER mode. State: All replicated index: 0, Majority replicated index: 0, Committed index: 0, Last appended: 0.0, Last appended by leader: 0, Current term: 1, Majority size: 2, State: 0, Mode: LEADER, active raft config: opid_index: -1 OBSOLETE_local: false peers { permanent_uuid: "7409870d3a304cbf9b2cff603fc40951" member_type: VOTER last_known_addr { host: "127.20.19.65" port: 39079 } } peers { permanent_uuid: "8660456b9c6e441699359ec8e41881f2" member_type: VOTER last_known_addr { host: "127.20.19.66" port: 44135 } } peers { permanent_uuid: "818ca309e3244fcd82a95078e4162935" member_type: VOTER last_known_addr { host: "127.20.19.67" port: 40235 } }
I20260709 12:09:19.472172 21936 raft_consensus.cc:359] T 55844a940d204c689a0c2e4bb919007c P 818ca309e3244fcd82a95078e4162935 [term 0 FOLLOWER]: Replica starting. Triggering 0 pending ops. Active config: opid_index: -1 OBSOLETE_local: false peers { permanent_uuid: "7409870d3a304cbf9b2cff603fc40951" member_type: VOTER last_known_addr { host: "127.20.19.65" port: 39079 } } peers { permanent_uuid: "8660456b9c6e441699359ec8e41881f2" member_type: VOTER last_known_addr { host: "127.20.19.66" port: 44135 } } peers { permanent_uuid: "818ca309e3244fcd82a95078e4162935" member_type: VOTER last_known_addr { host: "127.20.19.67" port: 40235 } }
I20260709 12:09:19.472823 21936 raft_consensus.cc:385] T 55844a940d204c689a0c2e4bb919007c P 818ca309e3244fcd82a95078e4162935 [term 0 FOLLOWER]: Consensus starting up: Expiring failure detector timer to make a prompt election more likely
I20260709 12:09:19.473080 21936 raft_consensus.cc:740] T 55844a940d204c689a0c2e4bb919007c P 818ca309e3244fcd82a95078e4162935 [term 0 FOLLOWER]: Becoming Follower/Learner. State: Replica: 818ca309e3244fcd82a95078e4162935, State: Initialized, Role: FOLLOWER
I20260709 12:09:19.473711 21936 consensus_queue.cc:260] T 55844a940d204c689a0c2e4bb919007c P 818ca309e3244fcd82a95078e4162935 [NON_LEADER]: Queue going to NON_LEADER mode. State: All replicated index: 0, Majority replicated index: 0, Committed index: 0, Last appended: 0.0, Last appended by leader: 0, Current term: 0, Majority size: -1, State: 0, Mode: NON_LEADER, active raft config: opid_index: -1 OBSOLETE_local: false peers { permanent_uuid: "7409870d3a304cbf9b2cff603fc40951" member_type: VOTER last_known_addr { host: "127.20.19.65" port: 39079 } } peers { permanent_uuid: "8660456b9c6e441699359ec8e41881f2" member_type: VOTER last_known_addr { host: "127.20.19.66" port: 44135 } } peers { permanent_uuid: "818ca309e3244fcd82a95078e4162935" member_type: VOTER last_known_addr { host: "127.20.19.67" port: 40235 } }
I20260709 12:09:19.475679 21936 ts_tablet_manager.cc:1434] T 55844a940d204c689a0c2e4bb919007c P 818ca309e3244fcd82a95078e4162935: Time spent starting tablet: real 0.005s	user 0.004s	sys 0.000s
I20260709 12:09:19.479033 21936 tablet_bootstrap.cc:492] T d49abb39c45146fba05321975e913f2d P 818ca309e3244fcd82a95078e4162935: Bootstrap starting.
I20260709 12:09:19.484134 21936 tablet_bootstrap.cc:654] T d49abb39c45146fba05321975e913f2d P 818ca309e3244fcd82a95078e4162935: Neither blocks nor log segments found. Creating new log.
I20260709 12:09:19.485188 21942 raft_consensus.cc:493] T dec4fd59f383491b98dcc490d21cde13 P 818ca309e3244fcd82a95078e4162935 [term 0 FOLLOWER]: Starting pre-election (no leader contacted us within the election timeout)
I20260709 12:09:19.485635 21942 raft_consensus.cc:515] T dec4fd59f383491b98dcc490d21cde13 P 818ca309e3244fcd82a95078e4162935 [term 0 FOLLOWER]: Starting pre-election with config: opid_index: -1 OBSOLETE_local: false peers { permanent_uuid: "7409870d3a304cbf9b2cff603fc40951" member_type: VOTER last_known_addr { host: "127.20.19.65" port: 39079 } } peers { permanent_uuid: "8660456b9c6e441699359ec8e41881f2" member_type: VOTER last_known_addr { host: "127.20.19.66" port: 44135 } } peers { permanent_uuid: "818ca309e3244fcd82a95078e4162935" member_type: VOTER last_known_addr { host: "127.20.19.67" port: 40235 } }
I20260709 12:09:19.487608 21942 leader_election.cc:290] T dec4fd59f383491b98dcc490d21cde13 P 818ca309e3244fcd82a95078e4162935 [CANDIDATE]: Term 1 pre-election: Requested pre-vote from peers 7409870d3a304cbf9b2cff603fc40951 (127.20.19.65:39079), 8660456b9c6e441699359ec8e41881f2 (127.20.19.66:44135)
I20260709 12:09:19.490499 21746 tablet_service.cc:1917] Received RequestConsensusVote() RPC: tablet_id: "dec4fd59f383491b98dcc490d21cde13" candidate_uuid: "818ca309e3244fcd82a95078e4162935" candidate_term: 1 candidate_status { last_received { term: 0 index: 0 } } ignore_live_leader: false dest_uuid: "7409870d3a304cbf9b2cff603fc40951" is_pre_election: true
I20260709 12:09:19.491317 21746 raft_consensus.cc:2393] T dec4fd59f383491b98dcc490d21cde13 P 7409870d3a304cbf9b2cff603fc40951 [term 1 FOLLOWER]: Leader pre-election vote request: Denying vote to candidate 818ca309e3244fcd82a95078e4162935 in current term 1: Already voted for candidate 8660456b9c6e441699359ec8e41881f2 in this term.
I20260709 12:09:19.493232 21822 tablet_service.cc:1917] Received RequestConsensusVote() RPC: tablet_id: "dec4fd59f383491b98dcc490d21cde13" candidate_uuid: "818ca309e3244fcd82a95078e4162935" candidate_term: 1 candidate_status { last_received { term: 0 index: 0 } } ignore_live_leader: false dest_uuid: "8660456b9c6e441699359ec8e41881f2" is_pre_election: true
I20260709 12:09:19.494539 21861 leader_election.cc:304] T dec4fd59f383491b98dcc490d21cde13 P 818ca309e3244fcd82a95078e4162935 [CANDIDATE]: Term 1 pre-election: Election decided. Result: candidate lost. Election summary: received 3 responses out of 3 voters: 1 yes votes; 2 no votes. yes voters: 818ca309e3244fcd82a95078e4162935; no voters: 7409870d3a304cbf9b2cff603fc40951, 8660456b9c6e441699359ec8e41881f2
I20260709 12:09:19.495878 21942 raft_consensus.cc:3060] T dec4fd59f383491b98dcc490d21cde13 P 818ca309e3244fcd82a95078e4162935 [term 0 FOLLOWER]: Advancing to term 1
I20260709 12:09:19.499092 21936 tablet_bootstrap.cc:492] T d49abb39c45146fba05321975e913f2d P 818ca309e3244fcd82a95078e4162935: No bootstrap required, opened a new log
I20260709 12:09:19.499564 21936 ts_tablet_manager.cc:1403] T d49abb39c45146fba05321975e913f2d P 818ca309e3244fcd82a95078e4162935: Time spent bootstrapping tablet: real 0.021s	user 0.009s	sys 0.005s
I20260709 12:09:19.501461 21992 raft_consensus.cc:493] T 6cd2ac9045034a5abb73e3cc92749aee P 7409870d3a304cbf9b2cff603fc40951 [term 0 FOLLOWER]: Starting pre-election (no leader contacted us within the election timeout)
I20260709 12:09:19.501905 21992 raft_consensus.cc:515] T 6cd2ac9045034a5abb73e3cc92749aee P 7409870d3a304cbf9b2cff603fc40951 [term 0 FOLLOWER]: Starting pre-election with config: opid_index: -1 OBSOLETE_local: false peers { permanent_uuid: "7409870d3a304cbf9b2cff603fc40951" member_type: VOTER last_known_addr { host: "127.20.19.65" port: 39079 } } peers { permanent_uuid: "8660456b9c6e441699359ec8e41881f2" member_type: VOTER last_known_addr { host: "127.20.19.66" port: 44135 } } peers { permanent_uuid: "818ca309e3244fcd82a95078e4162935" member_type: VOTER last_known_addr { host: "127.20.19.67" port: 40235 } }
I20260709 12:09:19.502561 21936 raft_consensus.cc:359] T d49abb39c45146fba05321975e913f2d P 818ca309e3244fcd82a95078e4162935 [term 0 FOLLOWER]: Replica starting. Triggering 0 pending ops. Active config: opid_index: -1 OBSOLETE_local: false peers { permanent_uuid: "7409870d3a304cbf9b2cff603fc40951" member_type: VOTER last_known_addr { host: "127.20.19.65" port: 39079 } } peers { permanent_uuid: "8660456b9c6e441699359ec8e41881f2" member_type: VOTER last_known_addr { host: "127.20.19.66" port: 44135 } } peers { permanent_uuid: "818ca309e3244fcd82a95078e4162935" member_type: VOTER last_known_addr { host: "127.20.19.67" port: 40235 } }
I20260709 12:09:19.503176 21936 raft_consensus.cc:385] T d49abb39c45146fba05321975e913f2d P 818ca309e3244fcd82a95078e4162935 [term 0 FOLLOWER]: Consensus starting up: Expiring failure detector timer to make a prompt election more likely
I20260709 12:09:19.503448 21936 raft_consensus.cc:740] T d49abb39c45146fba05321975e913f2d P 818ca309e3244fcd82a95078e4162935 [term 0 FOLLOWER]: Becoming Follower/Learner. State: Replica: 818ca309e3244fcd82a95078e4162935, State: Initialized, Role: FOLLOWER
I20260709 12:09:19.504072 21936 consensus_queue.cc:260] T d49abb39c45146fba05321975e913f2d P 818ca309e3244fcd82a95078e4162935 [NON_LEADER]: Queue going to NON_LEADER mode. State: All replicated index: 0, Majority replicated index: 0, Committed index: 0, Last appended: 0.0, Last appended by leader: 0, Current term: 0, Majority size: -1, State: 0, Mode: NON_LEADER, active raft config: opid_index: -1 OBSOLETE_local: false peers { permanent_uuid: "7409870d3a304cbf9b2cff603fc40951" member_type: VOTER last_known_addr { host: "127.20.19.65" port: 39079 } } peers { permanent_uuid: "8660456b9c6e441699359ec8e41881f2" member_type: VOTER last_known_addr { host: "127.20.19.66" port: 44135 } } peers { permanent_uuid: "818ca309e3244fcd82a95078e4162935" member_type: VOTER last_known_addr { host: "127.20.19.67" port: 40235 } }
I20260709 12:09:19.505918 21936 ts_tablet_manager.cc:1434] T d49abb39c45146fba05321975e913f2d P 818ca309e3244fcd82a95078e4162935: Time spent starting tablet: real 0.006s	user 0.002s	sys 0.003s
I20260709 12:09:19.506985 21936 tablet_bootstrap.cc:492] T 3bdac7cedfc3404a8f249b4c7b54e916 P 818ca309e3244fcd82a95078e4162935: Bootstrap starting.
I20260709 12:09:19.512249 21936 tablet_bootstrap.cc:654] T 3bdac7cedfc3404a8f249b4c7b54e916 P 818ca309e3244fcd82a95078e4162935: Neither blocks nor log segments found. Creating new log.
I20260709 12:09:19.521526 21822 tablet_service.cc:1917] Received RequestConsensusVote() RPC: tablet_id: "6cd2ac9045034a5abb73e3cc92749aee" candidate_uuid: "7409870d3a304cbf9b2cff603fc40951" candidate_term: 1 candidate_status { last_received { term: 0 index: 0 } } ignore_live_leader: false dest_uuid: "8660456b9c6e441699359ec8e41881f2" is_pre_election: true
W20260709 12:09:19.522687 21712 leader_election.cc:343] T 6cd2ac9045034a5abb73e3cc92749aee P 7409870d3a304cbf9b2cff603fc40951 [CANDIDATE]: Term 1 pre-election: Tablet error from VoteRequest() call to peer 8660456b9c6e441699359ec8e41881f2 (127.20.19.66:44135): Illegal state: must be running to vote when last-logged opid is not known
I20260709 12:09:19.524176 21942 raft_consensus.cc:2749] T dec4fd59f383491b98dcc490d21cde13 P 818ca309e3244fcd82a95078e4162935 [term 1 FOLLOWER]: Leader pre-election lost for term 1. Reason: could not achieve majority
I20260709 12:09:19.524720 21936 tablet_bootstrap.cc:492] T 3bdac7cedfc3404a8f249b4c7b54e916 P 818ca309e3244fcd82a95078e4162935: No bootstrap required, opened a new log
I20260709 12:09:19.525156 21936 ts_tablet_manager.cc:1403] T 3bdac7cedfc3404a8f249b4c7b54e916 P 818ca309e3244fcd82a95078e4162935: Time spent bootstrapping tablet: real 0.018s	user 0.009s	sys 0.007s
I20260709 12:09:19.526345 21896 tablet_service.cc:1917] Received RequestConsensusVote() RPC: tablet_id: "6cd2ac9045034a5abb73e3cc92749aee" candidate_uuid: "7409870d3a304cbf9b2cff603fc40951" candidate_term: 1 candidate_status { last_received { term: 0 index: 0 } } ignore_live_leader: false dest_uuid: "818ca309e3244fcd82a95078e4162935" is_pre_election: true
I20260709 12:09:19.526932 21896 raft_consensus.cc:2468] T 6cd2ac9045034a5abb73e3cc92749aee P 818ca309e3244fcd82a95078e4162935 [term 0 FOLLOWER]: Leader pre-election vote request: Granting yes vote for candidate 7409870d3a304cbf9b2cff603fc40951 in term 0.
I20260709 12:09:19.527959 21713 leader_election.cc:304] T 6cd2ac9045034a5abb73e3cc92749aee P 7409870d3a304cbf9b2cff603fc40951 [CANDIDATE]: Term 1 pre-election: Election decided. Result: candidate won. Election summary: received 3 responses out of 3 voters: 2 yes votes; 1 no votes. yes voters: 7409870d3a304cbf9b2cff603fc40951, 818ca309e3244fcd82a95078e4162935; no voters: 8660456b9c6e441699359ec8e41881f2
I20260709 12:09:19.529214 21945 raft_consensus.cc:2804] T 6cd2ac9045034a5abb73e3cc92749aee P 7409870d3a304cbf9b2cff603fc40951 [term 0 FOLLOWER]: Leader pre-election won for term 1
I20260709 12:09:19.529548 21945 raft_consensus.cc:493] T 6cd2ac9045034a5abb73e3cc92749aee P 7409870d3a304cbf9b2cff603fc40951 [term 0 FOLLOWER]: Starting leader election (no leader contacted us within the election timeout)
I20260709 12:09:19.529872 21945 raft_consensus.cc:3060] T 6cd2ac9045034a5abb73e3cc92749aee P 7409870d3a304cbf9b2cff603fc40951 [term 0 FOLLOWER]: Advancing to term 1
I20260709 12:09:19.531615 21936 raft_consensus.cc:359] T 3bdac7cedfc3404a8f249b4c7b54e916 P 818ca309e3244fcd82a95078e4162935 [term 0 FOLLOWER]: Replica starting. Triggering 0 pending ops. Active config: opid_index: -1 OBSOLETE_local: false peers { permanent_uuid: "7409870d3a304cbf9b2cff603fc40951" member_type: VOTER last_known_addr { host: "127.20.19.65" port: 39079 } } peers { permanent_uuid: "8660456b9c6e441699359ec8e41881f2" member_type: VOTER last_known_addr { host: "127.20.19.66" port: 44135 } } peers { permanent_uuid: "818ca309e3244fcd82a95078e4162935" member_type: VOTER last_known_addr { host: "127.20.19.67" port: 40235 } }
I20260709 12:09:19.532243 21936 raft_consensus.cc:385] T 3bdac7cedfc3404a8f249b4c7b54e916 P 818ca309e3244fcd82a95078e4162935 [term 0 FOLLOWER]: Consensus starting up: Expiring failure detector timer to make a prompt election more likely
I20260709 12:09:19.532492 21936 raft_consensus.cc:740] T 3bdac7cedfc3404a8f249b4c7b54e916 P 818ca309e3244fcd82a95078e4162935 [term 0 FOLLOWER]: Becoming Follower/Learner. State: Replica: 818ca309e3244fcd82a95078e4162935, State: Initialized, Role: FOLLOWER
I20260709 12:09:19.533243 21936 consensus_queue.cc:260] T 3bdac7cedfc3404a8f249b4c7b54e916 P 818ca309e3244fcd82a95078e4162935 [NON_LEADER]: Queue going to NON_LEADER mode. State: All replicated index: 0, Majority replicated index: 0, Committed index: 0, Last appended: 0.0, Last appended by leader: 0, Current term: 0, Majority size: -1, State: 0, Mode: NON_LEADER, active raft config: opid_index: -1 OBSOLETE_local: false peers { permanent_uuid: "7409870d3a304cbf9b2cff603fc40951" member_type: VOTER last_known_addr { host: "127.20.19.65" port: 39079 } } peers { permanent_uuid: "8660456b9c6e441699359ec8e41881f2" member_type: VOTER last_known_addr { host: "127.20.19.66" port: 44135 } } peers { permanent_uuid: "818ca309e3244fcd82a95078e4162935" member_type: VOTER last_known_addr { host: "127.20.19.67" port: 40235 } }
I20260709 12:09:19.535113 21936 ts_tablet_manager.cc:1434] T 3bdac7cedfc3404a8f249b4c7b54e916 P 818ca309e3244fcd82a95078e4162935: Time spent starting tablet: real 0.010s	user 0.005s	sys 0.000s
I20260709 12:09:19.536221 21945 raft_consensus.cc:515] T 6cd2ac9045034a5abb73e3cc92749aee P 7409870d3a304cbf9b2cff603fc40951 [term 1 FOLLOWER]: Starting leader election with config: opid_index: -1 OBSOLETE_local: false peers { permanent_uuid: "7409870d3a304cbf9b2cff603fc40951" member_type: VOTER last_known_addr { host: "127.20.19.65" port: 39079 } } peers { permanent_uuid: "8660456b9c6e441699359ec8e41881f2" member_type: VOTER last_known_addr { host: "127.20.19.66" port: 44135 } } peers { permanent_uuid: "818ca309e3244fcd82a95078e4162935" member_type: VOTER last_known_addr { host: "127.20.19.67" port: 40235 } }
I20260709 12:09:19.536875 21992 leader_election.cc:290] T 6cd2ac9045034a5abb73e3cc92749aee P 7409870d3a304cbf9b2cff603fc40951 [CANDIDATE]: Term 1 pre-election: Requested pre-vote from peers 8660456b9c6e441699359ec8e41881f2 (127.20.19.66:44135), 818ca309e3244fcd82a95078e4162935 (127.20.19.67:40235)
I20260709 12:09:19.538583 21936 tablet_bootstrap.cc:492] T 905dbf64f3da4342a92facf9415e653d P 818ca309e3244fcd82a95078e4162935: Bootstrap starting.
I20260709 12:09:19.548590 21822 tablet_service.cc:1917] Received RequestConsensusVote() RPC: tablet_id: "6cd2ac9045034a5abb73e3cc92749aee" candidate_uuid: "7409870d3a304cbf9b2cff603fc40951" candidate_term: 1 candidate_status { last_received { term: 0 index: 0 } } ignore_live_leader: false dest_uuid: "8660456b9c6e441699359ec8e41881f2"
I20260709 12:09:19.549145 21945 leader_election.cc:290] T 6cd2ac9045034a5abb73e3cc92749aee P 7409870d3a304cbf9b2cff603fc40951 [CANDIDATE]: Term 1 election: Requested vote from peers 8660456b9c6e441699359ec8e41881f2 (127.20.19.66:44135), 818ca309e3244fcd82a95078e4162935 (127.20.19.67:40235)
I20260709 12:09:19.549655 21896 tablet_service.cc:1917] Received RequestConsensusVote() RPC: tablet_id: "6cd2ac9045034a5abb73e3cc92749aee" candidate_uuid: "7409870d3a304cbf9b2cff603fc40951" candidate_term: 1 candidate_status { last_received { term: 0 index: 0 } } ignore_live_leader: false dest_uuid: "818ca309e3244fcd82a95078e4162935"
W20260709 12:09:19.549923 21712 leader_election.cc:343] T 6cd2ac9045034a5abb73e3cc92749aee P 7409870d3a304cbf9b2cff603fc40951 [CANDIDATE]: Term 1 election: Tablet error from VoteRequest() call to peer 8660456b9c6e441699359ec8e41881f2 (127.20.19.66:44135): Illegal state: must be running to vote when last-logged opid is not known
I20260709 12:09:19.550194 21896 raft_consensus.cc:3060] T 6cd2ac9045034a5abb73e3cc92749aee P 818ca309e3244fcd82a95078e4162935 [term 0 FOLLOWER]: Advancing to term 1
I20260709 12:09:19.550613 21937 tablet_bootstrap.cc:492] T 6cd2ac9045034a5abb73e3cc92749aee P 8660456b9c6e441699359ec8e41881f2: No bootstrap required, opened a new log
I20260709 12:09:19.550971 21937 ts_tablet_manager.cc:1403] T 6cd2ac9045034a5abb73e3cc92749aee P 8660456b9c6e441699359ec8e41881f2: Time spent bootstrapping tablet: real 0.129s	user 0.040s	sys 0.074s
I20260709 12:09:19.542529 21644 catalog_manager.cc:5697] T a90b05d0970d4745b63088c55d7ce2e4 P 7409870d3a304cbf9b2cff603fc40951 reported cstate change: term changed from 0 to 1, leader changed from <none> to 7409870d3a304cbf9b2cff603fc40951 (127.20.19.65). New cstate: current_term: 1 leader_uuid: "7409870d3a304cbf9b2cff603fc40951" committed_config { opid_index: -1 OBSOLETE_local: false peers { permanent_uuid: "7409870d3a304cbf9b2cff603fc40951" member_type: VOTER last_known_addr { host: "127.20.19.65" port: 39079 } health_report { overall_health: HEALTHY } } peers { permanent_uuid: "8660456b9c6e441699359ec8e41881f2" member_type: VOTER last_known_addr { host: "127.20.19.66" port: 44135 } health_report { overall_health: UNKNOWN } } peers { permanent_uuid: "818ca309e3244fcd82a95078e4162935" member_type: VOTER last_known_addr { host: "127.20.19.67" port: 40235 } health_report { overall_health: UNKNOWN } } }
W20260709 12:09:19.544885 21994 log.cc:927] Time spent T a90b05d0970d4745b63088c55d7ce2e4 P 7409870d3a304cbf9b2cff603fc40951: Append to log took a long time: real 0.066s	user 0.000s	sys 0.000s
I20260709 12:09:19.556254 21937 raft_consensus.cc:359] T 6cd2ac9045034a5abb73e3cc92749aee P 8660456b9c6e441699359ec8e41881f2 [term 0 FOLLOWER]: Replica starting. Triggering 0 pending ops. Active config: opid_index: -1 OBSOLETE_local: false peers { permanent_uuid: "7409870d3a304cbf9b2cff603fc40951" member_type: VOTER last_known_addr { host: "127.20.19.65" port: 39079 } } peers { permanent_uuid: "8660456b9c6e441699359ec8e41881f2" member_type: VOTER last_known_addr { host: "127.20.19.66" port: 44135 } } peers { permanent_uuid: "818ca309e3244fcd82a95078e4162935" member_type: VOTER last_known_addr { host: "127.20.19.67" port: 40235 } }
I20260709 12:09:19.556931 21936 tablet_bootstrap.cc:654] T 905dbf64f3da4342a92facf9415e653d P 818ca309e3244fcd82a95078e4162935: Neither blocks nor log segments found. Creating new log.
I20260709 12:09:19.557262 21938 tablet_bootstrap.cc:492] T c941eeaa756e4a12b5c238720dc24d89 P 7409870d3a304cbf9b2cff603fc40951: No bootstrap required, opened a new log
I20260709 12:09:19.557915 21937 raft_consensus.cc:385] T 6cd2ac9045034a5abb73e3cc92749aee P 8660456b9c6e441699359ec8e41881f2 [term 0 FOLLOWER]: Consensus starting up: Expiring failure detector timer to make a prompt election more likely
I20260709 12:09:19.557209 21945 raft_consensus.cc:493] T b3744069adbc4c71a7943d3520ab110b P 7409870d3a304cbf9b2cff603fc40951 [term 0 FOLLOWER]: Starting pre-election (no leader contacted us within the election timeout)
I20260709 12:09:19.557969 21896 raft_consensus.cc:2468] T 6cd2ac9045034a5abb73e3cc92749aee P 818ca309e3244fcd82a95078e4162935 [term 1 FOLLOWER]: Leader election vote request: Granting yes vote for candidate 7409870d3a304cbf9b2cff603fc40951 in term 1.
I20260709 12:09:19.558298 21937 raft_consensus.cc:740] T 6cd2ac9045034a5abb73e3cc92749aee P 8660456b9c6e441699359ec8e41881f2 [term 0 FOLLOWER]: Becoming Follower/Learner. State: Replica: 8660456b9c6e441699359ec8e41881f2, State: Initialized, Role: FOLLOWER
I20260709 12:09:19.558749 21938 ts_tablet_manager.cc:1403] T c941eeaa756e4a12b5c238720dc24d89 P 7409870d3a304cbf9b2cff603fc40951: Time spent bootstrapping tablet: real 0.155s	user 0.067s	sys 0.055s
I20260709 12:09:19.559139 21713 leader_election.cc:304] T 6cd2ac9045034a5abb73e3cc92749aee P 7409870d3a304cbf9b2cff603fc40951 [CANDIDATE]: Term 1 election: Election decided. Result: candidate won. Election summary: received 3 responses out of 3 voters: 2 yes votes; 1 no votes. yes voters: 7409870d3a304cbf9b2cff603fc40951, 818ca309e3244fcd82a95078e4162935; no voters: 8660456b9c6e441699359ec8e41881f2
I20260709 12:09:19.560405 21992 raft_consensus.cc:2804] T 6cd2ac9045034a5abb73e3cc92749aee P 7409870d3a304cbf9b2cff603fc40951 [term 1 FOLLOWER]: Leader election won for term 1
I20260709 12:09:19.558512 21945 raft_consensus.cc:515] T b3744069adbc4c71a7943d3520ab110b P 7409870d3a304cbf9b2cff603fc40951 [term 0 FOLLOWER]: Starting pre-election with config: opid_index: -1 OBSOLETE_local: false peers { permanent_uuid: "7409870d3a304cbf9b2cff603fc40951" member_type: VOTER last_known_addr { host: "127.20.19.65" port: 39079 } } peers { permanent_uuid: "8660456b9c6e441699359ec8e41881f2" member_type: VOTER last_known_addr { host: "127.20.19.66" port: 44135 } } peers { permanent_uuid: "818ca309e3244fcd82a95078e4162935" member_type: VOTER last_known_addr { host: "127.20.19.67" port: 40235 } }
I20260709 12:09:19.561009 21992 raft_consensus.cc:697] T 6cd2ac9045034a5abb73e3cc92749aee P 7409870d3a304cbf9b2cff603fc40951 [term 1 LEADER]: Becoming Leader. State: Replica: 7409870d3a304cbf9b2cff603fc40951, State: Running, Role: LEADER
I20260709 12:09:19.559083 21937 consensus_queue.cc:260] T 6cd2ac9045034a5abb73e3cc92749aee P 8660456b9c6e441699359ec8e41881f2 [NON_LEADER]: Queue going to NON_LEADER mode. State: All replicated index: 0, Majority replicated index: 0, Committed index: 0, Last appended: 0.0, Last appended by leader: 0, Current term: 0, Majority size: -1, State: 0, Mode: NON_LEADER, active raft config: opid_index: -1 OBSOLETE_local: false peers { permanent_uuid: "7409870d3a304cbf9b2cff603fc40951" member_type: VOTER last_known_addr { host: "127.20.19.65" port: 39079 } } peers { permanent_uuid: "8660456b9c6e441699359ec8e41881f2" member_type: VOTER last_known_addr { host: "127.20.19.66" port: 44135 } } peers { permanent_uuid: "818ca309e3244fcd82a95078e4162935" member_type: VOTER last_known_addr { host: "127.20.19.67" port: 40235 } }
I20260709 12:09:19.562881 21945 leader_election.cc:290] T b3744069adbc4c71a7943d3520ab110b P 7409870d3a304cbf9b2cff603fc40951 [CANDIDATE]: Term 1 pre-election: Requested pre-vote from peers 8660456b9c6e441699359ec8e41881f2 (127.20.19.66:44135), 818ca309e3244fcd82a95078e4162935 (127.20.19.67:40235)
I20260709 12:09:19.563867 21938 raft_consensus.cc:359] T c941eeaa756e4a12b5c238720dc24d89 P 7409870d3a304cbf9b2cff603fc40951 [term 0 FOLLOWER]: Replica starting. Triggering 0 pending ops. Active config: opid_index: -1 OBSOLETE_local: false peers { permanent_uuid: "7409870d3a304cbf9b2cff603fc40951" member_type: VOTER last_known_addr { host: "127.20.19.65" port: 39079 } } peers { permanent_uuid: "8660456b9c6e441699359ec8e41881f2" member_type: VOTER last_known_addr { host: "127.20.19.66" port: 44135 } } peers { permanent_uuid: "818ca309e3244fcd82a95078e4162935" member_type: VOTER last_known_addr { host: "127.20.19.67" port: 40235 } }
I20260709 12:09:19.565068 21938 raft_consensus.cc:385] T c941eeaa756e4a12b5c238720dc24d89 P 7409870d3a304cbf9b2cff603fc40951 [term 0 FOLLOWER]: Consensus starting up: Expiring failure detector timer to make a prompt election more likely
I20260709 12:09:19.565413 21938 raft_consensus.cc:740] T c941eeaa756e4a12b5c238720dc24d89 P 7409870d3a304cbf9b2cff603fc40951 [term 0 FOLLOWER]: Becoming Follower/Learner. State: Replica: 7409870d3a304cbf9b2cff603fc40951, State: Initialized, Role: FOLLOWER
I20260709 12:09:19.566345 21937 ts_tablet_manager.cc:1434] T 6cd2ac9045034a5abb73e3cc92749aee P 8660456b9c6e441699359ec8e41881f2: Time spent starting tablet: real 0.015s	user 0.006s	sys 0.000s
I20260709 12:09:19.566262 21938 consensus_queue.cc:260] T c941eeaa756e4a12b5c238720dc24d89 P 7409870d3a304cbf9b2cff603fc40951 [NON_LEADER]: Queue going to NON_LEADER mode. State: All replicated index: 0, Majority replicated index: 0, Committed index: 0, Last appended: 0.0, Last appended by leader: 0, Current term: 0, Majority size: -1, State: 0, Mode: NON_LEADER, active raft config: opid_index: -1 OBSOLETE_local: false peers { permanent_uuid: "7409870d3a304cbf9b2cff603fc40951" member_type: VOTER last_known_addr { host: "127.20.19.65" port: 39079 } } peers { permanent_uuid: "8660456b9c6e441699359ec8e41881f2" member_type: VOTER last_known_addr { host: "127.20.19.66" port: 44135 } } peers { permanent_uuid: "818ca309e3244fcd82a95078e4162935" member_type: VOTER last_known_addr { host: "127.20.19.67" port: 40235 } }
I20260709 12:09:19.567335 21937 tablet_bootstrap.cc:492] T c941eeaa756e4a12b5c238720dc24d89 P 8660456b9c6e441699359ec8e41881f2: Bootstrap starting.
I20260709 12:09:19.568758 21938 ts_tablet_manager.cc:1434] T c941eeaa756e4a12b5c238720dc24d89 P 7409870d3a304cbf9b2cff603fc40951: Time spent starting tablet: real 0.009s	user 0.002s	sys 0.003s
I20260709 12:09:19.569633 21938 tablet_bootstrap.cc:492] T 5218bb07a3324c90a757bb768917c37f P 7409870d3a304cbf9b2cff603fc40951: Bootstrap starting.
I20260709 12:09:19.570111 21936 tablet_bootstrap.cc:492] T 905dbf64f3da4342a92facf9415e653d P 818ca309e3244fcd82a95078e4162935: No bootstrap required, opened a new log
I20260709 12:09:19.570622 21936 ts_tablet_manager.cc:1403] T 905dbf64f3da4342a92facf9415e653d P 818ca309e3244fcd82a95078e4162935: Time spent bootstrapping tablet: real 0.032s	user 0.009s	sys 0.005s
I20260709 12:09:19.573014 21936 raft_consensus.cc:359] T 905dbf64f3da4342a92facf9415e653d P 818ca309e3244fcd82a95078e4162935 [term 0 FOLLOWER]: Replica starting. Triggering 0 pending ops. Active config: opid_index: -1 OBSOLETE_local: false peers { permanent_uuid: "7409870d3a304cbf9b2cff603fc40951" member_type: VOTER last_known_addr { host: "127.20.19.65" port: 39079 } } peers { permanent_uuid: "8660456b9c6e441699359ec8e41881f2" member_type: VOTER last_known_addr { host: "127.20.19.66" port: 44135 } } peers { permanent_uuid: "818ca309e3244fcd82a95078e4162935" member_type: VOTER last_known_addr { host: "127.20.19.67" port: 40235 } }
I20260709 12:09:19.573529 21937 tablet_bootstrap.cc:654] T c941eeaa756e4a12b5c238720dc24d89 P 8660456b9c6e441699359ec8e41881f2: Neither blocks nor log segments found. Creating new log.
I20260709 12:09:19.573637 21936 raft_consensus.cc:385] T 905dbf64f3da4342a92facf9415e653d P 818ca309e3244fcd82a95078e4162935 [term 0 FOLLOWER]: Consensus starting up: Expiring failure detector timer to make a prompt election more likely
I20260709 12:09:19.573930 21936 raft_consensus.cc:740] T 905dbf64f3da4342a92facf9415e653d P 818ca309e3244fcd82a95078e4162935 [term 0 FOLLOWER]: Becoming Follower/Learner. State: Replica: 818ca309e3244fcd82a95078e4162935, State: Initialized, Role: FOLLOWER
I20260709 12:09:19.575022 21938 tablet_bootstrap.cc:654] T 5218bb07a3324c90a757bb768917c37f P 7409870d3a304cbf9b2cff603fc40951: Neither blocks nor log segments found. Creating new log.
I20260709 12:09:19.574736 21936 consensus_queue.cc:260] T 905dbf64f3da4342a92facf9415e653d P 818ca309e3244fcd82a95078e4162935 [NON_LEADER]: Queue going to NON_LEADER mode. State: All replicated index: 0, Majority replicated index: 0, Committed index: 0, Last appended: 0.0, Last appended by leader: 0, Current term: 0, Majority size: -1, State: 0, Mode: NON_LEADER, active raft config: opid_index: -1 OBSOLETE_local: false peers { permanent_uuid: "7409870d3a304cbf9b2cff603fc40951" member_type: VOTER last_known_addr { host: "127.20.19.65" port: 39079 } } peers { permanent_uuid: "8660456b9c6e441699359ec8e41881f2" member_type: VOTER last_known_addr { host: "127.20.19.66" port: 44135 } } peers { permanent_uuid: "818ca309e3244fcd82a95078e4162935" member_type: VOTER last_known_addr { host: "127.20.19.67" port: 40235 } }
I20260709 12:09:19.576066 21945 raft_consensus.cc:493] T db53a08b2da84acf898fb3b2f53b03ad P 7409870d3a304cbf9b2cff603fc40951 [term 0 FOLLOWER]: Starting pre-election (no leader contacted us within the election timeout)
I20260709 12:09:19.576509 21945 raft_consensus.cc:515] T db53a08b2da84acf898fb3b2f53b03ad P 7409870d3a304cbf9b2cff603fc40951 [term 0 FOLLOWER]: Starting pre-election with config: opid_index: -1 OBSOLETE_local: false peers { permanent_uuid: "7409870d3a304cbf9b2cff603fc40951" member_type: VOTER last_known_addr { host: "127.20.19.65" port: 39079 } } peers { permanent_uuid: "8660456b9c6e441699359ec8e41881f2" member_type: VOTER last_known_addr { host: "127.20.19.66" port: 44135 } } peers { permanent_uuid: "818ca309e3244fcd82a95078e4162935" member_type: VOTER last_known_addr { host: "127.20.19.67" port: 40235 } }
I20260709 12:09:19.578527 21945 leader_election.cc:290] T db53a08b2da84acf898fb3b2f53b03ad P 7409870d3a304cbf9b2cff603fc40951 [CANDIDATE]: Term 1 pre-election: Requested pre-vote from peers 8660456b9c6e441699359ec8e41881f2 (127.20.19.66:44135), 818ca309e3244fcd82a95078e4162935 (127.20.19.67:40235)
I20260709 12:09:19.579630 21936 ts_tablet_manager.cc:1434] T 905dbf64f3da4342a92facf9415e653d P 818ca309e3244fcd82a95078e4162935: Time spent starting tablet: real 0.009s	user 0.005s	sys 0.001s
I20260709 12:09:19.579883 21963 raft_consensus.cc:493] T 3bdac7cedfc3404a8f249b4c7b54e916 P 818ca309e3244fcd82a95078e4162935 [term 0 FOLLOWER]: Starting pre-election (no leader contacted us within the election timeout)
I20260709 12:09:19.580521 21936 tablet_bootstrap.cc:492] T e80e652eaf3d4f3abc806575644056e4 P 818ca309e3244fcd82a95078e4162935: Bootstrap starting.
I20260709 12:09:19.580288 21963 raft_consensus.cc:515] T 3bdac7cedfc3404a8f249b4c7b54e916 P 818ca309e3244fcd82a95078e4162935 [term 0 FOLLOWER]: Starting pre-election with config: opid_index: -1 OBSOLETE_local: false peers { permanent_uuid: "7409870d3a304cbf9b2cff603fc40951" member_type: VOTER last_known_addr { host: "127.20.19.65" port: 39079 } } peers { permanent_uuid: "8660456b9c6e441699359ec8e41881f2" member_type: VOTER last_known_addr { host: "127.20.19.66" port: 44135 } } peers { permanent_uuid: "818ca309e3244fcd82a95078e4162935" member_type: VOTER last_known_addr { host: "127.20.19.67" port: 40235 } }
I20260709 12:09:19.580628 21821 tablet_service.cc:1917] Received RequestConsensusVote() RPC: tablet_id: "db53a08b2da84acf898fb3b2f53b03ad" candidate_uuid: "7409870d3a304cbf9b2cff603fc40951" candidate_term: 1 candidate_status { last_received { term: 0 index: 0 } } ignore_live_leader: false dest_uuid: "8660456b9c6e441699359ec8e41881f2" is_pre_election: true
I20260709 12:09:19.581247 21821 raft_consensus.cc:2468] T db53a08b2da84acf898fb3b2f53b03ad P 8660456b9c6e441699359ec8e41881f2 [term 0 FOLLOWER]: Leader pre-election vote request: Granting yes vote for candidate 7409870d3a304cbf9b2cff603fc40951 in term 0.
I20260709 12:09:19.582690 21963 leader_election.cc:290] T 3bdac7cedfc3404a8f249b4c7b54e916 P 818ca309e3244fcd82a95078e4162935 [CANDIDATE]: Term 1 pre-election: Requested pre-vote from peers 7409870d3a304cbf9b2cff603fc40951 (127.20.19.65:39079), 8660456b9c6e441699359ec8e41881f2 (127.20.19.66:44135)
I20260709 12:09:19.583176 21712 leader_election.cc:304] T db53a08b2da84acf898fb3b2f53b03ad P 7409870d3a304cbf9b2cff603fc40951 [CANDIDATE]: Term 1 pre-election: Election decided. Result: candidate won. Election summary: received 2 responses out of 3 voters: 2 yes votes; 0 no votes. yes voters: 7409870d3a304cbf9b2cff603fc40951, 8660456b9c6e441699359ec8e41881f2; no voters: 
