I20260709 12:08:37.839856 23160 leader_election.cc:290] T 682b3274af744db6876a03eba9689f6e P 6bb0bfe0a85243c1a18ebaf37abafbea [CANDIDATE]: Term 5 election: Requested vote from peers 64f21b353de74095905cc1953a554d2d (127.22.124.194:42023), efdb911b40af4ed2b0c916f1721742ce (127.22.124.195:38305)
I20260709 12:08:37.847290 23481 raft_consensus.cc:993] T 067ae29aceb74a0ebf789cd538d199a0 P 64f21b353de74095905cc1953a554d2d: : Instructing follower efdb911b40af4ed2b0c916f1721742ce to start an election
I20260709 12:08:37.847894 23546 raft_consensus.cc:1081] T 067ae29aceb74a0ebf789cd538d199a0 P 64f21b353de74095905cc1953a554d2d [term 4 LEADER]: Signalling peer efdb911b40af4ed2b0c916f1721742ce to start an election
I20260709 12:08:37.850455 23309 tablet_service.cc:2044] Received Run Leader Election RPC: tablet_id: "067ae29aceb74a0ebf789cd538d199a0"
dest_uuid: "efdb911b40af4ed2b0c916f1721742ce"
 from {username='slave'} at 127.0.0.1:53710
I20260709 12:08:37.851286 23309 raft_consensus.cc:493] T 067ae29aceb74a0ebf789cd538d199a0 P efdb911b40af4ed2b0c916f1721742ce [term 4 FOLLOWER]: Starting forced leader election (received explicit request)
I20260709 12:08:37.851729 23309 raft_consensus.cc:3060] T 067ae29aceb74a0ebf789cd538d199a0 P efdb911b40af4ed2b0c916f1721742ce [term 4 FOLLOWER]: Advancing to term 5
I20260709 12:08:37.841539 23234 raft_consensus.cc:2468] T 682b3274af744db6876a03eba9689f6e P 64f21b353de74095905cc1953a554d2d [term 5 FOLLOWER]: Leader election vote request: Granting yes vote for candidate 6bb0bfe0a85243c1a18ebaf37abafbea in term 5.
I20260709 12:08:37.853430 23128 leader_election.cc:304] T 682b3274af744db6876a03eba9689f6e P 6bb0bfe0a85243c1a18ebaf37abafbea [CANDIDATE]: Term 5 election: Election decided. Result: candidate won. Election summary: received 2 responses out of 3 voters: 2 yes votes; 0 no votes. yes voters: 64f21b353de74095905cc1953a554d2d, 6bb0bfe0a85243c1a18ebaf37abafbea; no voters: 
I20260709 12:08:37.869012 23311 raft_consensus.cc:2468] T 682b3274af744db6876a03eba9689f6e P efdb911b40af4ed2b0c916f1721742ce [term 5 FOLLOWER]: Leader election vote request: Granting yes vote for candidate 6bb0bfe0a85243c1a18ebaf37abafbea in term 5.
I20260709 12:08:37.875383 23309 raft_consensus.cc:515] T 067ae29aceb74a0ebf789cd538d199a0 P efdb911b40af4ed2b0c916f1721742ce [term 5 FOLLOWER]: Starting forced leader election with config: opid_index: -1 OBSOLETE_local: false peers { permanent_uuid: "6bb0bfe0a85243c1a18ebaf37abafbea" member_type: VOTER last_known_addr { host: "127.22.124.193" port: 43743 } } peers { permanent_uuid: "64f21b353de74095905cc1953a554d2d" member_type: VOTER last_known_addr { host: "127.22.124.194" port: 42023 } } peers { permanent_uuid: "efdb911b40af4ed2b0c916f1721742ce" member_type: VOTER last_known_addr { host: "127.22.124.195" port: 38305 } }
I20260709 12:08:37.880800 23309 leader_election.cc:290] T 067ae29aceb74a0ebf789cd538d199a0 P efdb911b40af4ed2b0c916f1721742ce [CANDIDATE]: Term 5 election: Requested vote from peers 6bb0bfe0a85243c1a18ebaf37abafbea (127.22.124.193:43743), 64f21b353de74095905cc1953a554d2d (127.22.124.194:42023)
I20260709 12:08:37.882489 23237 tablet_service.cc:1917] Received RequestConsensusVote() RPC: tablet_id: "067ae29aceb74a0ebf789cd538d199a0" candidate_uuid: "efdb911b40af4ed2b0c916f1721742ce" candidate_term: 5 candidate_status { last_received { term: 4 index: 3 } } ignore_live_leader: true dest_uuid: "64f21b353de74095905cc1953a554d2d"
I20260709 12:08:37.883337 23237 raft_consensus.cc:3055] T 067ae29aceb74a0ebf789cd538d199a0 P 64f21b353de74095905cc1953a554d2d [term 4 LEADER]: Stepping down as leader of term 4
I20260709 12:08:37.884737 23237 raft_consensus.cc:740] T 067ae29aceb74a0ebf789cd538d199a0 P 64f21b353de74095905cc1953a554d2d [term 4 LEADER]: Becoming Follower/Learner. State: Replica: 64f21b353de74095905cc1953a554d2d, State: Running, Role: LEADER
I20260709 12:08:37.885695 23237 consensus_queue.cc:260] T 067ae29aceb74a0ebf789cd538d199a0 P 64f21b353de74095905cc1953a554d2d [NON_LEADER]: Queue going to NON_LEADER mode. State: All replicated index: 0, Majority replicated index: 3, Committed index: 3, Last appended: 4.3, Last appended by leader: 3, Current term: 4, Majority size: -1, State: 0, Mode: NON_LEADER, active raft config: opid_index: -1 OBSOLETE_local: false peers { permanent_uuid: "6bb0bfe0a85243c1a18ebaf37abafbea" member_type: VOTER last_known_addr { host: "127.22.124.193" port: 43743 } } peers { permanent_uuid: "64f21b353de74095905cc1953a554d2d" member_type: VOTER last_known_addr { host: "127.22.124.194" port: 42023 } } peers { permanent_uuid: "efdb911b40af4ed2b0c916f1721742ce" member_type: VOTER last_known_addr { host: "127.22.124.195" port: 38305 } }
I20260709 12:08:37.887607 23237 raft_consensus.cc:3060] T 067ae29aceb74a0ebf789cd538d199a0 P 64f21b353de74095905cc1953a554d2d [term 4 FOLLOWER]: Advancing to term 5
I20260709 12:08:37.896823 23237 raft_consensus.cc:2468] T 067ae29aceb74a0ebf789cd538d199a0 P 64f21b353de74095905cc1953a554d2d [term 5 FOLLOWER]: Leader election vote request: Granting yes vote for candidate efdb911b40af4ed2b0c916f1721742ce in term 5.
I20260709 12:08:37.899516 23277 leader_election.cc:304] T 067ae29aceb74a0ebf789cd538d199a0 P efdb911b40af4ed2b0c916f1721742ce [CANDIDATE]: Term 5 election: Election decided. Result: candidate won. Election summary: received 2 responses out of 3 voters: 2 yes votes; 0 no votes. yes voters: 64f21b353de74095905cc1953a554d2d, efdb911b40af4ed2b0c916f1721742ce; no voters: 
I20260709 12:08:37.900612 23543 raft_consensus.cc:2804] T 067ae29aceb74a0ebf789cd538d199a0 P efdb911b40af4ed2b0c916f1721742ce [term 5 FOLLOWER]: Leader election won for term 5
W20260709 12:08:37.907351 23128 outbound_call.cc:321] RPC callback for RPC call kudu.consensus.ConsensusService.RequestConsensusVote -> {remote=127.22.124.194:42023, user_credentials={real_user=slave}} blocked reactor thread for 54020.4us
I20260709 12:08:37.897076 23527 raft_consensus.cc:2804] T 682b3274af744db6876a03eba9689f6e P 6bb0bfe0a85243c1a18ebaf37abafbea [term 5 FOLLOWER]: Leader election won for term 5
I20260709 12:08:37.908092 23543 raft_consensus.cc:697] T 067ae29aceb74a0ebf789cd538d199a0 P efdb911b40af4ed2b0c916f1721742ce [term 5 LEADER]: Becoming Leader. State: Replica: efdb911b40af4ed2b0c916f1721742ce, State: Running, Role: LEADER
I20260709 12:08:37.908586 23527 raft_consensus.cc:697] T 682b3274af744db6876a03eba9689f6e P 6bb0bfe0a85243c1a18ebaf37abafbea [term 5 LEADER]: Becoming Leader. State: Replica: 6bb0bfe0a85243c1a18ebaf37abafbea, State: Running, Role: LEADER
I20260709 12:08:37.909307 23543 consensus_queue.cc:237] T 067ae29aceb74a0ebf789cd538d199a0 P efdb911b40af4ed2b0c916f1721742ce [LEADER]: Queue going to LEADER mode. State: All replicated index: 0, Majority replicated index: 3, Committed index: 3, Last appended: 4.3, Last appended by leader: 3, Current term: 5, Majority size: 2, State: 0, Mode: LEADER, active raft config: opid_index: -1 OBSOLETE_local: false peers { permanent_uuid: "6bb0bfe0a85243c1a18ebaf37abafbea" member_type: VOTER last_known_addr { host: "127.22.124.193" port: 43743 } } peers { permanent_uuid: "64f21b353de74095905cc1953a554d2d" member_type: VOTER last_known_addr { host: "127.22.124.194" port: 42023 } } peers { permanent_uuid: "efdb911b40af4ed2b0c916f1721742ce" member_type: VOTER last_known_addr { host: "127.22.124.195" port: 38305 } }
I20260709 12:08:37.909631 23527 consensus_queue.cc:237] T 682b3274af744db6876a03eba9689f6e P 6bb0bfe0a85243c1a18ebaf37abafbea [LEADER]: Queue going to LEADER mode. State: All replicated index: 0, Majority replicated index: 3, Committed index: 3, Last appended: 4.3, Last appended by leader: 3, Current term: 5, Majority size: 2, State: 0, Mode: LEADER, active raft config: opid_index: -1 OBSOLETE_local: false peers { permanent_uuid: "6bb0bfe0a85243c1a18ebaf37abafbea" member_type: VOTER last_known_addr { host: "127.22.124.193" port: 43743 } } peers { permanent_uuid: "64f21b353de74095905cc1953a554d2d" member_type: VOTER last_known_addr { host: "127.22.124.194" port: 42023 } } peers { permanent_uuid: "efdb911b40af4ed2b0c916f1721742ce" member_type: VOTER last_known_addr { host: "127.22.124.195" port: 38305 } }
I20260709 12:08:37.911595 23160 tablet_service.cc:1917] Received RequestConsensusVote() RPC: tablet_id: "067ae29aceb74a0ebf789cd538d199a0" candidate_uuid: "efdb911b40af4ed2b0c916f1721742ce" candidate_term: 5 candidate_status { last_received { term: 4 index: 3 } } ignore_live_leader: true dest_uuid: "6bb0bfe0a85243c1a18ebaf37abafbea"
I20260709 12:08:37.912207 23160 raft_consensus.cc:3060] T 067ae29aceb74a0ebf789cd538d199a0 P 6bb0bfe0a85243c1a18ebaf37abafbea [term 4 FOLLOWER]: Advancing to term 5
I20260709 12:08:37.920310 23160 raft_consensus.cc:2468] T 067ae29aceb74a0ebf789cd538d199a0 P 6bb0bfe0a85243c1a18ebaf37abafbea [term 5 FOLLOWER]: Leader election vote request: Granting yes vote for candidate efdb911b40af4ed2b0c916f1721742ce in term 5.
I20260709 12:08:37.929811 23057 catalog_manager.cc:5697] T 067ae29aceb74a0ebf789cd538d199a0 P efdb911b40af4ed2b0c916f1721742ce reported cstate change: term changed from 4 to 5, leader changed from 64f21b353de74095905cc1953a554d2d (127.22.124.194) to efdb911b40af4ed2b0c916f1721742ce (127.22.124.195). New cstate: current_term: 5 leader_uuid: "efdb911b40af4ed2b0c916f1721742ce" committed_config { opid_index: -1 OBSOLETE_local: false peers { permanent_uuid: "6bb0bfe0a85243c1a18ebaf37abafbea" member_type: VOTER last_known_addr { host: "127.22.124.193" port: 43743 } health_report { overall_health: UNKNOWN } } peers { permanent_uuid: "64f21b353de74095905cc1953a554d2d" member_type: VOTER last_known_addr { host: "127.22.124.194" port: 42023 } health_report { overall_health: UNKNOWN } } peers { permanent_uuid: "efdb911b40af4ed2b0c916f1721742ce" member_type: VOTER last_known_addr { host: "127.22.124.195" port: 38305 } health_report { overall_health: HEALTHY } } }
I20260709 12:08:37.930410 23059 catalog_manager.cc:5697] T 682b3274af744db6876a03eba9689f6e P 6bb0bfe0a85243c1a18ebaf37abafbea reported cstate change: term changed from 4 to 5, leader changed from 64f21b353de74095905cc1953a554d2d (127.22.124.194) to 6bb0bfe0a85243c1a18ebaf37abafbea (127.22.124.193). New cstate: current_term: 5 leader_uuid: "6bb0bfe0a85243c1a18ebaf37abafbea" committed_config { opid_index: -1 OBSOLETE_local: false peers { permanent_uuid: "6bb0bfe0a85243c1a18ebaf37abafbea" member_type: VOTER last_known_addr { host: "127.22.124.193" port: 43743 } health_report { overall_health: HEALTHY } } peers { permanent_uuid: "64f21b353de74095905cc1953a554d2d" member_type: VOTER last_known_addr { host: "127.22.124.194" port: 42023 } health_report { overall_health: UNKNOWN } } peers { permanent_uuid: "efdb911b40af4ed2b0c916f1721742ce" member_type: VOTER last_known_addr { host: "127.22.124.195" port: 38305 } health_report { overall_health: UNKNOWN } } }
I20260709 12:08:38.014038 23547 raft_consensus.cc:993] T 12cd0d1645054916af4db30e6e20caff P 64f21b353de74095905cc1953a554d2d: : Instructing follower 6bb0bfe0a85243c1a18ebaf37abafbea to start an election
I20260709 12:08:38.014662 23481 raft_consensus.cc:1081] T 12cd0d1645054916af4db30e6e20caff P 64f21b353de74095905cc1953a554d2d [term 2 LEADER]: Signalling peer 6bb0bfe0a85243c1a18ebaf37abafbea to start an election
I20260709 12:08:38.016863 23160 tablet_service.cc:2044] Received Run Leader Election RPC: tablet_id: "12cd0d1645054916af4db30e6e20caff"
dest_uuid: "6bb0bfe0a85243c1a18ebaf37abafbea"
 from {username='slave'} at 127.0.0.1:53360
I20260709 12:08:38.017540 23160 raft_consensus.cc:493] T 12cd0d1645054916af4db30e6e20caff P 6bb0bfe0a85243c1a18ebaf37abafbea [term 2 FOLLOWER]: Starting forced leader election (received explicit request)
I20260709 12:08:38.017987 23160 raft_consensus.cc:3060] T 12cd0d1645054916af4db30e6e20caff P 6bb0bfe0a85243c1a18ebaf37abafbea [term 2 FOLLOWER]: Advancing to term 3
I20260709 12:08:38.026372 23160 raft_consensus.cc:515] T 12cd0d1645054916af4db30e6e20caff P 6bb0bfe0a85243c1a18ebaf37abafbea [term 3 FOLLOWER]: Starting forced leader election with config: opid_index: -1 OBSOLETE_local: false peers { permanent_uuid: "6bb0bfe0a85243c1a18ebaf37abafbea" member_type: VOTER last_known_addr { host: "127.22.124.193" port: 43743 } } peers { permanent_uuid: "64f21b353de74095905cc1953a554d2d" member_type: VOTER last_known_addr { host: "127.22.124.194" port: 42023 } } peers { permanent_uuid: "efdb911b40af4ed2b0c916f1721742ce" member_type: VOTER last_known_addr { host: "127.22.124.195" port: 38305 } }
I20260709 12:08:38.029621 23160 leader_election.cc:290] T 12cd0d1645054916af4db30e6e20caff P 6bb0bfe0a85243c1a18ebaf37abafbea [CANDIDATE]: Term 3 election: Requested vote from peers 64f21b353de74095905cc1953a554d2d (127.22.124.194:42023), efdb911b40af4ed2b0c916f1721742ce (127.22.124.195:38305)
I20260709 12:08:38.031600 23237 tablet_service.cc:1917] Received RequestConsensusVote() RPC: tablet_id: "12cd0d1645054916af4db30e6e20caff" candidate_uuid: "6bb0bfe0a85243c1a18ebaf37abafbea" candidate_term: 3 candidate_status { last_received { term: 2 index: 2 } } ignore_live_leader: true dest_uuid: "64f21b353de74095905cc1953a554d2d"
I20260709 12:08:38.032508 23309 tablet_service.cc:1917] Received RequestConsensusVote() RPC: tablet_id: "12cd0d1645054916af4db30e6e20caff" candidate_uuid: "6bb0bfe0a85243c1a18ebaf37abafbea" candidate_term: 3 candidate_status { last_received { term: 2 index: 2 } } ignore_live_leader: true dest_uuid: "efdb911b40af4ed2b0c916f1721742ce"
I20260709 12:08:38.032804 23237 raft_consensus.cc:3055] T 12cd0d1645054916af4db30e6e20caff P 64f21b353de74095905cc1953a554d2d [term 2 LEADER]: Stepping down as leader of term 2
I20260709 12:08:38.033231 23309 raft_consensus.cc:3060] T 12cd0d1645054916af4db30e6e20caff P efdb911b40af4ed2b0c916f1721742ce [term 2 FOLLOWER]: Advancing to term 3
I20260709 12:08:38.033239 23237 raft_consensus.cc:740] T 12cd0d1645054916af4db30e6e20caff P 64f21b353de74095905cc1953a554d2d [term 2 LEADER]: Becoming Follower/Learner. State: Replica: 64f21b353de74095905cc1953a554d2d, State: Running, Role: LEADER
I20260709 12:08:38.037083 23237 consensus_queue.cc:260] T 12cd0d1645054916af4db30e6e20caff P 64f21b353de74095905cc1953a554d2d [NON_LEADER]: Queue going to NON_LEADER mode. State: All replicated index: 0, Majority replicated index: 2, Committed index: 2, Last appended: 2.2, Last appended by leader: 2, Current term: 2, Majority size: -1, State: 0, Mode: NON_LEADER, active raft config: opid_index: -1 OBSOLETE_local: false peers { permanent_uuid: "6bb0bfe0a85243c1a18ebaf37abafbea" member_type: VOTER last_known_addr { host: "127.22.124.193" port: 43743 } } peers { permanent_uuid: "64f21b353de74095905cc1953a554d2d" member_type: VOTER last_known_addr { host: "127.22.124.194" port: 42023 } } peers { permanent_uuid: "efdb911b40af4ed2b0c916f1721742ce" member_type: VOTER last_known_addr { host: "127.22.124.195" port: 38305 } }
I20260709 12:08:38.038681 23237 raft_consensus.cc:3060] T 12cd0d1645054916af4db30e6e20caff P 64f21b353de74095905cc1953a554d2d [term 2 FOLLOWER]: Advancing to term 3
I20260709 12:08:38.044770 23309 raft_consensus.cc:2468] T 12cd0d1645054916af4db30e6e20caff P efdb911b40af4ed2b0c916f1721742ce [term 3 FOLLOWER]: Leader election vote request: Granting yes vote for candidate 6bb0bfe0a85243c1a18ebaf37abafbea in term 3.
I20260709 12:08:38.046404 23128 leader_election.cc:304] T 12cd0d1645054916af4db30e6e20caff P 6bb0bfe0a85243c1a18ebaf37abafbea [CANDIDATE]: Term 3 election: Election decided. Result: candidate won. Election summary: received 2 responses out of 3 voters: 2 yes votes; 0 no votes. yes voters: 6bb0bfe0a85243c1a18ebaf37abafbea, efdb911b40af4ed2b0c916f1721742ce; no voters: 
I20260709 12:08:38.047668 23237 raft_consensus.cc:2468] T 12cd0d1645054916af4db30e6e20caff P 64f21b353de74095905cc1953a554d2d [term 3 FOLLOWER]: Leader election vote request: Granting yes vote for candidate 6bb0bfe0a85243c1a18ebaf37abafbea in term 3.
I20260709 12:08:38.047746 23527 raft_consensus.cc:2804] T 12cd0d1645054916af4db30e6e20caff P 6bb0bfe0a85243c1a18ebaf37abafbea [term 3 FOLLOWER]: Leader election won for term 3
I20260709 12:08:38.048574 23527 raft_consensus.cc:697] T 12cd0d1645054916af4db30e6e20caff P 6bb0bfe0a85243c1a18ebaf37abafbea [term 3 LEADER]: Becoming Leader. State: Replica: 6bb0bfe0a85243c1a18ebaf37abafbea, State: Running, Role: LEADER
I20260709 12:08:38.049798 23527 consensus_queue.cc:237] T 12cd0d1645054916af4db30e6e20caff P 6bb0bfe0a85243c1a18ebaf37abafbea [LEADER]: Queue going to LEADER mode. State: All replicated index: 0, Majority replicated index: 2, Committed index: 2, Last appended: 2.2, Last appended by leader: 2, Current term: 3, Majority size: 2, State: 0, Mode: LEADER, active raft config: opid_index: -1 OBSOLETE_local: false peers { permanent_uuid: "6bb0bfe0a85243c1a18ebaf37abafbea" member_type: VOTER last_known_addr { host: "127.22.124.193" port: 43743 } } peers { permanent_uuid: "64f21b353de74095905cc1953a554d2d" member_type: VOTER last_known_addr { host: "127.22.124.194" port: 42023 } } peers { permanent_uuid: "efdb911b40af4ed2b0c916f1721742ce" member_type: VOTER last_known_addr { host: "127.22.124.195" port: 38305 } }
I20260709 12:08:38.062178 23059 catalog_manager.cc:5697] T 12cd0d1645054916af4db30e6e20caff P 6bb0bfe0a85243c1a18ebaf37abafbea reported cstate change: term changed from 2 to 3, leader changed from 64f21b353de74095905cc1953a554d2d (127.22.124.194) to 6bb0bfe0a85243c1a18ebaf37abafbea (127.22.124.193). New cstate: current_term: 3 leader_uuid: "6bb0bfe0a85243c1a18ebaf37abafbea" committed_config { opid_index: -1 OBSOLETE_local: false peers { permanent_uuid: "6bb0bfe0a85243c1a18ebaf37abafbea" member_type: VOTER last_known_addr { host: "127.22.124.193" port: 43743 } health_report { overall_health: HEALTHY } } peers { permanent_uuid: "64f21b353de74095905cc1953a554d2d" member_type: VOTER last_known_addr { host: "127.22.124.194" port: 42023 } health_report { overall_health: UNKNOWN } } peers { permanent_uuid: "efdb911b40af4ed2b0c916f1721742ce" member_type: VOTER last_known_addr { host: "127.22.124.195" port: 38305 } health_report { overall_health: UNKNOWN } } }
I20260709 12:08:38.183633 23547 raft_consensus.cc:993] T f1fbdb7c21de4761b74c93381d90f9cb P 64f21b353de74095905cc1953a554d2d: : Instructing follower efdb911b40af4ed2b0c916f1721742ce to start an election
I20260709 12:08:38.184304 23481 raft_consensus.cc:1081] T f1fbdb7c21de4761b74c93381d90f9cb P 64f21b353de74095905cc1953a554d2d [term 4 LEADER]: Signalling peer efdb911b40af4ed2b0c916f1721742ce to start an election
I20260709 12:08:38.186558 23309 tablet_service.cc:2044] Received Run Leader Election RPC: tablet_id: "f1fbdb7c21de4761b74c93381d90f9cb"
dest_uuid: "efdb911b40af4ed2b0c916f1721742ce"
 from {username='slave'} at 127.0.0.1:53710
I20260709 12:08:38.187254 23309 raft_consensus.cc:493] T f1fbdb7c21de4761b74c93381d90f9cb P efdb911b40af4ed2b0c916f1721742ce [term 4 FOLLOWER]: Starting forced leader election (received explicit request)
I20260709 12:08:38.187729 23309 raft_consensus.cc:3060] T f1fbdb7c21de4761b74c93381d90f9cb P efdb911b40af4ed2b0c916f1721742ce [term 4 FOLLOWER]: Advancing to term 5
I20260709 12:08:38.196624 23309 raft_consensus.cc:515] T f1fbdb7c21de4761b74c93381d90f9cb P efdb911b40af4ed2b0c916f1721742ce [term 5 FOLLOWER]: Starting forced leader election with config: opid_index: -1 OBSOLETE_local: false peers { permanent_uuid: "6bb0bfe0a85243c1a18ebaf37abafbea" member_type: VOTER last_known_addr { host: "127.22.124.193" port: 43743 } } peers { permanent_uuid: "64f21b353de74095905cc1953a554d2d" member_type: VOTER last_known_addr { host: "127.22.124.194" port: 42023 } } peers { permanent_uuid: "efdb911b40af4ed2b0c916f1721742ce" member_type: VOTER last_known_addr { host: "127.22.124.195" port: 38305 } }
I20260709 12:08:38.199211 23309 leader_election.cc:290] T f1fbdb7c21de4761b74c93381d90f9cb P efdb911b40af4ed2b0c916f1721742ce [CANDIDATE]: Term 5 election: Requested vote from peers 6bb0bfe0a85243c1a18ebaf37abafbea (127.22.124.193:43743), 64f21b353de74095905cc1953a554d2d (127.22.124.194:42023)
I20260709 12:08:38.200212 23160 tablet_service.cc:1917] Received RequestConsensusVote() RPC: tablet_id: "f1fbdb7c21de4761b74c93381d90f9cb" candidate_uuid: "efdb911b40af4ed2b0c916f1721742ce" candidate_term: 5 candidate_status { last_received { term: 4 index: 4 } } ignore_live_leader: true dest_uuid: "6bb0bfe0a85243c1a18ebaf37abafbea"
I20260709 12:08:38.200934 23160 raft_consensus.cc:3060] T f1fbdb7c21de4761b74c93381d90f9cb P 6bb0bfe0a85243c1a18ebaf37abafbea [term 4 FOLLOWER]: Advancing to term 5
I20260709 12:08:38.207738 23237 tablet_service.cc:1917] Received RequestConsensusVote() RPC: tablet_id: "f1fbdb7c21de4761b74c93381d90f9cb" candidate_uuid: "efdb911b40af4ed2b0c916f1721742ce" candidate_term: 5 candidate_status { last_received { term: 4 index: 4 } } ignore_live_leader: true dest_uuid: "64f21b353de74095905cc1953a554d2d"
I20260709 12:08:38.208521 23237 raft_consensus.cc:3055] T f1fbdb7c21de4761b74c93381d90f9cb P 64f21b353de74095905cc1953a554d2d [term 4 LEADER]: Stepping down as leader of term 4
I20260709 12:08:38.208885 23237 raft_consensus.cc:740] T f1fbdb7c21de4761b74c93381d90f9cb P 64f21b353de74095905cc1953a554d2d [term 4 LEADER]: Becoming Follower/Learner. State: Replica: 64f21b353de74095905cc1953a554d2d, State: Running, Role: LEADER
I20260709 12:08:38.210085 23237 consensus_queue.cc:260] T f1fbdb7c21de4761b74c93381d90f9cb P 64f21b353de74095905cc1953a554d2d [NON_LEADER]: Queue going to NON_LEADER mode. State: All replicated index: 0, Majority replicated index: 4, Committed index: 4, Last appended: 4.4, Last appended by leader: 4, Current term: 4, Majority size: -1, State: 0, Mode: NON_LEADER, active raft config: opid_index: -1 OBSOLETE_local: false peers { permanent_uuid: "6bb0bfe0a85243c1a18ebaf37abafbea" member_type: VOTER last_known_addr { host: "127.22.124.193" port: 43743 } } peers { permanent_uuid: "64f21b353de74095905cc1953a554d2d" member_type: VOTER last_known_addr { host: "127.22.124.194" port: 42023 } } peers { permanent_uuid: "efdb911b40af4ed2b0c916f1721742ce" member_type: VOTER last_known_addr { host: "127.22.124.195" port: 38305 } }
I20260709 12:08:38.213099 23237 raft_consensus.cc:3060] T f1fbdb7c21de4761b74c93381d90f9cb P 64f21b353de74095905cc1953a554d2d [term 4 FOLLOWER]: Advancing to term 5
I20260709 12:08:38.218998 23160 raft_consensus.cc:2468] T f1fbdb7c21de4761b74c93381d90f9cb P 6bb0bfe0a85243c1a18ebaf37abafbea [term 5 FOLLOWER]: Leader election vote request: Granting yes vote for candidate efdb911b40af4ed2b0c916f1721742ce in term 5.
I20260709 12:08:38.220513 23275 leader_election.cc:304] T f1fbdb7c21de4761b74c93381d90f9cb P efdb911b40af4ed2b0c916f1721742ce [CANDIDATE]: Term 5 election: Election decided. Result: candidate won. Election summary: received 2 responses out of 3 voters: 2 yes votes; 0 no votes. yes voters: 6bb0bfe0a85243c1a18ebaf37abafbea, efdb911b40af4ed2b0c916f1721742ce; no voters: 
I20260709 12:08:38.221588 23543 raft_consensus.cc:2804] T f1fbdb7c21de4761b74c93381d90f9cb P efdb911b40af4ed2b0c916f1721742ce [term 5 FOLLOWER]: Leader election won for term 5
I20260709 12:08:38.222440 23543 raft_consensus.cc:697] T f1fbdb7c21de4761b74c93381d90f9cb P efdb911b40af4ed2b0c916f1721742ce [term 5 LEADER]: Becoming Leader. State: Replica: efdb911b40af4ed2b0c916f1721742ce, State: Running, Role: LEADER
I20260709 12:08:38.225306 23237 raft_consensus.cc:2468] T f1fbdb7c21de4761b74c93381d90f9cb P 64f21b353de74095905cc1953a554d2d [term 5 FOLLOWER]: Leader election vote request: Granting yes vote for candidate efdb911b40af4ed2b0c916f1721742ce in term 5.
I20260709 12:08:38.226312 23543 consensus_queue.cc:237] T f1fbdb7c21de4761b74c93381d90f9cb P efdb911b40af4ed2b0c916f1721742ce [LEADER]: Queue going to LEADER mode. State: All replicated index: 0, Majority replicated index: 4, Committed index: 4, Last appended: 4.4, Last appended by leader: 4, Current term: 5, Majority size: 2, State: 0, Mode: LEADER, active raft config: opid_index: -1 OBSOLETE_local: false peers { permanent_uuid: "6bb0bfe0a85243c1a18ebaf37abafbea" member_type: VOTER last_known_addr { host: "127.22.124.193" port: 43743 } } peers { permanent_uuid: "64f21b353de74095905cc1953a554d2d" member_type: VOTER last_known_addr { host: "127.22.124.194" port: 42023 } } peers { permanent_uuid: "efdb911b40af4ed2b0c916f1721742ce" member_type: VOTER last_known_addr { host: "127.22.124.195" port: 38305 } }
I20260709 12:08:38.241745 23059 catalog_manager.cc:5697] T f1fbdb7c21de4761b74c93381d90f9cb P efdb911b40af4ed2b0c916f1721742ce reported cstate change: term changed from 4 to 5, leader changed from 64f21b353de74095905cc1953a554d2d (127.22.124.194) to efdb911b40af4ed2b0c916f1721742ce (127.22.124.195). New cstate: current_term: 5 leader_uuid: "efdb911b40af4ed2b0c916f1721742ce" committed_config { opid_index: -1 OBSOLETE_local: false peers { permanent_uuid: "6bb0bfe0a85243c1a18ebaf37abafbea" member_type: VOTER last_known_addr { host: "127.22.124.193" port: 43743 } health_report { overall_health: UNKNOWN } } peers { permanent_uuid: "64f21b353de74095905cc1953a554d2d" member_type: VOTER last_known_addr { host: "127.22.124.194" port: 42023 } health_report { overall_health: UNKNOWN } } peers { permanent_uuid: "efdb911b40af4ed2b0c916f1721742ce" member_type: VOTER last_known_addr { host: "127.22.124.195" port: 38305 } health_report { overall_health: HEALTHY } } }
I20260709 12:08:38.331619 23160 raft_consensus.cc:1275] T 067ae29aceb74a0ebf789cd538d199a0 P 6bb0bfe0a85243c1a18ebaf37abafbea [term 5 FOLLOWER]: Refusing update from remote peer efdb911b40af4ed2b0c916f1721742ce: Log matching property violated. Preceding OpId in replica: term: 4 index: 3. Preceding OpId from leader: term: 5 index: 4. (index mismatch)
I20260709 12:08:38.334218 23543 consensus_queue.cc:1048] T 067ae29aceb74a0ebf789cd538d199a0 P efdb911b40af4ed2b0c916f1721742ce [LEADER]: Connected to new peer: Peer: permanent_uuid: "6bb0bfe0a85243c1a18ebaf37abafbea" member_type: VOTER last_known_addr { host: "127.22.124.193" port: 43743 }, Status: LMP_MISMATCH, Last received: 0.0, Next index: 4, Last known committed idx: 3, Time since last communication: 0.001s
I20260709 12:08:38.353168 23237 raft_consensus.cc:1275] T 067ae29aceb74a0ebf789cd538d199a0 P 64f21b353de74095905cc1953a554d2d [term 5 FOLLOWER]: Refusing update from remote peer efdb911b40af4ed2b0c916f1721742ce: Log matching property violated. Preceding OpId in replica: term: 4 index: 3. Preceding OpId from leader: term: 5 index: 4. (index mismatch)
I20260709 12:08:38.355810 23550 consensus_queue.cc:1048] T 067ae29aceb74a0ebf789cd538d199a0 P efdb911b40af4ed2b0c916f1721742ce [LEADER]: Connected to new peer: Peer: permanent_uuid: "64f21b353de74095905cc1953a554d2d" member_type: VOTER last_known_addr { host: "127.22.124.194" port: 42023 }, Status: LMP_MISMATCH, Last received: 0.0, Next index: 4, Last known committed idx: 3, Time since last communication: 0.001s
I20260709 12:08:38.591897 23309 raft_consensus.cc:1275] T 12cd0d1645054916af4db30e6e20caff P efdb911b40af4ed2b0c916f1721742ce [term 3 FOLLOWER]: Refusing update from remote peer 6bb0bfe0a85243c1a18ebaf37abafbea: Log matching property violated. Preceding OpId in replica: term: 2 index: 2. Preceding OpId from leader: term: 3 index: 3. (index mismatch)
I20260709 12:08:38.592530 23311 raft_consensus.cc:1275] T 682b3274af744db6876a03eba9689f6e P efdb911b40af4ed2b0c916f1721742ce [term 5 FOLLOWER]: Refusing update from remote peer 6bb0bfe0a85243c1a18ebaf37abafbea: Log matching property violated. Preceding OpId in replica: term: 4 index: 3. Preceding OpId from leader: term: 5 index: 4. (index mismatch)
I20260709 12:08:38.593255 23527 consensus_queue.cc:1048] T 12cd0d1645054916af4db30e6e20caff P 6bb0bfe0a85243c1a18ebaf37abafbea [LEADER]: Connected to new peer: Peer: permanent_uuid: "efdb911b40af4ed2b0c916f1721742ce" member_type: VOTER last_known_addr { host: "127.22.124.195" port: 38305 }, Status: LMP_MISMATCH, Last received: 0.0, Next index: 3, Last known committed idx: 2, Time since last communication: 0.000s
I20260709 12:08:38.593819 23548 consensus_queue.cc:1048] T 682b3274af744db6876a03eba9689f6e P 6bb0bfe0a85243c1a18ebaf37abafbea [LEADER]: Connected to new peer: Peer: permanent_uuid: "efdb911b40af4ed2b0c916f1721742ce" member_type: VOTER last_known_addr { host: "127.22.124.195" port: 38305 }, Status: LMP_MISMATCH, Last received: 0.0, Next index: 4, Last known committed idx: 3, Time since last communication: 0.000s
I20260709 12:08:38.595451 23237 raft_consensus.cc:1275] T 682b3274af744db6876a03eba9689f6e P 64f21b353de74095905cc1953a554d2d [term 5 FOLLOWER]: Refusing update from remote peer 6bb0bfe0a85243c1a18ebaf37abafbea: Log matching property violated. Preceding OpId in replica: term: 4 index: 3. Preceding OpId from leader: term: 5 index: 4. (index mismatch)
I20260709 12:08:38.596642 23548 consensus_queue.cc:1048] T 682b3274af744db6876a03eba9689f6e P 6bb0bfe0a85243c1a18ebaf37abafbea [LEADER]: Connected to new peer: Peer: permanent_uuid: "64f21b353de74095905cc1953a554d2d" member_type: VOTER last_known_addr { host: "127.22.124.194" port: 42023 }, Status: LMP_MISMATCH, Last received: 0.0, Next index: 4, Last known committed idx: 3, Time since last communication: 0.000s
I20260709 12:08:38.611254 23237 raft_consensus.cc:1275] T 12cd0d1645054916af4db30e6e20caff P 64f21b353de74095905cc1953a554d2d [term 3 FOLLOWER]: Refusing update from remote peer 6bb0bfe0a85243c1a18ebaf37abafbea: Log matching property violated. Preceding OpId in replica: term: 2 index: 2. Preceding OpId from leader: term: 3 index: 3. (index mismatch)
I20260709 12:08:38.613688 23548 consensus_queue.cc:1048] T 12cd0d1645054916af4db30e6e20caff P 6bb0bfe0a85243c1a18ebaf37abafbea [LEADER]: Connected to new peer: Peer: permanent_uuid: "64f21b353de74095905cc1953a554d2d" member_type: VOTER last_known_addr { host: "127.22.124.194" port: 42023 }, Status: LMP_MISMATCH, Last received: 0.0, Next index: 3, Last known committed idx: 2, Time since last communication: 0.000s
I20260709 12:08:38.620419 23237 raft_consensus.cc:1275] T f1fbdb7c21de4761b74c93381d90f9cb P 64f21b353de74095905cc1953a554d2d [term 5 FOLLOWER]: Refusing update from remote peer efdb911b40af4ed2b0c916f1721742ce: Log matching property violated. Preceding OpId in replica: term: 4 index: 4. Preceding OpId from leader: term: 5 index: 5. (index mismatch)
I20260709 12:08:38.622447 23543 consensus_queue.cc:1048] T f1fbdb7c21de4761b74c93381d90f9cb P efdb911b40af4ed2b0c916f1721742ce [LEADER]: Connected to new peer: Peer: permanent_uuid: "64f21b353de74095905cc1953a554d2d" member_type: VOTER last_known_addr { host: "127.22.124.194" port: 42023 }, Status: LMP_MISMATCH, Last received: 0.0, Next index: 5, Last known committed idx: 4, Time since last communication: 0.000s
I20260709 12:08:38.715976 23160 raft_consensus.cc:1275] T f1fbdb7c21de4761b74c93381d90f9cb P 6bb0bfe0a85243c1a18ebaf37abafbea [term 5 FOLLOWER]: Refusing update from remote peer efdb911b40af4ed2b0c916f1721742ce: Log matching property violated. Preceding OpId in replica: term: 4 index: 4. Preceding OpId from leader: term: 5 index: 5. (index mismatch)
I20260709 12:08:38.719543 23550 consensus_queue.cc:1048] T f1fbdb7c21de4761b74c93381d90f9cb P efdb911b40af4ed2b0c916f1721742ce [LEADER]: Connected to new peer: Peer: permanent_uuid: "6bb0bfe0a85243c1a18ebaf37abafbea" member_type: VOTER last_known_addr { host: "127.22.124.193" port: 43743 }, Status: LMP_MISMATCH, Last received: 0.0, Next index: 5, Last known committed idx: 4, Time since last communication: 0.000s
I20260709 12:08:38.756498 23027 auto_leader_rebalancer.cc:141] leader rebalance for table test-workload
I20260709 12:08:38.761727 23027 auto_leader_rebalancer.cc:440] table: test-workload, leader rebalance finish, leader transfer count: 0
I20260709 12:08:38.762193 23027 auto_leader_rebalancer.cc:515] All tables' leader rebalancing finished this round
W20260709 12:08:39.624387 23332 debug-util.cc:398] Leaking SignalData structure 0x7b08001961e0 after lost signal to thread 23030
W20260709 12:08:39.625229 23332 debug-util.cc:398] Leaking SignalData structure 0x7b0800191600 after lost signal to thread 23093
W20260709 12:08:39.626085 23332 debug-util.cc:398] Leaking SignalData structure 0x7b080016b120 after lost signal to thread 23186
W20260709 12:08:39.627125 23332 debug-util.cc:398] Leaking SignalData structure 0x7b08001cab40 after lost signal to thread 23261
W20260709 12:08:39.628098 23332 debug-util.cc:398] Leaking SignalData structure 0x7b0800117fe0 after lost signal to thread 23335
W20260709 12:08:39.899326 23090 debug-util.cc:398] Leaking SignalData structure 0x7b08000a8be0 after lost signal to thread 23030
W20260709 12:08:39.900357 23090 debug-util.cc:398] Leaking SignalData structure 0x7b08000c74e0 after lost signal to thread 23093
W20260709 12:08:39.901451 23090 debug-util.cc:398] Leaking SignalData structure 0x7b0800062120 after lost signal to thread 23186
W20260709 12:08:39.902613 23090 debug-util.cc:398] Leaking SignalData structure 0x7b08001d19e0 after lost signal to thread 23261
W20260709 12:08:39.903990 23090 debug-util.cc:398] Leaking SignalData structure 0x7b08000408c0 after lost signal to thread 23335
I20260709 12:08:39.913820 23027 auto_leader_rebalancer.cc:141] leader rebalance for table test-workload
I20260709 12:08:39.921554 23027 auto_leader_rebalancer.cc:440] table: test-workload, leader rebalance finish, leader transfer count: 0
I20260709 12:08:39.922417 23027 auto_leader_rebalancer.cc:515] All tables' leader rebalancing finished this round
I20260709 12:08:40.923832 23027 auto_leader_rebalancer.cc:141] leader rebalance for table test-workload
I20260709 12:08:40.929286 23027 auto_leader_rebalancer.cc:440] table: test-workload, leader rebalance finish, leader transfer count: 0
I20260709 12:08:40.929824 23027 auto_leader_rebalancer.cc:515] All tables' leader rebalancing finished this round
I20260709 12:08:42.001242 23027 auto_leader_rebalancer.cc:141] leader rebalance for table test-workload
I20260709 12:08:42.007071 23027 auto_leader_rebalancer.cc:440] table: test-workload, leader rebalance finish, leader transfer count: 0
I20260709 12:08:42.007601 23027 auto_leader_rebalancer.cc:515] All tables' leader rebalancing finished this round
W20260709 12:08:42.772279 23258 debug-util.cc:398] Leaking SignalData structure 0x7b080012d080 after lost signal to thread 23030
W20260709 12:08:42.773345 23258 debug-util.cc:398] Leaking SignalData structure 0x7b080012d760 after lost signal to thread 23093
W20260709 12:08:42.774587 23258 debug-util.cc:398] Leaking SignalData structure 0x7b0800094a40 after lost signal to thread 23186
W20260709 12:08:42.775624 23258 debug-util.cc:398] Leaking SignalData structure 0x7b0800099920 after lost signal to thread 23261
W20260709 12:08:42.777058 23258 debug-util.cc:398] Leaking SignalData structure 0x7b08000eb700 after lost signal to thread 23335
I20260709 12:08:43.008893 23027 auto_leader_rebalancer.cc:141] leader rebalance for table test-workload
I20260709 12:08:43.014842 23027 auto_leader_rebalancer.cc:440] table: test-workload, leader rebalance finish, leader transfer count: 0
I20260709 12:08:43.015439 23027 auto_leader_rebalancer.cc:515] All tables' leader rebalancing finished this round
W20260709 12:08:44.050035 23090 debug-util.cc:398] Leaking SignalData structure 0x7b08001e0ca0 after lost signal to thread 23030
W20260709 12:08:44.050848 23090 debug-util.cc:398] Leaking SignalData structure 0x7b08001f6c00 after lost signal to thread 23093
W20260709 12:08:44.051683 23090 debug-util.cc:398] Leaking SignalData structure 0x7b08001ca740 after lost signal to thread 23186
W20260709 12:08:44.052382 23090 debug-util.cc:398] Leaking SignalData structure 0x7b08000d2be0 after lost signal to thread 23261
W20260709 12:08:44.053059 23090 debug-util.cc:398] Leaking SignalData structure 0x7b08001deaa0 after lost signal to thread 23335
I20260709 12:08:44.176580 23027 auto_leader_rebalancer.cc:141] leader rebalance for table test-workload
I20260709 12:08:44.185778 23027 auto_leader_rebalancer.cc:440] table: test-workload, leader rebalance finish, leader transfer count: 0
I20260709 12:08:44.186386 23027 auto_leader_rebalancer.cc:515] All tables' leader rebalancing finished this round
I20260709 12:08:45.188014 23027 auto_leader_rebalancer.cc:141] leader rebalance for table test-workload
I20260709 12:08:45.198338 23027 auto_leader_rebalancer.cc:440] table: test-workload, leader rebalance finish, leader transfer count: 0
I20260709 12:08:45.199004 23027 auto_leader_rebalancer.cc:515] All tables' leader rebalancing finished this round
I20260709 12:08:46.200784 23027 auto_leader_rebalancer.cc:141] leader rebalance for table test-workload
I20260709 12:08:46.207190 23027 auto_leader_rebalancer.cc:440] table: test-workload, leader rebalance finish, leader transfer count: 0
I20260709 12:08:46.207801 23027 auto_leader_rebalancer.cc:515] All tables' leader rebalancing finished this round
I20260709 12:08:47.209256 23027 auto_leader_rebalancer.cc:141] leader rebalance for table test-workload
I20260709 12:08:47.216143 23027 auto_leader_rebalancer.cc:440] table: test-workload, leader rebalance finish, leader transfer count: 0
I20260709 12:08:47.216674 23027 auto_leader_rebalancer.cc:515] All tables' leader rebalancing finished this round
I20260709 12:08:48.250828 23027 auto_leader_rebalancer-test.cc:340] The leader distribution is 
I20260709 12:08:48.251535 23027 tablet_server.cc:179] TabletServer@127.22.124.193:0 shutting down...
I20260709 12:08:48.288215 23027 ts_tablet_manager.cc:1507] Shutting down tablet manager...
I20260709 12:08:48.289237 23027 tablet_replica.cc:333] T 70bf00360af7444482ebaf5d90da2358 P 6bb0bfe0a85243c1a18ebaf37abafbea: stopping tablet replica
I20260709 12:08:48.290475 23027 raft_consensus.cc:2243] T 70bf00360af7444482ebaf5d90da2358 P 6bb0bfe0a85243c1a18ebaf37abafbea [term 3 LEADER]: Raft consensus shutting down.
I20260709 12:08:48.291697 23027 raft_consensus.cc:2272] T 70bf00360af7444482ebaf5d90da2358 P 6bb0bfe0a85243c1a18ebaf37abafbea [term 3 FOLLOWER]: Raft consensus is shut down!
I20260709 12:08:48.294656 23027 tablet_replica.cc:333] T 682b3274af744db6876a03eba9689f6e P 6bb0bfe0a85243c1a18ebaf37abafbea: stopping tablet replica
I20260709 12:08:48.295305 23027 raft_consensus.cc:2243] T 682b3274af744db6876a03eba9689f6e P 6bb0bfe0a85243c1a18ebaf37abafbea [term 5 LEADER]: Raft consensus shutting down.
I20260709 12:08:48.296164 23027 raft_consensus.cc:2272] T 682b3274af744db6876a03eba9689f6e P 6bb0bfe0a85243c1a18ebaf37abafbea [term 5 FOLLOWER]: Raft consensus is shut down!
I20260709 12:08:48.298039 23027 tablet_replica.cc:333] T fc9cf17a33f14b59a2aebe820a0a3940 P 6bb0bfe0a85243c1a18ebaf37abafbea: stopping tablet replica
I20260709 12:08:48.298602 23027 raft_consensus.cc:2243] T fc9cf17a33f14b59a2aebe820a0a3940 P 6bb0bfe0a85243c1a18ebaf37abafbea [term 4 FOLLOWER]: Raft consensus shutting down.
I20260709 12:08:48.299113 23027 raft_consensus.cc:2272] T fc9cf17a33f14b59a2aebe820a0a3940 P 6bb0bfe0a85243c1a18ebaf37abafbea [term 4 FOLLOWER]: Raft consensus is shut down!
I20260709 12:08:48.301039 23027 tablet_replica.cc:333] T f1fbdb7c21de4761b74c93381d90f9cb P 6bb0bfe0a85243c1a18ebaf37abafbea: stopping tablet replica
I20260709 12:08:48.301651 23027 raft_consensus.cc:2243] T f1fbdb7c21de4761b74c93381d90f9cb P 6bb0bfe0a85243c1a18ebaf37abafbea [term 5 FOLLOWER]: Raft consensus shutting down.
I20260709 12:08:48.302189 23027 raft_consensus.cc:2272] T f1fbdb7c21de4761b74c93381d90f9cb P 6bb0bfe0a85243c1a18ebaf37abafbea [term 5 FOLLOWER]: Raft consensus is shut down!
I20260709 12:08:48.304668 23027 tablet_replica.cc:333] T c98e304b168647bbb2f3c384d487bd89 P 6bb0bfe0a85243c1a18ebaf37abafbea: stopping tablet replica
W20260709 12:08:48.305585 23201 proxy.cc:239] Call had error, refreshing address and retrying: Remote error: Service unavailable: service kudu.consensus.ConsensusService not registered on TabletServer
I20260709 12:08:48.306021 23027 raft_consensus.cc:2243] T c98e304b168647bbb2f3c384d487bd89 P 6bb0bfe0a85243c1a18ebaf37abafbea [term 3 FOLLOWER]: Raft consensus shutting down.
I20260709 12:08:48.306614 23027 raft_consensus.cc:2272] T c98e304b168647bbb2f3c384d487bd89 P 6bb0bfe0a85243c1a18ebaf37abafbea [term 3 FOLLOWER]: Raft consensus is shut down!
W20260709 12:08:48.309370 23201 consensus_peers.cc:597] T 97e23988c1a441a3952ce8ca1fd08a08 P 64f21b353de74095905cc1953a554d2d -> Peer 6bb0bfe0a85243c1a18ebaf37abafbea (127.22.124.193:43743): Couldn't send request to peer 6bb0bfe0a85243c1a18ebaf37abafbea. Status: Remote error: Service unavailable: service kudu.consensus.ConsensusService not registered on TabletServer. This is attempt 1: this message will repeat every 5th retry.
I20260709 12:08:48.309531 23027 tablet_replica.cc:333] T 067ae29aceb74a0ebf789cd538d199a0 P 6bb0bfe0a85243c1a18ebaf37abafbea: stopping tablet replica
I20260709 12:08:48.310518 23027 raft_consensus.cc:2243] T 067ae29aceb74a0ebf789cd538d199a0 P 6bb0bfe0a85243c1a18ebaf37abafbea [term 5 FOLLOWER]: Raft consensus shutting down.
I20260709 12:08:48.311132 23027 raft_consensus.cc:2272] T 067ae29aceb74a0ebf789cd538d199a0 P 6bb0bfe0a85243c1a18ebaf37abafbea [term 5 FOLLOWER]: Raft consensus is shut down!
I20260709 12:08:48.313267 23027 tablet_replica.cc:333] T 97e23988c1a441a3952ce8ca1fd08a08 P 6bb0bfe0a85243c1a18ebaf37abafbea: stopping tablet replica
I20260709 12:08:48.313794 23027 raft_consensus.cc:2243] T 97e23988c1a441a3952ce8ca1fd08a08 P 6bb0bfe0a85243c1a18ebaf37abafbea [term 4 FOLLOWER]: Raft consensus shutting down.
I20260709 12:08:48.314332 23027 raft_consensus.cc:2272] T 97e23988c1a441a3952ce8ca1fd08a08 P 6bb0bfe0a85243c1a18ebaf37abafbea [term 4 FOLLOWER]: Raft consensus is shut down!
I20260709 12:08:48.316262 23027 tablet_replica.cc:333] T 89efc50e09684d13a581ed68b63cc5a0 P 6bb0bfe0a85243c1a18ebaf37abafbea: stopping tablet replica
I20260709 12:08:48.316792 23027 raft_consensus.cc:2243] T 89efc50e09684d13a581ed68b63cc5a0 P 6bb0bfe0a85243c1a18ebaf37abafbea [term 4 FOLLOWER]: Raft consensus shutting down.
I20260709 12:08:48.317260 23027 raft_consensus.cc:2272] T 89efc50e09684d13a581ed68b63cc5a0 P 6bb0bfe0a85243c1a18ebaf37abafbea [term 4 FOLLOWER]: Raft consensus is shut down!
I20260709 12:08:48.319430 23027 tablet_replica.cc:333] T 12cd0d1645054916af4db30e6e20caff P 6bb0bfe0a85243c1a18ebaf37abafbea: stopping tablet replica
I20260709 12:08:48.320022 23027 raft_consensus.cc:2243] T 12cd0d1645054916af4db30e6e20caff P 6bb0bfe0a85243c1a18ebaf37abafbea [term 3 LEADER]: Raft consensus shutting down.
I20260709 12:08:48.320861 23027 raft_consensus.cc:2272] T 12cd0d1645054916af4db30e6e20caff P 6bb0bfe0a85243c1a18ebaf37abafbea [term 3 FOLLOWER]: Raft consensus is shut down!
W20260709 12:08:48.330803 23275 consensus_peers.cc:597] T f1fbdb7c21de4761b74c93381d90f9cb P efdb911b40af4ed2b0c916f1721742ce -> Peer 6bb0bfe0a85243c1a18ebaf37abafbea (127.22.124.193:43743): Couldn't send request to peer 6bb0bfe0a85243c1a18ebaf37abafbea. Status: Remote error: Service unavailable: service kudu.consensus.ConsensusService not registered on TabletServer. This is attempt 1: this message will repeat every 5th retry.
I20260709 12:08:48.421459 23027 tablet_server.cc:196] TabletServer@127.22.124.193:0 shutdown complete.
W20260709 12:08:48.422245 23275 consensus_peers.cc:597] T 89efc50e09684d13a581ed68b63cc5a0 P efdb911b40af4ed2b0c916f1721742ce -> Peer 6bb0bfe0a85243c1a18ebaf37abafbea (127.22.124.193:43743): Couldn't send request to peer 6bb0bfe0a85243c1a18ebaf37abafbea. Status: Network error: Client connection negotiation failed: client connection to 127.22.124.193:43743: connect: Connection refused (error 111). This is attempt 1: this message will repeat every 5th retry.
I20260709 12:08:48.444324 23027 tablet_server.cc:179] TabletServer@127.22.124.194:0 shutting down...
I20260709 12:08:48.477136 23027 ts_tablet_manager.cc:1507] Shutting down tablet manager...
I20260709 12:08:48.477846 23027 tablet_replica.cc:333] T fc9cf17a33f14b59a2aebe820a0a3940 P 64f21b353de74095905cc1953a554d2d: stopping tablet replica
I20260709 12:08:48.478564 23027 raft_consensus.cc:2243] T fc9cf17a33f14b59a2aebe820a0a3940 P 64f21b353de74095905cc1953a554d2d [term 4 LEADER]: Raft consensus shutting down.
I20260709 12:08:48.479434 23027 raft_consensus.cc:2272] T fc9cf17a33f14b59a2aebe820a0a3940 P 64f21b353de74095905cc1953a554d2d [term 4 FOLLOWER]: Raft consensus is shut down!
I20260709 12:08:48.481369 23027 tablet_replica.cc:333] T 70bf00360af7444482ebaf5d90da2358 P 64f21b353de74095905cc1953a554d2d: stopping tablet replica
I20260709 12:08:48.482016 23027 raft_consensus.cc:2243] T 70bf00360af7444482ebaf5d90da2358 P 64f21b353de74095905cc1953a554d2d [term 3 FOLLOWER]: Raft consensus shutting down.
I20260709 12:08:48.482492 23027 raft_consensus.cc:2272] T 70bf00360af7444482ebaf5d90da2358 P 64f21b353de74095905cc1953a554d2d [term 3 FOLLOWER]: Raft consensus is shut down!
I20260709 12:08:48.484174 23027 tablet_replica.cc:333] T 682b3274af744db6876a03eba9689f6e P 64f21b353de74095905cc1953a554d2d: stopping tablet replica
I20260709 12:08:48.484726 23027 raft_consensus.cc:2243] T 682b3274af744db6876a03eba9689f6e P 64f21b353de74095905cc1953a554d2d [term 5 FOLLOWER]: Raft consensus shutting down.
I20260709 12:08:48.485163 23027 raft_consensus.cc:2272] T 682b3274af744db6876a03eba9689f6e P 64f21b353de74095905cc1953a554d2d [term 5 FOLLOWER]: Raft consensus is shut down!
I20260709 12:08:48.486927 23027 tablet_replica.cc:333] T 97e23988c1a441a3952ce8ca1fd08a08 P 64f21b353de74095905cc1953a554d2d: stopping tablet replica
I20260709 12:08:48.487432 23027 raft_consensus.cc:2243] T 97e23988c1a441a3952ce8ca1fd08a08 P 64f21b353de74095905cc1953a554d2d [term 4 LEADER]: Raft consensus shutting down.
I20260709 12:08:48.488406 23027 raft_consensus.cc:2272] T 97e23988c1a441a3952ce8ca1fd08a08 P 64f21b353de74095905cc1953a554d2d [term 4 FOLLOWER]: Raft consensus is shut down!
I20260709 12:08:48.490280 23027 tablet_replica.cc:333] T 067ae29aceb74a0ebf789cd538d199a0 P 64f21b353de74095905cc1953a554d2d: stopping tablet replica
I20260709 12:08:48.490808 23027 raft_consensus.cc:2243] T 067ae29aceb74a0ebf789cd538d199a0 P 64f21b353de74095905cc1953a554d2d [term 5 FOLLOWER]: Raft consensus shutting down.
I20260709 12:08:48.491196 23027 raft_consensus.cc:2272] T 067ae29aceb74a0ebf789cd538d199a0 P 64f21b353de74095905cc1953a554d2d [term 5 FOLLOWER]: Raft consensus is shut down!
I20260709 12:08:48.493168 23027 tablet_replica.cc:333] T 12cd0d1645054916af4db30e6e20caff P 64f21b353de74095905cc1953a554d2d: stopping tablet replica
I20260709 12:08:48.493636 23027 raft_consensus.cc:2243] T 12cd0d1645054916af4db30e6e20caff P 64f21b353de74095905cc1953a554d2d [term 3 FOLLOWER]: Raft consensus shutting down.
I20260709 12:08:48.493992 23027 raft_consensus.cc:2272] T 12cd0d1645054916af4db30e6e20caff P 64f21b353de74095905cc1953a554d2d [term 3 FOLLOWER]: Raft consensus is shut down!
I20260709 12:08:48.495697 23027 tablet_replica.cc:333] T c98e304b168647bbb2f3c384d487bd89 P 64f21b353de74095905cc1953a554d2d: stopping tablet replica
I20260709 12:08:48.496134 23027 raft_consensus.cc:2243] T c98e304b168647bbb2f3c384d487bd89 P 64f21b353de74095905cc1953a554d2d [term 3 LEADER]: Raft consensus shutting down.
I20260709 12:08:48.496774 23027 raft_consensus.cc:2272] T c98e304b168647bbb2f3c384d487bd89 P 64f21b353de74095905cc1953a554d2d [term 3 FOLLOWER]: Raft consensus is shut down!
I20260709 12:08:48.498325 23027 tablet_replica.cc:333] T f1fbdb7c21de4761b74c93381d90f9cb P 64f21b353de74095905cc1953a554d2d: stopping tablet replica
I20260709 12:08:48.498728 23027 raft_consensus.cc:2243] T f1fbdb7c21de4761b74c93381d90f9cb P 64f21b353de74095905cc1953a554d2d [term 5 FOLLOWER]: Raft consensus shutting down.
I20260709 12:08:48.499065 23027 raft_consensus.cc:2272] T f1fbdb7c21de4761b74c93381d90f9cb P 64f21b353de74095905cc1953a554d2d [term 5 FOLLOWER]: Raft consensus is shut down!
I20260709 12:08:48.500531 23027 tablet_replica.cc:333] T 89efc50e09684d13a581ed68b63cc5a0 P 64f21b353de74095905cc1953a554d2d: stopping tablet replica
I20260709 12:08:48.500906 23027 raft_consensus.cc:2243] T 89efc50e09684d13a581ed68b63cc5a0 P 64f21b353de74095905cc1953a554d2d [term 4 FOLLOWER]: Raft consensus shutting down.
I20260709 12:08:48.501276 23027 raft_consensus.cc:2272] T 89efc50e09684d13a581ed68b63cc5a0 P 64f21b353de74095905cc1953a554d2d [term 4 FOLLOWER]: Raft consensus is shut down!
I20260709 12:08:48.547750 23027 tablet_server.cc:196] TabletServer@127.22.124.194:0 shutdown complete.
I20260709 12:08:48.567711 23027 tablet_server.cc:179] TabletServer@127.22.124.195:0 shutting down...
I20260709 12:08:48.600767 23027 ts_tablet_manager.cc:1507] Shutting down tablet manager...
I20260709 12:08:48.601495 23027 tablet_replica.cc:333] T 682b3274af744db6876a03eba9689f6e P efdb911b40af4ed2b0c916f1721742ce: stopping tablet replica
I20260709 12:08:48.602327 23027 raft_consensus.cc:2243] T 682b3274af744db6876a03eba9689f6e P efdb911b40af4ed2b0c916f1721742ce [term 5 FOLLOWER]: Raft consensus shutting down.
I20260709 12:08:48.602946 23027 raft_consensus.cc:2272] T 682b3274af744db6876a03eba9689f6e P efdb911b40af4ed2b0c916f1721742ce [term 5 FOLLOWER]: Raft consensus is shut down!
I20260709 12:08:48.605032 23027 tablet_replica.cc:333] T 70bf00360af7444482ebaf5d90da2358 P efdb911b40af4ed2b0c916f1721742ce: stopping tablet replica
I20260709 12:08:48.605552 23027 raft_consensus.cc:2243] T 70bf00360af7444482ebaf5d90da2358 P efdb911b40af4ed2b0c916f1721742ce [term 3 FOLLOWER]: Raft consensus shutting down.
I20260709 12:08:48.605999 23027 raft_consensus.cc:2272] T 70bf00360af7444482ebaf5d90da2358 P efdb911b40af4ed2b0c916f1721742ce [term 3 FOLLOWER]: Raft consensus is shut down!
