I20260709 12:09:23.166123 24521 leader_election.cc:290] T f634883ae815449a908af0c89e0e09e7 P 8e1fe14edf804fc0a391ef19331228f0 [CANDIDATE]: Term 1 pre-election: Requested pre-vote from peers 8c35378ad3ca4f68ab3c9f0a9bc29cbf (127.22.124.193:43003), cf2829433a354211b3055f054d6fbb1c (127.22.124.194:37857)
I20260709 12:09:23.167176 24298 tablet_service.cc:1917] Received RequestConsensusVote() RPC: tablet_id: "f634883ae815449a908af0c89e0e09e7" candidate_uuid: "8e1fe14edf804fc0a391ef19331228f0" candidate_term: 1 candidate_status { last_received { term: 0 index: 0 } } ignore_live_leader: false dest_uuid: "cf2829433a354211b3055f054d6fbb1c" is_pre_election: true
I20260709 12:09:23.167847 24298 raft_consensus.cc:2468] T f634883ae815449a908af0c89e0e09e7 P cf2829433a354211b3055f054d6fbb1c [term 0 FOLLOWER]: Leader pre-election vote request: Granting yes vote for candidate 8e1fe14edf804fc0a391ef19331228f0 in term 0.
I20260709 12:09:23.167902 24224 tablet_service.cc:1917] Received RequestConsensusVote() RPC: tablet_id: "f634883ae815449a908af0c89e0e09e7" candidate_uuid: "8e1fe14edf804fc0a391ef19331228f0" candidate_term: 1 candidate_status { last_received { term: 0 index: 0 } } ignore_live_leader: false dest_uuid: "8c35378ad3ca4f68ab3c9f0a9bc29cbf" is_pre_election: true
I20260709 12:09:23.169106 24339 leader_election.cc:304] T f634883ae815449a908af0c89e0e09e7 P 8e1fe14edf804fc0a391ef19331228f0 [CANDIDATE]: Term 1 pre-election: Election decided. Result: candidate won. Election summary: received 2 responses out of 3 voters: 2 yes votes; 0 no votes. yes voters: 8e1fe14edf804fc0a391ef19331228f0, cf2829433a354211b3055f054d6fbb1c; no voters: 
W20260709 12:09:23.169829 24337 leader_election.cc:343] T f634883ae815449a908af0c89e0e09e7 P 8e1fe14edf804fc0a391ef19331228f0 [CANDIDATE]: Term 1 pre-election: Tablet error from VoteRequest() call to peer 8c35378ad3ca4f68ab3c9f0a9bc29cbf (127.22.124.193:43003): Illegal state: must be running to vote when last-logged opid is not known
I20260709 12:09:23.170687 24521 raft_consensus.cc:2804] T f634883ae815449a908af0c89e0e09e7 P 8e1fe14edf804fc0a391ef19331228f0 [term 0 FOLLOWER]: Leader pre-election won for term 1
I20260709 12:09:23.169883 24122 catalog_manager.cc:5697] T 9ad2c5903acb420bbe1ae3a666a3c56e P 8e1fe14edf804fc0a391ef19331228f0 reported cstate change: term changed from 0 to 1, leader changed from <none> to 8e1fe14edf804fc0a391ef19331228f0 (127.22.124.195). New cstate: current_term: 1 leader_uuid: "8e1fe14edf804fc0a391ef19331228f0" committed_config { opid_index: -1 OBSOLETE_local: false peers { permanent_uuid: "8c35378ad3ca4f68ab3c9f0a9bc29cbf" member_type: VOTER last_known_addr { host: "127.22.124.193" port: 43003 } health_report { overall_health: UNKNOWN } } peers { permanent_uuid: "cf2829433a354211b3055f054d6fbb1c" member_type: VOTER last_known_addr { host: "127.22.124.194" port: 37857 } health_report { overall_health: UNKNOWN } } peers { permanent_uuid: "8e1fe14edf804fc0a391ef19331228f0" member_type: VOTER last_known_addr { host: "127.22.124.195" port: 42443 } health_report { overall_health: HEALTHY } } }
I20260709 12:09:23.171067 24521 raft_consensus.cc:493] T f634883ae815449a908af0c89e0e09e7 P 8e1fe14edf804fc0a391ef19331228f0 [term 0 FOLLOWER]: Starting leader election (no leader contacted us within the election timeout)
I20260709 12:09:23.171450 24521 raft_consensus.cc:3060] T f634883ae815449a908af0c89e0e09e7 P 8e1fe14edf804fc0a391ef19331228f0 [term 0 FOLLOWER]: Advancing to term 1
I20260709 12:09:23.172590 24415 ts_tablet_manager.cc:1434] T 7b7cc5ccd2cd4e8b845d8a1e70b22550 P 8c35378ad3ca4f68ab3c9f0a9bc29cbf: Time spent starting tablet: real 0.038s	user 0.008s	sys 0.000s
I20260709 12:09:23.183990 24415 tablet_bootstrap.cc:492] T 21e6fceef02643988960d5e27522bf6c P 8c35378ad3ca4f68ab3c9f0a9bc29cbf: Bootstrap starting.
I20260709 12:09:23.200915 24414 tablet_bootstrap.cc:492] T 3fd77f0735a64dcf8e9476a39f26a124 P 8e1fe14edf804fc0a391ef19331228f0: No bootstrap required, opened a new log
I20260709 12:09:23.201422 24414 ts_tablet_manager.cc:1403] T 3fd77f0735a64dcf8e9476a39f26a124 P 8e1fe14edf804fc0a391ef19331228f0: Time spent bootstrapping tablet: real 0.099s	user 0.013s	sys 0.018s
I20260709 12:09:23.203799 24416 tablet_bootstrap.cc:492] T d648903081a843f089ec19f48046f853 P cf2829433a354211b3055f054d6fbb1c: No bootstrap required, opened a new log
I20260709 12:09:23.204288 24416 ts_tablet_manager.cc:1403] T d648903081a843f089ec19f48046f853 P cf2829433a354211b3055f054d6fbb1c: Time spent bootstrapping tablet: real 0.118s	user 0.011s	sys 0.017s
I20260709 12:09:23.206450 24121 catalog_manager.cc:5697] T a04359615d38485ba91215a0514ccf1e P cf2829433a354211b3055f054d6fbb1c reported cstate change: term changed from 0 to 1, leader changed from <none> to cf2829433a354211b3055f054d6fbb1c (127.22.124.194). New cstate: current_term: 1 leader_uuid: "cf2829433a354211b3055f054d6fbb1c" committed_config { opid_index: -1 OBSOLETE_local: false peers { permanent_uuid: "8c35378ad3ca4f68ab3c9f0a9bc29cbf" member_type: VOTER last_known_addr { host: "127.22.124.193" port: 43003 } health_report { overall_health: UNKNOWN } } peers { permanent_uuid: "cf2829433a354211b3055f054d6fbb1c" member_type: VOTER last_known_addr { host: "127.22.124.194" port: 37857 } health_report { overall_health: HEALTHY } } peers { permanent_uuid: "8e1fe14edf804fc0a391ef19331228f0" member_type: VOTER last_known_addr { host: "127.22.124.195" port: 42443 } health_report { overall_health: UNKNOWN } } }
I20260709 12:09:23.205066 24521 raft_consensus.cc:515] T f634883ae815449a908af0c89e0e09e7 P 8e1fe14edf804fc0a391ef19331228f0 [term 1 FOLLOWER]: Starting leader election with config: opid_index: -1 OBSOLETE_local: false peers { permanent_uuid: "8c35378ad3ca4f68ab3c9f0a9bc29cbf" member_type: VOTER last_known_addr { host: "127.22.124.193" port: 43003 } } peers { permanent_uuid: "cf2829433a354211b3055f054d6fbb1c" member_type: VOTER last_known_addr { host: "127.22.124.194" port: 37857 } } peers { permanent_uuid: "8e1fe14edf804fc0a391ef19331228f0" member_type: VOTER last_known_addr { host: "127.22.124.195" port: 42443 } }
I20260709 12:09:23.210533 24416 raft_consensus.cc:359] T d648903081a843f089ec19f48046f853 P cf2829433a354211b3055f054d6fbb1c [term 0 FOLLOWER]: Replica starting. Triggering 0 pending ops. Active config: opid_index: -1 OBSOLETE_local: false peers { permanent_uuid: "8c35378ad3ca4f68ab3c9f0a9bc29cbf" member_type: VOTER last_known_addr { host: "127.22.124.193" port: 43003 } } peers { permanent_uuid: "cf2829433a354211b3055f054d6fbb1c" member_type: VOTER last_known_addr { host: "127.22.124.194" port: 37857 } } peers { permanent_uuid: "8e1fe14edf804fc0a391ef19331228f0" member_type: VOTER last_known_addr { host: "127.22.124.195" port: 42443 } }
I20260709 12:09:23.210796 24224 tablet_service.cc:1917] Received RequestConsensusVote() RPC: tablet_id: "f634883ae815449a908af0c89e0e09e7" candidate_uuid: "8e1fe14edf804fc0a391ef19331228f0" candidate_term: 1 candidate_status { last_received { term: 0 index: 0 } } ignore_live_leader: false dest_uuid: "8c35378ad3ca4f68ab3c9f0a9bc29cbf"
I20260709 12:09:23.211095 24298 tablet_service.cc:1917] Received RequestConsensusVote() RPC: tablet_id: "f634883ae815449a908af0c89e0e09e7" candidate_uuid: "8e1fe14edf804fc0a391ef19331228f0" candidate_term: 1 candidate_status { last_received { term: 0 index: 0 } } ignore_live_leader: false dest_uuid: "cf2829433a354211b3055f054d6fbb1c"
I20260709 12:09:23.212663 24298 raft_consensus.cc:3060] T f634883ae815449a908af0c89e0e09e7 P cf2829433a354211b3055f054d6fbb1c [term 0 FOLLOWER]: Advancing to term 1
I20260709 12:09:23.212632 24414 raft_consensus.cc:359] T 3fd77f0735a64dcf8e9476a39f26a124 P 8e1fe14edf804fc0a391ef19331228f0 [term 0 FOLLOWER]: Replica starting. Triggering 0 pending ops. Active config: opid_index: -1 OBSOLETE_local: false peers { permanent_uuid: "8c35378ad3ca4f68ab3c9f0a9bc29cbf" member_type: VOTER last_known_addr { host: "127.22.124.193" port: 43003 } } peers { permanent_uuid: "cf2829433a354211b3055f054d6fbb1c" member_type: VOTER last_known_addr { host: "127.22.124.194" port: 37857 } } peers { permanent_uuid: "8e1fe14edf804fc0a391ef19331228f0" member_type: VOTER last_known_addr { host: "127.22.124.195" port: 42443 } }
I20260709 12:09:23.213425 24414 raft_consensus.cc:385] T 3fd77f0735a64dcf8e9476a39f26a124 P 8e1fe14edf804fc0a391ef19331228f0 [term 0 FOLLOWER]: Consensus starting up: Expiring failure detector timer to make a prompt election more likely
W20260709 12:09:23.213563 24337 leader_election.cc:343] T f634883ae815449a908af0c89e0e09e7 P 8e1fe14edf804fc0a391ef19331228f0 [CANDIDATE]: Term 1 election: Tablet error from VoteRequest() call to peer 8c35378ad3ca4f68ab3c9f0a9bc29cbf (127.22.124.193:43003): Illegal state: must be running to vote when last-logged opid is not known
I20260709 12:09:23.213732 24414 raft_consensus.cc:740] T 3fd77f0735a64dcf8e9476a39f26a124 P 8e1fe14edf804fc0a391ef19331228f0 [term 0 FOLLOWER]: Becoming Follower/Learner. State: Replica: 8e1fe14edf804fc0a391ef19331228f0, State: Initialized, Role: FOLLOWER
I20260709 12:09:23.214253 24416 raft_consensus.cc:385] T d648903081a843f089ec19f48046f853 P cf2829433a354211b3055f054d6fbb1c [term 0 FOLLOWER]: Consensus starting up: Expiring failure detector timer to make a prompt election more likely
I20260709 12:09:23.214397 24521 leader_election.cc:290] T f634883ae815449a908af0c89e0e09e7 P 8e1fe14edf804fc0a391ef19331228f0 [CANDIDATE]: Term 1 election: Requested vote from peers 8c35378ad3ca4f68ab3c9f0a9bc29cbf (127.22.124.193:43003), cf2829433a354211b3055f054d6fbb1c (127.22.124.194:37857)
I20260709 12:09:23.214619 24416 raft_consensus.cc:740] T d648903081a843f089ec19f48046f853 P cf2829433a354211b3055f054d6fbb1c [term 0 FOLLOWER]: Becoming Follower/Learner. State: Replica: cf2829433a354211b3055f054d6fbb1c, State: Initialized, Role: FOLLOWER
I20260709 12:09:23.215112 24414 consensus_queue.cc:260] T 3fd77f0735a64dcf8e9476a39f26a124 P 8e1fe14edf804fc0a391ef19331228f0 [NON_LEADER]: Queue going to NON_LEADER mode. State: All replicated index: 0, Majority replicated index: 0, Committed index: 0, Last appended: 0.0, Last appended by leader: 0, Current term: 0, Majority size: -1, State: 0, Mode: NON_LEADER, active raft config: opid_index: -1 OBSOLETE_local: false peers { permanent_uuid: "8c35378ad3ca4f68ab3c9f0a9bc29cbf" member_type: VOTER last_known_addr { host: "127.22.124.193" port: 43003 } } peers { permanent_uuid: "cf2829433a354211b3055f054d6fbb1c" member_type: VOTER last_known_addr { host: "127.22.124.194" port: 37857 } } peers { permanent_uuid: "8e1fe14edf804fc0a391ef19331228f0" member_type: VOTER last_known_addr { host: "127.22.124.195" port: 42443 } }
I20260709 12:09:23.215528 24416 consensus_queue.cc:260] T d648903081a843f089ec19f48046f853 P cf2829433a354211b3055f054d6fbb1c [NON_LEADER]: Queue going to NON_LEADER mode. State: All replicated index: 0, Majority replicated index: 0, Committed index: 0, Last appended: 0.0, Last appended by leader: 0, Current term: 0, Majority size: -1, State: 0, Mode: NON_LEADER, active raft config: opid_index: -1 OBSOLETE_local: false peers { permanent_uuid: "8c35378ad3ca4f68ab3c9f0a9bc29cbf" member_type: VOTER last_known_addr { host: "127.22.124.193" port: 43003 } } peers { permanent_uuid: "cf2829433a354211b3055f054d6fbb1c" member_type: VOTER last_known_addr { host: "127.22.124.194" port: 37857 } } peers { permanent_uuid: "8e1fe14edf804fc0a391ef19331228f0" member_type: VOTER last_known_addr { host: "127.22.124.195" port: 42443 } }
I20260709 12:09:23.219455 24298 raft_consensus.cc:2468] T f634883ae815449a908af0c89e0e09e7 P cf2829433a354211b3055f054d6fbb1c [term 1 FOLLOWER]: Leader election vote request: Granting yes vote for candidate 8e1fe14edf804fc0a391ef19331228f0 in term 1.
I20260709 12:09:23.220984 24339 leader_election.cc:304] T f634883ae815449a908af0c89e0e09e7 P 8e1fe14edf804fc0a391ef19331228f0 [CANDIDATE]: Term 1 election: Election decided. Result: candidate won. Election summary: received 3 responses out of 3 voters: 2 yes votes; 1 no votes. yes voters: 8e1fe14edf804fc0a391ef19331228f0, cf2829433a354211b3055f054d6fbb1c; no voters: 8c35378ad3ca4f68ab3c9f0a9bc29cbf
I20260709 12:09:23.217244 24414 ts_tablet_manager.cc:1434] T 3fd77f0735a64dcf8e9476a39f26a124 P 8e1fe14edf804fc0a391ef19331228f0: Time spent starting tablet: real 0.016s	user 0.007s	sys 0.000s
I20260709 12:09:23.222232 24414 tablet_bootstrap.cc:492] T 936565aa3f63422d9232955db34ab901 P 8e1fe14edf804fc0a391ef19331228f0: Bootstrap starting.
I20260709 12:09:23.222508 24508 raft_consensus.cc:2804] T f634883ae815449a908af0c89e0e09e7 P 8e1fe14edf804fc0a391ef19331228f0 [term 1 FOLLOWER]: Leader election won for term 1
I20260709 12:09:23.223073 24508 raft_consensus.cc:697] T f634883ae815449a908af0c89e0e09e7 P 8e1fe14edf804fc0a391ef19331228f0 [term 1 LEADER]: Becoming Leader. State: Replica: 8e1fe14edf804fc0a391ef19331228f0, State: Running, Role: LEADER
I20260709 12:09:23.223922 24508 consensus_queue.cc:237] T f634883ae815449a908af0c89e0e09e7 P 8e1fe14edf804fc0a391ef19331228f0 [LEADER]: Queue going to LEADER mode. State: All replicated index: 0, Majority replicated index: 0, Committed index: 0, Last appended: 0.0, Last appended by leader: 0, Current term: 1, Majority size: 2, State: 0, Mode: LEADER, active raft config: opid_index: -1 OBSOLETE_local: false peers { permanent_uuid: "8c35378ad3ca4f68ab3c9f0a9bc29cbf" member_type: VOTER last_known_addr { host: "127.22.124.193" port: 43003 } } peers { permanent_uuid: "cf2829433a354211b3055f054d6fbb1c" member_type: VOTER last_known_addr { host: "127.22.124.194" port: 37857 } } peers { permanent_uuid: "8e1fe14edf804fc0a391ef19331228f0" member_type: VOTER last_known_addr { host: "127.22.124.195" port: 42443 } }
I20260709 12:09:23.227993 24414 tablet_bootstrap.cc:654] T 936565aa3f63422d9232955db34ab901 P 8e1fe14edf804fc0a391ef19331228f0: Neither blocks nor log segments found. Creating new log.
I20260709 12:09:23.221211 24416 ts_tablet_manager.cc:1434] T d648903081a843f089ec19f48046f853 P cf2829433a354211b3055f054d6fbb1c: Time spent starting tablet: real 0.017s	user 0.007s	sys 0.000s
I20260709 12:09:23.219437 24415 tablet_bootstrap.cc:654] T 21e6fceef02643988960d5e27522bf6c P 8c35378ad3ca4f68ab3c9f0a9bc29cbf: Neither blocks nor log segments found. Creating new log.
I20260709 12:09:23.230705 24416 tablet_bootstrap.cc:492] T 65be57980e924e51ae844e6f3e35d50a P cf2829433a354211b3055f054d6fbb1c: Bootstrap starting.
I20260709 12:09:23.233551 24470 raft_consensus.cc:493] T 7b7cc5ccd2cd4e8b845d8a1e70b22550 P 8c35378ad3ca4f68ab3c9f0a9bc29cbf [term 0 FOLLOWER]: Starting pre-election (no leader contacted us within the election timeout)
I20260709 12:09:23.234037 24470 raft_consensus.cc:515] T 7b7cc5ccd2cd4e8b845d8a1e70b22550 P 8c35378ad3ca4f68ab3c9f0a9bc29cbf [term 0 FOLLOWER]: Starting pre-election with config: opid_index: -1 OBSOLETE_local: false peers { permanent_uuid: "8c35378ad3ca4f68ab3c9f0a9bc29cbf" member_type: VOTER last_known_addr { host: "127.22.124.193" port: 43003 } } peers { permanent_uuid: "cf2829433a354211b3055f054d6fbb1c" member_type: VOTER last_known_addr { host: "127.22.124.194" port: 37857 } } peers { permanent_uuid: "8e1fe14edf804fc0a391ef19331228f0" member_type: VOTER last_known_addr { host: "127.22.124.195" port: 42443 } }
I20260709 12:09:23.236143 24470 leader_election.cc:290] T 7b7cc5ccd2cd4e8b845d8a1e70b22550 P 8c35378ad3ca4f68ab3c9f0a9bc29cbf [CANDIDATE]: Term 1 pre-election: Requested pre-vote from peers cf2829433a354211b3055f054d6fbb1c (127.22.124.194:37857), 8e1fe14edf804fc0a391ef19331228f0 (127.22.124.195:42443)
I20260709 12:09:23.236307 24415 tablet_bootstrap.cc:492] T 21e6fceef02643988960d5e27522bf6c P 8c35378ad3ca4f68ab3c9f0a9bc29cbf: No bootstrap required, opened a new log
I20260709 12:09:23.236945 24416 tablet_bootstrap.cc:654] T 65be57980e924e51ae844e6f3e35d50a P cf2829433a354211b3055f054d6fbb1c: Neither blocks nor log segments found. Creating new log.
I20260709 12:09:23.236878 24298 tablet_service.cc:1917] Received RequestConsensusVote() RPC: tablet_id: "7b7cc5ccd2cd4e8b845d8a1e70b22550" candidate_uuid: "8c35378ad3ca4f68ab3c9f0a9bc29cbf" candidate_term: 1 candidate_status { last_received { term: 0 index: 0 } } ignore_live_leader: false dest_uuid: "cf2829433a354211b3055f054d6fbb1c" is_pre_election: true
I20260709 12:09:23.237598 24374 tablet_service.cc:1917] Received RequestConsensusVote() RPC: tablet_id: "7b7cc5ccd2cd4e8b845d8a1e70b22550" candidate_uuid: "8c35378ad3ca4f68ab3c9f0a9bc29cbf" candidate_term: 1 candidate_status { last_received { term: 0 index: 0 } } ignore_live_leader: false dest_uuid: "8e1fe14edf804fc0a391ef19331228f0" is_pre_election: true
I20260709 12:09:23.238119 24415 ts_tablet_manager.cc:1403] T 21e6fceef02643988960d5e27522bf6c P 8c35378ad3ca4f68ab3c9f0a9bc29cbf: Time spent bootstrapping tablet: real 0.054s	user 0.006s	sys 0.006s
I20260709 12:09:23.239185 24189 leader_election.cc:304] T 7b7cc5ccd2cd4e8b845d8a1e70b22550 P 8c35378ad3ca4f68ab3c9f0a9bc29cbf [CANDIDATE]: Term 1 pre-election: Election decided. Result: candidate lost. Election summary: received 3 responses out of 3 voters: 1 yes votes; 2 no votes. yes voters: 8c35378ad3ca4f68ab3c9f0a9bc29cbf; no voters: 8e1fe14edf804fc0a391ef19331228f0, cf2829433a354211b3055f054d6fbb1c
I20260709 12:09:23.240286 24470 raft_consensus.cc:2749] T 7b7cc5ccd2cd4e8b845d8a1e70b22550 P 8c35378ad3ca4f68ab3c9f0a9bc29cbf [term 0 FOLLOWER]: Leader pre-election lost for term 1. Reason: could not achieve majority
I20260709 12:09:23.242465 24414 tablet_bootstrap.cc:492] T 936565aa3f63422d9232955db34ab901 P 8e1fe14edf804fc0a391ef19331228f0: No bootstrap required, opened a new log
I20260709 12:09:23.242890 24414 ts_tablet_manager.cc:1403] T 936565aa3f63422d9232955db34ab901 P 8e1fe14edf804fc0a391ef19331228f0: Time spent bootstrapping tablet: real 0.021s	user 0.008s	sys 0.000s
I20260709 12:09:23.244930 24415 raft_consensus.cc:359] T 21e6fceef02643988960d5e27522bf6c P 8c35378ad3ca4f68ab3c9f0a9bc29cbf [term 0 FOLLOWER]: Replica starting. Triggering 0 pending ops. Active config: opid_index: -1 OBSOLETE_local: false peers { permanent_uuid: "8c35378ad3ca4f68ab3c9f0a9bc29cbf" member_type: VOTER last_known_addr { host: "127.22.124.193" port: 43003 } } peers { permanent_uuid: "cf2829433a354211b3055f054d6fbb1c" member_type: VOTER last_known_addr { host: "127.22.124.194" port: 37857 } } peers { permanent_uuid: "8e1fe14edf804fc0a391ef19331228f0" member_type: VOTER last_known_addr { host: "127.22.124.195" port: 42443 } }
I20260709 12:09:23.245579 24415 raft_consensus.cc:385] T 21e6fceef02643988960d5e27522bf6c P 8c35378ad3ca4f68ab3c9f0a9bc29cbf [term 0 FOLLOWER]: Consensus starting up: Expiring failure detector timer to make a prompt election more likely
I20260709 12:09:23.245496 24414 raft_consensus.cc:359] T 936565aa3f63422d9232955db34ab901 P 8e1fe14edf804fc0a391ef19331228f0 [term 0 FOLLOWER]: Replica starting. Triggering 0 pending ops. Active config: opid_index: -1 OBSOLETE_local: false peers { permanent_uuid: "8c35378ad3ca4f68ab3c9f0a9bc29cbf" member_type: VOTER last_known_addr { host: "127.22.124.193" port: 43003 } } peers { permanent_uuid: "cf2829433a354211b3055f054d6fbb1c" member_type: VOTER last_known_addr { host: "127.22.124.194" port: 37857 } } peers { permanent_uuid: "8e1fe14edf804fc0a391ef19331228f0" member_type: VOTER last_known_addr { host: "127.22.124.195" port: 42443 } }
I20260709 12:09:23.245940 24415 raft_consensus.cc:740] T 21e6fceef02643988960d5e27522bf6c P 8c35378ad3ca4f68ab3c9f0a9bc29cbf [term 0 FOLLOWER]: Becoming Follower/Learner. State: Replica: 8c35378ad3ca4f68ab3c9f0a9bc29cbf, State: Initialized, Role: FOLLOWER
I20260709 12:09:23.246172 24414 raft_consensus.cc:385] T 936565aa3f63422d9232955db34ab901 P 8e1fe14edf804fc0a391ef19331228f0 [term 0 FOLLOWER]: Consensus starting up: Expiring failure detector timer to make a prompt election more likely
I20260709 12:09:23.246449 24414 raft_consensus.cc:740] T 936565aa3f63422d9232955db34ab901 P 8e1fe14edf804fc0a391ef19331228f0 [term 0 FOLLOWER]: Becoming Follower/Learner. State: Replica: 8e1fe14edf804fc0a391ef19331228f0, State: Initialized, Role: FOLLOWER
I20260709 12:09:23.246721 24415 consensus_queue.cc:260] T 21e6fceef02643988960d5e27522bf6c P 8c35378ad3ca4f68ab3c9f0a9bc29cbf [NON_LEADER]: Queue going to NON_LEADER mode. State: All replicated index: 0, Majority replicated index: 0, Committed index: 0, Last appended: 0.0, Last appended by leader: 0, Current term: 0, Majority size: -1, State: 0, Mode: NON_LEADER, active raft config: opid_index: -1 OBSOLETE_local: false peers { permanent_uuid: "8c35378ad3ca4f68ab3c9f0a9bc29cbf" member_type: VOTER last_known_addr { host: "127.22.124.193" port: 43003 } } peers { permanent_uuid: "cf2829433a354211b3055f054d6fbb1c" member_type: VOTER last_known_addr { host: "127.22.124.194" port: 37857 } } peers { permanent_uuid: "8e1fe14edf804fc0a391ef19331228f0" member_type: VOTER last_known_addr { host: "127.22.124.195" port: 42443 } }
I20260709 12:09:23.247066 24414 consensus_queue.cc:260] T 936565aa3f63422d9232955db34ab901 P 8e1fe14edf804fc0a391ef19331228f0 [NON_LEADER]: Queue going to NON_LEADER mode. State: All replicated index: 0, Majority replicated index: 0, Committed index: 0, Last appended: 0.0, Last appended by leader: 0, Current term: 0, Majority size: -1, State: 0, Mode: NON_LEADER, active raft config: opid_index: -1 OBSOLETE_local: false peers { permanent_uuid: "8c35378ad3ca4f68ab3c9f0a9bc29cbf" member_type: VOTER last_known_addr { host: "127.22.124.193" port: 43003 } } peers { permanent_uuid: "cf2829433a354211b3055f054d6fbb1c" member_type: VOTER last_known_addr { host: "127.22.124.194" port: 37857 } } peers { permanent_uuid: "8e1fe14edf804fc0a391ef19331228f0" member_type: VOTER last_known_addr { host: "127.22.124.195" port: 42443 } }
I20260709 12:09:23.249256 24414 ts_tablet_manager.cc:1434] T 936565aa3f63422d9232955db34ab901 P 8e1fe14edf804fc0a391ef19331228f0: Time spent starting tablet: real 0.006s	user 0.003s	sys 0.004s
I20260709 12:09:23.250185 24414 tablet_bootstrap.cc:492] T d648903081a843f089ec19f48046f853 P 8e1fe14edf804fc0a391ef19331228f0: Bootstrap starting.
I20260709 12:09:23.252513 24415 ts_tablet_manager.cc:1434] T 21e6fceef02643988960d5e27522bf6c P 8c35378ad3ca4f68ab3c9f0a9bc29cbf: Time spent starting tablet: real 0.014s	user 0.006s	sys 0.000s
I20260709 12:09:23.253520 24415 tablet_bootstrap.cc:492] T 9ad2c5903acb420bbe1ae3a666a3c56e P 8c35378ad3ca4f68ab3c9f0a9bc29cbf: Bootstrap starting.
I20260709 12:09:23.256150 24414 tablet_bootstrap.cc:654] T d648903081a843f089ec19f48046f853 P 8e1fe14edf804fc0a391ef19331228f0: Neither blocks nor log segments found. Creating new log.
I20260709 12:09:23.256690 24122 catalog_manager.cc:5697] T f634883ae815449a908af0c89e0e09e7 P 8e1fe14edf804fc0a391ef19331228f0 reported cstate change: term changed from 0 to 1, leader changed from <none> to 8e1fe14edf804fc0a391ef19331228f0 (127.22.124.195). New cstate: current_term: 1 leader_uuid: "8e1fe14edf804fc0a391ef19331228f0" committed_config { opid_index: -1 OBSOLETE_local: false peers { permanent_uuid: "8c35378ad3ca4f68ab3c9f0a9bc29cbf" member_type: VOTER last_known_addr { host: "127.22.124.193" port: 43003 } health_report { overall_health: UNKNOWN } } peers { permanent_uuid: "cf2829433a354211b3055f054d6fbb1c" member_type: VOTER last_known_addr { host: "127.22.124.194" port: 37857 } health_report { overall_health: UNKNOWN } } peers { permanent_uuid: "8e1fe14edf804fc0a391ef19331228f0" member_type: VOTER last_known_addr { host: "127.22.124.195" port: 42443 } health_report { overall_health: HEALTHY } } }
I20260709 12:09:23.259287 24415 tablet_bootstrap.cc:654] T 9ad2c5903acb420bbe1ae3a666a3c56e P 8c35378ad3ca4f68ab3c9f0a9bc29cbf: Neither blocks nor log segments found. Creating new log.
I20260709 12:09:23.275208 24415 tablet_bootstrap.cc:492] T 9ad2c5903acb420bbe1ae3a666a3c56e P 8c35378ad3ca4f68ab3c9f0a9bc29cbf: No bootstrap required, opened a new log
I20260709 12:09:23.275377 24414 tablet_bootstrap.cc:492] T d648903081a843f089ec19f48046f853 P 8e1fe14edf804fc0a391ef19331228f0: No bootstrap required, opened a new log
I20260709 12:09:23.275714 24415 ts_tablet_manager.cc:1403] T 9ad2c5903acb420bbe1ae3a666a3c56e P 8c35378ad3ca4f68ab3c9f0a9bc29cbf: Time spent bootstrapping tablet: real 0.022s	user 0.011s	sys 0.000s
I20260709 12:09:23.275806 24414 ts_tablet_manager.cc:1403] T d648903081a843f089ec19f48046f853 P 8e1fe14edf804fc0a391ef19331228f0: Time spent bootstrapping tablet: real 0.026s	user 0.012s	sys 0.003s
I20260709 12:09:23.278079 24521 raft_consensus.cc:493] T 3fd77f0735a64dcf8e9476a39f26a124 P 8e1fe14edf804fc0a391ef19331228f0 [term 0 FOLLOWER]: Starting pre-election (no leader contacted us within the election timeout)
I20260709 12:09:23.278553 24521 raft_consensus.cc:515] T 3fd77f0735a64dcf8e9476a39f26a124 P 8e1fe14edf804fc0a391ef19331228f0 [term 0 FOLLOWER]: Starting pre-election with config: opid_index: -1 OBSOLETE_local: false peers { permanent_uuid: "8c35378ad3ca4f68ab3c9f0a9bc29cbf" member_type: VOTER last_known_addr { host: "127.22.124.193" port: 43003 } } peers { permanent_uuid: "cf2829433a354211b3055f054d6fbb1c" member_type: VOTER last_known_addr { host: "127.22.124.194" port: 37857 } } peers { permanent_uuid: "8e1fe14edf804fc0a391ef19331228f0" member_type: VOTER last_known_addr { host: "127.22.124.195" port: 42443 } }
I20260709 12:09:23.278898 24415 raft_consensus.cc:359] T 9ad2c5903acb420bbe1ae3a666a3c56e P 8c35378ad3ca4f68ab3c9f0a9bc29cbf [term 0 FOLLOWER]: Replica starting. Triggering 0 pending ops. Active config: opid_index: -1 OBSOLETE_local: false peers { permanent_uuid: "8c35378ad3ca4f68ab3c9f0a9bc29cbf" member_type: VOTER last_known_addr { host: "127.22.124.193" port: 43003 } } peers { permanent_uuid: "cf2829433a354211b3055f054d6fbb1c" member_type: VOTER last_known_addr { host: "127.22.124.194" port: 37857 } } peers { permanent_uuid: "8e1fe14edf804fc0a391ef19331228f0" member_type: VOTER last_known_addr { host: "127.22.124.195" port: 42443 } }
I20260709 12:09:23.280681 24521 leader_election.cc:290] T 3fd77f0735a64dcf8e9476a39f26a124 P 8e1fe14edf804fc0a391ef19331228f0 [CANDIDATE]: Term 1 pre-election: Requested pre-vote from peers 8c35378ad3ca4f68ab3c9f0a9bc29cbf (127.22.124.193:43003), cf2829433a354211b3055f054d6fbb1c (127.22.124.194:37857)
I20260709 12:09:23.281790 24298 tablet_service.cc:1917] Received RequestConsensusVote() RPC: tablet_id: "3fd77f0735a64dcf8e9476a39f26a124" candidate_uuid: "8e1fe14edf804fc0a391ef19331228f0" candidate_term: 1 candidate_status { last_received { term: 0 index: 0 } } ignore_live_leader: false dest_uuid: "cf2829433a354211b3055f054d6fbb1c" is_pre_election: true
I20260709 12:09:23.282171 24224 tablet_service.cc:1917] Received RequestConsensusVote() RPC: tablet_id: "3fd77f0735a64dcf8e9476a39f26a124" candidate_uuid: "8e1fe14edf804fc0a391ef19331228f0" candidate_term: 1 candidate_status { last_received { term: 0 index: 0 } } ignore_live_leader: false dest_uuid: "8c35378ad3ca4f68ab3c9f0a9bc29cbf" is_pre_election: true
W20260709 12:09:23.283078 24339 leader_election.cc:343] T 3fd77f0735a64dcf8e9476a39f26a124 P 8e1fe14edf804fc0a391ef19331228f0 [CANDIDATE]: Term 1 pre-election: Tablet error from VoteRequest() call to peer cf2829433a354211b3055f054d6fbb1c (127.22.124.194:37857): Illegal state: must be running to vote when last-logged opid is not known
I20260709 12:09:23.279567 24415 raft_consensus.cc:385] T 9ad2c5903acb420bbe1ae3a666a3c56e P 8c35378ad3ca4f68ab3c9f0a9bc29cbf [term 0 FOLLOWER]: Consensus starting up: Expiring failure detector timer to make a prompt election more likely
W20260709 12:09:23.283699 24337 leader_election.cc:343] T 3fd77f0735a64dcf8e9476a39f26a124 P 8e1fe14edf804fc0a391ef19331228f0 [CANDIDATE]: Term 1 pre-election: Tablet error from VoteRequest() call to peer 8c35378ad3ca4f68ab3c9f0a9bc29cbf (127.22.124.193:43003): Illegal state: must be running to vote when last-logged opid is not known
I20260709 12:09:23.283905 24415 raft_consensus.cc:740] T 9ad2c5903acb420bbe1ae3a666a3c56e P 8c35378ad3ca4f68ab3c9f0a9bc29cbf [term 0 FOLLOWER]: Becoming Follower/Learner. State: Replica: 8c35378ad3ca4f68ab3c9f0a9bc29cbf, State: Initialized, Role: FOLLOWER
I20260709 12:09:23.284189 24337 leader_election.cc:304] T 3fd77f0735a64dcf8e9476a39f26a124 P 8e1fe14edf804fc0a391ef19331228f0 [CANDIDATE]: Term 1 pre-election: Election decided. Result: candidate lost. Election summary: received 3 responses out of 3 voters: 1 yes votes; 2 no votes. yes voters: 8e1fe14edf804fc0a391ef19331228f0; no voters: 8c35378ad3ca4f68ab3c9f0a9bc29cbf, cf2829433a354211b3055f054d6fbb1c
I20260709 12:09:23.284754 24415 consensus_queue.cc:260] T 9ad2c5903acb420bbe1ae3a666a3c56e P 8c35378ad3ca4f68ab3c9f0a9bc29cbf [NON_LEADER]: Queue going to NON_LEADER mode. State: All replicated index: 0, Majority replicated index: 0, Committed index: 0, Last appended: 0.0, Last appended by leader: 0, Current term: 0, Majority size: -1, State: 0, Mode: NON_LEADER, active raft config: opid_index: -1 OBSOLETE_local: false peers { permanent_uuid: "8c35378ad3ca4f68ab3c9f0a9bc29cbf" member_type: VOTER last_known_addr { host: "127.22.124.193" port: 43003 } } peers { permanent_uuid: "cf2829433a354211b3055f054d6fbb1c" member_type: VOTER last_known_addr { host: "127.22.124.194" port: 37857 } } peers { permanent_uuid: "8e1fe14edf804fc0a391ef19331228f0" member_type: VOTER last_known_addr { host: "127.22.124.195" port: 42443 } }
I20260709 12:09:23.285267 24416 tablet_bootstrap.cc:492] T 65be57980e924e51ae844e6f3e35d50a P cf2829433a354211b3055f054d6fbb1c: No bootstrap required, opened a new log
I20260709 12:09:23.285316 24521 raft_consensus.cc:2749] T 3fd77f0735a64dcf8e9476a39f26a124 P 8e1fe14edf804fc0a391ef19331228f0 [term 0 FOLLOWER]: Leader pre-election lost for term 1. Reason: could not achieve majority
I20260709 12:09:23.285812 24416 ts_tablet_manager.cc:1403] T 65be57980e924e51ae844e6f3e35d50a P cf2829433a354211b3055f054d6fbb1c: Time spent bootstrapping tablet: real 0.055s	user 0.022s	sys 0.018s
I20260709 12:09:23.286151 24414 raft_consensus.cc:359] T d648903081a843f089ec19f48046f853 P 8e1fe14edf804fc0a391ef19331228f0 [term 0 FOLLOWER]: Replica starting. Triggering 0 pending ops. Active config: opid_index: -1 OBSOLETE_local: false peers { permanent_uuid: "8c35378ad3ca4f68ab3c9f0a9bc29cbf" member_type: VOTER last_known_addr { host: "127.22.124.193" port: 43003 } } peers { permanent_uuid: "cf2829433a354211b3055f054d6fbb1c" member_type: VOTER last_known_addr { host: "127.22.124.194" port: 37857 } } peers { permanent_uuid: "8e1fe14edf804fc0a391ef19331228f0" member_type: VOTER last_known_addr { host: "127.22.124.195" port: 42443 } }
I20260709 12:09:23.286815 24414 raft_consensus.cc:385] T d648903081a843f089ec19f48046f853 P 8e1fe14edf804fc0a391ef19331228f0 [term 0 FOLLOWER]: Consensus starting up: Expiring failure detector timer to make a prompt election more likely
I20260709 12:09:23.287101 24414 raft_consensus.cc:740] T d648903081a843f089ec19f48046f853 P 8e1fe14edf804fc0a391ef19331228f0 [term 0 FOLLOWER]: Becoming Follower/Learner. State: Replica: 8e1fe14edf804fc0a391ef19331228f0, State: Initialized, Role: FOLLOWER
I20260709 12:09:23.287868 24414 consensus_queue.cc:260] T d648903081a843f089ec19f48046f853 P 8e1fe14edf804fc0a391ef19331228f0 [NON_LEADER]: Queue going to NON_LEADER mode. State: All replicated index: 0, Majority replicated index: 0, Committed index: 0, Last appended: 0.0, Last appended by leader: 0, Current term: 0, Majority size: -1, State: 0, Mode: NON_LEADER, active raft config: opid_index: -1 OBSOLETE_local: false peers { permanent_uuid: "8c35378ad3ca4f68ab3c9f0a9bc29cbf" member_type: VOTER last_known_addr { host: "127.22.124.193" port: 43003 } } peers { permanent_uuid: "cf2829433a354211b3055f054d6fbb1c" member_type: VOTER last_known_addr { host: "127.22.124.194" port: 37857 } } peers { permanent_uuid: "8e1fe14edf804fc0a391ef19331228f0" member_type: VOTER last_known_addr { host: "127.22.124.195" port: 42443 } }
I20260709 12:09:23.288379 24416 raft_consensus.cc:359] T 65be57980e924e51ae844e6f3e35d50a P cf2829433a354211b3055f054d6fbb1c [term 0 FOLLOWER]: Replica starting. Triggering 0 pending ops. Active config: opid_index: -1 OBSOLETE_local: false peers { permanent_uuid: "8c35378ad3ca4f68ab3c9f0a9bc29cbf" member_type: VOTER last_known_addr { host: "127.22.124.193" port: 43003 } } peers { permanent_uuid: "cf2829433a354211b3055f054d6fbb1c" member_type: VOTER last_known_addr { host: "127.22.124.194" port: 37857 } } peers { permanent_uuid: "8e1fe14edf804fc0a391ef19331228f0" member_type: VOTER last_known_addr { host: "127.22.124.195" port: 42443 } }
I20260709 12:09:23.289064 24416 raft_consensus.cc:385] T 65be57980e924e51ae844e6f3e35d50a P cf2829433a354211b3055f054d6fbb1c [term 0 FOLLOWER]: Consensus starting up: Expiring failure detector timer to make a prompt election more likely
I20260709 12:09:23.289335 24416 raft_consensus.cc:740] T 65be57980e924e51ae844e6f3e35d50a P cf2829433a354211b3055f054d6fbb1c [term 0 FOLLOWER]: Becoming Follower/Learner. State: Replica: cf2829433a354211b3055f054d6fbb1c, State: Initialized, Role: FOLLOWER
I20260709 12:09:23.290052 24416 consensus_queue.cc:260] T 65be57980e924e51ae844e6f3e35d50a P cf2829433a354211b3055f054d6fbb1c [NON_LEADER]: Queue going to NON_LEADER mode. State: All replicated index: 0, Majority replicated index: 0, Committed index: 0, Last appended: 0.0, Last appended by leader: 0, Current term: 0, Majority size: -1, State: 0, Mode: NON_LEADER, active raft config: opid_index: -1 OBSOLETE_local: false peers { permanent_uuid: "8c35378ad3ca4f68ab3c9f0a9bc29cbf" member_type: VOTER last_known_addr { host: "127.22.124.193" port: 43003 } } peers { permanent_uuid: "cf2829433a354211b3055f054d6fbb1c" member_type: VOTER last_known_addr { host: "127.22.124.194" port: 37857 } } peers { permanent_uuid: "8e1fe14edf804fc0a391ef19331228f0" member_type: VOTER last_known_addr { host: "127.22.124.195" port: 42443 } }
I20260709 12:09:23.290644 24414 ts_tablet_manager.cc:1434] T d648903081a843f089ec19f48046f853 P 8e1fe14edf804fc0a391ef19331228f0: Time spent starting tablet: real 0.015s	user 0.006s	sys 0.000s
I20260709 12:09:23.291673 24414 tablet_bootstrap.cc:492] T 07bcca9f1ce94948b9a95b59090b9baa P 8e1fe14edf804fc0a391ef19331228f0: Bootstrap starting.
I20260709 12:09:23.292191 24416 ts_tablet_manager.cc:1434] T 65be57980e924e51ae844e6f3e35d50a P cf2829433a354211b3055f054d6fbb1c: Time spent starting tablet: real 0.006s	user 0.006s	sys 0.001s
I20260709 12:09:23.293495 24416 tablet_bootstrap.cc:492] T 5967e432653144b18ce5d383f65da109 P cf2829433a354211b3055f054d6fbb1c: Bootstrap starting.
I20260709 12:09:23.295576 24415 ts_tablet_manager.cc:1434] T 9ad2c5903acb420bbe1ae3a666a3c56e P 8c35378ad3ca4f68ab3c9f0a9bc29cbf: Time spent starting tablet: real 0.020s	user 0.007s	sys 0.000s
I20260709 12:09:23.298290 24414 tablet_bootstrap.cc:654] T 07bcca9f1ce94948b9a95b59090b9baa P 8e1fe14edf804fc0a391ef19331228f0: Neither blocks nor log segments found. Creating new log.
I20260709 12:09:23.302222 24521 raft_consensus.cc:493] T 326f9845fe854f739647930f3014ffbc P 8e1fe14edf804fc0a391ef19331228f0 [term 0 FOLLOWER]: Starting pre-election (no leader contacted us within the election timeout)
I20260709 12:09:23.302760 24521 raft_consensus.cc:515] T 326f9845fe854f739647930f3014ffbc P 8e1fe14edf804fc0a391ef19331228f0 [term 0 FOLLOWER]: Starting pre-election with config: opid_index: -1 OBSOLETE_local: false peers { permanent_uuid: "8c35378ad3ca4f68ab3c9f0a9bc29cbf" member_type: VOTER last_known_addr { host: "127.22.124.193" port: 43003 } } peers { permanent_uuid: "cf2829433a354211b3055f054d6fbb1c" member_type: VOTER last_known_addr { host: "127.22.124.194" port: 37857 } } peers { permanent_uuid: "8e1fe14edf804fc0a391ef19331228f0" member_type: VOTER last_known_addr { host: "127.22.124.195" port: 42443 } }
I20260709 12:09:23.304848 24416 tablet_bootstrap.cc:654] T 5967e432653144b18ce5d383f65da109 P cf2829433a354211b3055f054d6fbb1c: Neither blocks nor log segments found. Creating new log.
I20260709 12:09:23.305063 24521 leader_election.cc:290] T 326f9845fe854f739647930f3014ffbc P 8e1fe14edf804fc0a391ef19331228f0 [CANDIDATE]: Term 1 pre-election: Requested pre-vote from peers 8c35378ad3ca4f68ab3c9f0a9bc29cbf (127.22.124.193:43003), cf2829433a354211b3055f054d6fbb1c (127.22.124.194:37857)
I20260709 12:09:23.307994 24298 tablet_service.cc:1917] Received RequestConsensusVote() RPC: tablet_id: "326f9845fe854f739647930f3014ffbc" candidate_uuid: "8e1fe14edf804fc0a391ef19331228f0" candidate_term: 1 candidate_status { last_received { term: 0 index: 0 } } ignore_live_leader: false dest_uuid: "cf2829433a354211b3055f054d6fbb1c" is_pre_election: true
I20260709 12:09:23.309024 24298 raft_consensus.cc:2468] T 326f9845fe854f739647930f3014ffbc P cf2829433a354211b3055f054d6fbb1c [term 0 FOLLOWER]: Leader pre-election vote request: Granting yes vote for candidate 8e1fe14edf804fc0a391ef19331228f0 in term 0.
I20260709 12:09:23.312947 24339 leader_election.cc:304] T 326f9845fe854f739647930f3014ffbc P 8e1fe14edf804fc0a391ef19331228f0 [CANDIDATE]: Term 1 pre-election: Election decided. Result: candidate won. Election summary: received 2 responses out of 3 voters: 2 yes votes; 0 no votes. yes voters: 8e1fe14edf804fc0a391ef19331228f0, cf2829433a354211b3055f054d6fbb1c; no voters: 
I20260709 12:09:23.313982 24521 raft_consensus.cc:2804] T 326f9845fe854f739647930f3014ffbc P 8e1fe14edf804fc0a391ef19331228f0 [term 0 FOLLOWER]: Leader pre-election won for term 1
I20260709 12:09:23.314409 24521 raft_consensus.cc:493] T 326f9845fe854f739647930f3014ffbc P 8e1fe14edf804fc0a391ef19331228f0 [term 0 FOLLOWER]: Starting leader election (no leader contacted us within the election timeout)
I20260709 12:09:23.314796 24521 raft_consensus.cc:3060] T 326f9845fe854f739647930f3014ffbc P 8e1fe14edf804fc0a391ef19331228f0 [term 0 FOLLOWER]: Advancing to term 1
I20260709 12:09:23.316133 24224 tablet_service.cc:1917] Received RequestConsensusVote() RPC: tablet_id: "326f9845fe854f739647930f3014ffbc" candidate_uuid: "8e1fe14edf804fc0a391ef19331228f0" candidate_term: 1 candidate_status { last_received { term: 0 index: 0 } } ignore_live_leader: false dest_uuid: "8c35378ad3ca4f68ab3c9f0a9bc29cbf" is_pre_election: true
W20260709 12:09:23.317817 24337 leader_election.cc:343] T 326f9845fe854f739647930f3014ffbc P 8e1fe14edf804fc0a391ef19331228f0 [CANDIDATE]: Term 1 pre-election: Tablet error from VoteRequest() call to peer 8c35378ad3ca4f68ab3c9f0a9bc29cbf (127.22.124.193:43003): Illegal state: must be running to vote when last-logged opid is not known
I20260709 12:09:23.321604 24415 tablet_bootstrap.cc:492] T 4bb038cc167b4617b2e456c73a9f18da P 8c35378ad3ca4f68ab3c9f0a9bc29cbf: Bootstrap starting.
I20260709 12:09:23.322227 24521 raft_consensus.cc:515] T 326f9845fe854f739647930f3014ffbc P 8e1fe14edf804fc0a391ef19331228f0 [term 1 FOLLOWER]: Starting leader election with config: opid_index: -1 OBSOLETE_local: false peers { permanent_uuid: "8c35378ad3ca4f68ab3c9f0a9bc29cbf" member_type: VOTER last_known_addr { host: "127.22.124.193" port: 43003 } } peers { permanent_uuid: "cf2829433a354211b3055f054d6fbb1c" member_type: VOTER last_known_addr { host: "127.22.124.194" port: 37857 } } peers { permanent_uuid: "8e1fe14edf804fc0a391ef19331228f0" member_type: VOTER last_known_addr { host: "127.22.124.195" port: 42443 } }
I20260709 12:09:23.325350 24414 tablet_bootstrap.cc:492] T 07bcca9f1ce94948b9a95b59090b9baa P 8e1fe14edf804fc0a391ef19331228f0: No bootstrap required, opened a new log
I20260709 12:09:23.325949 24414 ts_tablet_manager.cc:1403] T 07bcca9f1ce94948b9a95b59090b9baa P 8e1fe14edf804fc0a391ef19331228f0: Time spent bootstrapping tablet: real 0.034s	user 0.005s	sys 0.011s
I20260709 12:09:23.328923 24224 raft_consensus.cc:3060] T 7b7cc5ccd2cd4e8b845d8a1e70b22550 P 8c35378ad3ca4f68ab3c9f0a9bc29cbf [term 0 FOLLOWER]: Advancing to term 1
I20260709 12:09:23.328881 24414 raft_consensus.cc:359] T 07bcca9f1ce94948b9a95b59090b9baa P 8e1fe14edf804fc0a391ef19331228f0 [term 0 FOLLOWER]: Replica starting. Triggering 0 pending ops. Active config: opid_index: -1 OBSOLETE_local: false peers { permanent_uuid: "8c35378ad3ca4f68ab3c9f0a9bc29cbf" member_type: VOTER last_known_addr { host: "127.22.124.193" port: 43003 } } peers { permanent_uuid: "cf2829433a354211b3055f054d6fbb1c" member_type: VOTER last_known_addr { host: "127.22.124.194" port: 37857 } } peers { permanent_uuid: "8e1fe14edf804fc0a391ef19331228f0" member_type: VOTER last_known_addr { host: "127.22.124.195" port: 42443 } }
I20260709 12:09:23.330945 24414 raft_consensus.cc:385] T 07bcca9f1ce94948b9a95b59090b9baa P 8e1fe14edf804fc0a391ef19331228f0 [term 0 FOLLOWER]: Consensus starting up: Expiring failure detector timer to make a prompt election more likely
I20260709 12:09:23.331354 24414 raft_consensus.cc:740] T 07bcca9f1ce94948b9a95b59090b9baa P 8e1fe14edf804fc0a391ef19331228f0 [term 0 FOLLOWER]: Becoming Follower/Learner. State: Replica: 8e1fe14edf804fc0a391ef19331228f0, State: Initialized, Role: FOLLOWER
I20260709 12:09:23.332145 24414 consensus_queue.cc:260] T 07bcca9f1ce94948b9a95b59090b9baa P 8e1fe14edf804fc0a391ef19331228f0 [NON_LEADER]: Queue going to NON_LEADER mode. State: All replicated index: 0, Majority replicated index: 0, Committed index: 0, Last appended: 0.0, Last appended by leader: 0, Current term: 0, Majority size: -1, State: 0, Mode: NON_LEADER, active raft config: opid_index: -1 OBSOLETE_local: false peers { permanent_uuid: "8c35378ad3ca4f68ab3c9f0a9bc29cbf" member_type: VOTER last_known_addr { host: "127.22.124.193" port: 43003 } } peers { permanent_uuid: "cf2829433a354211b3055f054d6fbb1c" member_type: VOTER last_known_addr { host: "127.22.124.194" port: 37857 } } peers { permanent_uuid: "8e1fe14edf804fc0a391ef19331228f0" member_type: VOTER last_known_addr { host: "127.22.124.195" port: 42443 } }
I20260709 12:09:23.332986 24222 tablet_service.cc:1917] Received RequestConsensusVote() RPC: tablet_id: "326f9845fe854f739647930f3014ffbc" candidate_uuid: "8e1fe14edf804fc0a391ef19331228f0" candidate_term: 1 candidate_status { last_received { term: 0 index: 0 } } ignore_live_leader: false dest_uuid: "8c35378ad3ca4f68ab3c9f0a9bc29cbf"
I20260709 12:09:23.333545 24521 leader_election.cc:290] T 326f9845fe854f739647930f3014ffbc P 8e1fe14edf804fc0a391ef19331228f0 [CANDIDATE]: Term 1 election: Requested vote from peers 8c35378ad3ca4f68ab3c9f0a9bc29cbf (127.22.124.193:43003), cf2829433a354211b3055f054d6fbb1c (127.22.124.194:37857)
I20260709 12:09:23.337344 24300 tablet_service.cc:1917] Received RequestConsensusVote() RPC: tablet_id: "326f9845fe854f739647930f3014ffbc" candidate_uuid: "8e1fe14edf804fc0a391ef19331228f0" candidate_term: 1 candidate_status { last_received { term: 0 index: 0 } } ignore_live_leader: false dest_uuid: "cf2829433a354211b3055f054d6fbb1c"
I20260709 12:09:23.338284 24300 raft_consensus.cc:3060] T 326f9845fe854f739647930f3014ffbc P cf2829433a354211b3055f054d6fbb1c [term 0 FOLLOWER]: Advancing to term 1
W20260709 12:09:23.341820 24337 leader_election.cc:343] T 326f9845fe854f739647930f3014ffbc P 8e1fe14edf804fc0a391ef19331228f0 [CANDIDATE]: Term 1 election: Tablet error from VoteRequest() call to peer 8c35378ad3ca4f68ab3c9f0a9bc29cbf (127.22.124.193:43003): Illegal state: must be running to vote when last-logged opid is not known
I20260709 12:09:23.342576 24416 tablet_bootstrap.cc:492] T 5967e432653144b18ce5d383f65da109 P cf2829433a354211b3055f054d6fbb1c: No bootstrap required, opened a new log
I20260709 12:09:23.343128 24416 ts_tablet_manager.cc:1403] T 5967e432653144b18ce5d383f65da109 P cf2829433a354211b3055f054d6fbb1c: Time spent bootstrapping tablet: real 0.050s	user 0.015s	sys 0.025s
I20260709 12:09:23.345784 24414 ts_tablet_manager.cc:1434] T 07bcca9f1ce94948b9a95b59090b9baa P 8e1fe14edf804fc0a391ef19331228f0: Time spent starting tablet: real 0.019s	user 0.008s	sys 0.000s
I20260709 12:09:23.346911 24416 raft_consensus.cc:359] T 5967e432653144b18ce5d383f65da109 P cf2829433a354211b3055f054d6fbb1c [term 0 FOLLOWER]: Replica starting. Triggering 0 pending ops. Active config: opid_index: -1 OBSOLETE_local: false peers { permanent_uuid: "8c35378ad3ca4f68ab3c9f0a9bc29cbf" member_type: VOTER last_known_addr { host: "127.22.124.193" port: 43003 } } peers { permanent_uuid: "cf2829433a354211b3055f054d6fbb1c" member_type: VOTER last_known_addr { host: "127.22.124.194" port: 37857 } } peers { permanent_uuid: "8e1fe14edf804fc0a391ef19331228f0" member_type: VOTER last_known_addr { host: "127.22.124.195" port: 42443 } }
I20260709 12:09:23.348340 24416 raft_consensus.cc:385] T 5967e432653144b18ce5d383f65da109 P cf2829433a354211b3055f054d6fbb1c [term 0 FOLLOWER]: Consensus starting up: Expiring failure detector timer to make a prompt election more likely
I20260709 12:09:23.348647 24416 raft_consensus.cc:740] T 5967e432653144b18ce5d383f65da109 P cf2829433a354211b3055f054d6fbb1c [term 0 FOLLOWER]: Becoming Follower/Learner. State: Replica: cf2829433a354211b3055f054d6fbb1c, State: Initialized, Role: FOLLOWER
I20260709 12:09:23.349537 24414 tablet_bootstrap.cc:492] T 9ed78f16a6b541ceba9d31ffe7e4e5cc P 8e1fe14edf804fc0a391ef19331228f0: Bootstrap starting.
I20260709 12:09:23.349339 24416 consensus_queue.cc:260] T 5967e432653144b18ce5d383f65da109 P cf2829433a354211b3055f054d6fbb1c [NON_LEADER]: Queue going to NON_LEADER mode. State: All replicated index: 0, Majority replicated index: 0, Committed index: 0, Last appended: 0.0, Last appended by leader: 0, Current term: 0, Majority size: -1, State: 0, Mode: NON_LEADER, active raft config: opid_index: -1 OBSOLETE_local: false peers { permanent_uuid: "8c35378ad3ca4f68ab3c9f0a9bc29cbf" member_type: VOTER last_known_addr { host: "127.22.124.193" port: 43003 } } peers { permanent_uuid: "cf2829433a354211b3055f054d6fbb1c" member_type: VOTER last_known_addr { host: "127.22.124.194" port: 37857 } } peers { permanent_uuid: "8e1fe14edf804fc0a391ef19331228f0" member_type: VOTER last_known_addr { host: "127.22.124.195" port: 42443 } }
I20260709 12:09:23.347898 24415 tablet_bootstrap.cc:654] T 4bb038cc167b4617b2e456c73a9f18da P 8c35378ad3ca4f68ab3c9f0a9bc29cbf: Neither blocks nor log segments found. Creating new log.
I20260709 12:09:23.353379 24468 raft_consensus.cc:493] T d648903081a843f089ec19f48046f853 P 8c35378ad3ca4f68ab3c9f0a9bc29cbf [term 0 FOLLOWER]: Starting pre-election (no leader contacted us within the election timeout)
I20260709 12:09:23.353905 24468 raft_consensus.cc:515] T d648903081a843f089ec19f48046f853 P 8c35378ad3ca4f68ab3c9f0a9bc29cbf [term 0 FOLLOWER]: Starting pre-election with config: opid_index: -1 OBSOLETE_local: false peers { permanent_uuid: "8c35378ad3ca4f68ab3c9f0a9bc29cbf" member_type: VOTER last_known_addr { host: "127.22.124.193" port: 43003 } } peers { permanent_uuid: "cf2829433a354211b3055f054d6fbb1c" member_type: VOTER last_known_addr { host: "127.22.124.194" port: 37857 } } peers { permanent_uuid: "8e1fe14edf804fc0a391ef19331228f0" member_type: VOTER last_known_addr { host: "127.22.124.195" port: 42443 } }
I20260709 12:09:23.355716 24416 ts_tablet_manager.cc:1434] T 5967e432653144b18ce5d383f65da109 P cf2829433a354211b3055f054d6fbb1c: Time spent starting tablet: real 0.012s	user 0.009s	sys 0.000s
I20260709 12:09:23.356132 24468 leader_election.cc:290] T d648903081a843f089ec19f48046f853 P 8c35378ad3ca4f68ab3c9f0a9bc29cbf [CANDIDATE]: Term 1 pre-election: Requested pre-vote from peers cf2829433a354211b3055f054d6fbb1c (127.22.124.194:37857), 8e1fe14edf804fc0a391ef19331228f0 (127.22.124.195:42443)
I20260709 12:09:23.359123 24416 tablet_bootstrap.cc:492] T 9ed78f16a6b541ceba9d31ffe7e4e5cc P cf2829433a354211b3055f054d6fbb1c: Bootstrap starting.
I20260709 12:09:23.359166 24298 tablet_service.cc:1917] Received RequestConsensusVote() RPC: tablet_id: "d648903081a843f089ec19f48046f853" candidate_uuid: "8c35378ad3ca4f68ab3c9f0a9bc29cbf" candidate_term: 1 candidate_status { last_received { term: 0 index: 0 } } ignore_live_leader: false dest_uuid: "cf2829433a354211b3055f054d6fbb1c" is_pre_election: true
I20260709 12:09:23.360105 24298 raft_consensus.cc:2468] T d648903081a843f089ec19f48046f853 P cf2829433a354211b3055f054d6fbb1c [term 0 FOLLOWER]: Leader pre-election vote request: Granting yes vote for candidate 8c35378ad3ca4f68ab3c9f0a9bc29cbf in term 0.
I20260709 12:09:23.362773 24190 leader_election.cc:304] T d648903081a843f089ec19f48046f853 P 8c35378ad3ca4f68ab3c9f0a9bc29cbf [CANDIDATE]: Term 1 pre-election: Election decided. Result: candidate won. Election summary: received 2 responses out of 3 voters: 2 yes votes; 0 no votes. yes voters: 8c35378ad3ca4f68ab3c9f0a9bc29cbf, cf2829433a354211b3055f054d6fbb1c; no voters: 
I20260709 12:09:23.364538 24373 tablet_service.cc:1917] Received RequestConsensusVote() RPC: tablet_id: "d648903081a843f089ec19f48046f853" candidate_uuid: "8c35378ad3ca4f68ab3c9f0a9bc29cbf" candidate_term: 1 candidate_status { last_received { term: 0 index: 0 } } ignore_live_leader: false dest_uuid: "8e1fe14edf804fc0a391ef19331228f0" is_pre_election: true
I20260709 12:09:23.365360 24373 raft_consensus.cc:2468] T d648903081a843f089ec19f48046f853 P 8e1fe14edf804fc0a391ef19331228f0 [term 0 FOLLOWER]: Leader pre-election vote request: Granting yes vote for candidate 8c35378ad3ca4f68ab3c9f0a9bc29cbf in term 0.
I20260709 12:09:23.365995 24416 tablet_bootstrap.cc:654] T 9ed78f16a6b541ceba9d31ffe7e4e5cc P cf2829433a354211b3055f054d6fbb1c: Neither blocks nor log segments found. Creating new log.
I20260709 12:09:23.368005 24300 raft_consensus.cc:2468] T 326f9845fe854f739647930f3014ffbc P cf2829433a354211b3055f054d6fbb1c [term 1 FOLLOWER]: Leader election vote request: Granting yes vote for candidate 8e1fe14edf804fc0a391ef19331228f0 in term 1.
