I20260709 12:08:19.035616 23355 consensus_queue.cc:260] T f1fbdb7c21de4761b74c93381d90f9cb P 64f21b353de74095905cc1953a554d2d [NON_LEADER]: Queue going to NON_LEADER mode. State: All replicated index: 0, Majority replicated index: 0, Committed index: 0, Last appended: 0.0, Last appended by leader: 0, Current term: 0, Majority size: -1, State: 0, Mode: NON_LEADER, active raft config: opid_index: -1 OBSOLETE_local: false peers { permanent_uuid: "6bb0bfe0a85243c1a18ebaf37abafbea" member_type: VOTER last_known_addr { host: "127.22.124.193" port: 43743 } } peers { permanent_uuid: "64f21b353de74095905cc1953a554d2d" member_type: VOTER last_known_addr { host: "127.22.124.194" port: 42023 } } peers { permanent_uuid: "efdb911b40af4ed2b0c916f1721742ce" member_type: VOTER last_known_addr { host: "127.22.124.195" port: 38305 } }
I20260709 12:08:19.037994 23364 leader_election.cc:290] T c98e304b168647bbb2f3c384d487bd89 P efdb911b40af4ed2b0c916f1721742ce [CANDIDATE]: Term 1 pre-election: Requested pre-vote from peers 6bb0bfe0a85243c1a18ebaf37abafbea (127.22.124.193:43743), 64f21b353de74095905cc1953a554d2d (127.22.124.194:42023)
I20260709 12:08:19.041836 23355 ts_tablet_manager.cc:1434] T f1fbdb7c21de4761b74c93381d90f9cb P 64f21b353de74095905cc1953a554d2d: Time spent starting tablet: real 0.021s	user 0.006s	sys 0.004s
I20260709 12:08:19.042982 23311 tablet_service.cc:1917] Received RequestConsensusVote() RPC: tablet_id: "12cd0d1645054916af4db30e6e20caff" candidate_uuid: "6bb0bfe0a85243c1a18ebaf37abafbea" candidate_term: 1 candidate_status { last_received { term: 0 index: 0 } } ignore_live_leader: false dest_uuid: "efdb911b40af4ed2b0c916f1721742ce" is_pre_election: true
I20260709 12:08:19.044955 23355 tablet_bootstrap.cc:492] T 97e23988c1a441a3952ce8ca1fd08a08 P 64f21b353de74095905cc1953a554d2d: Bootstrap starting.
I20260709 12:08:19.044888 23311 raft_consensus.cc:2468] T 12cd0d1645054916af4db30e6e20caff P efdb911b40af4ed2b0c916f1721742ce [term 0 FOLLOWER]: Leader pre-election vote request: Granting yes vote for candidate 6bb0bfe0a85243c1a18ebaf37abafbea in term 0.
I20260709 12:08:19.055915 23311 tablet_service.cc:1917] Received RequestConsensusVote() RPC: tablet_id: "12cd0d1645054916af4db30e6e20caff" candidate_uuid: "6bb0bfe0a85243c1a18ebaf37abafbea" candidate_term: 1 candidate_status { last_received { term: 0 index: 0 } } ignore_live_leader: false dest_uuid: "efdb911b40af4ed2b0c916f1721742ce"
I20260709 12:08:19.056663 23311 raft_consensus.cc:3060] T 12cd0d1645054916af4db30e6e20caff P efdb911b40af4ed2b0c916f1721742ce [term 0 FOLLOWER]: Advancing to term 1
I20260709 12:08:19.060631 23354 tablet_bootstrap.cc:654] T 067ae29aceb74a0ebf789cd538d199a0 P 6bb0bfe0a85243c1a18ebaf37abafbea: Neither blocks nor log segments found. Creating new log.
I20260709 12:08:19.062938 23355 tablet_bootstrap.cc:654] T 97e23988c1a441a3952ce8ca1fd08a08 P 64f21b353de74095905cc1953a554d2d: Neither blocks nor log segments found. Creating new log.
I20260709 12:08:19.063951 23356 tablet_bootstrap.cc:492] T 89efc50e09684d13a581ed68b63cc5a0 P efdb911b40af4ed2b0c916f1721742ce: No bootstrap required, opened a new log
I20260709 12:08:19.064800 23356 ts_tablet_manager.cc:1403] T 89efc50e09684d13a581ed68b63cc5a0 P efdb911b40af4ed2b0c916f1721742ce: Time spent bootstrapping tablet: real 0.083s	user 0.026s	sys 0.015s
I20260709 12:08:19.068706 23162 tablet_service.cc:1917] Received RequestConsensusVote() RPC: tablet_id: "c98e304b168647bbb2f3c384d487bd89" candidate_uuid: "efdb911b40af4ed2b0c916f1721742ce" candidate_term: 1 candidate_status { last_received { term: 0 index: 0 } } ignore_live_leader: false dest_uuid: "6bb0bfe0a85243c1a18ebaf37abafbea" is_pre_election: true
I20260709 12:08:19.069499 23162 raft_consensus.cc:2468] T c98e304b168647bbb2f3c384d487bd89 P 6bb0bfe0a85243c1a18ebaf37abafbea [term 0 FOLLOWER]: Leader pre-election vote request: Granting yes vote for candidate efdb911b40af4ed2b0c916f1721742ce in term 0.
I20260709 12:08:19.070182 23356 raft_consensus.cc:359] T 89efc50e09684d13a581ed68b63cc5a0 P efdb911b40af4ed2b0c916f1721742ce [term 0 FOLLOWER]: Replica starting. Triggering 0 pending ops. Active config: opid_index: -1 OBSOLETE_local: false peers { permanent_uuid: "6bb0bfe0a85243c1a18ebaf37abafbea" member_type: VOTER last_known_addr { host: "127.22.124.193" port: 43743 } } peers { permanent_uuid: "64f21b353de74095905cc1953a554d2d" member_type: VOTER last_known_addr { host: "127.22.124.194" port: 42023 } } peers { permanent_uuid: "efdb911b40af4ed2b0c916f1721742ce" member_type: VOTER last_known_addr { host: "127.22.124.195" port: 38305 } }
I20260709 12:08:19.071091 23356 raft_consensus.cc:385] T 89efc50e09684d13a581ed68b63cc5a0 P efdb911b40af4ed2b0c916f1721742ce [term 0 FOLLOWER]: Consensus starting up: Expiring failure detector timer to make a prompt election more likely
I20260709 12:08:19.073487 23356 raft_consensus.cc:740] T 89efc50e09684d13a581ed68b63cc5a0 P efdb911b40af4ed2b0c916f1721742ce [term 0 FOLLOWER]: Becoming Follower/Learner. State: Replica: efdb911b40af4ed2b0c916f1721742ce, State: Initialized, Role: FOLLOWER
I20260709 12:08:19.074522 23356 consensus_queue.cc:260] T 89efc50e09684d13a581ed68b63cc5a0 P efdb911b40af4ed2b0c916f1721742ce [NON_LEADER]: Queue going to NON_LEADER mode. State: All replicated index: 0, Majority replicated index: 0, Committed index: 0, Last appended: 0.0, Last appended by leader: 0, Current term: 0, Majority size: -1, State: 0, Mode: NON_LEADER, active raft config: opid_index: -1 OBSOLETE_local: false peers { permanent_uuid: "6bb0bfe0a85243c1a18ebaf37abafbea" member_type: VOTER last_known_addr { host: "127.22.124.193" port: 43743 } } peers { permanent_uuid: "64f21b353de74095905cc1953a554d2d" member_type: VOTER last_known_addr { host: "127.22.124.194" port: 42023 } } peers { permanent_uuid: "efdb911b40af4ed2b0c916f1721742ce" member_type: VOTER last_known_addr { host: "127.22.124.195" port: 38305 } }
I20260709 12:08:19.081043 23356 ts_tablet_manager.cc:1434] T 89efc50e09684d13a581ed68b63cc5a0 P efdb911b40af4ed2b0c916f1721742ce: Time spent starting tablet: real 0.016s	user 0.004s	sys 0.003s
I20260709 12:08:19.082300 23356 tablet_bootstrap.cc:492] T fc9cf17a33f14b59a2aebe820a0a3940 P efdb911b40af4ed2b0c916f1721742ce: Bootstrap starting.
I20260709 12:08:19.083277 23275 leader_election.cc:304] T 97e23988c1a441a3952ce8ca1fd08a08 P efdb911b40af4ed2b0c916f1721742ce [CANDIDATE]: Term 1 pre-election: Election decided. Result: candidate won. Election summary: received 2 responses out of 3 voters: 2 yes votes; 0 no votes. yes voters: 6bb0bfe0a85243c1a18ebaf37abafbea, efdb911b40af4ed2b0c916f1721742ce; no voters: 
I20260709 12:08:19.092953 23364 raft_consensus.cc:2804] T 97e23988c1a441a3952ce8ca1fd08a08 P efdb911b40af4ed2b0c916f1721742ce [term 0 FOLLOWER]: Leader pre-election won for term 1
I20260709 12:08:19.096306 23364 raft_consensus.cc:493] T 97e23988c1a441a3952ce8ca1fd08a08 P efdb911b40af4ed2b0c916f1721742ce [term 0 FOLLOWER]: Starting leader election (no leader contacted us within the election timeout)
I20260709 12:08:19.099951 23236 tablet_service.cc:1917] Received RequestConsensusVote() RPC: tablet_id: "f1fbdb7c21de4761b74c93381d90f9cb" candidate_uuid: "efdb911b40af4ed2b0c916f1721742ce" candidate_term: 1 candidate_status { last_received { term: 0 index: 0 } } ignore_live_leader: false dest_uuid: "64f21b353de74095905cc1953a554d2d" is_pre_election: true
I20260709 12:08:19.100637 23364 raft_consensus.cc:3060] T 97e23988c1a441a3952ce8ca1fd08a08 P efdb911b40af4ed2b0c916f1721742ce [term 0 FOLLOWER]: Advancing to term 1
I20260709 12:08:19.104228 23275 leader_election.cc:304] T f1fbdb7c21de4761b74c93381d90f9cb P efdb911b40af4ed2b0c916f1721742ce [CANDIDATE]: Term 1 pre-election: Election decided. Result: candidate won. Election summary: received 2 responses out of 3 voters: 2 yes votes; 0 no votes. yes voters: 6bb0bfe0a85243c1a18ebaf37abafbea, efdb911b40af4ed2b0c916f1721742ce; no voters: 
I20260709 12:08:19.091378 23237 raft_consensus.cc:2468] T 12cd0d1645054916af4db30e6e20caff P 64f21b353de74095905cc1953a554d2d [term 1 FOLLOWER]: Leader election vote request: Granting yes vote for candidate 6bb0bfe0a85243c1a18ebaf37abafbea in term 1.
I20260709 12:08:19.093755 23311 raft_consensus.cc:2468] T 12cd0d1645054916af4db30e6e20caff P efdb911b40af4ed2b0c916f1721742ce [term 1 FOLLOWER]: Leader election vote request: Granting yes vote for candidate 6bb0bfe0a85243c1a18ebaf37abafbea in term 1.
I20260709 12:08:19.104022 23236 raft_consensus.cc:2468] T f1fbdb7c21de4761b74c93381d90f9cb P 64f21b353de74095905cc1953a554d2d [term 0 FOLLOWER]: Leader pre-election vote request: Granting yes vote for candidate efdb911b40af4ed2b0c916f1721742ce in term 0.
I20260709 12:08:19.106485 23235 tablet_service.cc:1917] Received RequestConsensusVote() RPC: tablet_id: "97e23988c1a441a3952ce8ca1fd08a08" candidate_uuid: "efdb911b40af4ed2b0c916f1721742ce" candidate_term: 1 candidate_status { last_received { term: 0 index: 0 } } ignore_live_leader: false dest_uuid: "64f21b353de74095905cc1953a554d2d" is_pre_election: true
I20260709 12:08:19.109386 23128 leader_election.cc:304] T 12cd0d1645054916af4db30e6e20caff P 6bb0bfe0a85243c1a18ebaf37abafbea [CANDIDATE]: Term 1 election: Election decided. Result: candidate won. Election summary: received 2 responses out of 3 voters: 2 yes votes; 0 no votes. yes voters: 64f21b353de74095905cc1953a554d2d, 6bb0bfe0a85243c1a18ebaf37abafbea; no voters: 
I20260709 12:08:19.112262 23359 raft_consensus.cc:2804] T 12cd0d1645054916af4db30e6e20caff P 6bb0bfe0a85243c1a18ebaf37abafbea [term 1 FOLLOWER]: Leader election won for term 1
I20260709 12:08:19.105324 23234 tablet_service.cc:1917] Received RequestConsensusVote() RPC: tablet_id: "c98e304b168647bbb2f3c384d487bd89" candidate_uuid: "efdb911b40af4ed2b0c916f1721742ce" candidate_term: 1 candidate_status { last_received { term: 0 index: 0 } } ignore_live_leader: false dest_uuid: "64f21b353de74095905cc1953a554d2d" is_pre_election: true
I20260709 12:08:19.117183 23359 raft_consensus.cc:697] T 12cd0d1645054916af4db30e6e20caff P 6bb0bfe0a85243c1a18ebaf37abafbea [term 1 LEADER]: Becoming Leader. State: Replica: 6bb0bfe0a85243c1a18ebaf37abafbea, State: Running, Role: LEADER
I20260709 12:08:19.118788 23359 consensus_queue.cc:237] T 12cd0d1645054916af4db30e6e20caff P 6bb0bfe0a85243c1a18ebaf37abafbea [LEADER]: Queue going to LEADER mode. State: All replicated index: 0, Majority replicated index: 0, Committed index: 0, Last appended: 0.0, Last appended by leader: 0, Current term: 1, Majority size: 2, State: 0, Mode: LEADER, active raft config: opid_index: -1 OBSOLETE_local: false peers { permanent_uuid: "6bb0bfe0a85243c1a18ebaf37abafbea" member_type: VOTER last_known_addr { host: "127.22.124.193" port: 43743 } } peers { permanent_uuid: "64f21b353de74095905cc1953a554d2d" member_type: VOTER last_known_addr { host: "127.22.124.194" port: 42023 } } peers { permanent_uuid: "efdb911b40af4ed2b0c916f1721742ce" member_type: VOTER last_known_addr { host: "127.22.124.195" port: 38305 } }
W20260709 12:08:19.131811 23277 leader_election.cc:343] T 97e23988c1a441a3952ce8ca1fd08a08 P efdb911b40af4ed2b0c916f1721742ce [CANDIDATE]: Term 1 pre-election: Tablet error from VoteRequest() call to peer 64f21b353de74095905cc1953a554d2d (127.22.124.194:42023): Illegal state: must be running to vote when last-logged opid is not known
W20260709 12:08:19.139740 23277 leader_election.cc:343] T c98e304b168647bbb2f3c384d487bd89 P efdb911b40af4ed2b0c916f1721742ce [CANDIDATE]: Term 1 pre-election: Tablet error from VoteRequest() call to peer 64f21b353de74095905cc1953a554d2d (127.22.124.194:42023): Illegal state: must be running to vote when last-logged opid is not known
I20260709 12:08:19.140930 23389 raft_consensus.cc:2804] T f1fbdb7c21de4761b74c93381d90f9cb P efdb911b40af4ed2b0c916f1721742ce [term 0 FOLLOWER]: Leader pre-election won for term 1
I20260709 12:08:19.141433 23389 raft_consensus.cc:493] T f1fbdb7c21de4761b74c93381d90f9cb P efdb911b40af4ed2b0c916f1721742ce [term 0 FOLLOWER]: Starting leader election (no leader contacted us within the election timeout)
W20260709 12:08:19.139731 23275 outbound_call.cc:321] RPC callback for RPC call kudu.consensus.ConsensusService.RequestConsensusVote -> {remote=127.22.124.193:43743, user_credentials={real_user=slave}} blocked reactor thread for 44715.3us
I20260709 12:08:19.141846 23389 raft_consensus.cc:3060] T f1fbdb7c21de4761b74c93381d90f9cb P efdb911b40af4ed2b0c916f1721742ce [term 0 FOLLOWER]: Advancing to term 1
I20260709 12:08:19.143630 23275 leader_election.cc:304] T c98e304b168647bbb2f3c384d487bd89 P efdb911b40af4ed2b0c916f1721742ce [CANDIDATE]: Term 1 pre-election: Election decided. Result: candidate won. Election summary: received 3 responses out of 3 voters: 2 yes votes; 1 no votes. yes voters: 6bb0bfe0a85243c1a18ebaf37abafbea, efdb911b40af4ed2b0c916f1721742ce; no voters: 64f21b353de74095905cc1953a554d2d
I20260709 12:08:19.144253 23355 tablet_bootstrap.cc:492] T 97e23988c1a441a3952ce8ca1fd08a08 P 64f21b353de74095905cc1953a554d2d: No bootstrap required, opened a new log
I20260709 12:08:19.146839 23355 ts_tablet_manager.cc:1403] T 97e23988c1a441a3952ce8ca1fd08a08 P 64f21b353de74095905cc1953a554d2d: Time spent bootstrapping tablet: real 0.102s	user 0.012s	sys 0.023s
I20260709 12:08:19.147388 23364 raft_consensus.cc:515] T 97e23988c1a441a3952ce8ca1fd08a08 P efdb911b40af4ed2b0c916f1721742ce [term 1 FOLLOWER]: Starting leader election with config: opid_index: -1 OBSOLETE_local: false peers { permanent_uuid: "6bb0bfe0a85243c1a18ebaf37abafbea" member_type: VOTER last_known_addr { host: "127.22.124.193" port: 43743 } } peers { permanent_uuid: "64f21b353de74095905cc1953a554d2d" member_type: VOTER last_known_addr { host: "127.22.124.194" port: 42023 } } peers { permanent_uuid: "efdb911b40af4ed2b0c916f1721742ce" member_type: VOTER last_known_addr { host: "127.22.124.195" port: 38305 } }
I20260709 12:08:19.149886 23364 leader_election.cc:290] T 97e23988c1a441a3952ce8ca1fd08a08 P efdb911b40af4ed2b0c916f1721742ce [CANDIDATE]: Term 1 election: Requested vote from peers 6bb0bfe0a85243c1a18ebaf37abafbea (127.22.124.193:43743), 64f21b353de74095905cc1953a554d2d (127.22.124.194:42023)
I20260709 12:08:19.150614 23364 raft_consensus.cc:2804] T c98e304b168647bbb2f3c384d487bd89 P efdb911b40af4ed2b0c916f1721742ce [term 0 FOLLOWER]: Leader pre-election won for term 1
I20260709 12:08:19.150986 23364 raft_consensus.cc:493] T c98e304b168647bbb2f3c384d487bd89 P efdb911b40af4ed2b0c916f1721742ce [term 0 FOLLOWER]: Starting leader election (no leader contacted us within the election timeout)
I20260709 12:08:19.151316 23364 raft_consensus.cc:3060] T c98e304b168647bbb2f3c384d487bd89 P efdb911b40af4ed2b0c916f1721742ce [term 0 FOLLOWER]: Advancing to term 1
I20260709 12:08:19.151897 23234 tablet_service.cc:1917] Received RequestConsensusVote() RPC: tablet_id: "97e23988c1a441a3952ce8ca1fd08a08" candidate_uuid: "efdb911b40af4ed2b0c916f1721742ce" candidate_term: 1 candidate_status { last_received { term: 0 index: 0 } } ignore_live_leader: false dest_uuid: "64f21b353de74095905cc1953a554d2d"
I20260709 12:08:19.152954 23355 raft_consensus.cc:359] T 97e23988c1a441a3952ce8ca1fd08a08 P 64f21b353de74095905cc1953a554d2d [term 0 FOLLOWER]: Replica starting. Triggering 0 pending ops. Active config: opid_index: -1 OBSOLETE_local: false peers { permanent_uuid: "6bb0bfe0a85243c1a18ebaf37abafbea" member_type: VOTER last_known_addr { host: "127.22.124.193" port: 43743 } } peers { permanent_uuid: "64f21b353de74095905cc1953a554d2d" member_type: VOTER last_known_addr { host: "127.22.124.194" port: 42023 } } peers { permanent_uuid: "efdb911b40af4ed2b0c916f1721742ce" member_type: VOTER last_known_addr { host: "127.22.124.195" port: 38305 } }
I20260709 12:08:19.153765 23355 raft_consensus.cc:385] T 97e23988c1a441a3952ce8ca1fd08a08 P 64f21b353de74095905cc1953a554d2d [term 0 FOLLOWER]: Consensus starting up: Expiring failure detector timer to make a prompt election more likely
I20260709 12:08:19.154284 23355 raft_consensus.cc:740] T 97e23988c1a441a3952ce8ca1fd08a08 P 64f21b353de74095905cc1953a554d2d [term 0 FOLLOWER]: Becoming Follower/Learner. State: Replica: 64f21b353de74095905cc1953a554d2d, State: Initialized, Role: FOLLOWER
W20260709 12:08:19.154443 23277 leader_election.cc:343] T 97e23988c1a441a3952ce8ca1fd08a08 P efdb911b40af4ed2b0c916f1721742ce [CANDIDATE]: Term 1 election: Tablet error from VoteRequest() call to peer 64f21b353de74095905cc1953a554d2d (127.22.124.194:42023): Illegal state: must be running to vote when last-logged opid is not known
I20260709 12:08:19.157095 23356 tablet_bootstrap.cc:654] T fc9cf17a33f14b59a2aebe820a0a3940 P efdb911b40af4ed2b0c916f1721742ce: Neither blocks nor log segments found. Creating new log.
I20260709 12:08:19.161967 23354 tablet_bootstrap.cc:492] T 067ae29aceb74a0ebf789cd538d199a0 P 6bb0bfe0a85243c1a18ebaf37abafbea: No bootstrap required, opened a new log
I20260709 12:08:19.163082 23354 ts_tablet_manager.cc:1403] T 067ae29aceb74a0ebf789cd538d199a0 P 6bb0bfe0a85243c1a18ebaf37abafbea: Time spent bootstrapping tablet: real 0.138s	user 0.037s	sys 0.025s
I20260709 12:08:19.155086 23355 consensus_queue.cc:260] T 97e23988c1a441a3952ce8ca1fd08a08 P 64f21b353de74095905cc1953a554d2d [NON_LEADER]: Queue going to NON_LEADER mode. State: All replicated index: 0, Majority replicated index: 0, Committed index: 0, Last appended: 0.0, Last appended by leader: 0, Current term: 0, Majority size: -1, State: 0, Mode: NON_LEADER, active raft config: opid_index: -1 OBSOLETE_local: false peers { permanent_uuid: "6bb0bfe0a85243c1a18ebaf37abafbea" member_type: VOTER last_known_addr { host: "127.22.124.193" port: 43743 } } peers { permanent_uuid: "64f21b353de74095905cc1953a554d2d" member_type: VOTER last_known_addr { host: "127.22.124.194" port: 42023 } } peers { permanent_uuid: "efdb911b40af4ed2b0c916f1721742ce" member_type: VOTER last_known_addr { host: "127.22.124.195" port: 38305 } }
I20260709 12:08:19.170331 23355 ts_tablet_manager.cc:1434] T 97e23988c1a441a3952ce8ca1fd08a08 P 64f21b353de74095905cc1953a554d2d: Time spent starting tablet: real 0.023s	user 0.009s	sys 0.000s
I20260709 12:08:19.174058 23389 raft_consensus.cc:515] T f1fbdb7c21de4761b74c93381d90f9cb P efdb911b40af4ed2b0c916f1721742ce [term 1 FOLLOWER]: Starting leader election with config: opid_index: -1 OBSOLETE_local: false peers { permanent_uuid: "6bb0bfe0a85243c1a18ebaf37abafbea" member_type: VOTER last_known_addr { host: "127.22.124.193" port: 43743 } } peers { permanent_uuid: "64f21b353de74095905cc1953a554d2d" member_type: VOTER last_known_addr { host: "127.22.124.194" port: 42023 } } peers { permanent_uuid: "efdb911b40af4ed2b0c916f1721742ce" member_type: VOTER last_known_addr { host: "127.22.124.195" port: 38305 } }
I20260709 12:08:19.176024 23162 tablet_service.cc:1917] Received RequestConsensusVote() RPC: tablet_id: "97e23988c1a441a3952ce8ca1fd08a08" candidate_uuid: "efdb911b40af4ed2b0c916f1721742ce" candidate_term: 1 candidate_status { last_received { term: 0 index: 0 } } ignore_live_leader: false dest_uuid: "6bb0bfe0a85243c1a18ebaf37abafbea"
I20260709 12:08:19.182039 23162 raft_consensus.cc:3060] T 97e23988c1a441a3952ce8ca1fd08a08 P 6bb0bfe0a85243c1a18ebaf37abafbea [term 0 FOLLOWER]: Advancing to term 1
I20260709 12:08:19.174829 23355 tablet_bootstrap.cc:492] T c98e304b168647bbb2f3c384d487bd89 P 64f21b353de74095905cc1953a554d2d: Bootstrap starting.
I20260709 12:08:19.179829 23391 raft_consensus.cc:493] T 89efc50e09684d13a581ed68b63cc5a0 P efdb911b40af4ed2b0c916f1721742ce [term 0 FOLLOWER]: Starting pre-election (no leader contacted us within the election timeout)
I20260709 12:08:19.173094 23364 raft_consensus.cc:515] T c98e304b168647bbb2f3c384d487bd89 P efdb911b40af4ed2b0c916f1721742ce [term 1 FOLLOWER]: Starting leader election with config: opid_index: -1 OBSOLETE_local: false peers { permanent_uuid: "6bb0bfe0a85243c1a18ebaf37abafbea" member_type: VOTER last_known_addr { host: "127.22.124.193" port: 43743 } } peers { permanent_uuid: "64f21b353de74095905cc1953a554d2d" member_type: VOTER last_known_addr { host: "127.22.124.194" port: 42023 } } peers { permanent_uuid: "efdb911b40af4ed2b0c916f1721742ce" member_type: VOTER last_known_addr { host: "127.22.124.195" port: 38305 } }
I20260709 12:08:19.184384 23391 raft_consensus.cc:515] T 89efc50e09684d13a581ed68b63cc5a0 P efdb911b40af4ed2b0c916f1721742ce [term 0 FOLLOWER]: Starting pre-election with config: opid_index: -1 OBSOLETE_local: false peers { permanent_uuid: "6bb0bfe0a85243c1a18ebaf37abafbea" member_type: VOTER last_known_addr { host: "127.22.124.193" port: 43743 } } peers { permanent_uuid: "64f21b353de74095905cc1953a554d2d" member_type: VOTER last_known_addr { host: "127.22.124.194" port: 42023 } } peers { permanent_uuid: "efdb911b40af4ed2b0c916f1721742ce" member_type: VOTER last_known_addr { host: "127.22.124.195" port: 38305 } }
I20260709 12:08:19.197448 23391 leader_election.cc:290] T 89efc50e09684d13a581ed68b63cc5a0 P efdb911b40af4ed2b0c916f1721742ce [CANDIDATE]: Term 1 pre-election: Requested pre-vote from peers 6bb0bfe0a85243c1a18ebaf37abafbea (127.22.124.193:43743), 64f21b353de74095905cc1953a554d2d (127.22.124.194:42023)
I20260709 12:08:19.197764 23389 leader_election.cc:290] T f1fbdb7c21de4761b74c93381d90f9cb P efdb911b40af4ed2b0c916f1721742ce [CANDIDATE]: Term 1 election: Requested vote from peers 6bb0bfe0a85243c1a18ebaf37abafbea (127.22.124.193:43743), 64f21b353de74095905cc1953a554d2d (127.22.124.194:42023)
I20260709 12:08:19.192159 23162 raft_consensus.cc:2468] T 97e23988c1a441a3952ce8ca1fd08a08 P 6bb0bfe0a85243c1a18ebaf37abafbea [term 1 FOLLOWER]: Leader election vote request: Granting yes vote for candidate efdb911b40af4ed2b0c916f1721742ce in term 1.
I20260709 12:08:19.198421 23161 tablet_service.cc:1917] Received RequestConsensusVote() RPC: tablet_id: "f1fbdb7c21de4761b74c93381d90f9cb" candidate_uuid: "efdb911b40af4ed2b0c916f1721742ce" candidate_term: 1 candidate_status { last_received { term: 0 index: 0 } } ignore_live_leader: false dest_uuid: "6bb0bfe0a85243c1a18ebaf37abafbea"
I20260709 12:08:19.199203 23161 raft_consensus.cc:3060] T f1fbdb7c21de4761b74c93381d90f9cb P 6bb0bfe0a85243c1a18ebaf37abafbea [term 0 FOLLOWER]: Advancing to term 1
I20260709 12:08:19.204500 23275 leader_election.cc:304] T 97e23988c1a441a3952ce8ca1fd08a08 P efdb911b40af4ed2b0c916f1721742ce [CANDIDATE]: Term 1 election: Election decided. Result: candidate won. Election summary: received 3 responses out of 3 voters: 2 yes votes; 1 no votes. yes voters: 6bb0bfe0a85243c1a18ebaf37abafbea, efdb911b40af4ed2b0c916f1721742ce; no voters: 64f21b353de74095905cc1953a554d2d
I20260709 12:08:19.206941 23389 raft_consensus.cc:2804] T 97e23988c1a441a3952ce8ca1fd08a08 P efdb911b40af4ed2b0c916f1721742ce [term 1 FOLLOWER]: Leader election won for term 1
I20260709 12:08:19.207350 23235 tablet_service.cc:1917] Received RequestConsensusVote() RPC: tablet_id: "f1fbdb7c21de4761b74c93381d90f9cb" candidate_uuid: "efdb911b40af4ed2b0c916f1721742ce" candidate_term: 1 candidate_status { last_received { term: 0 index: 0 } } ignore_live_leader: false dest_uuid: "64f21b353de74095905cc1953a554d2d"
I20260709 12:08:19.199952 23234 tablet_service.cc:1917] Received RequestConsensusVote() RPC: tablet_id: "89efc50e09684d13a581ed68b63cc5a0" candidate_uuid: "efdb911b40af4ed2b0c916f1721742ce" candidate_term: 1 candidate_status { last_received { term: 0 index: 0 } } ignore_live_leader: false dest_uuid: "64f21b353de74095905cc1953a554d2d" is_pre_election: true
I20260709 12:08:19.205603 23160 tablet_service.cc:1917] Received RequestConsensusVote() RPC: tablet_id: "89efc50e09684d13a581ed68b63cc5a0" candidate_uuid: "efdb911b40af4ed2b0c916f1721742ce" candidate_term: 1 candidate_status { last_received { term: 0 index: 0 } } ignore_live_leader: false dest_uuid: "6bb0bfe0a85243c1a18ebaf37abafbea" is_pre_election: true
I20260709 12:08:19.208441 23389 raft_consensus.cc:697] T 97e23988c1a441a3952ce8ca1fd08a08 P efdb911b40af4ed2b0c916f1721742ce [term 1 LEADER]: Becoming Leader. State: Replica: efdb911b40af4ed2b0c916f1721742ce, State: Running, Role: LEADER
I20260709 12:08:19.209295 23160 raft_consensus.cc:2393] T 89efc50e09684d13a581ed68b63cc5a0 P 6bb0bfe0a85243c1a18ebaf37abafbea [term 1 FOLLOWER]: Leader pre-election vote request: Denying vote to candidate efdb911b40af4ed2b0c916f1721742ce in current term 1: Already voted for candidate 64f21b353de74095905cc1953a554d2d in this term.
I20260709 12:08:19.210760 23364 leader_election.cc:290] T c98e304b168647bbb2f3c384d487bd89 P efdb911b40af4ed2b0c916f1721742ce [CANDIDATE]: Term 1 election: Requested vote from peers 6bb0bfe0a85243c1a18ebaf37abafbea (127.22.124.193:43743), 64f21b353de74095905cc1953a554d2d (127.22.124.194:42023)
I20260709 12:08:19.212838 23389 consensus_queue.cc:237] T 97e23988c1a441a3952ce8ca1fd08a08 P efdb911b40af4ed2b0c916f1721742ce [LEADER]: Queue going to LEADER mode. State: All replicated index: 0, Majority replicated index: 0, Committed index: 0, Last appended: 0.0, Last appended by leader: 0, Current term: 1, Majority size: 2, State: 0, Mode: LEADER, active raft config: opid_index: -1 OBSOLETE_local: false peers { permanent_uuid: "6bb0bfe0a85243c1a18ebaf37abafbea" member_type: VOTER last_known_addr { host: "127.22.124.193" port: 43743 } } peers { permanent_uuid: "64f21b353de74095905cc1953a554d2d" member_type: VOTER last_known_addr { host: "127.22.124.194" port: 42023 } } peers { permanent_uuid: "efdb911b40af4ed2b0c916f1721742ce" member_type: VOTER last_known_addr { host: "127.22.124.195" port: 38305 } }
I20260709 12:08:19.215621 23355 tablet_bootstrap.cc:654] T c98e304b168647bbb2f3c384d487bd89 P 64f21b353de74095905cc1953a554d2d: Neither blocks nor log segments found. Creating new log.
I20260709 12:08:19.209900 23235 raft_consensus.cc:3060] T f1fbdb7c21de4761b74c93381d90f9cb P 64f21b353de74095905cc1953a554d2d [term 0 FOLLOWER]: Advancing to term 1
I20260709 12:08:19.215811 23059 catalog_manager.cc:5697] T 12cd0d1645054916af4db30e6e20caff P 6bb0bfe0a85243c1a18ebaf37abafbea reported cstate change: term changed from 0 to 1, leader changed from <none> to 6bb0bfe0a85243c1a18ebaf37abafbea (127.22.124.193). New cstate: current_term: 1 leader_uuid: "6bb0bfe0a85243c1a18ebaf37abafbea" committed_config { opid_index: -1 OBSOLETE_local: false peers { permanent_uuid: "6bb0bfe0a85243c1a18ebaf37abafbea" member_type: VOTER last_known_addr { host: "127.22.124.193" port: 43743 } health_report { overall_health: HEALTHY } } peers { permanent_uuid: "64f21b353de74095905cc1953a554d2d" member_type: VOTER last_known_addr { host: "127.22.124.194" port: 42023 } health_report { overall_health: UNKNOWN } } peers { permanent_uuid: "efdb911b40af4ed2b0c916f1721742ce" member_type: VOTER last_known_addr { host: "127.22.124.195" port: 38305 } health_report { overall_health: UNKNOWN } } }
I20260709 12:08:19.219236 23234 tablet_service.cc:1917] Received RequestConsensusVote() RPC: tablet_id: "c98e304b168647bbb2f3c384d487bd89" candidate_uuid: "efdb911b40af4ed2b0c916f1721742ce" candidate_term: 1 candidate_status { last_received { term: 0 index: 0 } } ignore_live_leader: false dest_uuid: "64f21b353de74095905cc1953a554d2d"
W20260709 12:08:19.223439 23277 leader_election.cc:343] T c98e304b168647bbb2f3c384d487bd89 P efdb911b40af4ed2b0c916f1721742ce [CANDIDATE]: Term 1 election: Tablet error from VoteRequest() call to peer 64f21b353de74095905cc1953a554d2d (127.22.124.194:42023): Illegal state: must be running to vote when last-logged opid is not known
I20260709 12:08:19.227648 23160 tablet_service.cc:1917] Received RequestConsensusVote() RPC: tablet_id: "c98e304b168647bbb2f3c384d487bd89" candidate_uuid: "efdb911b40af4ed2b0c916f1721742ce" candidate_term: 1 candidate_status { last_received { term: 0 index: 0 } } ignore_live_leader: false dest_uuid: "6bb0bfe0a85243c1a18ebaf37abafbea"
I20260709 12:08:19.228595 23160 raft_consensus.cc:3060] T c98e304b168647bbb2f3c384d487bd89 P 6bb0bfe0a85243c1a18ebaf37abafbea [term 0 FOLLOWER]: Advancing to term 1
I20260709 12:08:19.228955 23356 tablet_bootstrap.cc:492] T fc9cf17a33f14b59a2aebe820a0a3940 P efdb911b40af4ed2b0c916f1721742ce: No bootstrap required, opened a new log
I20260709 12:08:19.229709 23356 ts_tablet_manager.cc:1403] T fc9cf17a33f14b59a2aebe820a0a3940 P efdb911b40af4ed2b0c916f1721742ce: Time spent bootstrapping tablet: real 0.148s	user 0.011s	sys 0.013s
I20260709 12:08:19.232815 23354 raft_consensus.cc:359] T 067ae29aceb74a0ebf789cd538d199a0 P 6bb0bfe0a85243c1a18ebaf37abafbea [term 0 FOLLOWER]: Replica starting. Triggering 0 pending ops. Active config: opid_index: -1 OBSOLETE_local: false peers { permanent_uuid: "6bb0bfe0a85243c1a18ebaf37abafbea" member_type: VOTER last_known_addr { host: "127.22.124.193" port: 43743 } } peers { permanent_uuid: "64f21b353de74095905cc1953a554d2d" member_type: VOTER last_known_addr { host: "127.22.124.194" port: 42023 } } peers { permanent_uuid: "efdb911b40af4ed2b0c916f1721742ce" member_type: VOTER last_known_addr { host: "127.22.124.195" port: 38305 } }
I20260709 12:08:19.234504 23354 raft_consensus.cc:385] T 067ae29aceb74a0ebf789cd538d199a0 P 6bb0bfe0a85243c1a18ebaf37abafbea [term 0 FOLLOWER]: Consensus starting up: Expiring failure detector timer to make a prompt election more likely
I20260709 12:08:19.218446 23275 leader_election.cc:304] T 89efc50e09684d13a581ed68b63cc5a0 P efdb911b40af4ed2b0c916f1721742ce [CANDIDATE]: Term 1 pre-election: Election decided. Result: candidate lost. Election summary: received 3 responses out of 3 voters: 1 yes votes; 2 no votes. yes voters: efdb911b40af4ed2b0c916f1721742ce; no voters: 64f21b353de74095905cc1953a554d2d, 6bb0bfe0a85243c1a18ebaf37abafbea
I20260709 12:08:19.234934 23354 raft_consensus.cc:740] T 067ae29aceb74a0ebf789cd538d199a0 P 6bb0bfe0a85243c1a18ebaf37abafbea [term 0 FOLLOWER]: Becoming Follower/Learner. State: Replica: 6bb0bfe0a85243c1a18ebaf37abafbea, State: Initialized, Role: FOLLOWER
I20260709 12:08:19.235834 23364 raft_consensus.cc:3060] T 89efc50e09684d13a581ed68b63cc5a0 P efdb911b40af4ed2b0c916f1721742ce [term 0 FOLLOWER]: Advancing to term 1
I20260709 12:08:19.242621 23235 raft_consensus.cc:2468] T f1fbdb7c21de4761b74c93381d90f9cb P 64f21b353de74095905cc1953a554d2d [term 1 FOLLOWER]: Leader election vote request: Granting yes vote for candidate efdb911b40af4ed2b0c916f1721742ce in term 1.
I20260709 12:08:19.244212 23277 leader_election.cc:304] T f1fbdb7c21de4761b74c93381d90f9cb P efdb911b40af4ed2b0c916f1721742ce [CANDIDATE]: Term 1 election: Election decided. Result: candidate won. Election summary: received 2 responses out of 3 voters: 2 yes votes; 0 no votes. yes voters: 64f21b353de74095905cc1953a554d2d, efdb911b40af4ed2b0c916f1721742ce; no voters: 
I20260709 12:08:19.245771 23389 raft_consensus.cc:2804] T f1fbdb7c21de4761b74c93381d90f9cb P efdb911b40af4ed2b0c916f1721742ce [term 1 FOLLOWER]: Leader election won for term 1
I20260709 12:08:19.246676 23389 raft_consensus.cc:697] T f1fbdb7c21de4761b74c93381d90f9cb P efdb911b40af4ed2b0c916f1721742ce [term 1 LEADER]: Becoming Leader. State: Replica: efdb911b40af4ed2b0c916f1721742ce, State: Running, Role: LEADER
I20260709 12:08:19.247670 23354 consensus_queue.cc:260] T 067ae29aceb74a0ebf789cd538d199a0 P 6bb0bfe0a85243c1a18ebaf37abafbea [NON_LEADER]: Queue going to NON_LEADER mode. State: All replicated index: 0, Majority replicated index: 0, Committed index: 0, Last appended: 0.0, Last appended by leader: 0, Current term: 0, Majority size: -1, State: 0, Mode: NON_LEADER, active raft config: opid_index: -1 OBSOLETE_local: false peers { permanent_uuid: "6bb0bfe0a85243c1a18ebaf37abafbea" member_type: VOTER last_known_addr { host: "127.22.124.193" port: 43743 } } peers { permanent_uuid: "64f21b353de74095905cc1953a554d2d" member_type: VOTER last_known_addr { host: "127.22.124.194" port: 42023 } } peers { permanent_uuid: "efdb911b40af4ed2b0c916f1721742ce" member_type: VOTER last_known_addr { host: "127.22.124.195" port: 38305 } }
I20260709 12:08:19.247991 23389 consensus_queue.cc:237] T f1fbdb7c21de4761b74c93381d90f9cb P efdb911b40af4ed2b0c916f1721742ce [LEADER]: Queue going to LEADER mode. State: All replicated index: 0, Majority replicated index: 0, Committed index: 0, Last appended: 0.0, Last appended by leader: 0, Current term: 1, Majority size: 2, State: 0, Mode: LEADER, active raft config: opid_index: -1 OBSOLETE_local: false peers { permanent_uuid: "6bb0bfe0a85243c1a18ebaf37abafbea" member_type: VOTER last_known_addr { host: "127.22.124.193" port: 43743 } } peers { permanent_uuid: "64f21b353de74095905cc1953a554d2d" member_type: VOTER last_known_addr { host: "127.22.124.194" port: 42023 } } peers { permanent_uuid: "efdb911b40af4ed2b0c916f1721742ce" member_type: VOTER last_known_addr { host: "127.22.124.195" port: 38305 } }
I20260709 12:08:19.254384 23160 raft_consensus.cc:2468] T c98e304b168647bbb2f3c384d487bd89 P 6bb0bfe0a85243c1a18ebaf37abafbea [term 1 FOLLOWER]: Leader election vote request: Granting yes vote for candidate efdb911b40af4ed2b0c916f1721742ce in term 1.
I20260709 12:08:19.255689 23364 raft_consensus.cc:2749] T 89efc50e09684d13a581ed68b63cc5a0 P efdb911b40af4ed2b0c916f1721742ce [term 1 FOLLOWER]: Leader pre-election lost for term 1. Reason: could not achieve majority
I20260709 12:08:19.256250 23275 leader_election.cc:304] T c98e304b168647bbb2f3c384d487bd89 P efdb911b40af4ed2b0c916f1721742ce [CANDIDATE]: Term 1 election: Election decided. Result: candidate won. Election summary: received 3 responses out of 3 voters: 2 yes votes; 1 no votes. yes voters: 6bb0bfe0a85243c1a18ebaf37abafbea, efdb911b40af4ed2b0c916f1721742ce; no voters: 64f21b353de74095905cc1953a554d2d
I20260709 12:08:19.250759 23354 ts_tablet_manager.cc:1434] T 067ae29aceb74a0ebf789cd538d199a0 P 6bb0bfe0a85243c1a18ebaf37abafbea: Time spent starting tablet: real 0.087s	user 0.009s	sys 0.000s
I20260709 12:08:19.250664 23161 raft_consensus.cc:2468] T f1fbdb7c21de4761b74c93381d90f9cb P 6bb0bfe0a85243c1a18ebaf37abafbea [term 1 FOLLOWER]: Leader election vote request: Granting yes vote for candidate efdb911b40af4ed2b0c916f1721742ce in term 1.
I20260709 12:08:19.251852 23059 catalog_manager.cc:5697] T 97e23988c1a441a3952ce8ca1fd08a08 P efdb911b40af4ed2b0c916f1721742ce reported cstate change: term changed from 0 to 1, leader changed from <none> to efdb911b40af4ed2b0c916f1721742ce (127.22.124.195). New cstate: current_term: 1 leader_uuid: "efdb911b40af4ed2b0c916f1721742ce" committed_config { opid_index: -1 OBSOLETE_local: false peers { permanent_uuid: "6bb0bfe0a85243c1a18ebaf37abafbea" member_type: VOTER last_known_addr { host: "127.22.124.193" port: 43743 } health_report { overall_health: UNKNOWN } } peers { permanent_uuid: "64f21b353de74095905cc1953a554d2d" member_type: VOTER last_known_addr { host: "127.22.124.194" port: 42023 } health_report { overall_health: UNKNOWN } } peers { permanent_uuid: "efdb911b40af4ed2b0c916f1721742ce" member_type: VOTER last_known_addr { host: "127.22.124.195" port: 38305 } health_report { overall_health: HEALTHY } } }
I20260709 12:08:19.259720 23364 raft_consensus.cc:2804] T c98e304b168647bbb2f3c384d487bd89 P efdb911b40af4ed2b0c916f1721742ce [term 1 FOLLOWER]: Leader election won for term 1
I20260709 12:08:19.261015 23364 raft_consensus.cc:697] T c98e304b168647bbb2f3c384d487bd89 P efdb911b40af4ed2b0c916f1721742ce [term 1 LEADER]: Becoming Leader. State: Replica: efdb911b40af4ed2b0c916f1721742ce, State: Running, Role: LEADER
I20260709 12:08:19.262404 23364 consensus_queue.cc:237] T c98e304b168647bbb2f3c384d487bd89 P efdb911b40af4ed2b0c916f1721742ce [LEADER]: Queue going to LEADER mode. State: All replicated index: 0, Majority replicated index: 0, Committed index: 0, Last appended: 0.0, Last appended by leader: 0, Current term: 1, Majority size: 2, State: 0, Mode: LEADER, active raft config: opid_index: -1 OBSOLETE_local: false peers { permanent_uuid: "6bb0bfe0a85243c1a18ebaf37abafbea" member_type: VOTER last_known_addr { host: "127.22.124.193" port: 43743 } } peers { permanent_uuid: "64f21b353de74095905cc1953a554d2d" member_type: VOTER last_known_addr { host: "127.22.124.194" port: 42023 } } peers { permanent_uuid: "efdb911b40af4ed2b0c916f1721742ce" member_type: VOTER last_known_addr { host: "127.22.124.195" port: 38305 } }
I20260709 12:08:19.267978 23355 tablet_bootstrap.cc:492] T c98e304b168647bbb2f3c384d487bd89 P 64f21b353de74095905cc1953a554d2d: No bootstrap required, opened a new log
I20260709 12:08:19.268527 23355 ts_tablet_manager.cc:1403] T c98e304b168647bbb2f3c384d487bd89 P 64f21b353de74095905cc1953a554d2d: Time spent bootstrapping tablet: real 0.094s	user 0.011s	sys 0.012s
I20260709 12:08:19.272271 23354 tablet_bootstrap.cc:492] T fc9cf17a33f14b59a2aebe820a0a3940 P 6bb0bfe0a85243c1a18ebaf37abafbea: Bootstrap starting.
I20260709 12:08:19.273216 23355 raft_consensus.cc:359] T c98e304b168647bbb2f3c384d487bd89 P 64f21b353de74095905cc1953a554d2d [term 0 FOLLOWER]: Replica starting. Triggering 0 pending ops. Active config: opid_index: -1 OBSOLETE_local: false peers { permanent_uuid: "6bb0bfe0a85243c1a18ebaf37abafbea" member_type: VOTER last_known_addr { host: "127.22.124.193" port: 43743 } } peers { permanent_uuid: "64f21b353de74095905cc1953a554d2d" member_type: VOTER last_known_addr { host: "127.22.124.194" port: 42023 } } peers { permanent_uuid: "efdb911b40af4ed2b0c916f1721742ce" member_type: VOTER last_known_addr { host: "127.22.124.195" port: 38305 } }
I20260709 12:08:19.274045 23355 raft_consensus.cc:385] T c98e304b168647bbb2f3c384d487bd89 P 64f21b353de74095905cc1953a554d2d [term 0 FOLLOWER]: Consensus starting up: Expiring failure detector timer to make a prompt election more likely
I20260709 12:08:19.274371 23355 raft_consensus.cc:740] T c98e304b168647bbb2f3c384d487bd89 P 64f21b353de74095905cc1953a554d2d [term 0 FOLLOWER]: Becoming Follower/Learner. State: Replica: 64f21b353de74095905cc1953a554d2d, State: Initialized, Role: FOLLOWER
I20260709 12:08:19.275259 23355 consensus_queue.cc:260] T c98e304b168647bbb2f3c384d487bd89 P 64f21b353de74095905cc1953a554d2d [NON_LEADER]: Queue going to NON_LEADER mode. State: All replicated index: 0, Majority replicated index: 0, Committed index: 0, Last appended: 0.0, Last appended by leader: 0, Current term: 0, Majority size: -1, State: 0, Mode: NON_LEADER, active raft config: opid_index: -1 OBSOLETE_local: false peers { permanent_uuid: "6bb0bfe0a85243c1a18ebaf37abafbea" member_type: VOTER last_known_addr { host: "127.22.124.193" port: 43743 } } peers { permanent_uuid: "64f21b353de74095905cc1953a554d2d" member_type: VOTER last_known_addr { host: "127.22.124.194" port: 42023 } } peers { permanent_uuid: "efdb911b40af4ed2b0c916f1721742ce" member_type: VOTER last_known_addr { host: "127.22.124.195" port: 38305 } }
I20260709 12:08:19.252771 23356 raft_consensus.cc:359] T fc9cf17a33f14b59a2aebe820a0a3940 P efdb911b40af4ed2b0c916f1721742ce [term 0 FOLLOWER]: Replica starting. Triggering 0 pending ops. Active config: opid_index: -1 OBSOLETE_local: false peers { permanent_uuid: "6bb0bfe0a85243c1a18ebaf37abafbea" member_type: VOTER last_known_addr { host: "127.22.124.193" port: 43743 } } peers { permanent_uuid: "64f21b353de74095905cc1953a554d2d" member_type: VOTER last_known_addr { host: "127.22.124.194" port: 42023 } } peers { permanent_uuid: "efdb911b40af4ed2b0c916f1721742ce" member_type: VOTER last_known_addr { host: "127.22.124.195" port: 38305 } }
I20260709 12:08:19.277191 23356 raft_consensus.cc:385] T fc9cf17a33f14b59a2aebe820a0a3940 P efdb911b40af4ed2b0c916f1721742ce [term 0 FOLLOWER]: Consensus starting up: Expiring failure detector timer to make a prompt election more likely
I20260709 12:08:19.277549 23356 raft_consensus.cc:740] T fc9cf17a33f14b59a2aebe820a0a3940 P efdb911b40af4ed2b0c916f1721742ce [term 0 FOLLOWER]: Becoming Follower/Learner. State: Replica: efdb911b40af4ed2b0c916f1721742ce, State: Initialized, Role: FOLLOWER
I20260709 12:08:19.280139 23354 tablet_bootstrap.cc:654] T fc9cf17a33f14b59a2aebe820a0a3940 P 6bb0bfe0a85243c1a18ebaf37abafbea: Neither blocks nor log segments found. Creating new log.
I20260709 12:08:19.292083 23356 consensus_queue.cc:260] T fc9cf17a33f14b59a2aebe820a0a3940 P efdb911b40af4ed2b0c916f1721742ce [NON_LEADER]: Queue going to NON_LEADER mode. State: All replicated index: 0, Majority replicated index: 0, Committed index: 0, Last appended: 0.0, Last appended by leader: 0, Current term: 0, Majority size: -1, State: 0, Mode: NON_LEADER, active raft config: opid_index: -1 OBSOLETE_local: false peers { permanent_uuid: "6bb0bfe0a85243c1a18ebaf37abafbea" member_type: VOTER last_known_addr { host: "127.22.124.193" port: 43743 } } peers { permanent_uuid: "64f21b353de74095905cc1953a554d2d" member_type: VOTER last_known_addr { host: "127.22.124.194" port: 42023 } } peers { permanent_uuid: "efdb911b40af4ed2b0c916f1721742ce" member_type: VOTER last_known_addr { host: "127.22.124.195" port: 38305 } }
I20260709 12:08:19.293462 23355 ts_tablet_manager.cc:1434] T c98e304b168647bbb2f3c384d487bd89 P 64f21b353de74095905cc1953a554d2d: Time spent starting tablet: real 0.024s	user 0.008s	sys 0.000s
I20260709 12:08:19.295027 23355 tablet_bootstrap.cc:492] T 682b3274af744db6876a03eba9689f6e P 64f21b353de74095905cc1953a554d2d: Bootstrap starting.
I20260709 12:08:19.296414 23356 ts_tablet_manager.cc:1434] T fc9cf17a33f14b59a2aebe820a0a3940 P efdb911b40af4ed2b0c916f1721742ce: Time spent starting tablet: real 0.066s	user 0.010s	sys 0.002s
I20260709 12:08:19.295548 23057 catalog_manager.cc:5697] T c98e304b168647bbb2f3c384d487bd89 P efdb911b40af4ed2b0c916f1721742ce reported cstate change: term changed from 0 to 1, leader changed from <none> to efdb911b40af4ed2b0c916f1721742ce (127.22.124.195). New cstate: current_term: 1 leader_uuid: "efdb911b40af4ed2b0c916f1721742ce" committed_config { opid_index: -1 OBSOLETE_local: false peers { permanent_uuid: "6bb0bfe0a85243c1a18ebaf37abafbea" member_type: VOTER last_known_addr { host: "127.22.124.193" port: 43743 } health_report { overall_health: UNKNOWN } } peers { permanent_uuid: "64f21b353de74095905cc1953a554d2d" member_type: VOTER last_known_addr { host: "127.22.124.194" port: 42023 } health_report { overall_health: UNKNOWN } } peers { permanent_uuid: "efdb911b40af4ed2b0c916f1721742ce" member_type: VOTER last_known_addr { host: "127.22.124.195" port: 38305 } health_report { overall_health: HEALTHY } } }
I20260709 12:08:19.297976 23057 catalog_manager.cc:5697] T f1fbdb7c21de4761b74c93381d90f9cb P efdb911b40af4ed2b0c916f1721742ce reported cstate change: term changed from 0 to 1, leader changed from <none> to efdb911b40af4ed2b0c916f1721742ce (127.22.124.195). New cstate: current_term: 1 leader_uuid: "efdb911b40af4ed2b0c916f1721742ce" committed_config { opid_index: -1 OBSOLETE_local: false peers { permanent_uuid: "6bb0bfe0a85243c1a18ebaf37abafbea" member_type: VOTER last_known_addr { host: "127.22.124.193" port: 43743 } health_report { overall_health: UNKNOWN } } peers { permanent_uuid: "64f21b353de74095905cc1953a554d2d" member_type: VOTER last_known_addr { host: "127.22.124.194" port: 42023 } health_report { overall_health: UNKNOWN } } peers { permanent_uuid: "efdb911b40af4ed2b0c916f1721742ce" member_type: VOTER last_known_addr { host: "127.22.124.195" port: 38305 } health_report { overall_health: HEALTHY } } }
I20260709 12:08:19.297971 23356 tablet_bootstrap.cc:492] T 70bf00360af7444482ebaf5d90da2358 P efdb911b40af4ed2b0c916f1721742ce: Bootstrap starting.
I20260709 12:08:19.317617 23364 raft_consensus.cc:493] T 067ae29aceb74a0ebf789cd538d199a0 P efdb911b40af4ed2b0c916f1721742ce [term 0 FOLLOWER]: Starting pre-election (no leader contacted us within the election timeout)
I20260709 12:08:19.319388 23354 tablet_bootstrap.cc:492] T fc9cf17a33f14b59a2aebe820a0a3940 P 6bb0bfe0a85243c1a18ebaf37abafbea: No bootstrap required, opened a new log
I20260709 12:08:19.318727 23364 raft_consensus.cc:515] T 067ae29aceb74a0ebf789cd538d199a0 P efdb911b40af4ed2b0c916f1721742ce [term 0 FOLLOWER]: Starting pre-election with config: opid_index: -1 OBSOLETE_local: false peers { permanent_uuid: "6bb0bfe0a85243c1a18ebaf37abafbea" member_type: VOTER last_known_addr { host: "127.22.124.193" port: 43743 } } peers { permanent_uuid: "64f21b353de74095905cc1953a554d2d" member_type: VOTER last_known_addr { host: "127.22.124.194" port: 42023 } } peers { permanent_uuid: "efdb911b40af4ed2b0c916f1721742ce" member_type: VOTER last_known_addr { host: "127.22.124.195" port: 38305 } }
I20260709 12:08:19.320072 23354 ts_tablet_manager.cc:1403] T fc9cf17a33f14b59a2aebe820a0a3940 P 6bb0bfe0a85243c1a18ebaf37abafbea: Time spent bootstrapping tablet: real 0.048s	user 0.023s	sys 0.020s
I20260709 12:08:19.325404 23160 tablet_service.cc:1917] Received RequestConsensusVote() RPC: tablet_id: "067ae29aceb74a0ebf789cd538d199a0" candidate_uuid: "efdb911b40af4ed2b0c916f1721742ce" candidate_term: 1 candidate_status { last_received { term: 0 index: 0 } } ignore_live_leader: false dest_uuid: "6bb0bfe0a85243c1a18ebaf37abafbea" is_pre_election: true
I20260709 12:08:19.326167 23160 raft_consensus.cc:2468] T 067ae29aceb74a0ebf789cd538d199a0 P 6bb0bfe0a85243c1a18ebaf37abafbea [term 0 FOLLOWER]: Leader pre-election vote request: Granting yes vote for candidate efdb911b40af4ed2b0c916f1721742ce in term 0.
I20260709 12:08:19.326902 23360 consensus_queue.cc:1048] T 89efc50e09684d13a581ed68b63cc5a0 P 64f21b353de74095905cc1953a554d2d [LEADER]: Connected to new peer: Peer: permanent_uuid: "6bb0bfe0a85243c1a18ebaf37abafbea" member_type: VOTER last_known_addr { host: "127.22.124.193" port: 43743 }, Status: LMP_MISMATCH, Last received: 0.0, Next index: 1, Last known committed idx: 0, Time since last communication: 0.000s
I20260709 12:08:19.327723 23364 leader_election.cc:290] T 067ae29aceb74a0ebf789cd538d199a0 P efdb911b40af4ed2b0c916f1721742ce [CANDIDATE]: Term 1 pre-election: Requested pre-vote from peers 6bb0bfe0a85243c1a18ebaf37abafbea (127.22.124.193:43743), 64f21b353de74095905cc1953a554d2d (127.22.124.194:42023)
I20260709 12:08:19.327783 23275 leader_election.cc:304] T 067ae29aceb74a0ebf789cd538d199a0 P efdb911b40af4ed2b0c916f1721742ce [CANDIDATE]: Term 1 pre-election: Election decided. Result: candidate won. Election summary: received 2 responses out of 3 voters: 2 yes votes; 0 no votes. yes voters: 6bb0bfe0a85243c1a18ebaf37abafbea, efdb911b40af4ed2b0c916f1721742ce; no voters: 
I20260709 12:08:19.326445 23354 raft_consensus.cc:359] T fc9cf17a33f14b59a2aebe820a0a3940 P 6bb0bfe0a85243c1a18ebaf37abafbea [term 0 FOLLOWER]: Replica starting. Triggering 0 pending ops. Active config: opid_index: -1 OBSOLETE_local: false peers { permanent_uuid: "6bb0bfe0a85243c1a18ebaf37abafbea" member_type: VOTER last_known_addr { host: "127.22.124.193" port: 43743 } } peers { permanent_uuid: "64f21b353de74095905cc1953a554d2d" member_type: VOTER last_known_addr { host: "127.22.124.194" port: 42023 } } peers { permanent_uuid: "efdb911b40af4ed2b0c916f1721742ce" member_type: VOTER last_known_addr { host: "127.22.124.195" port: 38305 } }
I20260709 12:08:19.329026 23354 raft_consensus.cc:385] T fc9cf17a33f14b59a2aebe820a0a3940 P 6bb0bfe0a85243c1a18ebaf37abafbea [term 0 FOLLOWER]: Consensus starting up: Expiring failure detector timer to make a prompt election more likely
I20260709 12:08:19.329367 23354 raft_consensus.cc:740] T fc9cf17a33f14b59a2aebe820a0a3940 P 6bb0bfe0a85243c1a18ebaf37abafbea [term 0 FOLLOWER]: Becoming Follower/Learner. State: Replica: 6bb0bfe0a85243c1a18ebaf37abafbea, State: Initialized, Role: FOLLOWER
I20260709 12:08:19.330513 23356 tablet_bootstrap.cc:654] T 70bf00360af7444482ebaf5d90da2358 P efdb911b40af4ed2b0c916f1721742ce: Neither blocks nor log segments found. Creating new log.
I20260709 12:08:19.330279 23354 consensus_queue.cc:260] T fc9cf17a33f14b59a2aebe820a0a3940 P 6bb0bfe0a85243c1a18ebaf37abafbea [NON_LEADER]: Queue going to NON_LEADER mode. State: All replicated index: 0, Majority replicated index: 0, Committed index: 0, Last appended: 0.0, Last appended by leader: 0, Current term: 0, Majority size: -1, State: 0, Mode: NON_LEADER, active raft config: opid_index: -1 OBSOLETE_local: false peers { permanent_uuid: "6bb0bfe0a85243c1a18ebaf37abafbea" member_type: VOTER last_known_addr { host: "127.22.124.193" port: 43743 } } peers { permanent_uuid: "64f21b353de74095905cc1953a554d2d" member_type: VOTER last_known_addr { host: "127.22.124.194" port: 42023 } } peers { permanent_uuid: "efdb911b40af4ed2b0c916f1721742ce" member_type: VOTER last_known_addr { host: "127.22.124.195" port: 38305 } }
I20260709 12:08:19.332126 23235 tablet_service.cc:1917] Received RequestConsensusVote() RPC: tablet_id: "067ae29aceb74a0ebf789cd538d199a0" candidate_uuid: "efdb911b40af4ed2b0c916f1721742ce" candidate_term: 1 candidate_status { last_received { term: 0 index: 0 } } ignore_live_leader: false dest_uuid: "64f21b353de74095905cc1953a554d2d" is_pre_election: true
I20260709 12:08:19.332944 23235 raft_consensus.cc:2468] T 067ae29aceb74a0ebf789cd538d199a0 P 64f21b353de74095905cc1953a554d2d [term 0 FOLLOWER]: Leader pre-election vote request: Granting yes vote for candidate efdb911b40af4ed2b0c916f1721742ce in term 0.
I20260709 12:08:19.333869 23354 ts_tablet_manager.cc:1434] T fc9cf17a33f14b59a2aebe820a0a3940 P 6bb0bfe0a85243c1a18ebaf37abafbea: Time spent starting tablet: real 0.012s	user 0.005s	sys 0.004s
I20260709 12:08:19.335000 23354 tablet_bootstrap.cc:492] T 682b3274af744db6876a03eba9689f6e P 6bb0bfe0a85243c1a18ebaf37abafbea: Bootstrap starting.
I20260709 12:08:19.336266 23355 tablet_bootstrap.cc:654] T 682b3274af744db6876a03eba9689f6e P 64f21b353de74095905cc1953a554d2d: Neither blocks nor log segments found. Creating new log.
I20260709 12:08:19.332134 23364 raft_consensus.cc:2804] T 067ae29aceb74a0ebf789cd538d199a0 P efdb911b40af4ed2b0c916f1721742ce [term 0 FOLLOWER]: Leader pre-election won for term 1
I20260709 12:08:19.339702 23364 raft_consensus.cc:493] T 067ae29aceb74a0ebf789cd538d199a0 P efdb911b40af4ed2b0c916f1721742ce [term 0 FOLLOWER]: Starting leader election (no leader contacted us within the election timeout)
