I20260709 12:08:44.093238 11192 tablet_replica.cc:333] T 0d228dbda10f4c6fb351d60686fed3cd P edb63002807c47dfb4ffc1687464a70d: stopping tablet replica
I20260709 12:08:44.093832 11192 raft_consensus.cc:2243] T 0d228dbda10f4c6fb351d60686fed3cd P edb63002807c47dfb4ffc1687464a70d [term 3 FOLLOWER]: Raft consensus shutting down.
I20260709 12:08:44.094422 11192 raft_consensus.cc:2272] T 0d228dbda10f4c6fb351d60686fed3cd P edb63002807c47dfb4ffc1687464a70d [term 3 FOLLOWER]: Raft consensus is shut down!
I20260709 12:08:44.096578 11192 tablet_replica.cc:333] T d2fc36d7d9c04928a54bfe0a16919701 P edb63002807c47dfb4ffc1687464a70d: stopping tablet replica
I20260709 12:08:44.097036 11192 raft_consensus.cc:2243] T d2fc36d7d9c04928a54bfe0a16919701 P edb63002807c47dfb4ffc1687464a70d [term 4 FOLLOWER]: Raft consensus shutting down.
I20260709 12:08:44.097493 11192 raft_consensus.cc:2272] T d2fc36d7d9c04928a54bfe0a16919701 P edb63002807c47dfb4ffc1687464a70d [term 4 FOLLOWER]: Raft consensus is shut down!
I20260709 12:08:44.099103 11192 tablet_replica.cc:333] T eb2c6a79d92c45d48f1c21bd1a09574a P edb63002807c47dfb4ffc1687464a70d: stopping tablet replica
I20260709 12:08:44.099529 11192 raft_consensus.cc:2243] T eb2c6a79d92c45d48f1c21bd1a09574a P edb63002807c47dfb4ffc1687464a70d [term 2 LEADER]: Raft consensus shutting down.
I20260709 12:08:44.100313 11192 raft_consensus.cc:2272] T eb2c6a79d92c45d48f1c21bd1a09574a P edb63002807c47dfb4ffc1687464a70d [term 2 FOLLOWER]: Raft consensus is shut down!
W20260709 12:08:44.111196 11368 proxy.cc:239] Call had error, refreshing address and retrying: Remote error: Service unavailable: service kudu.consensus.ConsensusService not registered on TabletServer
W20260709 12:08:44.119727 11368 consensus_peers.cc:597] T 0d228dbda10f4c6fb351d60686fed3cd P 45ba1b31d7604e779af3bc6d56d76fee -> Peer edb63002807c47dfb4ffc1687464a70d (127.10.238.1:33247): Couldn't send request to peer edb63002807c47dfb4ffc1687464a70d. Status: Network error: Client connection negotiation failed: client connection to 127.10.238.1:33247: connect: Connection refused (error 111). This is attempt 1: this message will repeat every 5th retry.
W20260709 12:08:44.190826 11368 consensus_peers.cc:597] T 79812b2343704bc796d8f0cf920cfcc1 P 45ba1b31d7604e779af3bc6d56d76fee -> Peer edb63002807c47dfb4ffc1687464a70d (127.10.238.1:33247): Couldn't send request to peer edb63002807c47dfb4ffc1687464a70d. Status: Network error: Client connection negotiation failed: client connection to 127.10.238.1:33247: connect: Connection refused (error 111). This is attempt 1: this message will repeat every 5th retry.
I20260709 12:08:44.218855 11192 tablet_server.cc:196] TabletServer@127.10.238.1:0 shutdown complete.
W20260709 12:08:44.219401 11442 consensus_peers.cc:597] T deb8d7e9c0234eb6b7a4ab89f467d0e0 P 0f4b601242394041879cb73c3d3edfa8 -> Peer edb63002807c47dfb4ffc1687464a70d (127.10.238.1:33247): Couldn't send request to peer edb63002807c47dfb4ffc1687464a70d. Status: Network error: Client connection negotiation failed: client connection to 127.10.238.1:33247: connect: Connection refused (error 111). This is attempt 1: this message will repeat every 5th retry.
W20260709 12:08:44.219960 11442 consensus_peers.cc:597] T 3fcdea10b60f4e7ab68aa1d28173e14f P 0f4b601242394041879cb73c3d3edfa8 -> Peer edb63002807c47dfb4ffc1687464a70d (127.10.238.1:33247): Couldn't send request to peer edb63002807c47dfb4ffc1687464a70d. Status: Network error: Client connection negotiation failed: client connection to 127.10.238.1:33247: connect: Connection refused (error 111). This is attempt 1: this message will repeat every 5th retry.
I20260709 12:08:44.238603 11192 tablet_server.cc:179] TabletServer@127.10.238.2:0 shutting down...
I20260709 12:08:44.269574 11192 ts_tablet_manager.cc:1507] Shutting down tablet manager...
I20260709 12:08:44.270491 11192 tablet_replica.cc:333] T 29d5b67c812d446fa122cb29424c16d0 P 45ba1b31d7604e779af3bc6d56d76fee: stopping tablet replica
I20260709 12:08:44.271209 11192 raft_consensus.cc:2243] T 29d5b67c812d446fa122cb29424c16d0 P 45ba1b31d7604e779af3bc6d56d76fee [term 3 FOLLOWER]: Raft consensus shutting down.
I20260709 12:08:44.271757 11192 raft_consensus.cc:2272] T 29d5b67c812d446fa122cb29424c16d0 P 45ba1b31d7604e779af3bc6d56d76fee [term 3 FOLLOWER]: Raft consensus is shut down!
I20260709 12:08:44.273705 11192 tablet_replica.cc:333] T deb8d7e9c0234eb6b7a4ab89f467d0e0 P 45ba1b31d7604e779af3bc6d56d76fee: stopping tablet replica
I20260709 12:08:44.274326 11192 raft_consensus.cc:2243] T deb8d7e9c0234eb6b7a4ab89f467d0e0 P 45ba1b31d7604e779af3bc6d56d76fee [term 3 FOLLOWER]: Raft consensus shutting down.
I20260709 12:08:44.274811 11192 raft_consensus.cc:2272] T deb8d7e9c0234eb6b7a4ab89f467d0e0 P 45ba1b31d7604e779af3bc6d56d76fee [term 3 FOLLOWER]: Raft consensus is shut down!
I20260709 12:08:44.277064 11192 tablet_replica.cc:333] T f81bcfabdfa14706bc5d4c23bd769b71 P 45ba1b31d7604e779af3bc6d56d76fee: stopping tablet replica
I20260709 12:08:44.277868 11192 raft_consensus.cc:2243] T f81bcfabdfa14706bc5d4c23bd769b71 P 45ba1b31d7604e779af3bc6d56d76fee [term 4 LEADER]: Raft consensus shutting down.
I20260709 12:08:44.278841 11192 raft_consensus.cc:2272] T f81bcfabdfa14706bc5d4c23bd769b71 P 45ba1b31d7604e779af3bc6d56d76fee [term 4 FOLLOWER]: Raft consensus is shut down!
W20260709 12:08:44.279501 11440 consensus_peers.cc:597] T deb8d7e9c0234eb6b7a4ab89f467d0e0 P 0f4b601242394041879cb73c3d3edfa8 -> Peer 45ba1b31d7604e779af3bc6d56d76fee (127.10.238.2:37097): Couldn't send request to peer 45ba1b31d7604e779af3bc6d56d76fee. Status: Remote error: Service unavailable: service kudu.consensus.ConsensusService not registered on TabletServer. This is attempt 1: this message will repeat every 5th retry.
I20260709 12:08:44.280783 11192 tablet_replica.cc:333] T 3fcdea10b60f4e7ab68aa1d28173e14f P 45ba1b31d7604e779af3bc6d56d76fee: stopping tablet replica
I20260709 12:08:44.281256 11192 raft_consensus.cc:2243] T 3fcdea10b60f4e7ab68aa1d28173e14f P 45ba1b31d7604e779af3bc6d56d76fee [term 2 FOLLOWER]: Raft consensus shutting down.
I20260709 12:08:44.281682 11192 raft_consensus.cc:2272] T 3fcdea10b60f4e7ab68aa1d28173e14f P 45ba1b31d7604e779af3bc6d56d76fee [term 2 FOLLOWER]: Raft consensus is shut down!
I20260709 12:08:44.283735 11192 tablet_replica.cc:333] T 1708c477db6a4b7eb4549e0dbe2087fe P 45ba1b31d7604e779af3bc6d56d76fee: stopping tablet replica
I20260709 12:08:44.284251 11192 raft_consensus.cc:2243] T 1708c477db6a4b7eb4549e0dbe2087fe P 45ba1b31d7604e779af3bc6d56d76fee [term 3 FOLLOWER]: Raft consensus shutting down.
I20260709 12:08:44.284657 11192 raft_consensus.cc:2272] T 1708c477db6a4b7eb4549e0dbe2087fe P 45ba1b31d7604e779af3bc6d56d76fee [term 3 FOLLOWER]: Raft consensus is shut down!
I20260709 12:08:44.286273 11192 tablet_replica.cc:333] T 0d228dbda10f4c6fb351d60686fed3cd P 45ba1b31d7604e779af3bc6d56d76fee: stopping tablet replica
I20260709 12:08:44.286763 11192 raft_consensus.cc:2243] T 0d228dbda10f4c6fb351d60686fed3cd P 45ba1b31d7604e779af3bc6d56d76fee [term 3 LEADER]: Raft consensus shutting down.
I20260709 12:08:44.287500 11192 raft_consensus.cc:2272] T 0d228dbda10f4c6fb351d60686fed3cd P 45ba1b31d7604e779af3bc6d56d76fee [term 3 FOLLOWER]: Raft consensus is shut down!
I20260709 12:08:44.289080 11192 tablet_replica.cc:333] T 79812b2343704bc796d8f0cf920cfcc1 P 45ba1b31d7604e779af3bc6d56d76fee: stopping tablet replica
I20260709 12:08:44.289543 11192 raft_consensus.cc:2243] T 79812b2343704bc796d8f0cf920cfcc1 P 45ba1b31d7604e779af3bc6d56d76fee [term 2 LEADER]: Raft consensus shutting down.
I20260709 12:08:44.290323 11192 raft_consensus.cc:2272] T 79812b2343704bc796d8f0cf920cfcc1 P 45ba1b31d7604e779af3bc6d56d76fee [term 2 FOLLOWER]: Raft consensus is shut down!
I20260709 12:08:44.291877 11192 tablet_replica.cc:333] T eb2c6a79d92c45d48f1c21bd1a09574a P 45ba1b31d7604e779af3bc6d56d76fee: stopping tablet replica
I20260709 12:08:44.292322 11192 raft_consensus.cc:2243] T eb2c6a79d92c45d48f1c21bd1a09574a P 45ba1b31d7604e779af3bc6d56d76fee [term 2 FOLLOWER]: Raft consensus shutting down.
I20260709 12:08:44.292748 11192 raft_consensus.cc:2272] T eb2c6a79d92c45d48f1c21bd1a09574a P 45ba1b31d7604e779af3bc6d56d76fee [term 2 FOLLOWER]: Raft consensus is shut down!
I20260709 12:08:44.294474 11192 tablet_replica.cc:333] T d2fc36d7d9c04928a54bfe0a16919701 P 45ba1b31d7604e779af3bc6d56d76fee: stopping tablet replica
I20260709 12:08:44.294903 11192 raft_consensus.cc:2243] T d2fc36d7d9c04928a54bfe0a16919701 P 45ba1b31d7604e779af3bc6d56d76fee [term 4 FOLLOWER]: Raft consensus shutting down.
I20260709 12:08:44.295310 11192 raft_consensus.cc:2272] T d2fc36d7d9c04928a54bfe0a16919701 P 45ba1b31d7604e779af3bc6d56d76fee [term 4 FOLLOWER]: Raft consensus is shut down!
I20260709 12:08:44.324424 11192 tablet_server.cc:196] TabletServer@127.10.238.2:0 shutdown complete.
I20260709 12:08:44.344039 11192 tablet_server.cc:179] TabletServer@127.10.238.3:0 shutting down...
I20260709 12:08:44.373517 11192 ts_tablet_manager.cc:1507] Shutting down tablet manager...
I20260709 12:08:44.374433 11192 tablet_replica.cc:333] T f81bcfabdfa14706bc5d4c23bd769b71 P 0f4b601242394041879cb73c3d3edfa8: stopping tablet replica
I20260709 12:08:44.375228 11192 raft_consensus.cc:2243] T f81bcfabdfa14706bc5d4c23bd769b71 P 0f4b601242394041879cb73c3d3edfa8 [term 4 FOLLOWER]: Raft consensus shutting down.
I20260709 12:08:44.375948 11192 raft_consensus.cc:2272] T f81bcfabdfa14706bc5d4c23bd769b71 P 0f4b601242394041879cb73c3d3edfa8 [term 4 FOLLOWER]: Raft consensus is shut down!
W20260709 12:08:44.376099 11440 consensus_peers.cc:597] T d2fc36d7d9c04928a54bfe0a16919701 P 0f4b601242394041879cb73c3d3edfa8 -> Peer 45ba1b31d7604e779af3bc6d56d76fee (127.10.238.2:37097): Couldn't send request to peer 45ba1b31d7604e779af3bc6d56d76fee. Status: Network error: Client connection negotiation failed: client connection to 127.10.238.2:37097: connect: Connection refused (error 111). This is attempt 1: this message will repeat every 5th retry.
I20260709 12:08:44.377871 11192 tablet_replica.cc:333] T d2fc36d7d9c04928a54bfe0a16919701 P 0f4b601242394041879cb73c3d3edfa8: stopping tablet replica
I20260709 12:08:44.378476 11192 raft_consensus.cc:2243] T d2fc36d7d9c04928a54bfe0a16919701 P 0f4b601242394041879cb73c3d3edfa8 [term 4 LEADER]: Raft consensus shutting down.
I20260709 12:08:44.379182 11192 raft_consensus.cc:2272] T d2fc36d7d9c04928a54bfe0a16919701 P 0f4b601242394041879cb73c3d3edfa8 [term 4 FOLLOWER]: Raft consensus is shut down!
I20260709 12:08:44.380848 11192 tablet_replica.cc:333] T eb2c6a79d92c45d48f1c21bd1a09574a P 0f4b601242394041879cb73c3d3edfa8: stopping tablet replica
I20260709 12:08:44.381399 11192 raft_consensus.cc:2243] T eb2c6a79d92c45d48f1c21bd1a09574a P 0f4b601242394041879cb73c3d3edfa8 [term 2 FOLLOWER]: Raft consensus shutting down.
I20260709 12:08:44.381772 11192 raft_consensus.cc:2272] T eb2c6a79d92c45d48f1c21bd1a09574a P 0f4b601242394041879cb73c3d3edfa8 [term 2 FOLLOWER]: Raft consensus is shut down!
I20260709 12:08:44.383606 11192 tablet_replica.cc:333] T deb8d7e9c0234eb6b7a4ab89f467d0e0 P 0f4b601242394041879cb73c3d3edfa8: stopping tablet replica
I20260709 12:08:44.384053 11192 raft_consensus.cc:2243] T deb8d7e9c0234eb6b7a4ab89f467d0e0 P 0f4b601242394041879cb73c3d3edfa8 [term 3 LEADER]: Raft consensus shutting down.
I20260709 12:08:44.384725 11192 raft_consensus.cc:2272] T deb8d7e9c0234eb6b7a4ab89f467d0e0 P 0f4b601242394041879cb73c3d3edfa8 [term 3 FOLLOWER]: Raft consensus is shut down!
I20260709 12:08:44.386406 11192 tablet_replica.cc:333] T 29d5b67c812d446fa122cb29424c16d0 P 0f4b601242394041879cb73c3d3edfa8: stopping tablet replica
I20260709 12:08:44.386858 11192 raft_consensus.cc:2243] T 29d5b67c812d446fa122cb29424c16d0 P 0f4b601242394041879cb73c3d3edfa8 [term 3 FOLLOWER]: Raft consensus shutting down.
I20260709 12:08:44.387238 11192 raft_consensus.cc:2272] T 29d5b67c812d446fa122cb29424c16d0 P 0f4b601242394041879cb73c3d3edfa8 [term 3 FOLLOWER]: Raft consensus is shut down!
I20260709 12:08:44.388767 11192 tablet_replica.cc:333] T 1708c477db6a4b7eb4549e0dbe2087fe P 0f4b601242394041879cb73c3d3edfa8: stopping tablet replica
I20260709 12:08:44.389196 11192 raft_consensus.cc:2243] T 1708c477db6a4b7eb4549e0dbe2087fe P 0f4b601242394041879cb73c3d3edfa8 [term 3 FOLLOWER]: Raft consensus shutting down.
I20260709 12:08:44.389567 11192 raft_consensus.cc:2272] T 1708c477db6a4b7eb4549e0dbe2087fe P 0f4b601242394041879cb73c3d3edfa8 [term 3 FOLLOWER]: Raft consensus is shut down!
I20260709 12:08:44.391131 11192 tablet_replica.cc:333] T 3fcdea10b60f4e7ab68aa1d28173e14f P 0f4b601242394041879cb73c3d3edfa8: stopping tablet replica
I20260709 12:08:44.391546 11192 raft_consensus.cc:2243] T 3fcdea10b60f4e7ab68aa1d28173e14f P 0f4b601242394041879cb73c3d3edfa8 [term 2 LEADER]: Raft consensus shutting down.
I20260709 12:08:44.392231 11192 raft_consensus.cc:2272] T 3fcdea10b60f4e7ab68aa1d28173e14f P 0f4b601242394041879cb73c3d3edfa8 [term 2 FOLLOWER]: Raft consensus is shut down!
I20260709 12:08:44.393698 11192 tablet_replica.cc:333] T 0d228dbda10f4c6fb351d60686fed3cd P 0f4b601242394041879cb73c3d3edfa8: stopping tablet replica
I20260709 12:08:44.394117 11192 raft_consensus.cc:2243] T 0d228dbda10f4c6fb351d60686fed3cd P 0f4b601242394041879cb73c3d3edfa8 [term 3 FOLLOWER]: Raft consensus shutting down.
I20260709 12:08:44.394565 11192 raft_consensus.cc:2272] T 0d228dbda10f4c6fb351d60686fed3cd P 0f4b601242394041879cb73c3d3edfa8 [term 3 FOLLOWER]: Raft consensus is shut down!
I20260709 12:08:44.396113 11192 tablet_replica.cc:333] T 79812b2343704bc796d8f0cf920cfcc1 P 0f4b601242394041879cb73c3d3edfa8: stopping tablet replica
I20260709 12:08:44.396503 11192 raft_consensus.cc:2243] T 79812b2343704bc796d8f0cf920cfcc1 P 0f4b601242394041879cb73c3d3edfa8 [term 2 FOLLOWER]: Raft consensus shutting down.
I20260709 12:08:44.396834 11192 raft_consensus.cc:2272] T 79812b2343704bc796d8f0cf920cfcc1 P 0f4b601242394041879cb73c3d3edfa8 [term 2 FOLLOWER]: Raft consensus is shut down!
I20260709 12:08:44.423542 11192 tablet_server.cc:196] TabletServer@127.10.238.3:0 shutdown complete.
I20260709 12:08:44.441985 11192 master.cc:562] Master@127.10.238.62:39781 shutting down...
I20260709 12:08:44.646697 11192 raft_consensus.cc:2243] T 00000000000000000000000000000000 P da755472c77e4561b05cf0fa2df0047d [term 1 LEADER]: Raft consensus shutting down.
I20260709 12:08:44.647265 11192 raft_consensus.cc:2272] T 00000000000000000000000000000000 P da755472c77e4561b05cf0fa2df0047d [term 1 FOLLOWER]: Raft consensus is shut down!
I20260709 12:08:44.647549 11192 tablet_replica.cc:333] T 00000000000000000000000000000000 P da755472c77e4561b05cf0fa2df0047d: stopping tablet replica
I20260709 12:08:44.683389 11192 master.cc:584] Master@127.10.238.62:39781 shutdown complete.
0f4b601242394041879cb73c3d3edfa8  1
45ba1b31d7604e779af3bc6d56d76fee  4
edb63002807c47dfb4ffc1687464a70d  4
0f4b601242394041879cb73c3d3edfa8  3
45ba1b31d7604e779af3bc6d56d76fee  3
edb63002807c47dfb4ffc1687464a70d  3
0f4b601242394041879cb73c3d3edfa8  1
45ba1b31d7604e779af3bc6d56d76fee  8
edb63002807c47dfb4ffc1687464a70d  0
0f4b601242394041879cb73c3d3edfa8  3
45ba1b31d7604e779af3bc6d56d76fee  3
edb63002807c47dfb4ffc1687464a70d  3
[       OK ] LeaderRebalancerTest.FunctionalTestForDivided (31372 ms)
[ RUN      ] LeaderRebalancerTest.FunctionalTestForNotDivided
I20260709 12:08:44.727240 11192 internal_mini_cluster.cc:156] Creating distributed mini masters. Addrs: 127.10.238.62:37271
I20260709 12:08:44.728406 11192 file_cache.cc:504] Constructed file cache file cache with capacity 419430
W20260709 12:08:44.733845 11714 instance_detector.cc:116] could not retrieve AWS instance metadata: Network error: curl error: HTTP response code said error: The requested URL returned error: 404
W20260709 12:08:44.733902 11715 instance_detector.cc:116] could not retrieve Azure instance metadata: Network error: curl error: HTTP response code said error: The requested URL returned error: 404
W20260709 12:08:44.735370 11717 instance_detector.cc:116] could not retrieve OpenStack instance metadata: Network error: curl error: HTTP response code said error: The requested URL returned error: 404
I20260709 12:08:44.736130 11192 server_base.cc:1061] running on GCE node
I20260709 12:08:44.737097 11192 hybrid_clock.cc:584] initializing the hybrid clock with 'system_unsync' time source
W20260709 12:08:44.737274 11192 system_unsync_time.cc:38] NTP support is disabled. Clock error bounds will not be accurate. This configuration is not suitable for distributed clusters.
I20260709 12:08:44.737387 11192 hybrid_clock.cc:648] HybridClock initialized: now 1783598924737376 us; error 0 us; skew 500 ppm
I20260709 12:08:44.737838 11192 server_base.cc:861] Flag tcmalloc_max_total_thread_cache_bytes is not working since tcmalloc is not enabled.
I20260709 12:08:44.740183 11192 webserver.cc:533] Webserver started at http://127.10.238.62:43019/ using document root <none> and password file <none>
I20260709 12:08:44.740617 11192 fs_manager.cc:362] Metadata directory not provided
I20260709 12:08:44.740763 11192 fs_manager.cc:368] Using write-ahead log directory (fs_wal_dir) as metadata directory
I20260709 12:08:44.740980 11192 server_base.cc:909] This appears to be a new deployment of Kudu; creating new FS layout
I20260709 12:08:44.742112 11192 fs_manager.cc:1068] Generated new instance metadata in path /tmp/dist-test-taskAusH0f/test-tmp/auto_leader_rebalancer-test.0.LeaderRebalancerTest.FunctionalTestForNotDivided.1783598893183445-11192-0/minicluster-data/master-0-root/instance:
uuid: "be70026592334564a484ef4f25a88885"
format_stamp: "Formatted at 2026-07-09 12:08:44 on dist-test-slave-lgn5"
I20260709 12:08:44.746786 11192 fs_manager.cc:696] Time spent creating directory manager: real 0.004s	user 0.003s	sys 0.001s
I20260709 12:08:44.750015 11722 log_block_manager.cc:4127] Time spent loading block containers with low live blocks: real 0.000s	user 0.000s	sys 0.000s
I20260709 12:08:44.750900 11192 fs_manager.cc:730] Time spent opening block manager: real 0.002s	user 0.002s	sys 0.001s
I20260709 12:08:44.751217 11192 fs_manager.cc:647] Opened local filesystem: /tmp/dist-test-taskAusH0f/test-tmp/auto_leader_rebalancer-test.0.LeaderRebalancerTest.FunctionalTestForNotDivided.1783598893183445-11192-0/minicluster-data/master-0-root
uuid: "be70026592334564a484ef4f25a88885"
format_stamp: "Formatted at 2026-07-09 12:08:44 on dist-test-slave-lgn5"
I20260709 12:08:44.751565 11192 fs_report.cc:389] FS layout report
--------------------
wal directory: /tmp/dist-test-taskAusH0f/test-tmp/auto_leader_rebalancer-test.0.LeaderRebalancerTest.FunctionalTestForNotDivided.1783598893183445-11192-0/minicluster-data/master-0-root
metadata directory: /tmp/dist-test-taskAusH0f/test-tmp/auto_leader_rebalancer-test.0.LeaderRebalancerTest.FunctionalTestForNotDivided.1783598893183445-11192-0/minicluster-data/master-0-root
1 data directories: /tmp/dist-test-taskAusH0f/test-tmp/auto_leader_rebalancer-test.0.LeaderRebalancerTest.FunctionalTestForNotDivided.1783598893183445-11192-0/minicluster-data/master-0-root/data
Total live blocks: 0
Total live bytes: 0
Total live bytes (after alignment): 0
Total number of LBM containers: 0 (0 full)
Did not check for missing blocks
Did not check for orphaned blocks
Total full LBM containers with extra space: 0 (0 repaired)
Total full LBM container extra space in bytes: 0 (0 repaired)
Total incomplete LBM containers: 0 (0 repaired)
Total LBM partial records: 0 (0 repaired)
Total corrupted LBM metadata records in RocksDB: 0 (0 repaired)
I20260709 12:08:44.760149 11192 rpc_server.cc:225] running with OpenSSL 1.1.1  11 Sep 2018
I20260709 12:08:44.761299 11192 kserver.cc:163] Server-wide thread pool size limit: 3276
I20260709 12:08:44.803261 11192 rpc_server.cc:307] RPC server started. Bound to: 127.10.238.62:37271
I20260709 12:08:44.803364 11773 acceptor_pool.cc:272] collecting diagnostics on the listening RPC socket 127.10.238.62:37271 every 8 connection(s)
I20260709 12:08:44.807283 11774 data_dirs.cc:400] Could only allocate 1 dirs of requested 3 for tablet 00000000000000000000000000000000. 1 dirs total, 0 dirs full, 0 dirs failed
I20260709 12:08:44.816938 11774 tablet_bootstrap.cc:492] T 00000000000000000000000000000000 P be70026592334564a484ef4f25a88885: Bootstrap starting.
I20260709 12:08:44.821700 11774 tablet_bootstrap.cc:654] T 00000000000000000000000000000000 P be70026592334564a484ef4f25a88885: Neither blocks nor log segments found. Creating new log.
I20260709 12:08:44.825968 11774 tablet_bootstrap.cc:492] T 00000000000000000000000000000000 P be70026592334564a484ef4f25a88885: No bootstrap required, opened a new log
I20260709 12:08:44.828192 11774 raft_consensus.cc:359] T 00000000000000000000000000000000 P be70026592334564a484ef4f25a88885 [term 0 FOLLOWER]: Replica starting. Triggering 0 pending ops. Active config: opid_index: -1 OBSOLETE_local: true peers { permanent_uuid: "be70026592334564a484ef4f25a88885" member_type: VOTER }
I20260709 12:08:44.828606 11774 raft_consensus.cc:385] T 00000000000000000000000000000000 P be70026592334564a484ef4f25a88885 [term 0 FOLLOWER]: Consensus starting up: Expiring failure detector timer to make a prompt election more likely
I20260709 12:08:44.828784 11774 raft_consensus.cc:740] T 00000000000000000000000000000000 P be70026592334564a484ef4f25a88885 [term 0 FOLLOWER]: Becoming Follower/Learner. State: Replica: be70026592334564a484ef4f25a88885, State: Initialized, Role: FOLLOWER
I20260709 12:08:44.829267 11774 consensus_queue.cc:260] T 00000000000000000000000000000000 P be70026592334564a484ef4f25a88885 [NON_LEADER]: Queue going to NON_LEADER mode. State: All replicated index: 0, Majority replicated index: 0, Committed index: 0, Last appended: 0.0, Last appended by leader: 0, Current term: 0, Majority size: -1, State: 0, Mode: NON_LEADER, active raft config: opid_index: -1 OBSOLETE_local: true peers { permanent_uuid: "be70026592334564a484ef4f25a88885" member_type: VOTER }
I20260709 12:08:44.829691 11774 raft_consensus.cc:399] T 00000000000000000000000000000000 P be70026592334564a484ef4f25a88885 [term 0 FOLLOWER]: Only one voter in the Raft config. Triggering election immediately
I20260709 12:08:44.829888 11774 raft_consensus.cc:493] T 00000000000000000000000000000000 P be70026592334564a484ef4f25a88885 [term 0 FOLLOWER]: Starting leader election (initial election of a single-replica configuration)
I20260709 12:08:44.830130 11774 raft_consensus.cc:3060] T 00000000000000000000000000000000 P be70026592334564a484ef4f25a88885 [term 0 FOLLOWER]: Advancing to term 1
I20260709 12:08:44.834009 11774 raft_consensus.cc:515] T 00000000000000000000000000000000 P be70026592334564a484ef4f25a88885 [term 1 FOLLOWER]: Starting leader election with config: opid_index: -1 OBSOLETE_local: true peers { permanent_uuid: "be70026592334564a484ef4f25a88885" member_type: VOTER }
I20260709 12:08:44.834492 11774 leader_election.cc:304] T 00000000000000000000000000000000 P be70026592334564a484ef4f25a88885 [CANDIDATE]: Term 1 election: Election decided. Result: candidate won. Election summary: received 1 responses out of 1 voters: 1 yes votes; 0 no votes. yes voters: be70026592334564a484ef4f25a88885; no voters: 
I20260709 12:08:44.835593 11774 leader_election.cc:290] T 00000000000000000000000000000000 P be70026592334564a484ef4f25a88885 [CANDIDATE]: Term 1 election: Requested vote from peers 
I20260709 12:08:44.836066 11777 raft_consensus.cc:2804] T 00000000000000000000000000000000 P be70026592334564a484ef4f25a88885 [term 1 FOLLOWER]: Leader election won for term 1
I20260709 12:08:44.837448 11777 raft_consensus.cc:697] T 00000000000000000000000000000000 P be70026592334564a484ef4f25a88885 [term 1 LEADER]: Becoming Leader. State: Replica: be70026592334564a484ef4f25a88885, State: Running, Role: LEADER
I20260709 12:08:44.838229 11777 consensus_queue.cc:237] T 00000000000000000000000000000000 P be70026592334564a484ef4f25a88885 [LEADER]: Queue going to LEADER mode. State: All replicated index: 0, Majority replicated index: 0, Committed index: 0, Last appended: 0.0, Last appended by leader: 0, Current term: 1, Majority size: 1, State: 0, Mode: LEADER, active raft config: opid_index: -1 OBSOLETE_local: true peers { permanent_uuid: "be70026592334564a484ef4f25a88885" member_type: VOTER }
I20260709 12:08:44.838522 11774 sys_catalog.cc:565] T 00000000000000000000000000000000 P be70026592334564a484ef4f25a88885 [sys.catalog]: configured and running, proceeding with master startup.
I20260709 12:08:44.843559 11779 sys_catalog.cc:455] T 00000000000000000000000000000000 P be70026592334564a484ef4f25a88885 [sys.catalog]: SysCatalogTable state changed. Reason: New leader be70026592334564a484ef4f25a88885. Latest consensus state: current_term: 1 leader_uuid: "be70026592334564a484ef4f25a88885" committed_config { opid_index: -1 OBSOLETE_local: true peers { permanent_uuid: "be70026592334564a484ef4f25a88885" member_type: VOTER } }
I20260709 12:08:44.843832 11778 sys_catalog.cc:455] T 00000000000000000000000000000000 P be70026592334564a484ef4f25a88885 [sys.catalog]: SysCatalogTable state changed. Reason: RaftConsensus started. Latest consensus state: current_term: 1 leader_uuid: "be70026592334564a484ef4f25a88885" committed_config { opid_index: -1 OBSOLETE_local: true peers { permanent_uuid: "be70026592334564a484ef4f25a88885" member_type: VOTER } }
I20260709 12:08:44.844180 11779 sys_catalog.cc:458] T 00000000000000000000000000000000 P be70026592334564a484ef4f25a88885 [sys.catalog]: This master's current role is: LEADER
I20260709 12:08:44.844313 11778 sys_catalog.cc:458] T 00000000000000000000000000000000 P be70026592334564a484ef4f25a88885 [sys.catalog]: This master's current role is: LEADER
I20260709 12:08:44.847437 11785 catalog_manager.cc:1511] Loading table and tablet metadata into memory...
I20260709 12:08:44.855590 11785 catalog_manager.cc:1520] Initializing Kudu cluster ID...
I20260709 12:08:44.856619 11192 internal_mini_cluster.cc:184] Waiting to initialize catalog manager on master 0
I20260709 12:08:44.864701 11785 catalog_manager.cc:1383] Generated new cluster ID: 73d5821eb5224f8885c1a640160326ab
I20260709 12:08:44.865036 11785 catalog_manager.cc:1531] Initializing Kudu internal certificate authority...
I20260709 12:08:44.896564 11785 catalog_manager.cc:1406] Generated new certificate authority record
I20260709 12:08:44.897838 11785 catalog_manager.cc:1540] Loading token signing keys...
I20260709 12:08:44.914613 11785 catalog_manager.cc:6070] T 00000000000000000000000000000000 P be70026592334564a484ef4f25a88885: Generated new TSK 0
I20260709 12:08:44.915325 11785 catalog_manager.cc:1550] Initializing in-progress tserver states...
I20260709 12:08:44.922996 11192 file_cache.cc:504] Constructed file cache file cache with capacity 419430
W20260709 12:08:44.928936 11795 instance_detector.cc:116] could not retrieve AWS instance metadata: Network error: curl error: HTTP response code said error: The requested URL returned error: 404
W20260709 12:08:44.929965 11796 instance_detector.cc:116] could not retrieve Azure instance metadata: Network error: curl error: HTTP response code said error: The requested URL returned error: 404
W20260709 12:08:44.931324 11798 instance_detector.cc:116] could not retrieve OpenStack instance metadata: Network error: curl error: HTTP response code said error: The requested URL returned error: 404
I20260709 12:08:44.931659 11192 server_base.cc:1061] running on GCE node
I20260709 12:08:44.932596 11192 hybrid_clock.cc:584] initializing the hybrid clock with 'system_unsync' time source
W20260709 12:08:44.932780 11192 system_unsync_time.cc:38] NTP support is disabled. Clock error bounds will not be accurate. This configuration is not suitable for distributed clusters.
I20260709 12:08:44.932901 11192 hybrid_clock.cc:648] HybridClock initialized: now 1783598924932890 us; error 0 us; skew 500 ppm
I20260709 12:08:44.933531 11192 server_base.cc:861] Flag tcmalloc_max_total_thread_cache_bytes is not working since tcmalloc is not enabled.
I20260709 12:08:44.935786 11192 webserver.cc:533] Webserver started at http://127.10.238.1:32779/ using document root <none> and password file <none>
I20260709 12:08:44.936226 11192 fs_manager.cc:362] Metadata directory not provided
I20260709 12:08:44.936378 11192 fs_manager.cc:368] Using write-ahead log directory (fs_wal_dir) as metadata directory
I20260709 12:08:44.936594 11192 server_base.cc:909] This appears to be a new deployment of Kudu; creating new FS layout
I20260709 12:08:44.937657 11192 fs_manager.cc:1068] Generated new instance metadata in path /tmp/dist-test-taskAusH0f/test-tmp/auto_leader_rebalancer-test.0.LeaderRebalancerTest.FunctionalTestForNotDivided.1783598893183445-11192-0/minicluster-data/ts-0-root/instance:
uuid: "f7775a78c37443c391be4b4da0cd1563"
format_stamp: "Formatted at 2026-07-09 12:08:44 on dist-test-slave-lgn5"
I20260709 12:08:44.942070 11192 fs_manager.cc:696] Time spent creating directory manager: real 0.004s	user 0.006s	sys 0.000s
I20260709 12:08:44.945438 11803 log_block_manager.cc:4127] Time spent loading block containers with low live blocks: real 0.000s	user 0.000s	sys 0.000s
I20260709 12:08:44.946314 11192 fs_manager.cc:730] Time spent opening block manager: real 0.002s	user 0.003s	sys 0.000s
I20260709 12:08:44.946656 11192 fs_manager.cc:647] Opened local filesystem: /tmp/dist-test-taskAusH0f/test-tmp/auto_leader_rebalancer-test.0.LeaderRebalancerTest.FunctionalTestForNotDivided.1783598893183445-11192-0/minicluster-data/ts-0-root
uuid: "f7775a78c37443c391be4b4da0cd1563"
format_stamp: "Formatted at 2026-07-09 12:08:44 on dist-test-slave-lgn5"
I20260709 12:08:44.946923 11192 fs_report.cc:389] FS layout report
--------------------
wal directory: /tmp/dist-test-taskAusH0f/test-tmp/auto_leader_rebalancer-test.0.LeaderRebalancerTest.FunctionalTestForNotDivided.1783598893183445-11192-0/minicluster-data/ts-0-root
metadata directory: /tmp/dist-test-taskAusH0f/test-tmp/auto_leader_rebalancer-test.0.LeaderRebalancerTest.FunctionalTestForNotDivided.1783598893183445-11192-0/minicluster-data/ts-0-root
1 data directories: /tmp/dist-test-taskAusH0f/test-tmp/auto_leader_rebalancer-test.0.LeaderRebalancerTest.FunctionalTestForNotDivided.1783598893183445-11192-0/minicluster-data/ts-0-root/data
Total live blocks: 0
Total live bytes: 0
Total live bytes (after alignment): 0
Total number of LBM containers: 0 (0 full)
Did not check for missing blocks
Did not check for orphaned blocks
Total full LBM containers with extra space: 0 (0 repaired)
Total full LBM container extra space in bytes: 0 (0 repaired)
Total incomplete LBM containers: 0 (0 repaired)
Total LBM partial records: 0 (0 repaired)
Total corrupted LBM metadata records in RocksDB: 0 (0 repaired)
I20260709 12:08:44.964000 11192 rpc_server.cc:225] running with OpenSSL 1.1.1  11 Sep 2018
I20260709 12:08:44.965279 11192 kserver.cc:163] Server-wide thread pool size limit: 3276
I20260709 12:08:44.966843 11192 txn_system_client.cc:432] TxnSystemClient initialization is disabled...
I20260709 12:08:44.969123 11192 ts_tablet_manager.cc:585] Loaded tablet metadata (0 total tablets, 0 live tablets)
I20260709 12:08:44.969342 11192 ts_tablet_manager.cc:531] Time spent load tablet metadata: real 0.000s	user 0.000s	sys 0.000s
I20260709 12:08:44.969632 11192 ts_tablet_manager.cc:616] Registered 0 tablets
I20260709 12:08:44.969806 11192 ts_tablet_manager.cc:595] Time spent register tablets: real 0.000s	user 0.000s	sys 0.000s
I20260709 12:08:45.011389 11192 rpc_server.cc:307] RPC server started. Bound to: 127.10.238.1:33853
I20260709 12:08:45.011497 11865 acceptor_pool.cc:272] collecting diagnostics on the listening RPC socket 127.10.238.1:33853 every 8 connection(s)
I20260709 12:08:45.016808 11192 file_cache.cc:504] Constructed file cache file cache with capacity 419430
W20260709 12:08:45.024188 11870 instance_detector.cc:116] could not retrieve AWS instance metadata: Network error: curl error: HTTP response code said error: The requested URL returned error: 404
W20260709 12:08:45.025185 11871 instance_detector.cc:116] could not retrieve Azure instance metadata: Network error: curl error: HTTP response code said error: The requested URL returned error: 404
W20260709 12:08:45.028558 11873 instance_detector.cc:116] could not retrieve OpenStack instance metadata: Network error: curl error: HTTP response code said error: The requested URL returned error: 404
I20260709 12:08:45.029536 11192 server_base.cc:1061] running on GCE node
I20260709 12:08:45.030710 11866 heartbeater.cc:344] Connected to a master server at 127.10.238.62:37271
I20260709 12:08:45.030776 11192 hybrid_clock.cc:584] initializing the hybrid clock with 'system_unsync' time source
W20260709 12:08:45.031174 11192 system_unsync_time.cc:38] NTP support is disabled. Clock error bounds will not be accurate. This configuration is not suitable for distributed clusters.
I20260709 12:08:45.031219 11866 heartbeater.cc:461] Registering TS with master...
I20260709 12:08:45.031409 11192 hybrid_clock.cc:648] HybridClock initialized: now 1783598925031390 us; error 0 us; skew 500 ppm
I20260709 12:08:45.032040 11192 server_base.cc:861] Flag tcmalloc_max_total_thread_cache_bytes is not working since tcmalloc is not enabled.
I20260709 12:08:45.032137 11866 heartbeater.cc:507] Master 127.10.238.62:37271 requested a full tablet report, sending...
I20260709 12:08:45.034891 11192 webserver.cc:533] Webserver started at http://127.10.238.2:33937/ using document root <none> and password file <none>
I20260709 12:08:45.034927 11739 ts_manager.cc:194] Registered new tserver with Master: f7775a78c37443c391be4b4da0cd1563 (127.10.238.1:33853)
I20260709 12:08:45.035823 11192 fs_manager.cc:362] Metadata directory not provided
I20260709 12:08:45.036146 11192 fs_manager.cc:368] Using write-ahead log directory (fs_wal_dir) as metadata directory
I20260709 12:08:45.036433 11192 server_base.cc:909] This appears to be a new deployment of Kudu; creating new FS layout
I20260709 12:08:45.037267 11739 master_service.cc:502] Signed X509 certificate for tserver {username='slave'} at 127.0.0.1:55676
I20260709 12:08:45.037698 11192 fs_manager.cc:1068] Generated new instance metadata in path /tmp/dist-test-taskAusH0f/test-tmp/auto_leader_rebalancer-test.0.LeaderRebalancerTest.FunctionalTestForNotDivided.1783598893183445-11192-0/minicluster-data/ts-1-root/instance:
uuid: "05cd60b279694777b9788fe6349d209f"
format_stamp: "Formatted at 2026-07-09 12:08:45 on dist-test-slave-lgn5"
I20260709 12:08:45.042507 11192 fs_manager.cc:696] Time spent creating directory manager: real 0.004s	user 0.002s	sys 0.001s
I20260709 12:08:45.045791 11878 log_block_manager.cc:4127] Time spent loading block containers with low live blocks: real 0.000s	user 0.000s	sys 0.000s
I20260709 12:08:45.046598 11192 fs_manager.cc:730] Time spent opening block manager: real 0.002s	user 0.002s	sys 0.001s
I20260709 12:08:45.046896 11192 fs_manager.cc:647] Opened local filesystem: /tmp/dist-test-taskAusH0f/test-tmp/auto_leader_rebalancer-test.0.LeaderRebalancerTest.FunctionalTestForNotDivided.1783598893183445-11192-0/minicluster-data/ts-1-root
uuid: "05cd60b279694777b9788fe6349d209f"
format_stamp: "Formatted at 2026-07-09 12:08:45 on dist-test-slave-lgn5"
I20260709 12:08:45.047231 11192 fs_report.cc:389] FS layout report
--------------------
wal directory: /tmp/dist-test-taskAusH0f/test-tmp/auto_leader_rebalancer-test.0.LeaderRebalancerTest.FunctionalTestForNotDivided.1783598893183445-11192-0/minicluster-data/ts-1-root
metadata directory: /tmp/dist-test-taskAusH0f/test-tmp/auto_leader_rebalancer-test.0.LeaderRebalancerTest.FunctionalTestForNotDivided.1783598893183445-11192-0/minicluster-data/ts-1-root
1 data directories: /tmp/dist-test-taskAusH0f/test-tmp/auto_leader_rebalancer-test.0.LeaderRebalancerTest.FunctionalTestForNotDivided.1783598893183445-11192-0/minicluster-data/ts-1-root/data
Total live blocks: 0
Total live bytes: 0
Total live bytes (after alignment): 0
Total number of LBM containers: 0 (0 full)
Did not check for missing blocks
Did not check for orphaned blocks
Total full LBM containers with extra space: 0 (0 repaired)
Total full LBM container extra space in bytes: 0 (0 repaired)
Total incomplete LBM containers: 0 (0 repaired)
Total LBM partial records: 0 (0 repaired)
Total corrupted LBM metadata records in RocksDB: 0 (0 repaired)
I20260709 12:08:45.065498 11192 rpc_server.cc:225] running with OpenSSL 1.1.1  11 Sep 2018
I20260709 12:08:45.066828 11192 kserver.cc:163] Server-wide thread pool size limit: 3276
I20260709 12:08:45.068336 11192 txn_system_client.cc:432] TxnSystemClient initialization is disabled...
I20260709 12:08:45.070652 11192 ts_tablet_manager.cc:585] Loaded tablet metadata (0 total tablets, 0 live tablets)
I20260709 12:08:45.070884 11192 ts_tablet_manager.cc:531] Time spent load tablet metadata: real 0.000s	user 0.000s	sys 0.000s
I20260709 12:08:45.071138 11192 ts_tablet_manager.cc:616] Registered 0 tablets
I20260709 12:08:45.071311 11192 ts_tablet_manager.cc:595] Time spent register tablets: real 0.000s	user 0.000s	sys 0.000s
I20260709 12:08:45.113431 11192 rpc_server.cc:307] RPC server started. Bound to: 127.10.238.2:43945
I20260709 12:08:45.113562 11940 acceptor_pool.cc:272] collecting diagnostics on the listening RPC socket 127.10.238.2:43945 every 8 connection(s)
I20260709 12:08:45.118067 11192 file_cache.cc:504] Constructed file cache file cache with capacity 419430
W20260709 12:08:45.126070 11944 instance_detector.cc:116] could not retrieve AWS instance metadata: Network error: curl error: HTTP response code said error: The requested URL returned error: 404
W20260709 12:08:45.127142 11945 instance_detector.cc:116] could not retrieve Azure instance metadata: Network error: curl error: HTTP response code said error: The requested URL returned error: 404
I20260709 12:08:45.131088 11941 heartbeater.cc:344] Connected to a master server at 127.10.238.62:37271
I20260709 12:08:45.131529 11941 heartbeater.cc:461] Registering TS with master...
I20260709 12:08:45.132310 11941 heartbeater.cc:507] Master 127.10.238.62:37271 requested a full tablet report, sending...
I20260709 12:08:45.133074 11192 server_base.cc:1061] running on GCE node
W20260709 12:08:45.133139 11948 instance_detector.cc:116] could not retrieve OpenStack instance metadata: Network error: curl error: HTTP response code said error: The requested URL returned error: 404
I20260709 12:08:45.134624 11192 hybrid_clock.cc:584] initializing the hybrid clock with 'system_unsync' time source
I20260709 12:08:45.134824 11739 ts_manager.cc:194] Registered new tserver with Master: 05cd60b279694777b9788fe6349d209f (127.10.238.2:43945)
W20260709 12:08:45.134927 11192 system_unsync_time.cc:38] NTP support is disabled. Clock error bounds will not be accurate. This configuration is not suitable for distributed clusters.
I20260709 12:08:45.135250 11192 hybrid_clock.cc:648] HybridClock initialized: now 1783598925135227 us; error 0 us; skew 500 ppm
I20260709 12:08:45.136037 11192 server_base.cc:861] Flag tcmalloc_max_total_thread_cache_bytes is not working since tcmalloc is not enabled.
I20260709 12:08:45.136654 11739 master_service.cc:502] Signed X509 certificate for tserver {username='slave'} at 127.0.0.1:55692
I20260709 12:08:45.138988 11192 webserver.cc:533] Webserver started at http://127.10.238.3:43087/ using document root <none> and password file <none>
I20260709 12:08:45.139531 11192 fs_manager.cc:362] Metadata directory not provided
I20260709 12:08:45.139773 11192 fs_manager.cc:368] Using write-ahead log directory (fs_wal_dir) as metadata directory
I20260709 12:08:45.140113 11192 server_base.cc:909] This appears to be a new deployment of Kudu; creating new FS layout
I20260709 12:08:45.141346 11192 fs_manager.cc:1068] Generated new instance metadata in path /tmp/dist-test-taskAusH0f/test-tmp/auto_leader_rebalancer-test.0.LeaderRebalancerTest.FunctionalTestForNotDivided.1783598893183445-11192-0/minicluster-data/ts-2-root/instance:
uuid: "b871ed7698124f8b8fc8f909a45b8697"
format_stamp: "Formatted at 2026-07-09 12:08:45 on dist-test-slave-lgn5"
I20260709 12:08:45.145797 11192 fs_manager.cc:696] Time spent creating directory manager: real 0.004s	user 0.006s	sys 0.000s
I20260709 12:08:45.149700 11952 log_block_manager.cc:4127] Time spent loading block containers with low live blocks: real 0.000s	user 0.000s	sys 0.000s
I20260709 12:08:45.150589 11192 fs_manager.cc:730] Time spent opening block manager: real 0.003s	user 0.003s	sys 0.000s
I20260709 12:08:45.150846 11192 fs_manager.cc:647] Opened local filesystem: /tmp/dist-test-taskAusH0f/test-tmp/auto_leader_rebalancer-test.0.LeaderRebalancerTest.FunctionalTestForNotDivided.1783598893183445-11192-0/minicluster-data/ts-2-root
uuid: "b871ed7698124f8b8fc8f909a45b8697"
format_stamp: "Formatted at 2026-07-09 12:08:45 on dist-test-slave-lgn5"
I20260709 12:08:45.151095 11192 fs_report.cc:389] FS layout report
--------------------
wal directory: /tmp/dist-test-taskAusH0f/test-tmp/auto_leader_rebalancer-test.0.LeaderRebalancerTest.FunctionalTestForNotDivided.1783598893183445-11192-0/minicluster-data/ts-2-root
metadata directory: /tmp/dist-test-taskAusH0f/test-tmp/auto_leader_rebalancer-test.0.LeaderRebalancerTest.FunctionalTestForNotDivided.1783598893183445-11192-0/minicluster-data/ts-2-root
1 data directories: /tmp/dist-test-taskAusH0f/test-tmp/auto_leader_rebalancer-test.0.LeaderRebalancerTest.FunctionalTestForNotDivided.1783598893183445-11192-0/minicluster-data/ts-2-root/data
Total live blocks: 0
Total live bytes: 0
Total live bytes (after alignment): 0
Total number of LBM containers: 0 (0 full)
Did not check for missing blocks
Did not check for orphaned blocks
Total full LBM containers with extra space: 0 (0 repaired)
Total full LBM container extra space in bytes: 0 (0 repaired)
Total incomplete LBM containers: 0 (0 repaired)
Total LBM partial records: 0 (0 repaired)
Total corrupted LBM metadata records in RocksDB: 0 (0 repaired)
I20260709 12:08:45.165408 11192 rpc_server.cc:225] running with OpenSSL 1.1.1  11 Sep 2018
I20260709 12:08:45.166675 11192 kserver.cc:163] Server-wide thread pool size limit: 3276
I20260709 12:08:45.168103 11192 txn_system_client.cc:432] TxnSystemClient initialization is disabled...
I20260709 12:08:45.170359 11192 ts_tablet_manager.cc:585] Loaded tablet metadata (0 total tablets, 0 live tablets)
I20260709 12:08:45.170563 11192 ts_tablet_manager.cc:531] Time spent load tablet metadata: real 0.000s	user 0.000s	sys 0.000s
I20260709 12:08:45.170830 11192 ts_tablet_manager.cc:616] Registered 0 tablets
I20260709 12:08:45.170970 11192 ts_tablet_manager.cc:595] Time spent register tablets: real 0.000s	user 0.000s	sys 0.000s
I20260709 12:08:45.217387 11192 rpc_server.cc:307] RPC server started. Bound to: 127.10.238.3:45153
I20260709 12:08:45.217496 12014 acceptor_pool.cc:272] collecting diagnostics on the listening RPC socket 127.10.238.3:45153 every 8 connection(s)
I20260709 12:08:45.232769 12015 heartbeater.cc:344] Connected to a master server at 127.10.238.62:37271
I20260709 12:08:45.233265 12015 heartbeater.cc:461] Registering TS with master...
I20260709 12:08:45.234054 12015 heartbeater.cc:507] Master 127.10.238.62:37271 requested a full tablet report, sending...
I20260709 12:08:45.236130 11739 ts_manager.cc:194] Registered new tserver with Master: b871ed7698124f8b8fc8f909a45b8697 (127.10.238.3:45153)
I20260709 12:08:45.236619 11192 internal_mini_cluster.cc:371] 3 TS(s) registered with all masters after 0.015770481s
I20260709 12:08:45.237516 11739 master_service.cc:502] Signed X509 certificate for tserver {username='slave'} at 127.0.0.1:55706
I20260709 12:08:45.263298 11739 catalog_manager.cc:2283] Servicing CreateTable request from {username='slave'} at 127.0.0.1:55710:
name: "test-workload"
schema {
  columns {
    name: "key"
    type: INT32
    is_key: true
    is_nullable: false
    encoding: AUTO_ENCODING
    compression: DEFAULT_COMPRESSION
    cfile_block_size: 0
    immutable: false
  }
  columns {
    name: "int_val"
    type: INT32
    is_key: false
    is_nullable: false
    encoding: AUTO_ENCODING
    compression: DEFAULT_COMPRESSION
    cfile_block_size: 0
    immutable: false
  }
  columns {
    name: "string_val"
    type: STRING
    is_key: false
    is_nullable: true
    encoding: AUTO_ENCODING
    compression: DEFAULT_COMPRESSION
    cfile_block_size: 0
    immutable: false
  }
}
num_replicas: 3
split_rows_range_bounds {
  rows: "\004\001\000\314\314\314\014\004\001\000\230\231\231\031\004\001\000dff&\004\001\0000333\004\001\000\374\377\377?\004\001\000\310\314\314L\004\001\000\224\231\231Y\004\001\000`fff\004\001\000,33s""\004\001\000\314\314\314\014\004\001\000\230\231\231\031\004\001\000dff&\004\001\0000333\004\001\000\374\377\377?\004\001\000\310\314\314L\004\001\000\224\231\231Y\004\001\000`fff\004\001\000,33s"
  indirect_data: """"
}
partition_schema {
  range_schema {
    columns {
      name: "key"
    }
  }
}
W20260709 12:08:45.266367 11739 catalog_manager.cc:7077] The number of live tablet servers is not enough to re-replicate a tablet replica of the newly created table test-workload in case of a server failure: 4 tablet servers would be needed, 3 are available. Consider bringing up more tablet servers.
I20260709 12:08:45.344988 11831 tablet_service.cc:1511] Processing CreateTablet for tablet f373a93b73a046288a8a865e7f2d2ed5 (DEFAULT_TABLE table=test-workload [id=04168cbe79e044539f35e39db7d7dfa3]), partition=RANGE (key) PARTITION VALUES < 214748364
I20260709 12:08:45.345955 11828 tablet_service.cc:1511] Processing CreateTablet for tablet a518bf811dd645cbb7df79b09e423cbc (DEFAULT_TABLE table=test-workload [id=04168cbe79e044539f35e39db7d7dfa3]), partition=RANGE (key) PARTITION 644245092 <= VALUES < 858993456
I20260709 12:08:45.346663 11831 data_dirs.cc:400] Could only allocate 1 dirs of requested 3 for tablet f373a93b73a046288a8a865e7f2d2ed5. 1 dirs total, 0 dirs full, 0 dirs failed
I20260709 12:08:45.347407 11828 data_dirs.cc:400] Could only allocate 1 dirs of requested 3 for tablet a518bf811dd645cbb7df79b09e423cbc. 1 dirs total, 0 dirs full, 0 dirs failed
I20260709 12:08:45.347270 11829 tablet_service.cc:1511] Processing CreateTablet for tablet e8984470dab74da1b0ba2e376f51c12b (DEFAULT_TABLE table=test-workload [id=04168cbe79e044539f35e39db7d7dfa3]), partition=RANGE (key) PARTITION 429496728 <= VALUES < 644245092
I20260709 12:08:45.349483 11829 data_dirs.cc:400] Could only allocate 1 dirs of requested 3 for tablet e8984470dab74da1b0ba2e376f51c12b. 1 dirs total, 0 dirs full, 0 dirs failed
I20260709 12:08:45.349422 11830 tablet_service.cc:1511] Processing CreateTablet for tablet 770c572b5d684ed7ae70b9d2ee91e671 (DEFAULT_TABLE table=test-workload [id=04168cbe79e044539f35e39db7d7dfa3]), partition=RANGE (key) PARTITION 214748364 <= VALUES < 429496728
I20260709 12:08:45.350878 11830 data_dirs.cc:400] Could only allocate 1 dirs of requested 3 for tablet 770c572b5d684ed7ae70b9d2ee91e671. 1 dirs total, 0 dirs full, 0 dirs failed
I20260709 12:08:45.351162 11980 tablet_service.cc:1511] Processing CreateTablet for tablet f373a93b73a046288a8a865e7f2d2ed5 (DEFAULT_TABLE table=test-workload [id=04168cbe79e044539f35e39db7d7dfa3]), partition=RANGE (key) PARTITION VALUES < 214748364
I20260709 12:08:45.352406 11980 data_dirs.cc:400] Could only allocate 1 dirs of requested 3 for tablet f373a93b73a046288a8a865e7f2d2ed5. 1 dirs total, 0 dirs full, 0 dirs failed
I20260709 12:08:45.355401 11979 tablet_service.cc:1511] Processing CreateTablet for tablet 770c572b5d684ed7ae70b9d2ee91e671 (DEFAULT_TABLE table=test-workload [id=04168cbe79e044539f35e39db7d7dfa3]), partition=RANGE (key) PARTITION 214748364 <= VALUES < 429496728
I20260709 12:08:45.356752 11979 data_dirs.cc:400] Could only allocate 1 dirs of requested 3 for tablet 770c572b5d684ed7ae70b9d2ee91e671. 1 dirs total, 0 dirs full, 0 dirs failed
I20260709 12:08:45.358397 11977 tablet_service.cc:1511] Processing CreateTablet for tablet a518bf811dd645cbb7df79b09e423cbc (DEFAULT_TABLE table=test-workload [id=04168cbe79e044539f35e39db7d7dfa3]), partition=RANGE (key) PARTITION 644245092 <= VALUES < 858993456
I20260709 12:08:45.360584 11978 tablet_service.cc:1511] Processing CreateTablet for tablet e8984470dab74da1b0ba2e376f51c12b (DEFAULT_TABLE table=test-workload [id=04168cbe79e044539f35e39db7d7dfa3]), partition=RANGE (key) PARTITION 429496728 <= VALUES < 644245092
I20260709 12:08:45.363793 11976 tablet_service.cc:1511] Processing CreateTablet for tablet 2a27eacfa9c64d129f168f28184e17a5 (DEFAULT_TABLE table=test-workload [id=04168cbe79e044539f35e39db7d7dfa3]), partition=RANGE (key) PARTITION 858993456 <= VALUES < 1073741820
I20260709 12:08:45.365092 11976 data_dirs.cc:400] Could only allocate 1 dirs of requested 3 for tablet 2a27eacfa9c64d129f168f28184e17a5. 1 dirs total, 0 dirs full, 0 dirs failed
I20260709 12:08:45.369103 11975 tablet_service.cc:1511] Processing CreateTablet for tablet cd6b55290b7545d1a167ebbe951039b9 (DEFAULT_TABLE table=test-workload [id=04168cbe79e044539f35e39db7d7dfa3]), partition=RANGE (key) PARTITION 1073741820 <= VALUES < 1288490184
I20260709 12:08:45.370416 11975 data_dirs.cc:400] Could only allocate 1 dirs of requested 3 for tablet cd6b55290b7545d1a167ebbe951039b9. 1 dirs total, 0 dirs full, 0 dirs failed
I20260709 12:08:45.373587 11974 tablet_service.cc:1511] Processing CreateTablet for tablet edd65c10ccbe4d61845ef2c9c4256bdb (DEFAULT_TABLE table=test-workload [id=04168cbe79e044539f35e39db7d7dfa3]), partition=RANGE (key) PARTITION 1288490184 <= VALUES < 1503238548
I20260709 12:08:45.374889 11974 data_dirs.cc:400] Could only allocate 1 dirs of requested 3 for tablet edd65c10ccbe4d61845ef2c9c4256bdb. 1 dirs total, 0 dirs full, 0 dirs failed
I20260709 12:08:45.378798 11973 tablet_service.cc:1511] Processing CreateTablet for tablet 55143b9012a44d7a87d4d6f049636694 (DEFAULT_TABLE table=test-workload [id=04168cbe79e044539f35e39db7d7dfa3]), partition=RANGE (key) PARTITION 1503238548 <= VALUES < 1717986912
