I20260709 12:08:49.271481 22091 raft_consensus.cc:515] T 97647dd813be4fd5acccc665c9eccd6a P d3719d7a47e148c08d2a9d4a76e722ea [term 2 FOLLOWER]: Starting pre-election with config: opid_index: -1 OBSOLETE_local: false peers { permanent_uuid: "9f9af6fb7f214feb97891ce77fa31281" member_type: VOTER last_known_addr { host: "127.20.165.129" port: 44685 } } peers { permanent_uuid: "d3719d7a47e148c08d2a9d4a76e722ea" member_type: VOTER last_known_addr { host: "127.20.165.130" port: 35651 } } peers { permanent_uuid: "151fcd6b220d4348815276cb7d4a9742" member_type: VOTER last_known_addr { host: "127.20.165.131" port: 37481 } }
I20260709 12:08:49.271586 22090 raft_consensus.cc:493] T 31b05b2796b746b986456bf8b0be2e45 P d3719d7a47e148c08d2a9d4a76e722ea [term 1 FOLLOWER]: Starting pre-election (detected failure of leader 9f9af6fb7f214feb97891ce77fa31281)
I20260709 12:08:49.272603 22095 raft_consensus.cc:493] T 86439f06fe424f78b7cfd6c46da8465f P 151fcd6b220d4348815276cb7d4a9742 [term 2 FOLLOWER]: Starting pre-election (detected failure of leader 9f9af6fb7f214feb97891ce77fa31281)
I20260709 12:08:49.274298 22093 raft_consensus.cc:493] T 3d13d6b5c41344c7925507ef6ea8f44d P 151fcd6b220d4348815276cb7d4a9742 [term 2 FOLLOWER]: Starting pre-election (detected failure of leader 9f9af6fb7f214feb97891ce77fa31281)
I20260709 12:08:49.287703 22100 raft_consensus.cc:493] T 2c5a9de4fb284f46bed7c64c9429286e P 151fcd6b220d4348815276cb7d4a9742 [term 2 FOLLOWER]: Starting pre-election (detected failure of leader 9f9af6fb7f214feb97891ce77fa31281)
I20260709 12:08:49.288722 21807 tablet_service.cc:1917] Received RequestConsensusVote() RPC: tablet_id: "97647dd813be4fd5acccc665c9eccd6a" candidate_uuid: "d3719d7a47e148c08d2a9d4a76e722ea" candidate_term: 3 candidate_status { last_received { term: 2 index: 2 } } ignore_live_leader: false dest_uuid: "9f9af6fb7f214feb97891ce77fa31281" is_pre_election: true
I20260709 12:08:49.276150 22091 leader_election.cc:290] T 97647dd813be4fd5acccc665c9eccd6a P d3719d7a47e148c08d2a9d4a76e722ea [CANDIDATE]: Term 3 pre-election: Requested pre-vote from peers 9f9af6fb7f214feb97891ce77fa31281 (127.20.165.129:44685), 151fcd6b220d4348815276cb7d4a9742 (127.20.165.131:37481)
I20260709 12:08:49.277258 22099 raft_consensus.cc:515] T a5117968af6c4ea395a2e12851167c70 P d3719d7a47e148c08d2a9d4a76e722ea [term 2 FOLLOWER]: Starting pre-election with config: opid_index: -1 OBSOLETE_local: false peers { permanent_uuid: "9f9af6fb7f214feb97891ce77fa31281" member_type: VOTER last_known_addr { host: "127.20.165.129" port: 44685 } } peers { permanent_uuid: "d3719d7a47e148c08d2a9d4a76e722ea" member_type: VOTER last_known_addr { host: "127.20.165.130" port: 35651 } } peers { permanent_uuid: "151fcd6b220d4348815276cb7d4a9742" member_type: VOTER last_known_addr { host: "127.20.165.131" port: 37481 } }
I20260709 12:08:49.335137 22099 leader_election.cc:290] T a5117968af6c4ea395a2e12851167c70 P d3719d7a47e148c08d2a9d4a76e722ea [CANDIDATE]: Term 3 pre-election: Requested pre-vote from peers 9f9af6fb7f214feb97891ce77fa31281 (127.20.165.129:44685), 151fcd6b220d4348815276cb7d4a9742 (127.20.165.131:37481)
I20260709 12:08:49.303948 22095 raft_consensus.cc:515] T 86439f06fe424f78b7cfd6c46da8465f P 151fcd6b220d4348815276cb7d4a9742 [term 2 FOLLOWER]: Starting pre-election with config: opid_index: -1 OBSOLETE_local: false peers { permanent_uuid: "9f9af6fb7f214feb97891ce77fa31281" member_type: VOTER last_known_addr { host: "127.20.165.129" port: 44685 } } peers { permanent_uuid: "d3719d7a47e148c08d2a9d4a76e722ea" member_type: VOTER last_known_addr { host: "127.20.165.130" port: 35651 } } peers { permanent_uuid: "151fcd6b220d4348815276cb7d4a9742" member_type: VOTER last_known_addr { host: "127.20.165.131" port: 37481 } }
I20260709 12:08:49.282917 22090 raft_consensus.cc:515] T 31b05b2796b746b986456bf8b0be2e45 P d3719d7a47e148c08d2a9d4a76e722ea [term 1 FOLLOWER]: Starting pre-election with config: opid_index: -1 OBSOLETE_local: false peers { permanent_uuid: "9f9af6fb7f214feb97891ce77fa31281" member_type: VOTER last_known_addr { host: "127.20.165.129" port: 44685 } } peers { permanent_uuid: "d3719d7a47e148c08d2a9d4a76e722ea" member_type: VOTER last_known_addr { host: "127.20.165.130" port: 35651 } } peers { permanent_uuid: "151fcd6b220d4348815276cb7d4a9742" member_type: VOTER last_known_addr { host: "127.20.165.131" port: 37481 } }
I20260709 12:08:49.337285 22095 leader_election.cc:290] T 86439f06fe424f78b7cfd6c46da8465f P 151fcd6b220d4348815276cb7d4a9742 [CANDIDATE]: Term 3 pre-election: Requested pre-vote from peers 9f9af6fb7f214feb97891ce77fa31281 (127.20.165.129:44685), d3719d7a47e148c08d2a9d4a76e722ea (127.20.165.130:35651)
I20260709 12:08:49.303682 22102 raft_consensus.cc:493] T 8beff404310d4320a152be0f4d6bd687 P 151fcd6b220d4348815276cb7d4a9742 [term 2 FOLLOWER]: Starting pre-election (detected failure of leader d3719d7a47e148c08d2a9d4a76e722ea)
I20260709 12:08:49.297613 22093 raft_consensus.cc:515] T 3d13d6b5c41344c7925507ef6ea8f44d P 151fcd6b220d4348815276cb7d4a9742 [term 2 FOLLOWER]: Starting pre-election with config: opid_index: -1 OBSOLETE_local: false peers { permanent_uuid: "151fcd6b220d4348815276cb7d4a9742" member_type: VOTER last_known_addr { host: "127.20.165.131" port: 37481 } } peers { permanent_uuid: "9f9af6fb7f214feb97891ce77fa31281" member_type: VOTER last_known_addr { host: "127.20.165.129" port: 44685 } } peers { permanent_uuid: "d3719d7a47e148c08d2a9d4a76e722ea" member_type: VOTER last_known_addr { host: "127.20.165.130" port: 35651 } }
I20260709 12:08:49.331362 22107 raft_consensus.cc:493] T 3d13d6b5c41344c7925507ef6ea8f44d P d3719d7a47e148c08d2a9d4a76e722ea [term 2 FOLLOWER]: Starting pre-election (detected failure of leader 9f9af6fb7f214feb97891ce77fa31281)
I20260709 12:08:49.343148 22090 leader_election.cc:290] T 31b05b2796b746b986456bf8b0be2e45 P d3719d7a47e148c08d2a9d4a76e722ea [CANDIDATE]: Term 2 pre-election: Requested pre-vote from peers 9f9af6fb7f214feb97891ce77fa31281 (127.20.165.129:44685), 151fcd6b220d4348815276cb7d4a9742 (127.20.165.131:37481)
I20260709 12:08:49.347584 22107 raft_consensus.cc:515] T 3d13d6b5c41344c7925507ef6ea8f44d P d3719d7a47e148c08d2a9d4a76e722ea [term 2 FOLLOWER]: Starting pre-election with config: opid_index: -1 OBSOLETE_local: false peers { permanent_uuid: "151fcd6b220d4348815276cb7d4a9742" member_type: VOTER last_known_addr { host: "127.20.165.131" port: 37481 } } peers { permanent_uuid: "9f9af6fb7f214feb97891ce77fa31281" member_type: VOTER last_known_addr { host: "127.20.165.129" port: 44685 } } peers { permanent_uuid: "d3719d7a47e148c08d2a9d4a76e722ea" member_type: VOTER last_known_addr { host: "127.20.165.130" port: 35651 } }
I20260709 12:08:49.349592 21807 tablet_service.cc:1917] Received RequestConsensusVote() RPC: tablet_id: "2b751f044d9742d48cde69036883abb8" candidate_uuid: "151fcd6b220d4348815276cb7d4a9742" candidate_term: 3 candidate_status { last_received { term: 2 index: 2 } } ignore_live_leader: false dest_uuid: "9f9af6fb7f214feb97891ce77fa31281" is_pre_election: true
I20260709 12:08:49.349764 22107 leader_election.cc:290] T 3d13d6b5c41344c7925507ef6ea8f44d P d3719d7a47e148c08d2a9d4a76e722ea [CANDIDATE]: Term 3 pre-election: Requested pre-vote from peers 151fcd6b220d4348815276cb7d4a9742 (127.20.165.131:37481), 9f9af6fb7f214feb97891ce77fa31281 (127.20.165.129:44685)
I20260709 12:08:49.302361 22100 raft_consensus.cc:515] T 2c5a9de4fb284f46bed7c64c9429286e P 151fcd6b220d4348815276cb7d4a9742 [term 2 FOLLOWER]: Starting pre-election with config: opid_index: -1 OBSOLETE_local: false peers { permanent_uuid: "9f9af6fb7f214feb97891ce77fa31281" member_type: VOTER last_known_addr { host: "127.20.165.129" port: 44685 } } peers { permanent_uuid: "d3719d7a47e148c08d2a9d4a76e722ea" member_type: VOTER last_known_addr { host: "127.20.165.130" port: 35651 } } peers { permanent_uuid: "151fcd6b220d4348815276cb7d4a9742" member_type: VOTER last_known_addr { host: "127.20.165.131" port: 37481 } }
I20260709 12:08:49.351003 21808 tablet_service.cc:1917] Received RequestConsensusVote() RPC: tablet_id: "31b05b2796b746b986456bf8b0be2e45" candidate_uuid: "d3719d7a47e148c08d2a9d4a76e722ea" candidate_term: 2 candidate_status { last_received { term: 1 index: 1 } } ignore_live_leader: false dest_uuid: "9f9af6fb7f214feb97891ce77fa31281" is_pre_election: true
I20260709 12:08:49.352210 22100 leader_election.cc:290] T 2c5a9de4fb284f46bed7c64c9429286e P 151fcd6b220d4348815276cb7d4a9742 [CANDIDATE]: Term 3 pre-election: Requested pre-vote from peers 9f9af6fb7f214feb97891ce77fa31281 (127.20.165.129:44685), d3719d7a47e148c08d2a9d4a76e722ea (127.20.165.130:35651)
I20260709 12:08:49.352931 21805 tablet_service.cc:1917] Received RequestConsensusVote() RPC: tablet_id: "31b05b2796b746b986456bf8b0be2e45" candidate_uuid: "151fcd6b220d4348815276cb7d4a9742" candidate_term: 2 candidate_status { last_received { term: 1 index: 1 } } ignore_live_leader: false dest_uuid: "9f9af6fb7f214feb97891ce77fa31281" is_pre_election: true
I20260709 12:08:49.354193 21803 tablet_service.cc:1917] Received RequestConsensusVote() RPC: tablet_id: "86439f06fe424f78b7cfd6c46da8465f" candidate_uuid: "151fcd6b220d4348815276cb7d4a9742" candidate_term: 3 candidate_status { last_received { term: 2 index: 2 } } ignore_live_leader: false dest_uuid: "9f9af6fb7f214feb97891ce77fa31281" is_pre_election: true
I20260709 12:08:49.355309 21808 tablet_service.cc:1917] Received RequestConsensusVote() RPC: tablet_id: "2c5a9de4fb284f46bed7c64c9429286e" candidate_uuid: "151fcd6b220d4348815276cb7d4a9742" candidate_term: 3 candidate_status { last_received { term: 2 index: 2 } } ignore_live_leader: false dest_uuid: "9f9af6fb7f214feb97891ce77fa31281" is_pre_election: true
I20260709 12:08:49.362214 21808 tablet_service.cc:1917] Received RequestConsensusVote() RPC: tablet_id: "3d13d6b5c41344c7925507ef6ea8f44d" candidate_uuid: "d3719d7a47e148c08d2a9d4a76e722ea" candidate_term: 3 candidate_status { last_received { term: 2 index: 2 } } ignore_live_leader: false dest_uuid: "9f9af6fb7f214feb97891ce77fa31281" is_pre_election: true
I20260709 12:08:49.343699 21806 tablet_service.cc:1917] Received RequestConsensusVote() RPC: tablet_id: "a5117968af6c4ea395a2e12851167c70" candidate_uuid: "d3719d7a47e148c08d2a9d4a76e722ea" candidate_term: 3 candidate_status { last_received { term: 2 index: 2 } } ignore_live_leader: false dest_uuid: "9f9af6fb7f214feb97891ce77fa31281" is_pre_election: true
I20260709 12:08:49.343425 22102 raft_consensus.cc:515] T 8beff404310d4320a152be0f4d6bd687 P 151fcd6b220d4348815276cb7d4a9742 [term 2 FOLLOWER]: Starting pre-election with config: opid_index: -1 OBSOLETE_local: false peers { permanent_uuid: "9f9af6fb7f214feb97891ce77fa31281" member_type: VOTER last_known_addr { host: "127.20.165.129" port: 44685 } } peers { permanent_uuid: "d3719d7a47e148c08d2a9d4a76e722ea" member_type: VOTER last_known_addr { host: "127.20.165.130" port: 35651 } } peers { permanent_uuid: "151fcd6b220d4348815276cb7d4a9742" member_type: VOTER last_known_addr { host: "127.20.165.131" port: 37481 } }
I20260709 12:08:49.367209 22102 leader_election.cc:290] T 8beff404310d4320a152be0f4d6bd687 P 151fcd6b220d4348815276cb7d4a9742 [CANDIDATE]: Term 3 pre-election: Requested pre-vote from peers 9f9af6fb7f214feb97891ce77fa31281 (127.20.165.129:44685), d3719d7a47e148c08d2a9d4a76e722ea (127.20.165.130:35651)
I20260709 12:08:49.367904 22093 leader_election.cc:290] T 3d13d6b5c41344c7925507ef6ea8f44d P 151fcd6b220d4348815276cb7d4a9742 [CANDIDATE]: Term 3 pre-election: Requested pre-vote from peers 9f9af6fb7f214feb97891ce77fa31281 (127.20.165.129:44685), d3719d7a47e148c08d2a9d4a76e722ea (127.20.165.130:35651)
I20260709 12:08:49.368050 21804 tablet_service.cc:1917] Received RequestConsensusVote() RPC: tablet_id: "97647dd813be4fd5acccc665c9eccd6a" candidate_uuid: "151fcd6b220d4348815276cb7d4a9742" candidate_term: 3 candidate_status { last_received { term: 2 index: 2 } } ignore_live_leader: false dest_uuid: "9f9af6fb7f214feb97891ce77fa31281" is_pre_election: true
I20260709 12:08:49.343585 22097 raft_consensus.cc:493] T 2b751f044d9742d48cde69036883abb8 P 9f9af6fb7f214feb97891ce77fa31281 [term 2 FOLLOWER]: Starting pre-election (detected failure of leader d3719d7a47e148c08d2a9d4a76e722ea)
I20260709 12:08:49.370918 22097 raft_consensus.cc:515] T 2b751f044d9742d48cde69036883abb8 P 9f9af6fb7f214feb97891ce77fa31281 [term 2 FOLLOWER]: Starting pre-election with config: opid_index: -1 OBSOLETE_local: false peers { permanent_uuid: "9f9af6fb7f214feb97891ce77fa31281" member_type: VOTER last_known_addr { host: "127.20.165.129" port: 44685 } } peers { permanent_uuid: "d3719d7a47e148c08d2a9d4a76e722ea" member_type: VOTER last_known_addr { host: "127.20.165.130" port: 35651 } } peers { permanent_uuid: "151fcd6b220d4348815276cb7d4a9742" member_type: VOTER last_known_addr { host: "127.20.165.131" port: 37481 } }
I20260709 12:08:49.372999 22097 leader_election.cc:290] T 2b751f044d9742d48cde69036883abb8 P 9f9af6fb7f214feb97891ce77fa31281 [CANDIDATE]: Term 3 pre-election: Requested pre-vote from peers d3719d7a47e148c08d2a9d4a76e722ea (127.20.165.130:35651), 151fcd6b220d4348815276cb7d4a9742 (127.20.165.131:37481)
I20260709 12:08:49.374727 21806 tablet_service.cc:1917] Received RequestConsensusVote() RPC: tablet_id: "8beff404310d4320a152be0f4d6bd687" candidate_uuid: "151fcd6b220d4348815276cb7d4a9742" candidate_term: 3 candidate_status { last_received { term: 2 index: 2 } } ignore_live_leader: false dest_uuid: "9f9af6fb7f214feb97891ce77fa31281" is_pre_election: true
I20260709 12:08:49.375960 21808 tablet_service.cc:1917] Received RequestConsensusVote() RPC: tablet_id: "3d13d6b5c41344c7925507ef6ea8f44d" candidate_uuid: "151fcd6b220d4348815276cb7d4a9742" candidate_term: 3 candidate_status { last_received { term: 2 index: 2 } } ignore_live_leader: false dest_uuid: "9f9af6fb7f214feb97891ce77fa31281" is_pre_election: true
I20260709 12:08:49.377259 21883 tablet_service.cc:1917] Received RequestConsensusVote() RPC: tablet_id: "2b751f044d9742d48cde69036883abb8" candidate_uuid: "9f9af6fb7f214feb97891ce77fa31281" candidate_term: 3 candidate_status { last_received { term: 2 index: 2 } } ignore_live_leader: false dest_uuid: "d3719d7a47e148c08d2a9d4a76e722ea" is_pre_election: true
I20260709 12:08:49.381665 21957 tablet_service.cc:1917] Received RequestConsensusVote() RPC: tablet_id: "2b751f044d9742d48cde69036883abb8" candidate_uuid: "9f9af6fb7f214feb97891ce77fa31281" candidate_term: 3 candidate_status { last_received { term: 2 index: 2 } } ignore_live_leader: false dest_uuid: "151fcd6b220d4348815276cb7d4a9742" is_pre_election: true
I20260709 12:08:49.382256 21957 raft_consensus.cc:2468] T 2b751f044d9742d48cde69036883abb8 P 151fcd6b220d4348815276cb7d4a9742 [term 2 FOLLOWER]: Leader pre-election vote request: Granting yes vote for candidate 9f9af6fb7f214feb97891ce77fa31281 in term 2.
I20260709 12:08:49.383104 21807 raft_consensus.cc:2468] T 2b751f044d9742d48cde69036883abb8 P 9f9af6fb7f214feb97891ce77fa31281 [term 2 FOLLOWER]: Leader pre-election vote request: Granting yes vote for candidate 151fcd6b220d4348815276cb7d4a9742 in term 2.
I20260709 12:08:49.383402 21771 leader_election.cc:304] T 2b751f044d9742d48cde69036883abb8 P 9f9af6fb7f214feb97891ce77fa31281 [CANDIDATE]: Term 3 pre-election: Election decided. Result: candidate won. Election summary: received 3 responses out of 3 voters: 2 yes votes; 1 no votes. yes voters: 151fcd6b220d4348815276cb7d4a9742, 9f9af6fb7f214feb97891ce77fa31281; no voters: d3719d7a47e148c08d2a9d4a76e722ea
I20260709 12:08:49.384356 22096 raft_consensus.cc:2804] T 2b751f044d9742d48cde69036883abb8 P 9f9af6fb7f214feb97891ce77fa31281 [term 2 FOLLOWER]: Leader pre-election won for term 3
I20260709 12:08:49.384759 22096 raft_consensus.cc:493] T 2b751f044d9742d48cde69036883abb8 P 9f9af6fb7f214feb97891ce77fa31281 [term 2 FOLLOWER]: Starting leader election (detected failure of leader d3719d7a47e148c08d2a9d4a76e722ea)
I20260709 12:08:49.385238 22096 raft_consensus.cc:3060] T 2b751f044d9742d48cde69036883abb8 P 9f9af6fb7f214feb97891ce77fa31281 [term 2 FOLLOWER]: Advancing to term 3
I20260709 12:08:49.385780 21922 leader_election.cc:304] T 2b751f044d9742d48cde69036883abb8 P 151fcd6b220d4348815276cb7d4a9742 [CANDIDATE]: Term 3 pre-election: Election decided. Result: candidate won. Election summary: received 2 responses out of 3 voters: 2 yes votes; 0 no votes. yes voters: 151fcd6b220d4348815276cb7d4a9742, 9f9af6fb7f214feb97891ce77fa31281; no voters: 
I20260709 12:08:49.386442 22093 raft_consensus.cc:2804] T 2b751f044d9742d48cde69036883abb8 P 151fcd6b220d4348815276cb7d4a9742 [term 2 FOLLOWER]: Leader pre-election won for term 3
I20260709 12:08:49.386813 22093 raft_consensus.cc:493] T 2b751f044d9742d48cde69036883abb8 P 151fcd6b220d4348815276cb7d4a9742 [term 2 FOLLOWER]: Starting leader election (detected failure of leader d3719d7a47e148c08d2a9d4a76e722ea)
I20260709 12:08:49.387185 22093 raft_consensus.cc:3060] T 2b751f044d9742d48cde69036883abb8 P 151fcd6b220d4348815276cb7d4a9742 [term 2 FOLLOWER]: Advancing to term 3
I20260709 12:08:49.395040 22096 raft_consensus.cc:515] T 2b751f044d9742d48cde69036883abb8 P 9f9af6fb7f214feb97891ce77fa31281 [term 3 FOLLOWER]: Starting leader election with config: opid_index: -1 OBSOLETE_local: false peers { permanent_uuid: "9f9af6fb7f214feb97891ce77fa31281" member_type: VOTER last_known_addr { host: "127.20.165.129" port: 44685 } } peers { permanent_uuid: "d3719d7a47e148c08d2a9d4a76e722ea" member_type: VOTER last_known_addr { host: "127.20.165.130" port: 35651 } } peers { permanent_uuid: "151fcd6b220d4348815276cb7d4a9742" member_type: VOTER last_known_addr { host: "127.20.165.131" port: 37481 } }
I20260709 12:08:49.396502 21804 raft_consensus.cc:1240] T 2b751f044d9742d48cde69036883abb8 P 9f9af6fb7f214feb97891ce77fa31281 [term 3 FOLLOWER]: Rejecting Update request from peer d3719d7a47e148c08d2a9d4a76e722ea for earlier term 2. Current term is 3. Ops: []
I20260709 12:08:49.398447 22102 raft_consensus.cc:493] T 5c13fdbec5ab484abbfaa406a02ceff6 P 151fcd6b220d4348815276cb7d4a9742 [term 2 FOLLOWER]: Starting pre-election (detected failure of leader d3719d7a47e148c08d2a9d4a76e722ea)
I20260709 12:08:49.398718 21956 tablet_service.cc:1917] Received RequestConsensusVote() RPC: tablet_id: "86439f06fe424f78b7cfd6c46da8465f" candidate_uuid: "d3719d7a47e148c08d2a9d4a76e722ea" candidate_term: 3 candidate_status { last_received { term: 2 index: 2 } } ignore_live_leader: false dest_uuid: "151fcd6b220d4348815276cb7d4a9742" is_pre_election: true
I20260709 12:08:49.398954 21881 tablet_service.cc:1917] Received RequestConsensusVote() RPC: tablet_id: "31b05b2796b746b986456bf8b0be2e45" candidate_uuid: "151fcd6b220d4348815276cb7d4a9742" candidate_term: 2 candidate_status { last_received { term: 1 index: 1 } } ignore_live_leader: false dest_uuid: "d3719d7a47e148c08d2a9d4a76e722ea" is_pre_election: true
I20260709 12:08:49.399004 22102 raft_consensus.cc:515] T 5c13fdbec5ab484abbfaa406a02ceff6 P 151fcd6b220d4348815276cb7d4a9742 [term 2 FOLLOWER]: Starting pre-election with config: opid_index: -1 OBSOLETE_local: false peers { permanent_uuid: "9f9af6fb7f214feb97891ce77fa31281" member_type: VOTER last_known_addr { host: "127.20.165.129" port: 44685 } } peers { permanent_uuid: "d3719d7a47e148c08d2a9d4a76e722ea" member_type: VOTER last_known_addr { host: "127.20.165.130" port: 35651 } } peers { permanent_uuid: "151fcd6b220d4348815276cb7d4a9742" member_type: VOTER last_known_addr { host: "127.20.165.131" port: 37481 } }
I20260709 12:08:49.401304 21954 tablet_service.cc:1917] Received RequestConsensusVote() RPC: tablet_id: "97647dd813be4fd5acccc665c9eccd6a" candidate_uuid: "d3719d7a47e148c08d2a9d4a76e722ea" candidate_term: 3 candidate_status { last_received { term: 2 index: 2 } } ignore_live_leader: false dest_uuid: "151fcd6b220d4348815276cb7d4a9742" is_pre_election: true
I20260709 12:08:49.401719 21882 tablet_service.cc:1917] Received RequestConsensusVote() RPC: tablet_id: "86439f06fe424f78b7cfd6c46da8465f" candidate_uuid: "151fcd6b220d4348815276cb7d4a9742" candidate_term: 3 candidate_status { last_received { term: 2 index: 2 } } ignore_live_leader: false dest_uuid: "d3719d7a47e148c08d2a9d4a76e722ea" is_pre_election: true
I20260709 12:08:49.402498 22102 leader_election.cc:290] T 5c13fdbec5ab484abbfaa406a02ceff6 P 151fcd6b220d4348815276cb7d4a9742 [CANDIDATE]: Term 3 pre-election: Requested pre-vote from peers 9f9af6fb7f214feb97891ce77fa31281 (127.20.165.129:44685), d3719d7a47e148c08d2a9d4a76e722ea (127.20.165.130:35651)
I20260709 12:08:49.403760 21955 tablet_service.cc:1917] Received RequestConsensusVote() RPC: tablet_id: "a5117968af6c4ea395a2e12851167c70" candidate_uuid: "d3719d7a47e148c08d2a9d4a76e722ea" candidate_term: 3 candidate_status { last_received { term: 2 index: 2 } } ignore_live_leader: false dest_uuid: "151fcd6b220d4348815276cb7d4a9742" is_pre_election: true
I20260709 12:08:49.404619 21882 tablet_service.cc:1917] Received RequestConsensusVote() RPC: tablet_id: "8beff404310d4320a152be0f4d6bd687" candidate_uuid: "151fcd6b220d4348815276cb7d4a9742" candidate_term: 3 candidate_status { last_received { term: 2 index: 2 } } ignore_live_leader: false dest_uuid: "d3719d7a47e148c08d2a9d4a76e722ea" is_pre_election: true
I20260709 12:08:49.405043 21953 tablet_service.cc:1917] Received RequestConsensusVote() RPC: tablet_id: "31b05b2796b746b986456bf8b0be2e45" candidate_uuid: "d3719d7a47e148c08d2a9d4a76e722ea" candidate_term: 2 candidate_status { last_received { term: 1 index: 1 } } ignore_live_leader: false dest_uuid: "151fcd6b220d4348815276cb7d4a9742" is_pre_election: true
I20260709 12:08:49.406155 21879 tablet_service.cc:1917] Received RequestConsensusVote() RPC: tablet_id: "2c5a9de4fb284f46bed7c64c9429286e" candidate_uuid: "151fcd6b220d4348815276cb7d4a9742" candidate_term: 3 candidate_status { last_received { term: 2 index: 2 } } ignore_live_leader: false dest_uuid: "d3719d7a47e148c08d2a9d4a76e722ea" is_pre_election: true
I20260709 12:08:49.407476 22093 raft_consensus.cc:515] T 2b751f044d9742d48cde69036883abb8 P 151fcd6b220d4348815276cb7d4a9742 [term 3 FOLLOWER]: Starting leader election with config: opid_index: -1 OBSOLETE_local: false peers { permanent_uuid: "9f9af6fb7f214feb97891ce77fa31281" member_type: VOTER last_known_addr { host: "127.20.165.129" port: 44685 } } peers { permanent_uuid: "d3719d7a47e148c08d2a9d4a76e722ea" member_type: VOTER last_known_addr { host: "127.20.165.130" port: 35651 } } peers { permanent_uuid: "151fcd6b220d4348815276cb7d4a9742" member_type: VOTER last_known_addr { host: "127.20.165.131" port: 37481 } }
I20260709 12:08:49.408262 21846 leader_election.cc:304] T 86439f06fe424f78b7cfd6c46da8465f P d3719d7a47e148c08d2a9d4a76e722ea [CANDIDATE]: Term 3 pre-election: Election decided. Result: candidate lost. Election summary: received 3 responses out of 3 voters: 1 yes votes; 2 no votes. yes voters: d3719d7a47e148c08d2a9d4a76e722ea; no voters: 151fcd6b220d4348815276cb7d4a9742, 9f9af6fb7f214feb97891ce77fa31281
I20260709 12:08:49.408473 21953 raft_consensus.cc:1240] T 2b751f044d9742d48cde69036883abb8 P 151fcd6b220d4348815276cb7d4a9742 [term 3 FOLLOWER]: Rejecting Update request from peer d3719d7a47e148c08d2a9d4a76e722ea for earlier term 2. Current term is 3. Ops: []
I20260709 12:08:49.409488 21846 leader_election.cc:304] T 97647dd813be4fd5acccc665c9eccd6a P d3719d7a47e148c08d2a9d4a76e722ea [CANDIDATE]: Term 3 pre-election: Election decided. Result: candidate lost. Election summary: received 3 responses out of 3 voters: 1 yes votes; 2 no votes. yes voters: d3719d7a47e148c08d2a9d4a76e722ea; no voters: 151fcd6b220d4348815276cb7d4a9742, 9f9af6fb7f214feb97891ce77fa31281
I20260709 12:08:49.409842 21882 tablet_service.cc:1917] Received RequestConsensusVote() RPC: tablet_id: "3d13d6b5c41344c7925507ef6ea8f44d" candidate_uuid: "151fcd6b220d4348815276cb7d4a9742" candidate_term: 3 candidate_status { last_received { term: 2 index: 2 } } ignore_live_leader: false dest_uuid: "d3719d7a47e148c08d2a9d4a76e722ea" is_pre_election: true
I20260709 12:08:49.410364 21954 tablet_service.cc:1917] Received RequestConsensusVote() RPC: tablet_id: "3d13d6b5c41344c7925507ef6ea8f44d" candidate_uuid: "d3719d7a47e148c08d2a9d4a76e722ea" candidate_term: 3 candidate_status { last_received { term: 2 index: 2 } } ignore_live_leader: false dest_uuid: "151fcd6b220d4348815276cb7d4a9742" is_pre_election: true
I20260709 12:08:49.411077 22091 raft_consensus.cc:2749] T 86439f06fe424f78b7cfd6c46da8465f P d3719d7a47e148c08d2a9d4a76e722ea [term 2 FOLLOWER]: Leader pre-election lost for term 3. Reason: could not achieve majority
I20260709 12:08:49.411304 21957 tablet_service.cc:1917] Received RequestConsensusVote() RPC: tablet_id: "2c5a9de4fb284f46bed7c64c9429286e" candidate_uuid: "d3719d7a47e148c08d2a9d4a76e722ea" candidate_term: 3 candidate_status { last_received { term: 2 index: 2 } } ignore_live_leader: false dest_uuid: "151fcd6b220d4348815276cb7d4a9742" is_pre_election: true
I20260709 12:08:49.411718 22091 raft_consensus.cc:2749] T 97647dd813be4fd5acccc665c9eccd6a P d3719d7a47e148c08d2a9d4a76e722ea [term 2 FOLLOWER]: Leader pre-election lost for term 3. Reason: could not achieve majority
I20260709 12:08:49.411319 21881 tablet_service.cc:1917] Received RequestConsensusVote() RPC: tablet_id: "97647dd813be4fd5acccc665c9eccd6a" candidate_uuid: "151fcd6b220d4348815276cb7d4a9742" candidate_term: 3 candidate_status { last_received { term: 2 index: 2 } } ignore_live_leader: false dest_uuid: "d3719d7a47e148c08d2a9d4a76e722ea" is_pre_election: true
I20260709 12:08:49.413201 21846 leader_election.cc:304] T a5117968af6c4ea395a2e12851167c70 P d3719d7a47e148c08d2a9d4a76e722ea [CANDIDATE]: Term 3 pre-election: Election decided. Result: candidate lost. Election summary: received 3 responses out of 3 voters: 1 yes votes; 2 no votes. yes voters: d3719d7a47e148c08d2a9d4a76e722ea; no voters: 151fcd6b220d4348815276cb7d4a9742, 9f9af6fb7f214feb97891ce77fa31281
I20260709 12:08:49.413887 21808 tablet_service.cc:1917] Received RequestConsensusVote() RPC: tablet_id: "5c13fdbec5ab484abbfaa406a02ceff6" candidate_uuid: "151fcd6b220d4348815276cb7d4a9742" candidate_term: 3 candidate_status { last_received { term: 2 index: 2 } } ignore_live_leader: false dest_uuid: "9f9af6fb7f214feb97891ce77fa31281" is_pre_election: true
I20260709 12:08:49.414471 22093 leader_election.cc:290] T 2b751f044d9742d48cde69036883abb8 P 151fcd6b220d4348815276cb7d4a9742 [CANDIDATE]: Term 3 election: Requested vote from peers 9f9af6fb7f214feb97891ce77fa31281 (127.20.165.129:44685), d3719d7a47e148c08d2a9d4a76e722ea (127.20.165.130:35651)
I20260709 12:08:49.414651 22108 raft_consensus.cc:2749] T a5117968af6c4ea395a2e12851167c70 P d3719d7a47e148c08d2a9d4a76e722ea [term 2 FOLLOWER]: Leader pre-election lost for term 3. Reason: could not achieve majority
I20260709 12:08:49.398335 21883 tablet_service.cc:1917] Received RequestConsensusVote() RPC: tablet_id: "2b751f044d9742d48cde69036883abb8" candidate_uuid: "151fcd6b220d4348815276cb7d4a9742" candidate_term: 3 candidate_status { last_received { term: 2 index: 2 } } ignore_live_leader: false dest_uuid: "d3719d7a47e148c08d2a9d4a76e722ea" is_pre_election: true
I20260709 12:08:49.415096 21806 tablet_service.cc:1917] Received RequestConsensusVote() RPC: tablet_id: "2b751f044d9742d48cde69036883abb8" candidate_uuid: "151fcd6b220d4348815276cb7d4a9742" candidate_term: 3 candidate_status { last_received { term: 2 index: 2 } } ignore_live_leader: false dest_uuid: "9f9af6fb7f214feb97891ce77fa31281"
I20260709 12:08:49.416402 21921 leader_election.cc:304] T 31b05b2796b746b986456bf8b0be2e45 P 151fcd6b220d4348815276cb7d4a9742 [CANDIDATE]: Term 2 pre-election: Election decided. Result: candidate lost. Election summary: received 3 responses out of 3 voters: 1 yes votes; 2 no votes. yes voters: 151fcd6b220d4348815276cb7d4a9742; no voters: 9f9af6fb7f214feb97891ce77fa31281, d3719d7a47e148c08d2a9d4a76e722ea
I20260709 12:08:49.417066 22093 raft_consensus.cc:2749] T 31b05b2796b746b986456bf8b0be2e45 P 151fcd6b220d4348815276cb7d4a9742 [term 1 FOLLOWER]: Leader pre-election lost for term 2. Reason: could not achieve majority
I20260709 12:08:49.417989 21846 leader_election.cc:304] T 31b05b2796b746b986456bf8b0be2e45 P d3719d7a47e148c08d2a9d4a76e722ea [CANDIDATE]: Term 2 pre-election: Election decided. Result: candidate lost. Election summary: received 3 responses out of 3 voters: 1 yes votes; 2 no votes. yes voters: d3719d7a47e148c08d2a9d4a76e722ea; no voters: 151fcd6b220d4348815276cb7d4a9742, 9f9af6fb7f214feb97891ce77fa31281
I20260709 12:08:49.419170 22091 raft_consensus.cc:2749] T 31b05b2796b746b986456bf8b0be2e45 P d3719d7a47e148c08d2a9d4a76e722ea [term 1 FOLLOWER]: Leader pre-election lost for term 2. Reason: could not achieve majority
I20260709 12:08:49.419339 21846 leader_election.cc:304] T 3d13d6b5c41344c7925507ef6ea8f44d P d3719d7a47e148c08d2a9d4a76e722ea [CANDIDATE]: Term 3 pre-election: Election decided. Result: candidate lost. Election summary: received 3 responses out of 3 voters: 1 yes votes; 2 no votes. yes voters: d3719d7a47e148c08d2a9d4a76e722ea; no voters: 151fcd6b220d4348815276cb7d4a9742, 9f9af6fb7f214feb97891ce77fa31281
I20260709 12:08:49.419253 22096 leader_election.cc:290] T 2b751f044d9742d48cde69036883abb8 P 9f9af6fb7f214feb97891ce77fa31281 [CANDIDATE]: Term 3 election: Requested vote from peers d3719d7a47e148c08d2a9d4a76e722ea (127.20.165.130:35651), 151fcd6b220d4348815276cb7d4a9742 (127.20.165.131:37481)
I20260709 12:08:49.419838 22091 consensus_queue.cc:1059] T 2b751f044d9742d48cde69036883abb8 P d3719d7a47e148c08d2a9d4a76e722ea [LEADER]: Peer responded invalid term: Peer: permanent_uuid: "151fcd6b220d4348815276cb7d4a9742" member_type: VOTER last_known_addr { host: "127.20.165.131" port: 37481 }, Status: INVALID_TERM, Last received: 2.2, Next index: 3, Last known committed idx: 2, Time since last communication: 0.000s
I20260709 12:08:49.420055 22090 raft_consensus.cc:2749] T 3d13d6b5c41344c7925507ef6ea8f44d P d3719d7a47e148c08d2a9d4a76e722ea [term 2 FOLLOWER]: Leader pre-election lost for term 3. Reason: could not achieve majority
I20260709 12:08:49.420907 21846 leader_election.cc:304] T 2c5a9de4fb284f46bed7c64c9429286e P d3719d7a47e148c08d2a9d4a76e722ea [CANDIDATE]: Term 3 pre-election: Election decided. Result: candidate lost. Election summary: received 3 responses out of 3 voters: 1 yes votes; 2 no votes. yes voters: d3719d7a47e148c08d2a9d4a76e722ea; no voters: 151fcd6b220d4348815276cb7d4a9742, 9f9af6fb7f214feb97891ce77fa31281
I20260709 12:08:49.421960 22090 raft_consensus.cc:2749] T 2c5a9de4fb284f46bed7c64c9429286e P d3719d7a47e148c08d2a9d4a76e722ea [term 2 FOLLOWER]: Leader pre-election lost for term 3. Reason: could not achieve majority
I20260709 12:08:49.423583 21956 tablet_service.cc:1917] Received RequestConsensusVote() RPC: tablet_id: "2b751f044d9742d48cde69036883abb8" candidate_uuid: "9f9af6fb7f214feb97891ce77fa31281" candidate_term: 3 candidate_status { last_received { term: 2 index: 2 } } ignore_live_leader: false dest_uuid: "151fcd6b220d4348815276cb7d4a9742"
I20260709 12:08:49.423753 21883 tablet_service.cc:1917] Received RequestConsensusVote() RPC: tablet_id: "2b751f044d9742d48cde69036883abb8" candidate_uuid: "9f9af6fb7f214feb97891ce77fa31281" candidate_term: 3 candidate_status { last_received { term: 2 index: 2 } } ignore_live_leader: false dest_uuid: "d3719d7a47e148c08d2a9d4a76e722ea"
I20260709 12:08:49.424331 21956 raft_consensus.cc:2393] T 2b751f044d9742d48cde69036883abb8 P 151fcd6b220d4348815276cb7d4a9742 [term 3 FOLLOWER]: Leader election vote request: Denying vote to candidate 9f9af6fb7f214feb97891ce77fa31281 in current term 3: Already voted for candidate 151fcd6b220d4348815276cb7d4a9742 in this term.
I20260709 12:08:49.424357 21881 tablet_service.cc:1917] Received RequestConsensusVote() RPC: tablet_id: "5c13fdbec5ab484abbfaa406a02ceff6" candidate_uuid: "151fcd6b220d4348815276cb7d4a9742" candidate_term: 3 candidate_status { last_received { term: 2 index: 2 } } ignore_live_leader: false dest_uuid: "d3719d7a47e148c08d2a9d4a76e722ea" is_pre_election: true
I20260709 12:08:49.424885 21879 tablet_service.cc:1917] Received RequestConsensusVote() RPC: tablet_id: "2b751f044d9742d48cde69036883abb8" candidate_uuid: "151fcd6b220d4348815276cb7d4a9742" candidate_term: 3 candidate_status { last_received { term: 2 index: 2 } } ignore_live_leader: false dest_uuid: "d3719d7a47e148c08d2a9d4a76e722ea"
I20260709 12:08:49.417325 21921 leader_election.cc:304] T 86439f06fe424f78b7cfd6c46da8465f P 151fcd6b220d4348815276cb7d4a9742 [CANDIDATE]: Term 3 pre-election: Election decided. Result: candidate lost. Election summary: received 3 responses out of 3 voters: 1 yes votes; 2 no votes. yes voters: 151fcd6b220d4348815276cb7d4a9742; no voters: 9f9af6fb7f214feb97891ce77fa31281, d3719d7a47e148c08d2a9d4a76e722ea
I20260709 12:08:49.425812 22093 raft_consensus.cc:2749] T 86439f06fe424f78b7cfd6c46da8465f P 151fcd6b220d4348815276cb7d4a9742 [term 2 FOLLOWER]: Leader pre-election lost for term 3. Reason: could not achieve majority
I20260709 12:08:49.426467 21921 leader_election.cc:304] T 8beff404310d4320a152be0f4d6bd687 P 151fcd6b220d4348815276cb7d4a9742 [CANDIDATE]: Term 3 pre-election: Election decided. Result: candidate lost. Election summary: received 3 responses out of 3 voters: 1 yes votes; 2 no votes. yes voters: 151fcd6b220d4348815276cb7d4a9742; no voters: 9f9af6fb7f214feb97891ce77fa31281, d3719d7a47e148c08d2a9d4a76e722ea
I20260709 12:08:49.427270 22093 raft_consensus.cc:2749] T 8beff404310d4320a152be0f4d6bd687 P 151fcd6b220d4348815276cb7d4a9742 [term 2 FOLLOWER]: Leader pre-election lost for term 3. Reason: could not achieve majority
I20260709 12:08:49.427695 21921 leader_election.cc:304] T 3d13d6b5c41344c7925507ef6ea8f44d P 151fcd6b220d4348815276cb7d4a9742 [CANDIDATE]: Term 3 pre-election: Election decided. Result: candidate lost. Election summary: received 3 responses out of 3 voters: 1 yes votes; 2 no votes. yes voters: 151fcd6b220d4348815276cb7d4a9742; no voters: 9f9af6fb7f214feb97891ce77fa31281, d3719d7a47e148c08d2a9d4a76e722ea
I20260709 12:08:49.428421 22093 raft_consensus.cc:2749] T 3d13d6b5c41344c7925507ef6ea8f44d P 151fcd6b220d4348815276cb7d4a9742 [term 2 FOLLOWER]: Leader pre-election lost for term 3. Reason: could not achieve majority
I20260709 12:08:49.428839 21921 leader_election.cc:304] T 2c5a9de4fb284f46bed7c64c9429286e P 151fcd6b220d4348815276cb7d4a9742 [CANDIDATE]: Term 3 pre-election: Election decided. Result: candidate lost. Election summary: received 3 responses out of 3 voters: 1 yes votes; 2 no votes. yes voters: 151fcd6b220d4348815276cb7d4a9742; no voters: 9f9af6fb7f214feb97891ce77fa31281, d3719d7a47e148c08d2a9d4a76e722ea
I20260709 12:08:49.429364 22108 consensus_queue.cc:1059] T 2b751f044d9742d48cde69036883abb8 P d3719d7a47e148c08d2a9d4a76e722ea [LEADER]: Peer responded invalid term: Peer: permanent_uuid: "9f9af6fb7f214feb97891ce77fa31281" member_type: VOTER last_known_addr { host: "127.20.165.129" port: 44685 }, Status: INVALID_TERM, Last received: 2.2, Next index: 3, Last known committed idx: 2, Time since last communication: 0.000s
I20260709 12:08:49.429620 22093 raft_consensus.cc:2749] T 2c5a9de4fb284f46bed7c64c9429286e P 151fcd6b220d4348815276cb7d4a9742 [term 2 FOLLOWER]: Leader pre-election lost for term 3. Reason: could not achieve majority
I20260709 12:08:49.430096 21921 leader_election.cc:304] T 97647dd813be4fd5acccc665c9eccd6a P 151fcd6b220d4348815276cb7d4a9742 [CANDIDATE]: Term 3 pre-election: Election decided. Result: candidate lost. Election summary: received 3 responses out of 3 voters: 1 yes votes; 2 no votes. yes voters: 151fcd6b220d4348815276cb7d4a9742; no voters: 9f9af6fb7f214feb97891ce77fa31281, d3719d7a47e148c08d2a9d4a76e722ea
I20260709 12:08:49.430389 21772 leader_election.cc:304] T 2b751f044d9742d48cde69036883abb8 P 9f9af6fb7f214feb97891ce77fa31281 [CANDIDATE]: Term 3 election: Election decided. Result: candidate lost. Election summary: received 3 responses out of 3 voters: 1 yes votes; 2 no votes. yes voters: 9f9af6fb7f214feb97891ce77fa31281; no voters: 151fcd6b220d4348815276cb7d4a9742, d3719d7a47e148c08d2a9d4a76e722ea
I20260709 12:08:49.430927 22093 raft_consensus.cc:2749] T 97647dd813be4fd5acccc665c9eccd6a P 151fcd6b220d4348815276cb7d4a9742 [term 2 FOLLOWER]: Leader pre-election lost for term 3. Reason: could not achieve majority
I20260709 12:08:49.431543 22096 raft_consensus.cc:2749] T 2b751f044d9742d48cde69036883abb8 P 9f9af6fb7f214feb97891ce77fa31281 [term 3 FOLLOWER]: Leader election lost for term 3. Reason: could not achieve majority
I20260709 12:08:49.431664 22099 raft_consensus.cc:3055] T 2b751f044d9742d48cde69036883abb8 P d3719d7a47e148c08d2a9d4a76e722ea [term 2 LEADER]: Stepping down as leader of term 2
I20260709 12:08:49.432075 22099 raft_consensus.cc:740] T 2b751f044d9742d48cde69036883abb8 P d3719d7a47e148c08d2a9d4a76e722ea [term 2 LEADER]: Becoming Follower/Learner. State: Replica: d3719d7a47e148c08d2a9d4a76e722ea, State: Running, Role: LEADER
I20260709 12:08:49.432662 21921 leader_election.cc:304] T 5c13fdbec5ab484abbfaa406a02ceff6 P 151fcd6b220d4348815276cb7d4a9742 [CANDIDATE]: Term 3 pre-election: Election decided. Result: candidate lost. Election summary: received 3 responses out of 3 voters: 1 yes votes; 2 no votes. yes voters: 151fcd6b220d4348815276cb7d4a9742; no voters: 9f9af6fb7f214feb97891ce77fa31281, d3719d7a47e148c08d2a9d4a76e722ea
I20260709 12:08:49.432825 22099 consensus_queue.cc:260] T 2b751f044d9742d48cde69036883abb8 P d3719d7a47e148c08d2a9d4a76e722ea [NON_LEADER]: Queue going to NON_LEADER mode. State: All replicated index: 0, Majority replicated index: 2, Committed index: 2, Last appended: 2.2, Last appended by leader: 2, Current term: 2, Majority size: -1, State: 0, Mode: NON_LEADER, active raft config: opid_index: -1 OBSOLETE_local: false peers { permanent_uuid: "9f9af6fb7f214feb97891ce77fa31281" member_type: VOTER last_known_addr { host: "127.20.165.129" port: 44685 } } peers { permanent_uuid: "d3719d7a47e148c08d2a9d4a76e722ea" member_type: VOTER last_known_addr { host: "127.20.165.130" port: 35651 } } peers { permanent_uuid: "151fcd6b220d4348815276cb7d4a9742" member_type: VOTER last_known_addr { host: "127.20.165.131" port: 37481 } }
I20260709 12:08:49.433504 22093 raft_consensus.cc:2749] T 5c13fdbec5ab484abbfaa406a02ceff6 P 151fcd6b220d4348815276cb7d4a9742 [term 2 FOLLOWER]: Leader pre-election lost for term 3. Reason: could not achieve majority
I20260709 12:08:49.434046 22099 raft_consensus.cc:3060] T 2b751f044d9742d48cde69036883abb8 P d3719d7a47e148c08d2a9d4a76e722ea [term 2 FOLLOWER]: Advancing to term 3
I20260709 12:08:49.433959 21921 leader_election.cc:304] T 2b751f044d9742d48cde69036883abb8 P 151fcd6b220d4348815276cb7d4a9742 [CANDIDATE]: Term 3 election: Election decided. Result: candidate lost. Election summary: received 3 responses out of 3 voters: 1 yes votes; 2 no votes. yes voters: 151fcd6b220d4348815276cb7d4a9742; no voters: 9f9af6fb7f214feb97891ce77fa31281, d3719d7a47e148c08d2a9d4a76e722ea
I20260709 12:08:49.434902 22102 raft_consensus.cc:2749] T 2b751f044d9742d48cde69036883abb8 P 151fcd6b220d4348815276cb7d4a9742 [term 3 FOLLOWER]: Leader election lost for term 3. Reason: could not achieve majority
W20260709 12:08:50.355515 21978 debug-util.cc:398] Leaking SignalData structure 0x7b08000e7840 after lost signal to thread 21145
W20260709 12:08:50.356307 21978 debug-util.cc:398] Leaking SignalData structure 0x7b08000e7f20 after lost signal to thread 21740
W20260709 12:08:50.357115 21978 debug-util.cc:398] Leaking SignalData structure 0x7b080009ba40 after lost signal to thread 21832
W20260709 12:08:50.357935 21978 debug-util.cc:398] Leaking SignalData structure 0x7b08000f9ce0 after lost signal to thread 21907
W20260709 12:08:50.358693 21978 debug-util.cc:398] Leaking SignalData structure 0x7b08001154a0 after lost signal to thread 21981
I20260709 12:08:50.908571 22108 raft_consensus.cc:493] T 2b751f044d9742d48cde69036883abb8 P d3719d7a47e148c08d2a9d4a76e722ea [term 3 FOLLOWER]: Starting pre-election (no leader contacted us within the election timeout)
I20260709 12:08:50.909082 22108 raft_consensus.cc:515] T 2b751f044d9742d48cde69036883abb8 P d3719d7a47e148c08d2a9d4a76e722ea [term 3 FOLLOWER]: Starting pre-election with config: opid_index: -1 OBSOLETE_local: false peers { permanent_uuid: "9f9af6fb7f214feb97891ce77fa31281" member_type: VOTER last_known_addr { host: "127.20.165.129" port: 44685 } } peers { permanent_uuid: "d3719d7a47e148c08d2a9d4a76e722ea" member_type: VOTER last_known_addr { host: "127.20.165.130" port: 35651 } } peers { permanent_uuid: "151fcd6b220d4348815276cb7d4a9742" member_type: VOTER last_known_addr { host: "127.20.165.131" port: 37481 } }
I20260709 12:08:50.910863 22108 leader_election.cc:290] T 2b751f044d9742d48cde69036883abb8 P d3719d7a47e148c08d2a9d4a76e722ea [CANDIDATE]: Term 4 pre-election: Requested pre-vote from peers 9f9af6fb7f214feb97891ce77fa31281 (127.20.165.129:44685), 151fcd6b220d4348815276cb7d4a9742 (127.20.165.131:37481)
I20260709 12:08:50.911669 21807 tablet_service.cc:1917] Received RequestConsensusVote() RPC: tablet_id: "2b751f044d9742d48cde69036883abb8" candidate_uuid: "d3719d7a47e148c08d2a9d4a76e722ea" candidate_term: 4 candidate_status { last_received { term: 2 index: 2 } } ignore_live_leader: false dest_uuid: "9f9af6fb7f214feb97891ce77fa31281" is_pre_election: true
I20260709 12:08:50.911912 21956 tablet_service.cc:1917] Received RequestConsensusVote() RPC: tablet_id: "2b751f044d9742d48cde69036883abb8" candidate_uuid: "d3719d7a47e148c08d2a9d4a76e722ea" candidate_term: 4 candidate_status { last_received { term: 2 index: 2 } } ignore_live_leader: false dest_uuid: "151fcd6b220d4348815276cb7d4a9742" is_pre_election: true
I20260709 12:08:50.912375 21807 raft_consensus.cc:2468] T 2b751f044d9742d48cde69036883abb8 P 9f9af6fb7f214feb97891ce77fa31281 [term 3 FOLLOWER]: Leader pre-election vote request: Granting yes vote for candidate d3719d7a47e148c08d2a9d4a76e722ea in term 3.
I20260709 12:08:50.912528 21956 raft_consensus.cc:2468] T 2b751f044d9742d48cde69036883abb8 P 151fcd6b220d4348815276cb7d4a9742 [term 3 FOLLOWER]: Leader pre-election vote request: Granting yes vote for candidate d3719d7a47e148c08d2a9d4a76e722ea in term 3.
I20260709 12:08:50.913622 21846 leader_election.cc:304] T 2b751f044d9742d48cde69036883abb8 P d3719d7a47e148c08d2a9d4a76e722ea [CANDIDATE]: Term 4 pre-election: Election decided. Result: candidate won. Election summary: received 2 responses out of 3 voters: 2 yes votes; 0 no votes. yes voters: 151fcd6b220d4348815276cb7d4a9742, d3719d7a47e148c08d2a9d4a76e722ea; no voters: 
I20260709 12:08:50.914255 22108 raft_consensus.cc:2804] T 2b751f044d9742d48cde69036883abb8 P d3719d7a47e148c08d2a9d4a76e722ea [term 3 FOLLOWER]: Leader pre-election won for term 4
I20260709 12:08:50.914616 22108 raft_consensus.cc:493] T 2b751f044d9742d48cde69036883abb8 P d3719d7a47e148c08d2a9d4a76e722ea [term 3 FOLLOWER]: Starting leader election (no leader contacted us within the election timeout)
I20260709 12:08:50.914898 22108 raft_consensus.cc:3060] T 2b751f044d9742d48cde69036883abb8 P d3719d7a47e148c08d2a9d4a76e722ea [term 3 FOLLOWER]: Advancing to term 4
I20260709 12:08:50.920487 22108 raft_consensus.cc:515] T 2b751f044d9742d48cde69036883abb8 P d3719d7a47e148c08d2a9d4a76e722ea [term 4 FOLLOWER]: Starting leader election with config: opid_index: -1 OBSOLETE_local: false peers { permanent_uuid: "9f9af6fb7f214feb97891ce77fa31281" member_type: VOTER last_known_addr { host: "127.20.165.129" port: 44685 } } peers { permanent_uuid: "d3719d7a47e148c08d2a9d4a76e722ea" member_type: VOTER last_known_addr { host: "127.20.165.130" port: 35651 } } peers { permanent_uuid: "151fcd6b220d4348815276cb7d4a9742" member_type: VOTER last_known_addr { host: "127.20.165.131" port: 37481 } }
I20260709 12:08:50.922112 22108 leader_election.cc:290] T 2b751f044d9742d48cde69036883abb8 P d3719d7a47e148c08d2a9d4a76e722ea [CANDIDATE]: Term 4 election: Requested vote from peers 9f9af6fb7f214feb97891ce77fa31281 (127.20.165.129:44685), 151fcd6b220d4348815276cb7d4a9742 (127.20.165.131:37481)
I20260709 12:08:50.922923 21807 tablet_service.cc:1917] Received RequestConsensusVote() RPC: tablet_id: "2b751f044d9742d48cde69036883abb8" candidate_uuid: "d3719d7a47e148c08d2a9d4a76e722ea" candidate_term: 4 candidate_status { last_received { term: 2 index: 2 } } ignore_live_leader: false dest_uuid: "9f9af6fb7f214feb97891ce77fa31281"
I20260709 12:08:50.923121 21956 tablet_service.cc:1917] Received RequestConsensusVote() RPC: tablet_id: "2b751f044d9742d48cde69036883abb8" candidate_uuid: "d3719d7a47e148c08d2a9d4a76e722ea" candidate_term: 4 candidate_status { last_received { term: 2 index: 2 } } ignore_live_leader: false dest_uuid: "151fcd6b220d4348815276cb7d4a9742"
I20260709 12:08:50.923511 21807 raft_consensus.cc:3060] T 2b751f044d9742d48cde69036883abb8 P 9f9af6fb7f214feb97891ce77fa31281 [term 3 FOLLOWER]: Advancing to term 4
I20260709 12:08:50.923624 21956 raft_consensus.cc:3060] T 2b751f044d9742d48cde69036883abb8 P 151fcd6b220d4348815276cb7d4a9742 [term 3 FOLLOWER]: Advancing to term 4
I20260709 12:08:50.930301 21807 raft_consensus.cc:2468] T 2b751f044d9742d48cde69036883abb8 P 9f9af6fb7f214feb97891ce77fa31281 [term 4 FOLLOWER]: Leader election vote request: Granting yes vote for candidate d3719d7a47e148c08d2a9d4a76e722ea in term 4.
I20260709 12:08:50.930301 21956 raft_consensus.cc:2468] T 2b751f044d9742d48cde69036883abb8 P 151fcd6b220d4348815276cb7d4a9742 [term 4 FOLLOWER]: Leader election vote request: Granting yes vote for candidate d3719d7a47e148c08d2a9d4a76e722ea in term 4.
I20260709 12:08:50.931726 21848 leader_election.cc:304] T 2b751f044d9742d48cde69036883abb8 P d3719d7a47e148c08d2a9d4a76e722ea [CANDIDATE]: Term 4 election: Election decided. Result: candidate won. Election summary: received 2 responses out of 3 voters: 2 yes votes; 0 no votes. yes voters: 9f9af6fb7f214feb97891ce77fa31281, d3719d7a47e148c08d2a9d4a76e722ea; no voters: 
I20260709 12:08:50.932693 22108 raft_consensus.cc:2804] T 2b751f044d9742d48cde69036883abb8 P d3719d7a47e148c08d2a9d4a76e722ea [term 4 FOLLOWER]: Leader election won for term 4
I20260709 12:08:50.933754 22108 raft_consensus.cc:697] T 2b751f044d9742d48cde69036883abb8 P d3719d7a47e148c08d2a9d4a76e722ea [term 4 LEADER]: Becoming Leader. State: Replica: d3719d7a47e148c08d2a9d4a76e722ea, State: Running, Role: LEADER
I20260709 12:08:50.934681 22108 consensus_queue.cc:237] T 2b751f044d9742d48cde69036883abb8 P d3719d7a47e148c08d2a9d4a76e722ea [LEADER]: Queue going to LEADER mode. State: All replicated index: 0, Majority replicated index: 2, Committed index: 2, Last appended: 2.2, Last appended by leader: 2, Current term: 4, Majority size: 2, State: 0, Mode: LEADER, active raft config: opid_index: -1 OBSOLETE_local: false peers { permanent_uuid: "9f9af6fb7f214feb97891ce77fa31281" member_type: VOTER last_known_addr { host: "127.20.165.129" port: 44685 } } peers { permanent_uuid: "d3719d7a47e148c08d2a9d4a76e722ea" member_type: VOTER last_known_addr { host: "127.20.165.130" port: 35651 } } peers { permanent_uuid: "151fcd6b220d4348815276cb7d4a9742" member_type: VOTER last_known_addr { host: "127.20.165.131" port: 37481 } }
I20260709 12:08:50.945432 21706 catalog_manager.cc:5697] T 2b751f044d9742d48cde69036883abb8 P d3719d7a47e148c08d2a9d4a76e722ea reported cstate change: term changed from 2 to 4. New cstate: current_term: 4 leader_uuid: "d3719d7a47e148c08d2a9d4a76e722ea" committed_config { opid_index: -1 OBSOLETE_local: false peers { permanent_uuid: "9f9af6fb7f214feb97891ce77fa31281" member_type: VOTER last_known_addr { host: "127.20.165.129" port: 44685 } health_report { overall_health: UNKNOWN } } peers { permanent_uuid: "d3719d7a47e148c08d2a9d4a76e722ea" member_type: VOTER last_known_addr { host: "127.20.165.130" port: 35651 } health_report { overall_health: HEALTHY } } peers { permanent_uuid: "151fcd6b220d4348815276cb7d4a9742" member_type: VOTER last_known_addr { host: "127.20.165.131" port: 37481 } health_report { overall_health: UNKNOWN } } }
I20260709 12:08:51.077765 21142 auto_leader_rebalancer-test.cc:365] The leader distribution is 
I20260709 12:08:51.078747 21142 auto_leader_rebalancer.cc:141] leader rebalance for table test-workload
I20260709 12:08:51.106141 21807 tablet_service.cc:2072] Received LeaderStepDown RPC: tablet_id: "86439f06fe424f78b7cfd6c46da8465f"
dest_uuid: "9f9af6fb7f214feb97891ce77fa31281"
mode: GRACEFUL
new_leader_uuid: "151fcd6b220d4348815276cb7d4a9742"
 from {username='slave'} at 127.0.0.1:53528
I20260709 12:08:51.106750 21807 raft_consensus.cc:606] T 86439f06fe424f78b7cfd6c46da8465f P 9f9af6fb7f214feb97891ce77fa31281 [term 2 LEADER]: Received request to transfer leadership to TS 151fcd6b220d4348815276cb7d4a9742
I20260709 12:08:51.109407 21807 tablet_service.cc:2072] Received LeaderStepDown RPC: tablet_id: "97647dd813be4fd5acccc665c9eccd6a"
dest_uuid: "9f9af6fb7f214feb97891ce77fa31281"
mode: GRACEFUL
new_leader_uuid: "151fcd6b220d4348815276cb7d4a9742"
 from {username='slave'} at 127.0.0.1:53528
I20260709 12:08:51.109937 21807 raft_consensus.cc:606] T 97647dd813be4fd5acccc665c9eccd6a P 9f9af6fb7f214feb97891ce77fa31281 [term 2 LEADER]: Received request to transfer leadership to TS 151fcd6b220d4348815276cb7d4a9742
I20260709 12:08:51.111076 21142 auto_leader_rebalancer.cc:440] table: test-workload, leader rebalance finish, leader transfer count: 2
I20260709 12:08:51.111603 21142 auto_leader_rebalancer.cc:515] All tables' leader rebalancing finished this round
I20260709 12:08:51.144744 22118 raft_consensus.cc:993] T 97647dd813be4fd5acccc665c9eccd6a P 9f9af6fb7f214feb97891ce77fa31281: : Instructing follower 151fcd6b220d4348815276cb7d4a9742 to start an election
I20260709 12:08:51.145196 22098 raft_consensus.cc:1081] T 97647dd813be4fd5acccc665c9eccd6a P 9f9af6fb7f214feb97891ce77fa31281 [term 2 LEADER]: Signalling peer 151fcd6b220d4348815276cb7d4a9742 to start an election
