I20260709 12:25:49.466797  2960 raft_consensus.cc:493] T 74248b35b6804c6b88efe1b29473e3b8 P abea949f3dba4f89b5007600f8519d4a [term 3 FOLLOWER]: Starting forced leader election (received explicit request)
I20260709 12:25:49.467142  2960 raft_consensus.cc:3060] T 74248b35b6804c6b88efe1b29473e3b8 P abea949f3dba4f89b5007600f8519d4a [term 3 FOLLOWER]: Advancing to term 4
I20260709 12:25:49.471946  2960 raft_consensus.cc:515] T 74248b35b6804c6b88efe1b29473e3b8 P abea949f3dba4f89b5007600f8519d4a [term 4 FOLLOWER]: Starting forced leader election with config: opid_index: -1 OBSOLETE_local: false peers { permanent_uuid: "b8940e3feb884892a95310f0dc1c2418" member_type: VOTER last_known_addr { host: "127.2.157.1" port: 45835 } } peers { permanent_uuid: "ca61502f80cc47e09f103fdc7b3bcdcd" member_type: VOTER last_known_addr { host: "127.2.157.2" port: 45771 } } peers { permanent_uuid: "abea949f3dba4f89b5007600f8519d4a" member_type: VOTER last_known_addr { host: "127.2.157.3" port: 37397 } }
I20260709 12:25:49.473803  2960 leader_election.cc:290] T 74248b35b6804c6b88efe1b29473e3b8 P abea949f3dba4f89b5007600f8519d4a [CANDIDATE]: Term 4 election: Requested vote from peers b8940e3feb884892a95310f0dc1c2418 (127.2.157.1:45835), ca61502f80cc47e09f103fdc7b3bcdcd (127.2.157.2:45771)
I20260709 12:25:49.474754  2811 tablet_service.cc:1917] Received RequestConsensusVote() RPC: tablet_id: "74248b35b6804c6b88efe1b29473e3b8" candidate_uuid: "abea949f3dba4f89b5007600f8519d4a" candidate_term: 4 candidate_status { last_received { term: 3 index: 2 } } ignore_live_leader: true dest_uuid: "b8940e3feb884892a95310f0dc1c2418"
I20260709 12:25:49.474941  2885 tablet_service.cc:1917] Received RequestConsensusVote() RPC: tablet_id: "74248b35b6804c6b88efe1b29473e3b8" candidate_uuid: "abea949f3dba4f89b5007600f8519d4a" candidate_term: 4 candidate_status { last_received { term: 3 index: 2 } } ignore_live_leader: true dest_uuid: "ca61502f80cc47e09f103fdc7b3bcdcd"
I20260709 12:25:49.475425  2811 raft_consensus.cc:3055] T 74248b35b6804c6b88efe1b29473e3b8 P b8940e3feb884892a95310f0dc1c2418 [term 3 LEADER]: Stepping down as leader of term 3
I20260709 12:25:49.475507  2885 raft_consensus.cc:3060] T 74248b35b6804c6b88efe1b29473e3b8 P ca61502f80cc47e09f103fdc7b3bcdcd [term 3 FOLLOWER]: Advancing to term 4
I20260709 12:25:49.475896  2811 raft_consensus.cc:740] T 74248b35b6804c6b88efe1b29473e3b8 P b8940e3feb884892a95310f0dc1c2418 [term 3 LEADER]: Becoming Follower/Learner. State: Replica: b8940e3feb884892a95310f0dc1c2418, State: Running, Role: LEADER
I20260709 12:25:49.476791  2811 consensus_queue.cc:260] T 74248b35b6804c6b88efe1b29473e3b8 P b8940e3feb884892a95310f0dc1c2418 [NON_LEADER]: Queue going to NON_LEADER mode. State: All replicated index: 0, Majority replicated index: 2, Committed index: 2, Last appended: 3.2, Last appended by leader: 2, Current term: 3, Majority size: -1, State: 0, Mode: NON_LEADER, active raft config: opid_index: -1 OBSOLETE_local: false peers { permanent_uuid: "b8940e3feb884892a95310f0dc1c2418" member_type: VOTER last_known_addr { host: "127.2.157.1" port: 45835 } } peers { permanent_uuid: "ca61502f80cc47e09f103fdc7b3bcdcd" member_type: VOTER last_known_addr { host: "127.2.157.2" port: 45771 } } peers { permanent_uuid: "abea949f3dba4f89b5007600f8519d4a" member_type: VOTER last_known_addr { host: "127.2.157.3" port: 37397 } }
I20260709 12:25:49.478147  2811 raft_consensus.cc:3060] T 74248b35b6804c6b88efe1b29473e3b8 P b8940e3feb884892a95310f0dc1c2418 [term 3 FOLLOWER]: Advancing to term 4
I20260709 12:25:49.482627  2885 raft_consensus.cc:2468] T 74248b35b6804c6b88efe1b29473e3b8 P ca61502f80cc47e09f103fdc7b3bcdcd [term 4 FOLLOWER]: Leader election vote request: Granting yes vote for candidate abea949f3dba4f89b5007600f8519d4a in term 4.
I20260709 12:25:49.484020  2925 leader_election.cc:304] T 74248b35b6804c6b88efe1b29473e3b8 P abea949f3dba4f89b5007600f8519d4a [CANDIDATE]: Term 4 election: Election decided. Result: candidate won. Election summary: received 2 responses out of 3 voters: 2 yes votes; 0 no votes. yes voters: abea949f3dba4f89b5007600f8519d4a, ca61502f80cc47e09f103fdc7b3bcdcd; no voters: 
I20260709 12:25:49.484792  3040 raft_consensus.cc:2804] T 74248b35b6804c6b88efe1b29473e3b8 P abea949f3dba4f89b5007600f8519d4a [term 4 FOLLOWER]: Leader election won for term 4
I20260709 12:25:49.485000  2811 raft_consensus.cc:2468] T 74248b35b6804c6b88efe1b29473e3b8 P b8940e3feb884892a95310f0dc1c2418 [term 4 FOLLOWER]: Leader election vote request: Granting yes vote for candidate abea949f3dba4f89b5007600f8519d4a in term 4.
I20260709 12:25:49.486289  3040 raft_consensus.cc:697] T 74248b35b6804c6b88efe1b29473e3b8 P abea949f3dba4f89b5007600f8519d4a [term 4 LEADER]: Becoming Leader. State: Replica: abea949f3dba4f89b5007600f8519d4a, State: Running, Role: LEADER
I20260709 12:25:49.487141  3040 consensus_queue.cc:237] T 74248b35b6804c6b88efe1b29473e3b8 P abea949f3dba4f89b5007600f8519d4a [LEADER]: Queue going to LEADER mode. State: All replicated index: 0, Majority replicated index: 2, Committed index: 2, Last appended: 3.2, Last appended by leader: 2, Current term: 4, Majority size: 2, State: 0, Mode: LEADER, active raft config: opid_index: -1 OBSOLETE_local: false peers { permanent_uuid: "b8940e3feb884892a95310f0dc1c2418" member_type: VOTER last_known_addr { host: "127.2.157.1" port: 45835 } } peers { permanent_uuid: "ca61502f80cc47e09f103fdc7b3bcdcd" member_type: VOTER last_known_addr { host: "127.2.157.2" port: 45771 } } peers { permanent_uuid: "abea949f3dba4f89b5007600f8519d4a" member_type: VOTER last_known_addr { host: "127.2.157.3" port: 37397 } }
I20260709 12:25:49.494294  2705 catalog_manager.cc:5697] T 74248b35b6804c6b88efe1b29473e3b8 P abea949f3dba4f89b5007600f8519d4a reported cstate change: term changed from 3 to 4, leader changed from b8940e3feb884892a95310f0dc1c2418 (127.2.157.1) to abea949f3dba4f89b5007600f8519d4a (127.2.157.3). New cstate: current_term: 4 leader_uuid: "abea949f3dba4f89b5007600f8519d4a" committed_config { opid_index: -1 OBSOLETE_local: false peers { permanent_uuid: "b8940e3feb884892a95310f0dc1c2418" member_type: VOTER last_known_addr { host: "127.2.157.1" port: 45835 } health_report { overall_health: UNKNOWN } } peers { permanent_uuid: "ca61502f80cc47e09f103fdc7b3bcdcd" member_type: VOTER last_known_addr { host: "127.2.157.2" port: 45771 } health_report { overall_health: UNKNOWN } } peers { permanent_uuid: "abea949f3dba4f89b5007600f8519d4a" member_type: VOTER last_known_addr { host: "127.2.157.3" port: 37397 } health_report { overall_health: HEALTHY } } }
I20260709 12:25:49.517740  3103 raft_consensus.cc:993] T 5a1f815ecf1149cbba9c8797a4a77e18 P ca61502f80cc47e09f103fdc7b3bcdcd: : Instructing follower abea949f3dba4f89b5007600f8519d4a to start an election
I20260709 12:25:49.518358  3103 raft_consensus.cc:1081] T 5a1f815ecf1149cbba9c8797a4a77e18 P ca61502f80cc47e09f103fdc7b3bcdcd [term 2 LEADER]: Signalling peer abea949f3dba4f89b5007600f8519d4a to start an election
I20260709 12:25:49.519976  2960 tablet_service.cc:2044] Received Run Leader Election RPC: tablet_id: "5a1f815ecf1149cbba9c8797a4a77e18"
dest_uuid: "abea949f3dba4f89b5007600f8519d4a"
 from {username='slave'} at 127.0.0.1:34640
I20260709 12:25:49.520483  2960 raft_consensus.cc:493] T 5a1f815ecf1149cbba9c8797a4a77e18 P abea949f3dba4f89b5007600f8519d4a [term 2 FOLLOWER]: Starting forced leader election (received explicit request)
I20260709 12:25:49.520797  2960 raft_consensus.cc:3060] T 5a1f815ecf1149cbba9c8797a4a77e18 P abea949f3dba4f89b5007600f8519d4a [term 2 FOLLOWER]: Advancing to term 3
I20260709 12:25:49.525336  2960 raft_consensus.cc:515] T 5a1f815ecf1149cbba9c8797a4a77e18 P abea949f3dba4f89b5007600f8519d4a [term 3 FOLLOWER]: Starting forced leader election with config: opid_index: -1 OBSOLETE_local: false peers { permanent_uuid: "b8940e3feb884892a95310f0dc1c2418" member_type: VOTER last_known_addr { host: "127.2.157.1" port: 45835 } } peers { permanent_uuid: "ca61502f80cc47e09f103fdc7b3bcdcd" member_type: VOTER last_known_addr { host: "127.2.157.2" port: 45771 } } peers { permanent_uuid: "abea949f3dba4f89b5007600f8519d4a" member_type: VOTER last_known_addr { host: "127.2.157.3" port: 37397 } }
I20260709 12:25:49.526942  2960 leader_election.cc:290] T 5a1f815ecf1149cbba9c8797a4a77e18 P abea949f3dba4f89b5007600f8519d4a [CANDIDATE]: Term 3 election: Requested vote from peers b8940e3feb884892a95310f0dc1c2418 (127.2.157.1:45835), ca61502f80cc47e09f103fdc7b3bcdcd (127.2.157.2:45771)
I20260709 12:25:49.527887  2811 tablet_service.cc:1917] Received RequestConsensusVote() RPC: tablet_id: "5a1f815ecf1149cbba9c8797a4a77e18" candidate_uuid: "abea949f3dba4f89b5007600f8519d4a" candidate_term: 3 candidate_status { last_received { term: 2 index: 2 } } ignore_live_leader: true dest_uuid: "b8940e3feb884892a95310f0dc1c2418"
I20260709 12:25:49.528023  2885 tablet_service.cc:1917] Received RequestConsensusVote() RPC: tablet_id: "5a1f815ecf1149cbba9c8797a4a77e18" candidate_uuid: "abea949f3dba4f89b5007600f8519d4a" candidate_term: 3 candidate_status { last_received { term: 2 index: 2 } } ignore_live_leader: true dest_uuid: "ca61502f80cc47e09f103fdc7b3bcdcd"
I20260709 12:25:49.528486  2811 raft_consensus.cc:3060] T 5a1f815ecf1149cbba9c8797a4a77e18 P b8940e3feb884892a95310f0dc1c2418 [term 2 FOLLOWER]: Advancing to term 3
I20260709 12:25:49.528506  2885 raft_consensus.cc:3055] T 5a1f815ecf1149cbba9c8797a4a77e18 P ca61502f80cc47e09f103fdc7b3bcdcd [term 2 LEADER]: Stepping down as leader of term 2
I20260709 12:25:49.529026  2885 raft_consensus.cc:740] T 5a1f815ecf1149cbba9c8797a4a77e18 P ca61502f80cc47e09f103fdc7b3bcdcd [term 2 LEADER]: Becoming Follower/Learner. State: Replica: ca61502f80cc47e09f103fdc7b3bcdcd, State: Running, Role: LEADER
I20260709 12:25:49.529773  2885 consensus_queue.cc:260] T 5a1f815ecf1149cbba9c8797a4a77e18 P ca61502f80cc47e09f103fdc7b3bcdcd [NON_LEADER]: Queue going to NON_LEADER mode. State: All replicated index: 0, Majority replicated index: 2, Committed index: 2, Last appended: 2.2, Last appended by leader: 2, Current term: 2, Majority size: -1, State: 0, Mode: NON_LEADER, active raft config: opid_index: -1 OBSOLETE_local: false peers { permanent_uuid: "b8940e3feb884892a95310f0dc1c2418" member_type: VOTER last_known_addr { host: "127.2.157.1" port: 45835 } } peers { permanent_uuid: "ca61502f80cc47e09f103fdc7b3bcdcd" member_type: VOTER last_known_addr { host: "127.2.157.2" port: 45771 } } peers { permanent_uuid: "abea949f3dba4f89b5007600f8519d4a" member_type: VOTER last_known_addr { host: "127.2.157.3" port: 37397 } }
I20260709 12:25:49.530895  2885 raft_consensus.cc:3060] T 5a1f815ecf1149cbba9c8797a4a77e18 P ca61502f80cc47e09f103fdc7b3bcdcd [term 2 FOLLOWER]: Advancing to term 3
I20260709 12:25:49.535269  2811 raft_consensus.cc:2468] T 5a1f815ecf1149cbba9c8797a4a77e18 P b8940e3feb884892a95310f0dc1c2418 [term 3 FOLLOWER]: Leader election vote request: Granting yes vote for candidate abea949f3dba4f89b5007600f8519d4a in term 3.
I20260709 12:25:49.536540  2925 leader_election.cc:304] T 5a1f815ecf1149cbba9c8797a4a77e18 P abea949f3dba4f89b5007600f8519d4a [CANDIDATE]: Term 3 election: Election decided. Result: candidate won. Election summary: received 2 responses out of 3 voters: 2 yes votes; 0 no votes. yes voters: abea949f3dba4f89b5007600f8519d4a, b8940e3feb884892a95310f0dc1c2418; no voters: 
I20260709 12:25:49.536943  2885 raft_consensus.cc:2468] T 5a1f815ecf1149cbba9c8797a4a77e18 P ca61502f80cc47e09f103fdc7b3bcdcd [term 3 FOLLOWER]: Leader election vote request: Granting yes vote for candidate abea949f3dba4f89b5007600f8519d4a in term 3.
I20260709 12:25:49.537387  3040 raft_consensus.cc:2804] T 5a1f815ecf1149cbba9c8797a4a77e18 P abea949f3dba4f89b5007600f8519d4a [term 3 FOLLOWER]: Leader election won for term 3
I20260709 12:25:49.537926  3040 raft_consensus.cc:697] T 5a1f815ecf1149cbba9c8797a4a77e18 P abea949f3dba4f89b5007600f8519d4a [term 3 LEADER]: Becoming Leader. State: Replica: abea949f3dba4f89b5007600f8519d4a, State: Running, Role: LEADER
I20260709 12:25:49.538625  3040 consensus_queue.cc:237] T 5a1f815ecf1149cbba9c8797a4a77e18 P abea949f3dba4f89b5007600f8519d4a [LEADER]: Queue going to LEADER mode. State: All replicated index: 0, Majority replicated index: 2, Committed index: 2, Last appended: 2.2, Last appended by leader: 2, Current term: 3, Majority size: 2, State: 0, Mode: LEADER, active raft config: opid_index: -1 OBSOLETE_local: false peers { permanent_uuid: "b8940e3feb884892a95310f0dc1c2418" member_type: VOTER last_known_addr { host: "127.2.157.1" port: 45835 } } peers { permanent_uuid: "ca61502f80cc47e09f103fdc7b3bcdcd" member_type: VOTER last_known_addr { host: "127.2.157.2" port: 45771 } } peers { permanent_uuid: "abea949f3dba4f89b5007600f8519d4a" member_type: VOTER last_known_addr { host: "127.2.157.3" port: 37397 } }
I20260709 12:25:49.545660  2705 catalog_manager.cc:5697] T 5a1f815ecf1149cbba9c8797a4a77e18 P abea949f3dba4f89b5007600f8519d4a reported cstate change: term changed from 2 to 3, leader changed from ca61502f80cc47e09f103fdc7b3bcdcd (127.2.157.2) to abea949f3dba4f89b5007600f8519d4a (127.2.157.3). New cstate: current_term: 3 leader_uuid: "abea949f3dba4f89b5007600f8519d4a" committed_config { opid_index: -1 OBSOLETE_local: false peers { permanent_uuid: "b8940e3feb884892a95310f0dc1c2418" member_type: VOTER last_known_addr { host: "127.2.157.1" port: 45835 } health_report { overall_health: UNKNOWN } } peers { permanent_uuid: "ca61502f80cc47e09f103fdc7b3bcdcd" member_type: VOTER last_known_addr { host: "127.2.157.2" port: 45771 } health_report { overall_health: UNKNOWN } } peers { permanent_uuid: "abea949f3dba4f89b5007600f8519d4a" member_type: VOTER last_known_addr { host: "127.2.157.3" port: 37397 } health_report { overall_health: HEALTHY } } }
I20260709 12:25:49.897075  2885 raft_consensus.cc:1275] T 74248b35b6804c6b88efe1b29473e3b8 P ca61502f80cc47e09f103fdc7b3bcdcd [term 4 FOLLOWER]: Refusing update from remote peer abea949f3dba4f89b5007600f8519d4a: Log matching property violated. Preceding OpId in replica: term: 3 index: 2. Preceding OpId from leader: term: 4 index: 3. (index mismatch)
I20260709 12:25:49.898298  3040 consensus_queue.cc:1048] T 74248b35b6804c6b88efe1b29473e3b8 P abea949f3dba4f89b5007600f8519d4a [LEADER]: Connected to new peer: Peer: permanent_uuid: "ca61502f80cc47e09f103fdc7b3bcdcd" member_type: VOTER last_known_addr { host: "127.2.157.2" port: 45771 }, Status: LMP_MISMATCH, Last received: 0.0, Next index: 3, Last known committed idx: 2, Time since last communication: 0.000s
I20260709 12:25:49.908650  2811 raft_consensus.cc:1275] T 74248b35b6804c6b88efe1b29473e3b8 P b8940e3feb884892a95310f0dc1c2418 [term 4 FOLLOWER]: Refusing update from remote peer abea949f3dba4f89b5007600f8519d4a: Log matching property violated. Preceding OpId in replica: term: 3 index: 2. Preceding OpId from leader: term: 4 index: 3. (index mismatch)
I20260709 12:25:49.910732  3139 consensus_queue.cc:1048] T 74248b35b6804c6b88efe1b29473e3b8 P abea949f3dba4f89b5007600f8519d4a [LEADER]: Connected to new peer: Peer: permanent_uuid: "b8940e3feb884892a95310f0dc1c2418" member_type: VOTER last_known_addr { host: "127.2.157.1" port: 45835 }, Status: LMP_MISMATCH, Last received: 0.0, Next index: 3, Last known committed idx: 2, Time since last communication: 0.000s
I20260709 12:25:50.019764  2885 raft_consensus.cc:1275] T 5a1f815ecf1149cbba9c8797a4a77e18 P ca61502f80cc47e09f103fdc7b3bcdcd [term 3 FOLLOWER]: Refusing update from remote peer abea949f3dba4f89b5007600f8519d4a: Log matching property violated. Preceding OpId in replica: term: 2 index: 2. Preceding OpId from leader: term: 3 index: 3. (index mismatch)
I20260709 12:25:50.021016  3139 consensus_queue.cc:1048] T 5a1f815ecf1149cbba9c8797a4a77e18 P abea949f3dba4f89b5007600f8519d4a [LEADER]: Connected to new peer: Peer: permanent_uuid: "ca61502f80cc47e09f103fdc7b3bcdcd" member_type: VOTER last_known_addr { host: "127.2.157.2" port: 45771 }, Status: LMP_MISMATCH, Last received: 0.0, Next index: 3, Last known committed idx: 2, Time since last communication: 0.000s
I20260709 12:25:50.030025  2811 raft_consensus.cc:1275] T 5a1f815ecf1149cbba9c8797a4a77e18 P b8940e3feb884892a95310f0dc1c2418 [term 3 FOLLOWER]: Refusing update from remote peer abea949f3dba4f89b5007600f8519d4a: Log matching property violated. Preceding OpId in replica: term: 2 index: 2. Preceding OpId from leader: term: 3 index: 3. (index mismatch)
I20260709 12:25:50.032436  3040 consensus_queue.cc:1048] T 5a1f815ecf1149cbba9c8797a4a77e18 P abea949f3dba4f89b5007600f8519d4a [LEADER]: Connected to new peer: Peer: permanent_uuid: "b8940e3feb884892a95310f0dc1c2418" member_type: VOTER last_known_addr { host: "127.2.157.1" port: 45835 }, Status: LMP_MISMATCH, Last received: 0.0, Next index: 3, Last known committed idx: 2, Time since last communication: 0.000s
I20260709 12:25:50.194372  2676 auto_leader_rebalancer.cc:141] leader rebalance for table test-workload
I20260709 12:25:50.202551  2676 auto_leader_rebalancer.cc:440] table: test-workload, leader rebalance finish, leader transfer count: 0
I20260709 12:25:50.202965  2676 auto_leader_rebalancer.cc:515] All tables' leader rebalancing finished this round
I20260709 12:25:51.203979  2676 auto_leader_rebalancer.cc:141] leader rebalance for table test-workload
I20260709 12:25:51.208644  2676 auto_leader_rebalancer.cc:440] table: test-workload, leader rebalance finish, leader transfer count: 0
I20260709 12:25:51.208983  2676 auto_leader_rebalancer.cc:515] All tables' leader rebalancing finished this round
I20260709 12:25:52.209792  2676 auto_leader_rebalancer.cc:141] leader rebalance for table test-workload
I20260709 12:25:52.214392  2676 auto_leader_rebalancer.cc:440] table: test-workload, leader rebalance finish, leader transfer count: 0
I20260709 12:25:52.214742  2676 auto_leader_rebalancer.cc:515] All tables' leader rebalancing finished this round
I20260709 12:25:53.215622  2676 auto_leader_rebalancer.cc:141] leader rebalance for table test-workload
I20260709 12:25:53.220225  2676 auto_leader_rebalancer.cc:440] table: test-workload, leader rebalance finish, leader transfer count: 0
I20260709 12:25:53.220580  2676 auto_leader_rebalancer.cc:515] All tables' leader rebalancing finished this round
I20260709 12:25:54.221673  2676 auto_leader_rebalancer.cc:141] leader rebalance for table test-workload
I20260709 12:25:54.229478  2676 auto_leader_rebalancer.cc:440] table: test-workload, leader rebalance finish, leader transfer count: 0
I20260709 12:25:54.230223  2676 auto_leader_rebalancer.cc:515] All tables' leader rebalancing finished this round
I20260709 12:25:55.231477  2676 auto_leader_rebalancer.cc:141] leader rebalance for table test-workload
I20260709 12:25:55.236887  2676 auto_leader_rebalancer.cc:440] table: test-workload, leader rebalance finish, leader transfer count: 0
I20260709 12:25:55.237360  2676 auto_leader_rebalancer.cc:515] All tables' leader rebalancing finished this round
I20260709 12:25:56.238418  2676 auto_leader_rebalancer.cc:141] leader rebalance for table test-workload
I20260709 12:25:56.243522  2676 auto_leader_rebalancer.cc:440] table: test-workload, leader rebalance finish, leader transfer count: 0
I20260709 12:25:56.244055  2676 auto_leader_rebalancer.cc:515] All tables' leader rebalancing finished this round
I20260709 12:25:57.244918  2676 auto_leader_rebalancer.cc:141] leader rebalance for table test-workload
I20260709 12:25:57.249868  2676 auto_leader_rebalancer.cc:440] table: test-workload, leader rebalance finish, leader transfer count: 0
I20260709 12:25:57.250350  2676 auto_leader_rebalancer.cc:515] All tables' leader rebalancing finished this round
I20260709 12:25:58.251344  2676 auto_leader_rebalancer.cc:141] leader rebalance for table test-workload
I20260709 12:25:58.256079  2676 auto_leader_rebalancer.cc:440] table: test-workload, leader rebalance finish, leader transfer count: 0
I20260709 12:25:58.256498  2676 auto_leader_rebalancer.cc:515] All tables' leader rebalancing finished this round
I20260709 12:25:59.285172  2676 auto_leader_rebalancer-test.cc:313] The leader distribution is 
I20260709 12:25:59.290132  2809 tablet_service.cc:2072] Received LeaderStepDown RPC: tablet_id: "43b673e0da91404d9c974f5e04655e1c"
dest_uuid: "b8940e3feb884892a95310f0dc1c2418"
mode: GRACEFUL
new_leader_uuid: "ca61502f80cc47e09f103fdc7b3bcdcd"
 from {username='slave'} at 127.0.0.1:60616
I20260709 12:25:59.291075  2809 raft_consensus.cc:606] T 43b673e0da91404d9c974f5e04655e1c P b8940e3feb884892a95310f0dc1c2418 [term 2 LEADER]: Received request to transfer leadership to TS ca61502f80cc47e09f103fdc7b3bcdcd
I20260709 12:25:59.297204  2959 tablet_service.cc:2072] Received LeaderStepDown RPC: tablet_id: "74248b35b6804c6b88efe1b29473e3b8"
dest_uuid: "abea949f3dba4f89b5007600f8519d4a"
mode: GRACEFUL
new_leader_uuid: "ca61502f80cc47e09f103fdc7b3bcdcd"
 from {username='slave'} at 127.0.0.1:34660
I20260709 12:25:59.297740  2959 raft_consensus.cc:606] T 74248b35b6804c6b88efe1b29473e3b8 P abea949f3dba4f89b5007600f8519d4a [term 4 LEADER]: Received request to transfer leadership to TS ca61502f80cc47e09f103fdc7b3bcdcd
I20260709 12:25:59.303222  2809 tablet_service.cc:2072] Received LeaderStepDown RPC: tablet_id: "65de8546427c4a7382c5805646ddd60d"
dest_uuid: "b8940e3feb884892a95310f0dc1c2418"
mode: GRACEFUL
new_leader_uuid: "ca61502f80cc47e09f103fdc7b3bcdcd"
 from {username='slave'} at 127.0.0.1:60616
I20260709 12:25:59.303736  2809 raft_consensus.cc:606] T 65de8546427c4a7382c5805646ddd60d P b8940e3feb884892a95310f0dc1c2418 [term 2 LEADER]: Received request to transfer leadership to TS ca61502f80cc47e09f103fdc7b3bcdcd
I20260709 12:25:59.308678  2809 tablet_service.cc:2072] Received LeaderStepDown RPC: tablet_id: "92ba5e0c526a48ad99e079e1b6d538b1"
dest_uuid: "b8940e3feb884892a95310f0dc1c2418"
mode: GRACEFUL
new_leader_uuid: "ca61502f80cc47e09f103fdc7b3bcdcd"
 from {username='slave'} at 127.0.0.1:60616
I20260709 12:25:59.309151  2809 raft_consensus.cc:606] T 92ba5e0c526a48ad99e079e1b6d538b1 P b8940e3feb884892a95310f0dc1c2418 [term 1 LEADER]: Received request to transfer leadership to TS ca61502f80cc47e09f103fdc7b3bcdcd
I20260709 12:25:59.319121  2959 tablet_service.cc:2072] Received LeaderStepDown RPC: tablet_id: "5a1f815ecf1149cbba9c8797a4a77e18"
dest_uuid: "abea949f3dba4f89b5007600f8519d4a"
mode: GRACEFUL
new_leader_uuid: "ca61502f80cc47e09f103fdc7b3bcdcd"
 from {username='slave'} at 127.0.0.1:34660
I20260709 12:25:59.319655  2959 raft_consensus.cc:606] T 5a1f815ecf1149cbba9c8797a4a77e18 P abea949f3dba4f89b5007600f8519d4a [term 3 LEADER]: Received request to transfer leadership to TS ca61502f80cc47e09f103fdc7b3bcdcd
I20260709 12:25:59.370414  3155 raft_consensus.cc:993] T 5a1f815ecf1149cbba9c8797a4a77e18 P abea949f3dba4f89b5007600f8519d4a: : Instructing follower ca61502f80cc47e09f103fdc7b3bcdcd to start an election
I20260709 12:25:59.371078  3139 raft_consensus.cc:1081] T 5a1f815ecf1149cbba9c8797a4a77e18 P abea949f3dba4f89b5007600f8519d4a [term 3 LEADER]: Signalling peer ca61502f80cc47e09f103fdc7b3bcdcd to start an election
I20260709 12:25:59.372794  2884 tablet_service.cc:2044] Received Run Leader Election RPC: tablet_id: "5a1f815ecf1149cbba9c8797a4a77e18"
dest_uuid: "ca61502f80cc47e09f103fdc7b3bcdcd"
 from {username='slave'} at 127.0.0.1:32866
I20260709 12:25:59.373356  2884 raft_consensus.cc:493] T 5a1f815ecf1149cbba9c8797a4a77e18 P ca61502f80cc47e09f103fdc7b3bcdcd [term 3 FOLLOWER]: Starting forced leader election (received explicit request)
I20260709 12:25:59.373749  2884 raft_consensus.cc:3060] T 5a1f815ecf1149cbba9c8797a4a77e18 P ca61502f80cc47e09f103fdc7b3bcdcd [term 3 FOLLOWER]: Advancing to term 4
I20260709 12:25:59.379372  2884 raft_consensus.cc:515] T 5a1f815ecf1149cbba9c8797a4a77e18 P ca61502f80cc47e09f103fdc7b3bcdcd [term 4 FOLLOWER]: Starting forced leader election with config: opid_index: -1 OBSOLETE_local: false peers { permanent_uuid: "b8940e3feb884892a95310f0dc1c2418" member_type: VOTER last_known_addr { host: "127.2.157.1" port: 45835 } } peers { permanent_uuid: "ca61502f80cc47e09f103fdc7b3bcdcd" member_type: VOTER last_known_addr { host: "127.2.157.2" port: 45771 } } peers { permanent_uuid: "abea949f3dba4f89b5007600f8519d4a" member_type: VOTER last_known_addr { host: "127.2.157.3" port: 37397 } }
I20260709 12:25:59.382232  2884 leader_election.cc:290] T 5a1f815ecf1149cbba9c8797a4a77e18 P ca61502f80cc47e09f103fdc7b3bcdcd [CANDIDATE]: Term 4 election: Requested vote from peers b8940e3feb884892a95310f0dc1c2418 (127.2.157.1:45835), abea949f3dba4f89b5007600f8519d4a (127.2.157.3:37397)
I20260709 12:25:59.383301  2959 tablet_service.cc:1917] Received RequestConsensusVote() RPC: tablet_id: "5a1f815ecf1149cbba9c8797a4a77e18" candidate_uuid: "ca61502f80cc47e09f103fdc7b3bcdcd" candidate_term: 4 candidate_status { last_received { term: 3 index: 3 } } ignore_live_leader: true dest_uuid: "abea949f3dba4f89b5007600f8519d4a"
I20260709 12:25:59.383105  2809 tablet_service.cc:1917] Received RequestConsensusVote() RPC: tablet_id: "5a1f815ecf1149cbba9c8797a4a77e18" candidate_uuid: "ca61502f80cc47e09f103fdc7b3bcdcd" candidate_term: 4 candidate_status { last_received { term: 3 index: 3 } } ignore_live_leader: true dest_uuid: "b8940e3feb884892a95310f0dc1c2418"
I20260709 12:25:59.383957  2959 raft_consensus.cc:3055] T 5a1f815ecf1149cbba9c8797a4a77e18 P abea949f3dba4f89b5007600f8519d4a [term 3 LEADER]: Stepping down as leader of term 3
I20260709 12:25:59.384023  2809 raft_consensus.cc:3060] T 5a1f815ecf1149cbba9c8797a4a77e18 P b8940e3feb884892a95310f0dc1c2418 [term 3 FOLLOWER]: Advancing to term 4
I20260709 12:25:59.384454  2959 raft_consensus.cc:740] T 5a1f815ecf1149cbba9c8797a4a77e18 P abea949f3dba4f89b5007600f8519d4a [term 3 LEADER]: Becoming Follower/Learner. State: Replica: abea949f3dba4f89b5007600f8519d4a, State: Running, Role: LEADER
I20260709 12:25:59.385345  2959 consensus_queue.cc:260] T 5a1f815ecf1149cbba9c8797a4a77e18 P abea949f3dba4f89b5007600f8519d4a [NON_LEADER]: Queue going to NON_LEADER mode. State: All replicated index: 0, Majority replicated index: 3, Committed index: 3, Last appended: 3.3, Last appended by leader: 3, Current term: 3, Majority size: -1, State: 0, Mode: NON_LEADER, active raft config: opid_index: -1 OBSOLETE_local: false peers { permanent_uuid: "b8940e3feb884892a95310f0dc1c2418" member_type: VOTER last_known_addr { host: "127.2.157.1" port: 45835 } } peers { permanent_uuid: "ca61502f80cc47e09f103fdc7b3bcdcd" member_type: VOTER last_known_addr { host: "127.2.157.2" port: 45771 } } peers { permanent_uuid: "abea949f3dba4f89b5007600f8519d4a" member_type: VOTER last_known_addr { host: "127.2.157.3" port: 37397 } }
I20260709 12:25:59.386710  2959 raft_consensus.cc:3060] T 5a1f815ecf1149cbba9c8797a4a77e18 P abea949f3dba4f89b5007600f8519d4a [term 3 FOLLOWER]: Advancing to term 4
I20260709 12:25:59.391314  2809 raft_consensus.cc:2468] T 5a1f815ecf1149cbba9c8797a4a77e18 P b8940e3feb884892a95310f0dc1c2418 [term 4 FOLLOWER]: Leader election vote request: Granting yes vote for candidate ca61502f80cc47e09f103fdc7b3bcdcd in term 4.
I20260709 12:25:59.392567  2851 leader_election.cc:304] T 5a1f815ecf1149cbba9c8797a4a77e18 P ca61502f80cc47e09f103fdc7b3bcdcd [CANDIDATE]: Term 4 election: Election decided. Result: candidate won. Election summary: received 2 responses out of 3 voters: 2 yes votes; 0 no votes. yes voters: b8940e3feb884892a95310f0dc1c2418, ca61502f80cc47e09f103fdc7b3bcdcd; no voters: 
I20260709 12:25:59.393219  2959 raft_consensus.cc:2468] T 5a1f815ecf1149cbba9c8797a4a77e18 P abea949f3dba4f89b5007600f8519d4a [term 4 FOLLOWER]: Leader election vote request: Granting yes vote for candidate ca61502f80cc47e09f103fdc7b3bcdcd in term 4.
I20260709 12:25:59.393422  3151 raft_consensus.cc:2804] T 5a1f815ecf1149cbba9c8797a4a77e18 P ca61502f80cc47e09f103fdc7b3bcdcd [term 4 FOLLOWER]: Leader election won for term 4
I20260709 12:25:59.394821  3151 raft_consensus.cc:697] T 5a1f815ecf1149cbba9c8797a4a77e18 P ca61502f80cc47e09f103fdc7b3bcdcd [term 4 LEADER]: Becoming Leader. State: Replica: ca61502f80cc47e09f103fdc7b3bcdcd, State: Running, Role: LEADER
I20260709 12:25:59.395596  3151 consensus_queue.cc:237] T 5a1f815ecf1149cbba9c8797a4a77e18 P ca61502f80cc47e09f103fdc7b3bcdcd [LEADER]: Queue going to LEADER mode. State: All replicated index: 0, Majority replicated index: 3, Committed index: 3, Last appended: 3.3, Last appended by leader: 3, Current term: 4, Majority size: 2, State: 0, Mode: LEADER, active raft config: opid_index: -1 OBSOLETE_local: false peers { permanent_uuid: "b8940e3feb884892a95310f0dc1c2418" member_type: VOTER last_known_addr { host: "127.2.157.1" port: 45835 } } peers { permanent_uuid: "ca61502f80cc47e09f103fdc7b3bcdcd" member_type: VOTER last_known_addr { host: "127.2.157.2" port: 45771 } } peers { permanent_uuid: "abea949f3dba4f89b5007600f8519d4a" member_type: VOTER last_known_addr { host: "127.2.157.3" port: 37397 } }
I20260709 12:25:59.402522  2705 catalog_manager.cc:5697] T 5a1f815ecf1149cbba9c8797a4a77e18 P ca61502f80cc47e09f103fdc7b3bcdcd reported cstate change: term changed from 3 to 4, leader changed from abea949f3dba4f89b5007600f8519d4a (127.2.157.3) to ca61502f80cc47e09f103fdc7b3bcdcd (127.2.157.2). New cstate: current_term: 4 leader_uuid: "ca61502f80cc47e09f103fdc7b3bcdcd" committed_config { opid_index: -1 OBSOLETE_local: false peers { permanent_uuid: "b8940e3feb884892a95310f0dc1c2418" member_type: VOTER last_known_addr { host: "127.2.157.1" port: 45835 } health_report { overall_health: UNKNOWN } } peers { permanent_uuid: "ca61502f80cc47e09f103fdc7b3bcdcd" member_type: VOTER last_known_addr { host: "127.2.157.2" port: 45771 } health_report { overall_health: HEALTHY } } peers { permanent_uuid: "abea949f3dba4f89b5007600f8519d4a" member_type: VOTER last_known_addr { host: "127.2.157.3" port: 37397 } health_report { overall_health: UNKNOWN } } }
I20260709 12:25:59.662762  3150 raft_consensus.cc:993] T 43b673e0da91404d9c974f5e04655e1c P b8940e3feb884892a95310f0dc1c2418: : Instructing follower ca61502f80cc47e09f103fdc7b3bcdcd to start an election
I20260709 12:25:59.663359  3162 raft_consensus.cc:1081] T 43b673e0da91404d9c974f5e04655e1c P b8940e3feb884892a95310f0dc1c2418 [term 2 LEADER]: Signalling peer ca61502f80cc47e09f103fdc7b3bcdcd to start an election
I20260709 12:25:59.664824  2884 tablet_service.cc:2044] Received Run Leader Election RPC: tablet_id: "43b673e0da91404d9c974f5e04655e1c"
dest_uuid: "ca61502f80cc47e09f103fdc7b3bcdcd"
 from {username='slave'} at 127.0.0.1:32852
I20260709 12:25:59.665354  2884 raft_consensus.cc:493] T 43b673e0da91404d9c974f5e04655e1c P ca61502f80cc47e09f103fdc7b3bcdcd [term 2 FOLLOWER]: Starting forced leader election (received explicit request)
I20260709 12:25:59.665709  2884 raft_consensus.cc:3060] T 43b673e0da91404d9c974f5e04655e1c P ca61502f80cc47e09f103fdc7b3bcdcd [term 2 FOLLOWER]: Advancing to term 3
I20260709 12:25:59.670761  2884 raft_consensus.cc:515] T 43b673e0da91404d9c974f5e04655e1c P ca61502f80cc47e09f103fdc7b3bcdcd [term 3 FOLLOWER]: Starting forced leader election with config: opid_index: -1 OBSOLETE_local: false peers { permanent_uuid: "abea949f3dba4f89b5007600f8519d4a" member_type: VOTER last_known_addr { host: "127.2.157.3" port: 37397 } } peers { permanent_uuid: "b8940e3feb884892a95310f0dc1c2418" member_type: VOTER last_known_addr { host: "127.2.157.1" port: 45835 } } peers { permanent_uuid: "ca61502f80cc47e09f103fdc7b3bcdcd" member_type: VOTER last_known_addr { host: "127.2.157.2" port: 45771 } }
I20260709 12:25:59.672511  2884 leader_election.cc:290] T 43b673e0da91404d9c974f5e04655e1c P ca61502f80cc47e09f103fdc7b3bcdcd [CANDIDATE]: Term 3 election: Requested vote from peers abea949f3dba4f89b5007600f8519d4a (127.2.157.3:37397), b8940e3feb884892a95310f0dc1c2418 (127.2.157.1:45835)
I20260709 12:25:59.673281  2959 tablet_service.cc:1917] Received RequestConsensusVote() RPC: tablet_id: "43b673e0da91404d9c974f5e04655e1c" candidate_uuid: "ca61502f80cc47e09f103fdc7b3bcdcd" candidate_term: 3 candidate_status { last_received { term: 2 index: 2 } } ignore_live_leader: true dest_uuid: "abea949f3dba4f89b5007600f8519d4a"
I20260709 12:25:59.673517  2809 tablet_service.cc:1917] Received RequestConsensusVote() RPC: tablet_id: "43b673e0da91404d9c974f5e04655e1c" candidate_uuid: "ca61502f80cc47e09f103fdc7b3bcdcd" candidate_term: 3 candidate_status { last_received { term: 2 index: 2 } } ignore_live_leader: true dest_uuid: "b8940e3feb884892a95310f0dc1c2418"
I20260709 12:25:59.673902  2959 raft_consensus.cc:3060] T 43b673e0da91404d9c974f5e04655e1c P abea949f3dba4f89b5007600f8519d4a [term 2 FOLLOWER]: Advancing to term 3
I20260709 12:25:59.674095  2809 raft_consensus.cc:3055] T 43b673e0da91404d9c974f5e04655e1c P b8940e3feb884892a95310f0dc1c2418 [term 2 LEADER]: Stepping down as leader of term 2
I20260709 12:25:59.674444  2809 raft_consensus.cc:740] T 43b673e0da91404d9c974f5e04655e1c P b8940e3feb884892a95310f0dc1c2418 [term 2 LEADER]: Becoming Follower/Learner. State: Replica: b8940e3feb884892a95310f0dc1c2418, State: Running, Role: LEADER
I20260709 12:25:59.675081  2809 consensus_queue.cc:260] T 43b673e0da91404d9c974f5e04655e1c P b8940e3feb884892a95310f0dc1c2418 [NON_LEADER]: Queue going to NON_LEADER mode. State: All replicated index: 0, Majority replicated index: 2, Committed index: 2, Last appended: 2.2, Last appended by leader: 2, Current term: 2, Majority size: -1, State: 0, Mode: NON_LEADER, active raft config: opid_index: -1 OBSOLETE_local: false peers { permanent_uuid: "abea949f3dba4f89b5007600f8519d4a" member_type: VOTER last_known_addr { host: "127.2.157.3" port: 37397 } } peers { permanent_uuid: "b8940e3feb884892a95310f0dc1c2418" member_type: VOTER last_known_addr { host: "127.2.157.1" port: 45835 } } peers { permanent_uuid: "ca61502f80cc47e09f103fdc7b3bcdcd" member_type: VOTER last_known_addr { host: "127.2.157.2" port: 45771 } }
I20260709 12:25:59.676173  2809 raft_consensus.cc:3060] T 43b673e0da91404d9c974f5e04655e1c P b8940e3feb884892a95310f0dc1c2418 [term 2 FOLLOWER]: Advancing to term 3
I20260709 12:25:59.679345  2959 raft_consensus.cc:2468] T 43b673e0da91404d9c974f5e04655e1c P abea949f3dba4f89b5007600f8519d4a [term 3 FOLLOWER]: Leader election vote request: Granting yes vote for candidate ca61502f80cc47e09f103fdc7b3bcdcd in term 3.
I20260709 12:25:59.680536  2850 leader_election.cc:304] T 43b673e0da91404d9c974f5e04655e1c P ca61502f80cc47e09f103fdc7b3bcdcd [CANDIDATE]: Term 3 election: Election decided. Result: candidate won. Election summary: received 2 responses out of 3 voters: 2 yes votes; 0 no votes. yes voters: abea949f3dba4f89b5007600f8519d4a, ca61502f80cc47e09f103fdc7b3bcdcd; no voters: 
I20260709 12:25:59.680661  2809 raft_consensus.cc:2468] T 43b673e0da91404d9c974f5e04655e1c P b8940e3feb884892a95310f0dc1c2418 [term 3 FOLLOWER]: Leader election vote request: Granting yes vote for candidate ca61502f80cc47e09f103fdc7b3bcdcd in term 3.
I20260709 12:25:59.681483  3151 raft_consensus.cc:2804] T 43b673e0da91404d9c974f5e04655e1c P ca61502f80cc47e09f103fdc7b3bcdcd [term 3 FOLLOWER]: Leader election won for term 3
I20260709 12:25:59.682011  3151 raft_consensus.cc:697] T 43b673e0da91404d9c974f5e04655e1c P ca61502f80cc47e09f103fdc7b3bcdcd [term 3 LEADER]: Becoming Leader. State: Replica: ca61502f80cc47e09f103fdc7b3bcdcd, State: Running, Role: LEADER
I20260709 12:25:59.682667  3151 consensus_queue.cc:237] T 43b673e0da91404d9c974f5e04655e1c P ca61502f80cc47e09f103fdc7b3bcdcd [LEADER]: Queue going to LEADER mode. State: All replicated index: 0, Majority replicated index: 2, Committed index: 2, Last appended: 2.2, Last appended by leader: 2, Current term: 3, Majority size: 2, State: 0, Mode: LEADER, active raft config: opid_index: -1 OBSOLETE_local: false peers { permanent_uuid: "abea949f3dba4f89b5007600f8519d4a" member_type: VOTER last_known_addr { host: "127.2.157.3" port: 37397 } } peers { permanent_uuid: "b8940e3feb884892a95310f0dc1c2418" member_type: VOTER last_known_addr { host: "127.2.157.1" port: 45835 } } peers { permanent_uuid: "ca61502f80cc47e09f103fdc7b3bcdcd" member_type: VOTER last_known_addr { host: "127.2.157.2" port: 45771 } }
I20260709 12:25:59.690131  2705 catalog_manager.cc:5697] T 43b673e0da91404d9c974f5e04655e1c P ca61502f80cc47e09f103fdc7b3bcdcd reported cstate change: term changed from 2 to 3, leader changed from b8940e3feb884892a95310f0dc1c2418 (127.2.157.1) to ca61502f80cc47e09f103fdc7b3bcdcd (127.2.157.2). New cstate: current_term: 3 leader_uuid: "ca61502f80cc47e09f103fdc7b3bcdcd" committed_config { opid_index: -1 OBSOLETE_local: false peers { permanent_uuid: "abea949f3dba4f89b5007600f8519d4a" member_type: VOTER last_known_addr { host: "127.2.157.3" port: 37397 } health_report { overall_health: UNKNOWN } } peers { permanent_uuid: "b8940e3feb884892a95310f0dc1c2418" member_type: VOTER last_known_addr { host: "127.2.157.1" port: 45835 } health_report { overall_health: UNKNOWN } } peers { permanent_uuid: "ca61502f80cc47e09f103fdc7b3bcdcd" member_type: VOTER last_known_addr { host: "127.2.157.2" port: 45771 } health_report { overall_health: HEALTHY } } }
I20260709 12:25:59.714681  3150 raft_consensus.cc:993] T 92ba5e0c526a48ad99e079e1b6d538b1 P b8940e3feb884892a95310f0dc1c2418: : Instructing follower ca61502f80cc47e09f103fdc7b3bcdcd to start an election
I20260709 12:25:59.715117  3162 raft_consensus.cc:1081] T 92ba5e0c526a48ad99e079e1b6d538b1 P b8940e3feb884892a95310f0dc1c2418 [term 1 LEADER]: Signalling peer ca61502f80cc47e09f103fdc7b3bcdcd to start an election
I20260709 12:25:59.716444  2884 tablet_service.cc:2044] Received Run Leader Election RPC: tablet_id: "92ba5e0c526a48ad99e079e1b6d538b1"
dest_uuid: "ca61502f80cc47e09f103fdc7b3bcdcd"
 from {username='slave'} at 127.0.0.1:32852
I20260709 12:25:59.716969  2884 raft_consensus.cc:493] T 92ba5e0c526a48ad99e079e1b6d538b1 P ca61502f80cc47e09f103fdc7b3bcdcd [term 1 FOLLOWER]: Starting forced leader election (received explicit request)
I20260709 12:25:59.717319  2884 raft_consensus.cc:3060] T 92ba5e0c526a48ad99e079e1b6d538b1 P ca61502f80cc47e09f103fdc7b3bcdcd [term 1 FOLLOWER]: Advancing to term 2
I20260709 12:25:59.722546  2884 raft_consensus.cc:515] T 92ba5e0c526a48ad99e079e1b6d538b1 P ca61502f80cc47e09f103fdc7b3bcdcd [term 2 FOLLOWER]: Starting forced leader election with config: opid_index: -1 OBSOLETE_local: false peers { permanent_uuid: "b8940e3feb884892a95310f0dc1c2418" member_type: VOTER last_known_addr { host: "127.2.157.1" port: 45835 } } peers { permanent_uuid: "ca61502f80cc47e09f103fdc7b3bcdcd" member_type: VOTER last_known_addr { host: "127.2.157.2" port: 45771 } } peers { permanent_uuid: "abea949f3dba4f89b5007600f8519d4a" member_type: VOTER last_known_addr { host: "127.2.157.3" port: 37397 } }
I20260709 12:25:59.724303  2884 leader_election.cc:290] T 92ba5e0c526a48ad99e079e1b6d538b1 P ca61502f80cc47e09f103fdc7b3bcdcd [CANDIDATE]: Term 2 election: Requested vote from peers b8940e3feb884892a95310f0dc1c2418 (127.2.157.1:45835), abea949f3dba4f89b5007600f8519d4a (127.2.157.3:37397)
I20260709 12:25:59.725170  2809 tablet_service.cc:1917] Received RequestConsensusVote() RPC: tablet_id: "92ba5e0c526a48ad99e079e1b6d538b1" candidate_uuid: "ca61502f80cc47e09f103fdc7b3bcdcd" candidate_term: 2 candidate_status { last_received { term: 1 index: 1 } } ignore_live_leader: true dest_uuid: "b8940e3feb884892a95310f0dc1c2418"
I20260709 12:25:59.725347  2959 tablet_service.cc:1917] Received RequestConsensusVote() RPC: tablet_id: "92ba5e0c526a48ad99e079e1b6d538b1" candidate_uuid: "ca61502f80cc47e09f103fdc7b3bcdcd" candidate_term: 2 candidate_status { last_received { term: 1 index: 1 } } ignore_live_leader: true dest_uuid: "abea949f3dba4f89b5007600f8519d4a"
I20260709 12:25:59.725687  2809 raft_consensus.cc:3055] T 92ba5e0c526a48ad99e079e1b6d538b1 P b8940e3feb884892a95310f0dc1c2418 [term 1 LEADER]: Stepping down as leader of term 1
I20260709 12:25:59.725915  2959 raft_consensus.cc:3060] T 92ba5e0c526a48ad99e079e1b6d538b1 P abea949f3dba4f89b5007600f8519d4a [term 1 FOLLOWER]: Advancing to term 2
I20260709 12:25:59.726029  2809 raft_consensus.cc:740] T 92ba5e0c526a48ad99e079e1b6d538b1 P b8940e3feb884892a95310f0dc1c2418 [term 1 LEADER]: Becoming Follower/Learner. State: Replica: b8940e3feb884892a95310f0dc1c2418, State: Running, Role: LEADER
I20260709 12:25:59.726722  2809 consensus_queue.cc:260] T 92ba5e0c526a48ad99e079e1b6d538b1 P b8940e3feb884892a95310f0dc1c2418 [NON_LEADER]: Queue going to NON_LEADER mode. State: All replicated index: 0, Majority replicated index: 1, Committed index: 1, Last appended: 1.1, Last appended by leader: 1, Current term: 1, Majority size: -1, State: 0, Mode: NON_LEADER, active raft config: opid_index: -1 OBSOLETE_local: false peers { permanent_uuid: "b8940e3feb884892a95310f0dc1c2418" member_type: VOTER last_known_addr { host: "127.2.157.1" port: 45835 } } peers { permanent_uuid: "ca61502f80cc47e09f103fdc7b3bcdcd" member_type: VOTER last_known_addr { host: "127.2.157.2" port: 45771 } } peers { permanent_uuid: "abea949f3dba4f89b5007600f8519d4a" member_type: VOTER last_known_addr { host: "127.2.157.3" port: 37397 } }
I20260709 12:25:59.727600  2809 raft_consensus.cc:3060] T 92ba5e0c526a48ad99e079e1b6d538b1 P b8940e3feb884892a95310f0dc1c2418 [term 1 FOLLOWER]: Advancing to term 2
I20260709 12:25:59.730631  2959 raft_consensus.cc:2468] T 92ba5e0c526a48ad99e079e1b6d538b1 P abea949f3dba4f89b5007600f8519d4a [term 2 FOLLOWER]: Leader election vote request: Granting yes vote for candidate ca61502f80cc47e09f103fdc7b3bcdcd in term 2.
I20260709 12:25:59.731623  2850 leader_election.cc:304] T 92ba5e0c526a48ad99e079e1b6d538b1 P ca61502f80cc47e09f103fdc7b3bcdcd [CANDIDATE]: Term 2 election: Election decided. Result: candidate won. Election summary: received 2 responses out of 3 voters: 2 yes votes; 0 no votes. yes voters: abea949f3dba4f89b5007600f8519d4a, ca61502f80cc47e09f103fdc7b3bcdcd; no voters: 
I20260709 12:25:59.731760  2809 raft_consensus.cc:2468] T 92ba5e0c526a48ad99e079e1b6d538b1 P b8940e3feb884892a95310f0dc1c2418 [term 2 FOLLOWER]: Leader election vote request: Granting yes vote for candidate ca61502f80cc47e09f103fdc7b3bcdcd in term 2.
I20260709 12:25:59.732398  3151 raft_consensus.cc:2804] T 92ba5e0c526a48ad99e079e1b6d538b1 P ca61502f80cc47e09f103fdc7b3bcdcd [term 2 FOLLOWER]: Leader election won for term 2
I20260709 12:25:59.732964  3151 raft_consensus.cc:697] T 92ba5e0c526a48ad99e079e1b6d538b1 P ca61502f80cc47e09f103fdc7b3bcdcd [term 2 LEADER]: Becoming Leader. State: Replica: ca61502f80cc47e09f103fdc7b3bcdcd, State: Running, Role: LEADER
I20260709 12:25:59.734089  3151 consensus_queue.cc:237] T 92ba5e0c526a48ad99e079e1b6d538b1 P ca61502f80cc47e09f103fdc7b3bcdcd [LEADER]: Queue going to LEADER mode. State: All replicated index: 0, Majority replicated index: 1, Committed index: 1, Last appended: 1.1, Last appended by leader: 1, Current term: 2, Majority size: 2, State: 0, Mode: LEADER, active raft config: opid_index: -1 OBSOLETE_local: false peers { permanent_uuid: "b8940e3feb884892a95310f0dc1c2418" member_type: VOTER last_known_addr { host: "127.2.157.1" port: 45835 } } peers { permanent_uuid: "ca61502f80cc47e09f103fdc7b3bcdcd" member_type: VOTER last_known_addr { host: "127.2.157.2" port: 45771 } } peers { permanent_uuid: "abea949f3dba4f89b5007600f8519d4a" member_type: VOTER last_known_addr { host: "127.2.157.3" port: 37397 } }
I20260709 12:25:59.741540  2705 catalog_manager.cc:5697] T 92ba5e0c526a48ad99e079e1b6d538b1 P ca61502f80cc47e09f103fdc7b3bcdcd reported cstate change: term changed from 1 to 2, leader changed from b8940e3feb884892a95310f0dc1c2418 (127.2.157.1) to ca61502f80cc47e09f103fdc7b3bcdcd (127.2.157.2). New cstate: current_term: 2 leader_uuid: "ca61502f80cc47e09f103fdc7b3bcdcd" committed_config { opid_index: -1 OBSOLETE_local: false peers { permanent_uuid: "b8940e3feb884892a95310f0dc1c2418" member_type: VOTER last_known_addr { host: "127.2.157.1" port: 45835 } health_report { overall_health: UNKNOWN } } peers { permanent_uuid: "ca61502f80cc47e09f103fdc7b3bcdcd" member_type: VOTER last_known_addr { host: "127.2.157.2" port: 45771 } health_report { overall_health: HEALTHY } } peers { permanent_uuid: "abea949f3dba4f89b5007600f8519d4a" member_type: VOTER last_known_addr { host: "127.2.157.3" port: 37397 } health_report { overall_health: UNKNOWN } } }
I20260709 12:25:59.755218  3150 raft_consensus.cc:993] T 65de8546427c4a7382c5805646ddd60d P b8940e3feb884892a95310f0dc1c2418: : Instructing follower ca61502f80cc47e09f103fdc7b3bcdcd to start an election
I20260709 12:25:59.755681  3162 raft_consensus.cc:1081] T 65de8546427c4a7382c5805646ddd60d P b8940e3feb884892a95310f0dc1c2418 [term 2 LEADER]: Signalling peer ca61502f80cc47e09f103fdc7b3bcdcd to start an election
I20260709 12:25:59.757091  2884 tablet_service.cc:2044] Received Run Leader Election RPC: tablet_id: "65de8546427c4a7382c5805646ddd60d"
dest_uuid: "ca61502f80cc47e09f103fdc7b3bcdcd"
 from {username='slave'} at 127.0.0.1:32852
I20260709 12:25:59.757567  2884 raft_consensus.cc:493] T 65de8546427c4a7382c5805646ddd60d P ca61502f80cc47e09f103fdc7b3bcdcd [term 2 FOLLOWER]: Starting forced leader election (received explicit request)
I20260709 12:25:59.757859  2884 raft_consensus.cc:3060] T 65de8546427c4a7382c5805646ddd60d P ca61502f80cc47e09f103fdc7b3bcdcd [term 2 FOLLOWER]: Advancing to term 3
I20260709 12:25:59.762996  2884 raft_consensus.cc:515] T 65de8546427c4a7382c5805646ddd60d P ca61502f80cc47e09f103fdc7b3bcdcd [term 3 FOLLOWER]: Starting forced leader election with config: opid_index: -1 OBSOLETE_local: false peers { permanent_uuid: "b8940e3feb884892a95310f0dc1c2418" member_type: VOTER last_known_addr { host: "127.2.157.1" port: 45835 } } peers { permanent_uuid: "ca61502f80cc47e09f103fdc7b3bcdcd" member_type: VOTER last_known_addr { host: "127.2.157.2" port: 45771 } } peers { permanent_uuid: "abea949f3dba4f89b5007600f8519d4a" member_type: VOTER last_known_addr { host: "127.2.157.3" port: 37397 } }
I20260709 12:25:59.764564  2884 leader_election.cc:290] T 65de8546427c4a7382c5805646ddd60d P ca61502f80cc47e09f103fdc7b3bcdcd [CANDIDATE]: Term 3 election: Requested vote from peers b8940e3feb884892a95310f0dc1c2418 (127.2.157.1:45835), abea949f3dba4f89b5007600f8519d4a (127.2.157.3:37397)
I20260709 12:25:59.765455  2809 tablet_service.cc:1917] Received RequestConsensusVote() RPC: tablet_id: "65de8546427c4a7382c5805646ddd60d" candidate_uuid: "ca61502f80cc47e09f103fdc7b3bcdcd" candidate_term: 3 candidate_status { last_received { term: 2 index: 2 } } ignore_live_leader: true dest_uuid: "b8940e3feb884892a95310f0dc1c2418"
I20260709 12:25:59.765690  2959 tablet_service.cc:1917] Received RequestConsensusVote() RPC: tablet_id: "65de8546427c4a7382c5805646ddd60d" candidate_uuid: "ca61502f80cc47e09f103fdc7b3bcdcd" candidate_term: 3 candidate_status { last_received { term: 2 index: 2 } } ignore_live_leader: true dest_uuid: "abea949f3dba4f89b5007600f8519d4a"
I20260709 12:25:59.766113  2809 raft_consensus.cc:3055] T 65de8546427c4a7382c5805646ddd60d P b8940e3feb884892a95310f0dc1c2418 [term 2 LEADER]: Stepping down as leader of term 2
I20260709 12:25:59.766218  2959 raft_consensus.cc:3060] T 65de8546427c4a7382c5805646ddd60d P abea949f3dba4f89b5007600f8519d4a [term 2 FOLLOWER]: Advancing to term 3
I20260709 12:25:59.766522  2809 raft_consensus.cc:740] T 65de8546427c4a7382c5805646ddd60d P b8940e3feb884892a95310f0dc1c2418 [term 2 LEADER]: Becoming Follower/Learner. State: Replica: b8940e3feb884892a95310f0dc1c2418, State: Running, Role: LEADER
I20260709 12:25:59.767339  2809 consensus_queue.cc:260] T 65de8546427c4a7382c5805646ddd60d P b8940e3feb884892a95310f0dc1c2418 [NON_LEADER]: Queue going to NON_LEADER mode. State: All replicated index: 0, Majority replicated index: 2, Committed index: 2, Last appended: 2.2, Last appended by leader: 2, Current term: 2, Majority size: -1, State: 0, Mode: NON_LEADER, active raft config: opid_index: -1 OBSOLETE_local: false peers { permanent_uuid: "b8940e3feb884892a95310f0dc1c2418" member_type: VOTER last_known_addr { host: "127.2.157.1" port: 45835 } } peers { permanent_uuid: "ca61502f80cc47e09f103fdc7b3bcdcd" member_type: VOTER last_known_addr { host: "127.2.157.2" port: 45771 } } peers { permanent_uuid: "abea949f3dba4f89b5007600f8519d4a" member_type: VOTER last_known_addr { host: "127.2.157.3" port: 37397 } }
I20260709 12:25:59.768528  2809 raft_consensus.cc:3060] T 65de8546427c4a7382c5805646ddd60d P b8940e3feb884892a95310f0dc1c2418 [term 2 FOLLOWER]: Advancing to term 3
I20260709 12:25:59.772753  2959 raft_consensus.cc:2468] T 65de8546427c4a7382c5805646ddd60d P abea949f3dba4f89b5007600f8519d4a [term 3 FOLLOWER]: Leader election vote request: Granting yes vote for candidate ca61502f80cc47e09f103fdc7b3bcdcd in term 3.
I20260709 12:25:59.773926  2850 leader_election.cc:304] T 65de8546427c4a7382c5805646ddd60d P ca61502f80cc47e09f103fdc7b3bcdcd [CANDIDATE]: Term 3 election: Election decided. Result: candidate won. Election summary: received 2 responses out of 3 voters: 2 yes votes; 0 no votes. yes voters: abea949f3dba4f89b5007600f8519d4a, ca61502f80cc47e09f103fdc7b3bcdcd; no voters: 
I20260709 12:25:59.774585  3151 raft_consensus.cc:2804] T 65de8546427c4a7382c5805646ddd60d P ca61502f80cc47e09f103fdc7b3bcdcd [term 3 FOLLOWER]: Leader election won for term 3
I20260709 12:25:59.774550  2809 raft_consensus.cc:2468] T 65de8546427c4a7382c5805646ddd60d P b8940e3feb884892a95310f0dc1c2418 [term 3 FOLLOWER]: Leader election vote request: Granting yes vote for candidate ca61502f80cc47e09f103fdc7b3bcdcd in term 3.
I20260709 12:25:59.775138  3151 raft_consensus.cc:697] T 65de8546427c4a7382c5805646ddd60d P ca61502f80cc47e09f103fdc7b3bcdcd [term 3 LEADER]: Becoming Leader. State: Replica: ca61502f80cc47e09f103fdc7b3bcdcd, State: Running, Role: LEADER
