I20260709 12:26:41.777420  2676 raft_consensus.cc:2243] T 72685a6f0f6e49ac9c40ecb656f0ce84 P 946bb0d09af343498b7e84c16cbcdd62 [term 4 LEADER]: Raft consensus shutting down.
I20260709 12:26:41.778301  2676 raft_consensus.cc:2272] T 72685a6f0f6e49ac9c40ecb656f0ce84 P 946bb0d09af343498b7e84c16cbcdd62 [term 4 FOLLOWER]: Raft consensus is shut down!
I20260709 12:26:41.780143  2676 tablet_replica.cc:333] T 1c139debaa01460ca2b940d4faef6b11 P 946bb0d09af343498b7e84c16cbcdd62: stopping tablet replica
I20260709 12:26:41.780623  2676 raft_consensus.cc:2243] T 1c139debaa01460ca2b940d4faef6b11 P 946bb0d09af343498b7e84c16cbcdd62 [term 2 FOLLOWER]: Raft consensus shutting down.
I20260709 12:26:41.781011  2676 raft_consensus.cc:2272] T 1c139debaa01460ca2b940d4faef6b11 P 946bb0d09af343498b7e84c16cbcdd62 [term 2 FOLLOWER]: Raft consensus is shut down!
I20260709 12:26:41.782908  2676 tablet_replica.cc:333] T 563563e5d21241b38fd03c4af3aa717f P 946bb0d09af343498b7e84c16cbcdd62: stopping tablet replica
I20260709 12:26:41.783383  2676 raft_consensus.cc:2243] T 563563e5d21241b38fd03c4af3aa717f P 946bb0d09af343498b7e84c16cbcdd62 [term 1 LEADER]: Raft consensus shutting down.
I20260709 12:26:41.784165  2676 raft_consensus.cc:2272] T 563563e5d21241b38fd03c4af3aa717f P 946bb0d09af343498b7e84c16cbcdd62 [term 1 FOLLOWER]: Raft consensus is shut down!
I20260709 12:26:41.786085  2676 tablet_replica.cc:333] T 5056ee8dda5d47ee9bb62c5c079f4b05 P 946bb0d09af343498b7e84c16cbcdd62: stopping tablet replica
I20260709 12:26:41.786581  2676 raft_consensus.cc:2243] T 5056ee8dda5d47ee9bb62c5c079f4b05 P 946bb0d09af343498b7e84c16cbcdd62 [term 2 FOLLOWER]: Raft consensus shutting down.
I20260709 12:26:41.786986  2676 raft_consensus.cc:2272] T 5056ee8dda5d47ee9bb62c5c079f4b05 P 946bb0d09af343498b7e84c16cbcdd62 [term 2 FOLLOWER]: Raft consensus is shut down!
I20260709 12:26:41.788805  2676 tablet_replica.cc:333] T 3019a0331f094fb5be682e843969de64 P 946bb0d09af343498b7e84c16cbcdd62: stopping tablet replica
I20260709 12:26:41.789372  2676 raft_consensus.cc:2243] T 3019a0331f094fb5be682e843969de64 P 946bb0d09af343498b7e84c16cbcdd62 [term 5 LEADER]: Raft consensus shutting down.
I20260709 12:26:41.790282  2676 raft_consensus.cc:2272] T 3019a0331f094fb5be682e843969de64 P 946bb0d09af343498b7e84c16cbcdd62 [term 5 FOLLOWER]: Raft consensus is shut down!
I20260709 12:26:41.792028  2676 tablet_replica.cc:333] T c4188b19345044b6b8f86b5397198171 P 946bb0d09af343498b7e84c16cbcdd62: stopping tablet replica
I20260709 12:26:41.792484  2676 raft_consensus.cc:2243] T c4188b19345044b6b8f86b5397198171 P 946bb0d09af343498b7e84c16cbcdd62 [term 3 FOLLOWER]: Raft consensus shutting down.
I20260709 12:26:41.792922  2676 raft_consensus.cc:2272] T c4188b19345044b6b8f86b5397198171 P 946bb0d09af343498b7e84c16cbcdd62 [term 3 FOLLOWER]: Raft consensus is shut down!
I20260709 12:26:41.794691  2676 tablet_replica.cc:333] T 7167b0853ae34ad581ebf0df54b4032a P 946bb0d09af343498b7e84c16cbcdd62: stopping tablet replica
I20260709 12:26:41.795137  2676 raft_consensus.cc:2243] T 7167b0853ae34ad581ebf0df54b4032a P 946bb0d09af343498b7e84c16cbcdd62 [term 2 FOLLOWER]: Raft consensus shutting down.
I20260709 12:26:41.795580  2676 raft_consensus.cc:2272] T 7167b0853ae34ad581ebf0df54b4032a P 946bb0d09af343498b7e84c16cbcdd62 [term 2 FOLLOWER]: Raft consensus is shut down!
I20260709 12:26:41.797356  2676 tablet_replica.cc:333] T e6535b05ad364aad91eeec06b149d559 P 946bb0d09af343498b7e84c16cbcdd62: stopping tablet replica
I20260709 12:26:41.797822  2676 raft_consensus.cc:2243] T e6535b05ad364aad91eeec06b149d559 P 946bb0d09af343498b7e84c16cbcdd62 [term 2 FOLLOWER]: Raft consensus shutting down.
I20260709 12:26:41.798333  2676 raft_consensus.cc:2272] T e6535b05ad364aad91eeec06b149d559 P 946bb0d09af343498b7e84c16cbcdd62 [term 2 FOLLOWER]: Raft consensus is shut down!
I20260709 12:26:41.800113  2676 tablet_replica.cc:333] T ab1e9019cef34fcbaf43b0fb83efc14c P 946bb0d09af343498b7e84c16cbcdd62: stopping tablet replica
I20260709 12:26:41.800531  2676 raft_consensus.cc:2243] T ab1e9019cef34fcbaf43b0fb83efc14c P 946bb0d09af343498b7e84c16cbcdd62 [term 4 FOLLOWER]: Raft consensus shutting down.
I20260709 12:26:41.800942  2676 raft_consensus.cc:2272] T ab1e9019cef34fcbaf43b0fb83efc14c P 946bb0d09af343498b7e84c16cbcdd62 [term 4 FOLLOWER]: Raft consensus is shut down!
I20260709 12:26:41.831067  2676 tablet_server.cc:196] TabletServer@127.2.157.3:0 shutdown complete.
I20260709 12:26:41.853091  2676 master.cc:562] Master@127.2.157.62:41389 shutting down...
I20260709 12:26:41.878144  2676 raft_consensus.cc:2243] T 00000000000000000000000000000000 P 687a1d41ddd84ad8893e60eedd0481e9 [term 1 LEADER]: Raft consensus shutting down.
I20260709 12:26:41.878816  2676 raft_consensus.cc:2272] T 00000000000000000000000000000000 P 687a1d41ddd84ad8893e60eedd0481e9 [term 1 FOLLOWER]: Raft consensus is shut down!
I20260709 12:26:41.879194  2676 tablet_replica.cc:333] T 00000000000000000000000000000000 P 687a1d41ddd84ad8893e60eedd0481e9: stopping tablet replica
I20260709 12:26:41.899437  2676 master.cc:584] Master@127.2.157.62:41389 shutdown complete.
946bb0d09af343498b7e84c16cbcdd62  1
94f2f1c5017545e6bd73655a3762e867  5
ce8ac360b4944ac78fc2401b20fa940b  4
946bb0d09af343498b7e84c16cbcdd62  3
94f2f1c5017545e6bd73655a3762e867  3
ce8ac360b4944ac78fc2401b20fa940b  4
946bb0d09af343498b7e84c16cbcdd62  1
94f2f1c5017545e6bd73655a3762e867  8
ce8ac360b4944ac78fc2401b20fa940b  1
946bb0d09af343498b7e84c16cbcdd62  3
94f2f1c5017545e6bd73655a3762e867  4
ce8ac360b4944ac78fc2401b20fa940b  3
[       OK ] LeaderRebalancerTest.FunctionalTestForNotDivided (28911 ms)
[ RUN      ] LeaderRebalancerTest.AddTserver
I20260709 12:26:41.943878  2676 internal_mini_cluster.cc:156] Creating distributed mini masters. Addrs: 127.2.157.62:44099
I20260709 12:26:41.945011  2676 file_cache.cc:504] Constructed file cache file cache with capacity 419430
W20260709 12:26:41.951598  3731 instance_detector.cc:116] could not retrieve Azure instance metadata: Network error: curl error: HTTP response code said error: The requested URL returned error: 404
W20260709 12:26:41.951617  3730 instance_detector.cc:116] could not retrieve AWS instance metadata: Network error: curl error: HTTP response code said error: The requested URL returned error: 404
W20260709 12:26:41.952647  3733 instance_detector.cc:116] could not retrieve OpenStack instance metadata: Network error: curl error: HTTP response code said error: The requested URL returned error: 404
I20260709 12:26:41.952826  2676 server_base.cc:1061] running on GCE node
I20260709 12:26:41.953859  2676 hybrid_clock.cc:584] initializing the hybrid clock with 'system_unsync' time source
W20260709 12:26:41.954103  2676 system_unsync_time.cc:38] NTP support is disabled. Clock error bounds will not be accurate. This configuration is not suitable for distributed clusters.
I20260709 12:26:41.954229  2676 hybrid_clock.cc:648] HybridClock initialized: now 1783600001954218 us; error 0 us; skew 500 ppm
I20260709 12:26:41.954694  2676 server_base.cc:861] Flag tcmalloc_max_total_thread_cache_bytes is not working since tcmalloc is not enabled.
I20260709 12:26:41.957115  2676 webserver.cc:533] Webserver started at http://127.2.157.62:41447/ using document root <none> and password file <none>
I20260709 12:26:41.957587  2676 fs_manager.cc:362] Metadata directory not provided
I20260709 12:26:41.957744  2676 fs_manager.cc:368] Using write-ahead log directory (fs_wal_dir) as metadata directory
I20260709 12:26:41.958034  2676 server_base.cc:909] This appears to be a new deployment of Kudu; creating new FS layout
I20260709 12:26:41.959151  2676 fs_manager.cc:1068] Generated new instance metadata in path /tmp/dist-test-taskGkOjm6/test-tmp/auto_leader_rebalancer-test.0.LeaderRebalancerTest.AddTserver.1783599939977835-2676-0/minicluster-data/master-0-root/instance:
uuid: "a21ae62b873f4aa28d9c28a3b1bc7936"
format_stamp: "Formatted at 2026-07-09 12:26:41 on dist-test-slave-0768"
I20260709 12:26:41.963753  2676 fs_manager.cc:696] Time spent creating directory manager: real 0.004s	user 0.005s	sys 0.000s
I20260709 12:26:41.967201  3738 log_block_manager.cc:4127] Time spent loading block containers with low live blocks: real 0.000s	user 0.000s	sys 0.000s
I20260709 12:26:41.967957  2676 fs_manager.cc:730] Time spent opening block manager: real 0.002s	user 0.002s	sys 0.001s
I20260709 12:26:41.968318  2676 fs_manager.cc:647] Opened local filesystem: /tmp/dist-test-taskGkOjm6/test-tmp/auto_leader_rebalancer-test.0.LeaderRebalancerTest.AddTserver.1783599939977835-2676-0/minicluster-data/master-0-root
uuid: "a21ae62b873f4aa28d9c28a3b1bc7936"
format_stamp: "Formatted at 2026-07-09 12:26:41 on dist-test-slave-0768"
I20260709 12:26:41.968609  2676 fs_report.cc:389] FS layout report
--------------------
wal directory: /tmp/dist-test-taskGkOjm6/test-tmp/auto_leader_rebalancer-test.0.LeaderRebalancerTest.AddTserver.1783599939977835-2676-0/minicluster-data/master-0-root
metadata directory: /tmp/dist-test-taskGkOjm6/test-tmp/auto_leader_rebalancer-test.0.LeaderRebalancerTest.AddTserver.1783599939977835-2676-0/minicluster-data/master-0-root
1 data directories: /tmp/dist-test-taskGkOjm6/test-tmp/auto_leader_rebalancer-test.0.LeaderRebalancerTest.AddTserver.1783599939977835-2676-0/minicluster-data/master-0-root/data
Total live blocks: 0
Total live bytes: 0
Total live bytes (after alignment): 0
Total number of LBM containers: 0 (0 full)
Did not check for missing blocks
Did not check for orphaned blocks
Total full LBM containers with extra space: 0 (0 repaired)
Total full LBM container extra space in bytes: 0 (0 repaired)
Total incomplete LBM containers: 0 (0 repaired)
Total LBM partial records: 0 (0 repaired)
Total corrupted LBM metadata records in RocksDB: 0 (0 repaired)
I20260709 12:26:42.007169  2676 rpc_server.cc:225] running with OpenSSL 1.1.1  11 Sep 2018
I20260709 12:26:42.008486  2676 kserver.cc:163] Server-wide thread pool size limit: 3276
I20260709 12:26:42.049001  2676 rpc_server.cc:307] RPC server started. Bound to: 127.2.157.62:44099
I20260709 12:26:42.049144  3789 acceptor_pool.cc:272] collecting diagnostics on the listening RPC socket 127.2.157.62:44099 every 8 connection(s)
I20260709 12:26:42.053015  3790 data_dirs.cc:400] Could only allocate 1 dirs of requested 3 for tablet 00000000000000000000000000000000. 1 dirs total, 0 dirs full, 0 dirs failed
I20260709 12:26:42.062983  3790 tablet_bootstrap.cc:492] T 00000000000000000000000000000000 P a21ae62b873f4aa28d9c28a3b1bc7936: Bootstrap starting.
I20260709 12:26:42.067773  3790 tablet_bootstrap.cc:654] T 00000000000000000000000000000000 P a21ae62b873f4aa28d9c28a3b1bc7936: Neither blocks nor log segments found. Creating new log.
I20260709 12:26:42.072016  3790 tablet_bootstrap.cc:492] T 00000000000000000000000000000000 P a21ae62b873f4aa28d9c28a3b1bc7936: No bootstrap required, opened a new log
I20260709 12:26:42.074297  3790 raft_consensus.cc:359] T 00000000000000000000000000000000 P a21ae62b873f4aa28d9c28a3b1bc7936 [term 0 FOLLOWER]: Replica starting. Triggering 0 pending ops. Active config: opid_index: -1 OBSOLETE_local: true peers { permanent_uuid: "a21ae62b873f4aa28d9c28a3b1bc7936" member_type: VOTER }
I20260709 12:26:42.074725  3790 raft_consensus.cc:385] T 00000000000000000000000000000000 P a21ae62b873f4aa28d9c28a3b1bc7936 [term 0 FOLLOWER]: Consensus starting up: Expiring failure detector timer to make a prompt election more likely
I20260709 12:26:42.074973  3790 raft_consensus.cc:740] T 00000000000000000000000000000000 P a21ae62b873f4aa28d9c28a3b1bc7936 [term 0 FOLLOWER]: Becoming Follower/Learner. State: Replica: a21ae62b873f4aa28d9c28a3b1bc7936, State: Initialized, Role: FOLLOWER
I20260709 12:26:42.075568  3790 consensus_queue.cc:260] T 00000000000000000000000000000000 P a21ae62b873f4aa28d9c28a3b1bc7936 [NON_LEADER]: Queue going to NON_LEADER mode. State: All replicated index: 0, Majority replicated index: 0, Committed index: 0, Last appended: 0.0, Last appended by leader: 0, Current term: 0, Majority size: -1, State: 0, Mode: NON_LEADER, active raft config: opid_index: -1 OBSOLETE_local: true peers { permanent_uuid: "a21ae62b873f4aa28d9c28a3b1bc7936" member_type: VOTER }
I20260709 12:26:42.076056  3790 raft_consensus.cc:399] T 00000000000000000000000000000000 P a21ae62b873f4aa28d9c28a3b1bc7936 [term 0 FOLLOWER]: Only one voter in the Raft config. Triggering election immediately
I20260709 12:26:42.076285  3790 raft_consensus.cc:493] T 00000000000000000000000000000000 P a21ae62b873f4aa28d9c28a3b1bc7936 [term 0 FOLLOWER]: Starting leader election (initial election of a single-replica configuration)
I20260709 12:26:42.076574  3790 raft_consensus.cc:3060] T 00000000000000000000000000000000 P a21ae62b873f4aa28d9c28a3b1bc7936 [term 0 FOLLOWER]: Advancing to term 1
I20260709 12:26:42.081607  3790 raft_consensus.cc:515] T 00000000000000000000000000000000 P a21ae62b873f4aa28d9c28a3b1bc7936 [term 1 FOLLOWER]: Starting leader election with config: opid_index: -1 OBSOLETE_local: true peers { permanent_uuid: "a21ae62b873f4aa28d9c28a3b1bc7936" member_type: VOTER }
I20260709 12:26:42.082224  3790 leader_election.cc:304] T 00000000000000000000000000000000 P a21ae62b873f4aa28d9c28a3b1bc7936 [CANDIDATE]: Term 1 election: Election decided. Result: candidate won. Election summary: received 1 responses out of 1 voters: 1 yes votes; 0 no votes. yes voters: a21ae62b873f4aa28d9c28a3b1bc7936; no voters: 
I20260709 12:26:42.083482  3790 leader_election.cc:290] T 00000000000000000000000000000000 P a21ae62b873f4aa28d9c28a3b1bc7936 [CANDIDATE]: Term 1 election: Requested vote from peers 
I20260709 12:26:42.084160  3793 raft_consensus.cc:2804] T 00000000000000000000000000000000 P a21ae62b873f4aa28d9c28a3b1bc7936 [term 1 FOLLOWER]: Leader election won for term 1
I20260709 12:26:42.085758  3793 raft_consensus.cc:697] T 00000000000000000000000000000000 P a21ae62b873f4aa28d9c28a3b1bc7936 [term 1 LEADER]: Becoming Leader. State: Replica: a21ae62b873f4aa28d9c28a3b1bc7936, State: Running, Role: LEADER
I20260709 12:26:42.086588  3793 consensus_queue.cc:237] T 00000000000000000000000000000000 P a21ae62b873f4aa28d9c28a3b1bc7936 [LEADER]: Queue going to LEADER mode. State: All replicated index: 0, Majority replicated index: 0, Committed index: 0, Last appended: 0.0, Last appended by leader: 0, Current term: 1, Majority size: 1, State: 0, Mode: LEADER, active raft config: opid_index: -1 OBSOLETE_local: true peers { permanent_uuid: "a21ae62b873f4aa28d9c28a3b1bc7936" member_type: VOTER }
I20260709 12:26:42.086927  3790 sys_catalog.cc:565] T 00000000000000000000000000000000 P a21ae62b873f4aa28d9c28a3b1bc7936 [sys.catalog]: configured and running, proceeding with master startup.
I20260709 12:26:42.092379  3794 sys_catalog.cc:455] T 00000000000000000000000000000000 P a21ae62b873f4aa28d9c28a3b1bc7936 [sys.catalog]: SysCatalogTable state changed. Reason: RaftConsensus started. Latest consensus state: current_term: 1 leader_uuid: "a21ae62b873f4aa28d9c28a3b1bc7936" committed_config { opid_index: -1 OBSOLETE_local: true peers { permanent_uuid: "a21ae62b873f4aa28d9c28a3b1bc7936" member_type: VOTER } }
I20260709 12:26:42.093569  3795 sys_catalog.cc:455] T 00000000000000000000000000000000 P a21ae62b873f4aa28d9c28a3b1bc7936 [sys.catalog]: SysCatalogTable state changed. Reason: New leader a21ae62b873f4aa28d9c28a3b1bc7936. Latest consensus state: current_term: 1 leader_uuid: "a21ae62b873f4aa28d9c28a3b1bc7936" committed_config { opid_index: -1 OBSOLETE_local: true peers { permanent_uuid: "a21ae62b873f4aa28d9c28a3b1bc7936" member_type: VOTER } }
I20260709 12:26:42.094092  3794 sys_catalog.cc:458] T 00000000000000000000000000000000 P a21ae62b873f4aa28d9c28a3b1bc7936 [sys.catalog]: This master's current role is: LEADER
I20260709 12:26:42.094359  3795 sys_catalog.cc:458] T 00000000000000000000000000000000 P a21ae62b873f4aa28d9c28a3b1bc7936 [sys.catalog]: This master's current role is: LEADER
I20260709 12:26:42.096104  3803 catalog_manager.cc:1511] Loading table and tablet metadata into memory...
I20260709 12:26:42.101701  3803 catalog_manager.cc:1520] Initializing Kudu cluster ID...
I20260709 12:26:42.102859  2676 internal_mini_cluster.cc:184] Waiting to initialize catalog manager on master 0
I20260709 12:26:42.110673  3803 catalog_manager.cc:1383] Generated new cluster ID: d7f3483ecd314edcb37079a4c56be0b3
I20260709 12:26:42.110967  3803 catalog_manager.cc:1531] Initializing Kudu internal certificate authority...
I20260709 12:26:42.130101  3803 catalog_manager.cc:1406] Generated new certificate authority record
I20260709 12:26:42.131402  3803 catalog_manager.cc:1540] Loading token signing keys...
I20260709 12:26:42.148281  3803 catalog_manager.cc:6070] T 00000000000000000000000000000000 P a21ae62b873f4aa28d9c28a3b1bc7936: Generated new TSK 0
I20260709 12:26:42.148909  3803 catalog_manager.cc:1550] Initializing in-progress tserver states...
I20260709 12:26:42.169840  2676 file_cache.cc:504] Constructed file cache file cache with capacity 419430
W20260709 12:26:42.176645  3811 instance_detector.cc:116] could not retrieve AWS instance metadata: Network error: curl error: HTTP response code said error: The requested URL returned error: 404
W20260709 12:26:42.177502  3812 instance_detector.cc:116] could not retrieve Azure instance metadata: Network error: curl error: HTTP response code said error: The requested URL returned error: 404
W20260709 12:26:42.179262  3814 instance_detector.cc:116] could not retrieve OpenStack instance metadata: Network error: curl error: HTTP response code said error: The requested URL returned error: 404
I20260709 12:26:42.180133  2676 server_base.cc:1061] running on GCE node
I20260709 12:26:42.181381  2676 hybrid_clock.cc:584] initializing the hybrid clock with 'system_unsync' time source
W20260709 12:26:42.181663  2676 system_unsync_time.cc:38] NTP support is disabled. Clock error bounds will not be accurate. This configuration is not suitable for distributed clusters.
I20260709 12:26:42.181854  2676 hybrid_clock.cc:648] HybridClock initialized: now 1783600002181831 us; error 0 us; skew 500 ppm
I20260709 12:26:42.182463  2676 server_base.cc:861] Flag tcmalloc_max_total_thread_cache_bytes is not working since tcmalloc is not enabled.
I20260709 12:26:42.184868  2676 webserver.cc:533] Webserver started at http://127.2.157.1:44833/ using document root <none> and password file <none>
I20260709 12:26:42.185379  2676 fs_manager.cc:362] Metadata directory not provided
I20260709 12:26:42.185593  2676 fs_manager.cc:368] Using write-ahead log directory (fs_wal_dir) as metadata directory
I20260709 12:26:42.185871  2676 server_base.cc:909] This appears to be a new deployment of Kudu; creating new FS layout
I20260709 12:26:42.187018  2676 fs_manager.cc:1068] Generated new instance metadata in path /tmp/dist-test-taskGkOjm6/test-tmp/auto_leader_rebalancer-test.0.LeaderRebalancerTest.AddTserver.1783599939977835-2676-0/minicluster-data/ts-0-root/instance:
uuid: "4eedd844c09d456ca0b3614490dd1dbb"
format_stamp: "Formatted at 2026-07-09 12:26:42 on dist-test-slave-0768"
I20260709 12:26:42.191632  2676 fs_manager.cc:696] Time spent creating directory manager: real 0.004s	user 0.005s	sys 0.000s
I20260709 12:26:42.195065  3819 log_block_manager.cc:4127] Time spent loading block containers with low live blocks: real 0.000s	user 0.000s	sys 0.000s
I20260709 12:26:42.195809  2676 fs_manager.cc:730] Time spent opening block manager: real 0.002s	user 0.002s	sys 0.001s
I20260709 12:26:42.196117  2676 fs_manager.cc:647] Opened local filesystem: /tmp/dist-test-taskGkOjm6/test-tmp/auto_leader_rebalancer-test.0.LeaderRebalancerTest.AddTserver.1783599939977835-2676-0/minicluster-data/ts-0-root
uuid: "4eedd844c09d456ca0b3614490dd1dbb"
format_stamp: "Formatted at 2026-07-09 12:26:42 on dist-test-slave-0768"
I20260709 12:26:42.196513  2676 fs_report.cc:389] FS layout report
--------------------
wal directory: /tmp/dist-test-taskGkOjm6/test-tmp/auto_leader_rebalancer-test.0.LeaderRebalancerTest.AddTserver.1783599939977835-2676-0/minicluster-data/ts-0-root
metadata directory: /tmp/dist-test-taskGkOjm6/test-tmp/auto_leader_rebalancer-test.0.LeaderRebalancerTest.AddTserver.1783599939977835-2676-0/minicluster-data/ts-0-root
1 data directories: /tmp/dist-test-taskGkOjm6/test-tmp/auto_leader_rebalancer-test.0.LeaderRebalancerTest.AddTserver.1783599939977835-2676-0/minicluster-data/ts-0-root/data
Total live blocks: 0
Total live bytes: 0
Total live bytes (after alignment): 0
Total number of LBM containers: 0 (0 full)
Did not check for missing blocks
Did not check for orphaned blocks
Total full LBM containers with extra space: 0 (0 repaired)
Total full LBM container extra space in bytes: 0 (0 repaired)
Total incomplete LBM containers: 0 (0 repaired)
Total LBM partial records: 0 (0 repaired)
Total corrupted LBM metadata records in RocksDB: 0 (0 repaired)
I20260709 12:26:42.208695  2676 rpc_server.cc:225] running with OpenSSL 1.1.1  11 Sep 2018
I20260709 12:26:42.210151  2676 kserver.cc:163] Server-wide thread pool size limit: 3276
I20260709 12:26:42.211619  2676 txn_system_client.cc:432] TxnSystemClient initialization is disabled...
I20260709 12:26:42.213872  2676 ts_tablet_manager.cc:585] Loaded tablet metadata (0 total tablets, 0 live tablets)
I20260709 12:26:42.214155  2676 ts_tablet_manager.cc:531] Time spent load tablet metadata: real 0.000s	user 0.000s	sys 0.000s
I20260709 12:26:42.214393  2676 ts_tablet_manager.cc:616] Registered 0 tablets
I20260709 12:26:42.214586  2676 ts_tablet_manager.cc:595] Time spent register tablets: real 0.000s	user 0.000s	sys 0.000s
I20260709 12:26:42.255715  2676 rpc_server.cc:307] RPC server started. Bound to: 127.2.157.1:32843
I20260709 12:26:42.255820  3881 acceptor_pool.cc:272] collecting diagnostics on the listening RPC socket 127.2.157.1:32843 every 8 connection(s)
I20260709 12:26:42.260630  2676 file_cache.cc:504] Constructed file cache file cache with capacity 419430
W20260709 12:26:42.268985  3886 instance_detector.cc:116] could not retrieve AWS instance metadata: Network error: curl error: HTTP response code said error: The requested URL returned error: 404
W20260709 12:26:42.269685  3887 instance_detector.cc:116] could not retrieve Azure instance metadata: Network error: curl error: HTTP response code said error: The requested URL returned error: 404
W20260709 12:26:42.272791  3890 instance_detector.cc:116] could not retrieve OpenStack instance metadata: Network error: curl error: HTTP response code said error: The requested URL returned error: 404
I20260709 12:26:42.273530  2676 server_base.cc:1061] running on GCE node
I20260709 12:26:42.275004  2676 hybrid_clock.cc:584] initializing the hybrid clock with 'system_unsync' time source
W20260709 12:26:42.275224  2676 system_unsync_time.cc:38] NTP support is disabled. Clock error bounds will not be accurate. This configuration is not suitable for distributed clusters.
I20260709 12:26:42.275431  2676 hybrid_clock.cc:648] HybridClock initialized: now 1783600002275412 us; error 0 us; skew 500 ppm
I20260709 12:26:42.275974  2676 server_base.cc:861] Flag tcmalloc_max_total_thread_cache_bytes is not working since tcmalloc is not enabled.
I20260709 12:26:42.278903  2676 webserver.cc:533] Webserver started at http://127.2.157.2:37703/ using document root <none> and password file <none>
I20260709 12:26:42.279480  2676 fs_manager.cc:362] Metadata directory not provided
I20260709 12:26:42.279680  2676 fs_manager.cc:368] Using write-ahead log directory (fs_wal_dir) as metadata directory
I20260709 12:26:42.279968  2676 server_base.cc:909] This appears to be a new deployment of Kudu; creating new FS layout
I20260709 12:26:42.280534  3882 heartbeater.cc:344] Connected to a master server at 127.2.157.62:44099
I20260709 12:26:42.280915  3882 heartbeater.cc:461] Registering TS with master...
I20260709 12:26:42.281356  2676 fs_manager.cc:1068] Generated new instance metadata in path /tmp/dist-test-taskGkOjm6/test-tmp/auto_leader_rebalancer-test.0.LeaderRebalancerTest.AddTserver.1783599939977835-2676-0/minicluster-data/ts-1-root/instance:
uuid: "073f84fcc295417f9bcc1eea29d2bb58"
format_stamp: "Formatted at 2026-07-09 12:26:42 on dist-test-slave-0768"
I20260709 12:26:42.281635  3882 heartbeater.cc:507] Master 127.2.157.62:44099 requested a full tablet report, sending...
I20260709 12:26:42.283761  3755 ts_manager.cc:194] Registered new tserver with Master: 4eedd844c09d456ca0b3614490dd1dbb (127.2.157.1:32843)
I20260709 12:26:42.285445  3755 master_service.cc:502] Signed X509 certificate for tserver {username='slave'} at 127.0.0.1:51798
I20260709 12:26:42.286482  2676 fs_manager.cc:696] Time spent creating directory manager: real 0.004s	user 0.003s	sys 0.000s
I20260709 12:26:42.290298  3894 log_block_manager.cc:4127] Time spent loading block containers with low live blocks: real 0.000s	user 0.000s	sys 0.000s
I20260709 12:26:42.291095  2676 fs_manager.cc:730] Time spent opening block manager: real 0.003s	user 0.002s	sys 0.001s
I20260709 12:26:42.291363  2676 fs_manager.cc:647] Opened local filesystem: /tmp/dist-test-taskGkOjm6/test-tmp/auto_leader_rebalancer-test.0.LeaderRebalancerTest.AddTserver.1783599939977835-2676-0/minicluster-data/ts-1-root
uuid: "073f84fcc295417f9bcc1eea29d2bb58"
format_stamp: "Formatted at 2026-07-09 12:26:42 on dist-test-slave-0768"
I20260709 12:26:42.291606  2676 fs_report.cc:389] FS layout report
--------------------
wal directory: /tmp/dist-test-taskGkOjm6/test-tmp/auto_leader_rebalancer-test.0.LeaderRebalancerTest.AddTserver.1783599939977835-2676-0/minicluster-data/ts-1-root
metadata directory: /tmp/dist-test-taskGkOjm6/test-tmp/auto_leader_rebalancer-test.0.LeaderRebalancerTest.AddTserver.1783599939977835-2676-0/minicluster-data/ts-1-root
1 data directories: /tmp/dist-test-taskGkOjm6/test-tmp/auto_leader_rebalancer-test.0.LeaderRebalancerTest.AddTserver.1783599939977835-2676-0/minicluster-data/ts-1-root/data
Total live blocks: 0
Total live bytes: 0
Total live bytes (after alignment): 0
Total number of LBM containers: 0 (0 full)
Did not check for missing blocks
Did not check for orphaned blocks
Total full LBM containers with extra space: 0 (0 repaired)
Total full LBM container extra space in bytes: 0 (0 repaired)
Total incomplete LBM containers: 0 (0 repaired)
Total LBM partial records: 0 (0 repaired)
Total corrupted LBM metadata records in RocksDB: 0 (0 repaired)
I20260709 12:26:42.317500  2676 rpc_server.cc:225] running with OpenSSL 1.1.1  11 Sep 2018
I20260709 12:26:42.318751  2676 kserver.cc:163] Server-wide thread pool size limit: 3276
I20260709 12:26:42.320104  2676 txn_system_client.cc:432] TxnSystemClient initialization is disabled...
I20260709 12:26:42.322289  2676 ts_tablet_manager.cc:585] Loaded tablet metadata (0 total tablets, 0 live tablets)
I20260709 12:26:42.322461  2676 ts_tablet_manager.cc:531] Time spent load tablet metadata: real 0.000s	user 0.000s	sys 0.000s
I20260709 12:26:42.322751  2676 ts_tablet_manager.cc:616] Registered 0 tablets
I20260709 12:26:42.322911  2676 ts_tablet_manager.cc:595] Time spent register tablets: real 0.000s	user 0.000s	sys 0.000s
I20260709 12:26:42.364337  2676 rpc_server.cc:307] RPC server started. Bound to: 127.2.157.2:42279
I20260709 12:26:42.364459  3956 acceptor_pool.cc:272] collecting diagnostics on the listening RPC socket 127.2.157.2:42279 every 8 connection(s)
I20260709 12:26:42.369177  2676 file_cache.cc:504] Constructed file cache file cache with capacity 419430
W20260709 12:26:42.376744  3960 instance_detector.cc:116] could not retrieve AWS instance metadata: Network error: curl error: HTTP response code said error: The requested URL returned error: 404
W20260709 12:26:42.378610  3961 instance_detector.cc:116] could not retrieve Azure instance metadata: Network error: curl error: HTTP response code said error: The requested URL returned error: 404
W20260709 12:26:42.380091  3963 instance_detector.cc:116] could not retrieve OpenStack instance metadata: Network error: curl error: HTTP response code said error: The requested URL returned error: 404
I20260709 12:26:42.381124  2676 server_base.cc:1061] running on GCE node
I20260709 12:26:42.382117  2676 hybrid_clock.cc:584] initializing the hybrid clock with 'system_unsync' time source
W20260709 12:26:42.382360  2676 system_unsync_time.cc:38] NTP support is disabled. Clock error bounds will not be accurate. This configuration is not suitable for distributed clusters.
I20260709 12:26:42.382457  3957 heartbeater.cc:344] Connected to a master server at 127.2.157.62:44099
I20260709 12:26:42.382608  2676 hybrid_clock.cc:648] HybridClock initialized: now 1783600002382585 us; error 0 us; skew 500 ppm
I20260709 12:26:42.382839  3957 heartbeater.cc:461] Registering TS with master...
I20260709 12:26:42.383348  2676 server_base.cc:861] Flag tcmalloc_max_total_thread_cache_bytes is not working since tcmalloc is not enabled.
I20260709 12:26:42.383718  3957 heartbeater.cc:507] Master 127.2.157.62:44099 requested a full tablet report, sending...
I20260709 12:26:42.386267  2676 webserver.cc:533] Webserver started at http://127.2.157.3:41221/ using document root <none> and password file <none>
I20260709 12:26:42.386581  3755 ts_manager.cc:194] Registered new tserver with Master: 073f84fcc295417f9bcc1eea29d2bb58 (127.2.157.2:42279)
I20260709 12:26:42.386790  2676 fs_manager.cc:362] Metadata directory not provided
I20260709 12:26:42.387086  2676 fs_manager.cc:368] Using write-ahead log directory (fs_wal_dir) as metadata directory
I20260709 12:26:42.387357  2676 server_base.cc:909] This appears to be a new deployment of Kudu; creating new FS layout
I20260709 12:26:42.388307  3755 master_service.cc:502] Signed X509 certificate for tserver {username='slave'} at 127.0.0.1:51802
I20260709 12:26:42.388542  2676 fs_manager.cc:1068] Generated new instance metadata in path /tmp/dist-test-taskGkOjm6/test-tmp/auto_leader_rebalancer-test.0.LeaderRebalancerTest.AddTserver.1783599939977835-2676-0/minicluster-data/ts-2-root/instance:
uuid: "34711da9380944d2969a2bc3e203db3d"
format_stamp: "Formatted at 2026-07-09 12:26:42 on dist-test-slave-0768"
I20260709 12:26:42.393313  2676 fs_manager.cc:696] Time spent creating directory manager: real 0.004s	user 0.004s	sys 0.002s
I20260709 12:26:42.396982  3968 log_block_manager.cc:4127] Time spent loading block containers with low live blocks: real 0.000s	user 0.000s	sys 0.000s
I20260709 12:26:42.397940  2676 fs_manager.cc:730] Time spent opening block manager: real 0.003s	user 0.002s	sys 0.000s
I20260709 12:26:42.398304  2676 fs_manager.cc:647] Opened local filesystem: /tmp/dist-test-taskGkOjm6/test-tmp/auto_leader_rebalancer-test.0.LeaderRebalancerTest.AddTserver.1783599939977835-2676-0/minicluster-data/ts-2-root
uuid: "34711da9380944d2969a2bc3e203db3d"
format_stamp: "Formatted at 2026-07-09 12:26:42 on dist-test-slave-0768"
I20260709 12:26:42.398612  2676 fs_report.cc:389] FS layout report
--------------------
wal directory: /tmp/dist-test-taskGkOjm6/test-tmp/auto_leader_rebalancer-test.0.LeaderRebalancerTest.AddTserver.1783599939977835-2676-0/minicluster-data/ts-2-root
metadata directory: /tmp/dist-test-taskGkOjm6/test-tmp/auto_leader_rebalancer-test.0.LeaderRebalancerTest.AddTserver.1783599939977835-2676-0/minicluster-data/ts-2-root
1 data directories: /tmp/dist-test-taskGkOjm6/test-tmp/auto_leader_rebalancer-test.0.LeaderRebalancerTest.AddTserver.1783599939977835-2676-0/minicluster-data/ts-2-root/data
Total live blocks: 0
Total live bytes: 0
Total live bytes (after alignment): 0
Total number of LBM containers: 0 (0 full)
Did not check for missing blocks
Did not check for orphaned blocks
Total full LBM containers with extra space: 0 (0 repaired)
Total full LBM container extra space in bytes: 0 (0 repaired)
Total incomplete LBM containers: 0 (0 repaired)
Total LBM partial records: 0 (0 repaired)
Total corrupted LBM metadata records in RocksDB: 0 (0 repaired)
I20260709 12:26:42.413844  2676 rpc_server.cc:225] running with OpenSSL 1.1.1  11 Sep 2018
I20260709 12:26:42.415283  2676 kserver.cc:163] Server-wide thread pool size limit: 3276
I20260709 12:26:42.416869  2676 txn_system_client.cc:432] TxnSystemClient initialization is disabled...
I20260709 12:26:42.419348  2676 ts_tablet_manager.cc:585] Loaded tablet metadata (0 total tablets, 0 live tablets)
I20260709 12:26:42.419581  2676 ts_tablet_manager.cc:531] Time spent load tablet metadata: real 0.000s	user 0.000s	sys 0.000s
I20260709 12:26:42.419867  2676 ts_tablet_manager.cc:616] Registered 0 tablets
I20260709 12:26:42.420059  2676 ts_tablet_manager.cc:595] Time spent register tablets: real 0.000s	user 0.000s	sys 0.000s
I20260709 12:26:42.462858  2676 rpc_server.cc:307] RPC server started. Bound to: 127.2.157.3:33709
I20260709 12:26:42.462960  4030 acceptor_pool.cc:272] collecting diagnostics on the listening RPC socket 127.2.157.3:33709 every 8 connection(s)
I20260709 12:26:42.478219  4031 heartbeater.cc:344] Connected to a master server at 127.2.157.62:44099
I20260709 12:26:42.478619  4031 heartbeater.cc:461] Registering TS with master...
I20260709 12:26:42.479416  4031 heartbeater.cc:507] Master 127.2.157.62:44099 requested a full tablet report, sending...
I20260709 12:26:42.481755  3755 ts_manager.cc:194] Registered new tserver with Master: 34711da9380944d2969a2bc3e203db3d (127.2.157.3:33709)
I20260709 12:26:42.482748  2676 internal_mini_cluster.cc:371] 3 TS(s) registered with all masters after 0.01619518s
I20260709 12:26:42.483289  3755 master_service.cc:502] Signed X509 certificate for tserver {username='slave'} at 127.0.0.1:51804
I20260709 12:26:42.513439  3755 catalog_manager.cc:2283] Servicing CreateTable request from {username='slave'} at 127.0.0.1:51808:
name: "test-workload"
schema {
  columns {
    name: "key"
    type: INT32
    is_key: true
    is_nullable: false
    encoding: AUTO_ENCODING
    compression: DEFAULT_COMPRESSION
    cfile_block_size: 0
    immutable: false
  }
  columns {
    name: "int_val"
    type: INT32
    is_key: false
    is_nullable: false
    encoding: AUTO_ENCODING
    compression: DEFAULT_COMPRESSION
    cfile_block_size: 0
    immutable: false
  }
  columns {
    name: "string_val"
    type: STRING
    is_key: false
    is_nullable: true
    encoding: AUTO_ENCODING
    compression: DEFAULT_COMPRESSION
    cfile_block_size: 0
    immutable: false
  }
}
num_replicas: 3
split_rows_range_bounds {
  rows: "\004\001\000\313c+\002\004\001\000\226\307V\004\004\001\000a+\202\006\004\001\000,\217\255\010\004\001\000\367\362\330\n\004\001\000\302V\004\r\004\001\000\215\272/\017\004\001\000X\036[\021\004\001\000#\202\206\023\004\001\000\356\345\261\025\004\001\000\271I\335\027\004\001\000\204\255\010\032\004\001\000O\0214\034\004\001\000\032u_\036\004\001\000\345\330\212 \004\001\000\260<\266\"\004\001\000{\240\341$\004\001\000F\004\r\'\004\001\000\021h8)\004\001\000\334\313c+\004\001\000\247/\217-\004\001\000r\223\272/\004\001\000=\367\3451\004\001\000\010[\0214\004\001\000\323\276<6\004\001\000\236\"h8\004\001\000i\206\223:\004\001\0004\352\276<\004\001\000\377M\352>\004\001\000\312\261\025A\004\001\000\225\025AC\004\001\000`ylE\004\001\000+\335\227G\004\001\000\366@\303I\004\001\000\301\244\356K\004\001\000\214\010\032N\004\001\000WlEP\004\001\000\"\320pR\004\001\000\3553\234T\004\001\000\270\227\307V\004\001\000\203\373\362X\004\001\000N_\036[\004\001\000\031\303I]\004\001\000\344&u_\004\001\000\257\212\240a\004\001\000z\356\313c\004\001\000ER\367e\004\001\000\020\266\"h\004\001\000\333\031Nj\004\001\000\246}yl\004\001\000q\341\244n\004\001\000<E\320p\004\001\000\007\251\373r\004\001\000\322\014\'u\004\001\000\235pRw\004\001\000h\324}y\004\001\00038\251{\004\001\000\376\233\324}""\004\001\000\313c+\002\004\001\000\226\307V\004\004\001\000a+\202\006\004\001\000,\217\255\010\004\001\000\367\362\330\n\004\001\000\302V\004\r\004\001\000\215\272/\017\004\001\000X\036[\021\004\001\000#\202\206\023\004\001\000\356\345\261\025\004\001\000\271I\335\027\004\001\000\204\255\010\032\004\001\000O\0214\034\004\001\000\032u_\036\004\001\000\345\330\212 \004\001\000\260<\266\"\004\001\000{\240\341$\004\001\000F\004\r\'\004\001\000\021h8)\004\001\000\334\313c+\004\001\000\247/\217-\004\001\000r\223\272/\004\001\000=\367\3451\004\001\000\010[\0214\004\001\000\323\276<6\004\001\000\236\"h8\004\001\000i\206\223:\004\001\0004\352\276<\004\001\000\377M\352>\004\001\000\312\261\025A\004\001\000\225\025AC\004\001\000`ylE\004\001\000+\335\227G\004\001\000\366@\303I\004\001\000\301\244\356K\004\001\000\214\010\032N\004\001\000WlEP\004\001\000\"\320pR\004\001\000\3553\234T\004\001\000\270\227\307V\004\001\000\203\373\362X\004\001\000N_\036[\004\001\000\031\303I]\004\001\000\344&u_\004\001\000\257\212\240a\004\001\000z\356\313c\004\001\000ER\367e\004\001\000\020\266\"h\004\001\000\333\031Nj\004\001\000\246}yl\004\001\000q\341\244n\004\001\000<E\320p\004\001\000\007\251\373r\004\001\000\322\014\'u\004\001\000\235pRw\004\001\000h\324}y\004\001\00038\251{\004\001\000\376\233\324}"
  indirect_data: """"
}
partition_schema {
  range_schema {
    columns {
      name: "key"
    }
  }
}
W20260709 12:26:42.519584  3755 catalog_manager.cc:7077] The number of live tablet servers is not enough to re-replicate a tablet replica of the newly created table test-workload in case of a server failure: 4 tablet servers would be needed, 3 are available. Consider bringing up more tablet servers.
I20260709 12:26:42.723474  3996 tablet_service.cc:1511] Processing CreateTablet for tablet ba2105a333194a478762048de8b5853c (DEFAULT_TABLE table=test-workload [id=d9414e0696b542ed971437326e01ed15]), partition=RANGE (key) PARTITION VALUES < 36398027
I20260709 12:26:42.725149  3996 data_dirs.cc:400] Could only allocate 1 dirs of requested 3 for tablet ba2105a333194a478762048de8b5853c. 1 dirs total, 0 dirs full, 0 dirs failed
I20260709 12:26:42.725071  3922 tablet_service.cc:1511] Processing CreateTablet for tablet ba2105a333194a478762048de8b5853c (DEFAULT_TABLE table=test-workload [id=d9414e0696b542ed971437326e01ed15]), partition=RANGE (key) PARTITION VALUES < 36398027
I20260709 12:26:42.726707  3922 data_dirs.cc:400] Could only allocate 1 dirs of requested 3 for tablet ba2105a333194a478762048de8b5853c. 1 dirs total, 0 dirs full, 0 dirs failed
I20260709 12:26:42.728042  3921 tablet_service.cc:1511] Processing CreateTablet for tablet 2c8fdf36221e4313b4289cb50019ec4f (DEFAULT_TABLE table=test-workload [id=d9414e0696b542ed971437326e01ed15]), partition=RANGE (key) PARTITION 36398027 <= VALUES < 72796054
I20260709 12:26:42.729621  3921 data_dirs.cc:400] Could only allocate 1 dirs of requested 3 for tablet 2c8fdf36221e4313b4289cb50019ec4f. 1 dirs total, 0 dirs full, 0 dirs failed
I20260709 12:26:42.735847  3920 tablet_service.cc:1511] Processing CreateTablet for tablet 781f4e626c2b4af0af08871cfde2d83e (DEFAULT_TABLE table=test-workload [id=d9414e0696b542ed971437326e01ed15]), partition=RANGE (key) PARTITION 72796054 <= VALUES < 109194081
I20260709 12:26:42.737440  3920 data_dirs.cc:400] Could only allocate 1 dirs of requested 3 for tablet 781f4e626c2b4af0af08871cfde2d83e. 1 dirs total, 0 dirs full, 0 dirs failed
I20260709 12:26:42.739285  3847 tablet_service.cc:1511] Processing CreateTablet for tablet ba2105a333194a478762048de8b5853c (DEFAULT_TABLE table=test-workload [id=d9414e0696b542ed971437326e01ed15]), partition=RANGE (key) PARTITION VALUES < 36398027
I20260709 12:26:42.740797  3847 data_dirs.cc:400] Could only allocate 1 dirs of requested 3 for tablet ba2105a333194a478762048de8b5853c. 1 dirs total, 0 dirs full, 0 dirs failed
I20260709 12:26:42.743093  3919 tablet_service.cc:1511] Processing CreateTablet for tablet 008722eae8ea40db92fea0a5f70961f3 (DEFAULT_TABLE table=test-workload [id=d9414e0696b542ed971437326e01ed15]), partition=RANGE (key) PARTITION 109194081 <= VALUES < 145592108
I20260709 12:26:42.744606  3919 data_dirs.cc:400] Could only allocate 1 dirs of requested 3 for tablet 008722eae8ea40db92fea0a5f70961f3. 1 dirs total, 0 dirs full, 0 dirs failed
I20260709 12:26:42.746858  3918 tablet_service.cc:1511] Processing CreateTablet for tablet d1e53a5bcc4f45a3a3ba300b44b04925 (DEFAULT_TABLE table=test-workload [id=d9414e0696b542ed971437326e01ed15]), partition=RANGE (key) PARTITION 145592108 <= VALUES < 181990135
I20260709 12:26:42.751639  3995 tablet_service.cc:1511] Processing CreateTablet for tablet 2c8fdf36221e4313b4289cb50019ec4f (DEFAULT_TABLE table=test-workload [id=d9414e0696b542ed971437326e01ed15]), partition=RANGE (key) PARTITION 36398027 <= VALUES < 72796054
I20260709 12:26:42.756168  3840 tablet_service.cc:1511] Processing CreateTablet for tablet 8abf2cd47e3c44d995fbbb863bf3d5ac (DEFAULT_TABLE table=test-workload [id=d9414e0696b542ed971437326e01ed15]), partition=RANGE (key) PARTITION 254786189 <= VALUES < 291184216
I20260709 12:26:42.755767  3846 tablet_service.cc:1511] Processing CreateTablet for tablet 2c8fdf36221e4313b4289cb50019ec4f (DEFAULT_TABLE table=test-workload [id=d9414e0696b542ed971437326e01ed15]), partition=RANGE (key) PARTITION 36398027 <= VALUES < 72796054
I20260709 12:26:42.758441  3916 tablet_service.cc:1511] Processing CreateTablet for tablet 20fdebd7b9154e47beb5e08a62175fe5 (DEFAULT_TABLE table=test-workload [id=d9414e0696b542ed971437326e01ed15]), partition=RANGE (key) PARTITION 218388162 <= VALUES < 254786189
I20260709 12:26:42.759899  3916 data_dirs.cc:400] Could only allocate 1 dirs of requested 3 for tablet 20fdebd7b9154e47beb5e08a62175fe5. 1 dirs total, 0 dirs full, 0 dirs failed
I20260709 12:26:42.760365  3915 tablet_service.cc:1511] Processing CreateTablet for tablet 8abf2cd47e3c44d995fbbb863bf3d5ac (DEFAULT_TABLE table=test-workload [id=d9414e0696b542ed971437326e01ed15]), partition=RANGE (key) PARTITION 254786189 <= VALUES < 291184216
I20260709 12:26:42.761379  3841 tablet_service.cc:1511] Processing CreateTablet for tablet 20fdebd7b9154e47beb5e08a62175fe5 (DEFAULT_TABLE table=test-workload [id=d9414e0696b542ed971437326e01ed15]), partition=RANGE (key) PARTITION 218388162 <= VALUES < 254786189
I20260709 12:26:42.762614  3915 data_dirs.cc:400] Could only allocate 1 dirs of requested 3 for tablet 8abf2cd47e3c44d995fbbb863bf3d5ac. 1 dirs total, 0 dirs full, 0 dirs failed
I20260709 12:26:42.763688  3842 tablet_service.cc:1511] Processing CreateTablet for tablet 415f89d9faf145eba38570ddee93ff31 (DEFAULT_TABLE table=test-workload [id=d9414e0696b542ed971437326e01ed15]), partition=RANGE (key) PARTITION 181990135 <= VALUES < 218388162
I20260709 12:26:42.765956  3843 tablet_service.cc:1511] Processing CreateTablet for tablet d1e53a5bcc4f45a3a3ba300b44b04925 (DEFAULT_TABLE table=test-workload [id=d9414e0696b542ed971437326e01ed15]), partition=RANGE (key) PARTITION 145592108 <= VALUES < 181990135
I20260709 12:26:42.768236  3844 tablet_service.cc:1511] Processing CreateTablet for tablet 008722eae8ea40db92fea0a5f70961f3 (DEFAULT_TABLE table=test-workload [id=d9414e0696b542ed971437326e01ed15]), partition=RANGE (key) PARTITION 109194081 <= VALUES < 145592108
I20260709 12:26:42.769511  3838 tablet_service.cc:1511] Processing CreateTablet for tablet 8693e7a0624445758baf0b77c7686e0c (DEFAULT_TABLE table=test-workload [id=d9414e0696b542ed971437326e01ed15]), partition=RANGE (key) PARTITION 327582243 <= VALUES < 363980270
I20260709 12:26:42.770507  3845 tablet_service.cc:1511] Processing CreateTablet for tablet 781f4e626c2b4af0af08871cfde2d83e (DEFAULT_TABLE table=test-workload [id=d9414e0696b542ed971437326e01ed15]), partition=RANGE (key) PARTITION 72796054 <= VALUES < 109194081
I20260709 12:26:42.765076  3839 tablet_service.cc:1511] Processing CreateTablet for tablet 3d5f24773bb44448a1cb122558f0c4c9 (DEFAULT_TABLE table=test-workload [id=d9414e0696b542ed971437326e01ed15]), partition=RANGE (key) PARTITION 291184216 <= VALUES < 327582243
I20260709 12:26:42.774286  3992 tablet_service.cc:1511] Processing CreateTablet for tablet d1e53a5bcc4f45a3a3ba300b44b04925 (DEFAULT_TABLE table=test-workload [id=d9414e0696b542ed971437326e01ed15]), partition=RANGE (key) PARTITION 145592108 <= VALUES < 181990135
I20260709 12:26:42.774884  3917 tablet_service.cc:1511] Processing CreateTablet for tablet 415f89d9faf145eba38570ddee93ff31 (DEFAULT_TABLE table=test-workload [id=d9414e0696b542ed971437326e01ed15]), partition=RANGE (key) PARTITION 181990135 <= VALUES < 218388162
I20260709 12:26:42.775238  3994 tablet_service.cc:1511] Processing CreateTablet for tablet 781f4e626c2b4af0af08871cfde2d83e (DEFAULT_TABLE table=test-workload [id=d9414e0696b542ed971437326e01ed15]), partition=RANGE (key) PARTITION 72796054 <= VALUES < 109194081
I20260709 12:26:42.776926  3991 tablet_service.cc:1511] Processing CreateTablet for tablet 415f89d9faf145eba38570ddee93ff31 (DEFAULT_TABLE table=test-workload [id=d9414e0696b542ed971437326e01ed15]), partition=RANGE (key) PARTITION 181990135 <= VALUES < 218388162
I20260709 12:26:42.777783  3993 tablet_service.cc:1511] Processing CreateTablet for tablet 008722eae8ea40db92fea0a5f70961f3 (DEFAULT_TABLE table=test-workload [id=d9414e0696b542ed971437326e01ed15]), partition=RANGE (key) PARTITION 109194081 <= VALUES < 145592108
I20260709 12:26:42.773437  3914 tablet_service.cc:1511] Processing CreateTablet for tablet 3d5f24773bb44448a1cb122558f0c4c9 (DEFAULT_TABLE table=test-workload [id=d9414e0696b542ed971437326e01ed15]), partition=RANGE (key) PARTITION 291184216 <= VALUES < 327582243
I20260709 12:26:42.753777  3995 data_dirs.cc:400] Could only allocate 1 dirs of requested 3 for tablet 2c8fdf36221e4313b4289cb50019ec4f. 1 dirs total, 0 dirs full, 0 dirs failed
I20260709 12:26:42.786458  3989 tablet_service.cc:1511] Processing CreateTablet for tablet 8abf2cd47e3c44d995fbbb863bf3d5ac (DEFAULT_TABLE table=test-workload [id=d9414e0696b542ed971437326e01ed15]), partition=RANGE (key) PARTITION 254786189 <= VALUES < 291184216
I20260709 12:26:42.787354  3987 tablet_service.cc:1511] Processing CreateTablet for tablet 8693e7a0624445758baf0b77c7686e0c (DEFAULT_TABLE table=test-workload [id=d9414e0696b542ed971437326e01ed15]), partition=RANGE (key) PARTITION 327582243 <= VALUES < 363980270
I20260709 12:26:42.786458  3988 tablet_service.cc:1511] Processing CreateTablet for tablet 3d5f24773bb44448a1cb122558f0c4c9 (DEFAULT_TABLE table=test-workload [id=d9414e0696b542ed971437326e01ed15]), partition=RANGE (key) PARTITION 291184216 <= VALUES < 327582243
I20260709 12:26:42.789131  3992 data_dirs.cc:400] Could only allocate 1 dirs of requested 3 for tablet d1e53a5bcc4f45a3a3ba300b44b04925. 1 dirs total, 0 dirs full, 0 dirs failed
I20260709 12:26:42.790195  3840 data_dirs.cc:400] Could only allocate 1 dirs of requested 3 for tablet 8abf2cd47e3c44d995fbbb863bf3d5ac. 1 dirs total, 0 dirs full, 0 dirs failed
I20260709 12:26:42.792156  3913 tablet_service.cc:1511] Processing CreateTablet for tablet 8693e7a0624445758baf0b77c7686e0c (DEFAULT_TABLE table=test-workload [id=d9414e0696b542ed971437326e01ed15]), partition=RANGE (key) PARTITION 327582243 <= VALUES < 363980270
I20260709 12:26:42.806452  3845 data_dirs.cc:400] Could only allocate 1 dirs of requested 3 for tablet 781f4e626c2b4af0af08871cfde2d83e. 1 dirs total, 0 dirs full, 0 dirs failed
I20260709 12:26:42.794440  3994 data_dirs.cc:400] Could only allocate 1 dirs of requested 3 for tablet 781f4e626c2b4af0af08871cfde2d83e. 1 dirs total, 0 dirs full, 0 dirs failed
I20260709 12:26:42.807629  3841 data_dirs.cc:400] Could only allocate 1 dirs of requested 3 for tablet 20fdebd7b9154e47beb5e08a62175fe5. 1 dirs total, 0 dirs full, 0 dirs failed
I20260709 12:26:42.809248  3843 data_dirs.cc:400] Could only allocate 1 dirs of requested 3 for tablet d1e53a5bcc4f45a3a3ba300b44b04925. 1 dirs total, 0 dirs full, 0 dirs failed
I20260709 12:26:42.810329  3844 data_dirs.cc:400] Could only allocate 1 dirs of requested 3 for tablet 008722eae8ea40db92fea0a5f70961f3. 1 dirs total, 0 dirs full, 0 dirs failed
I20260709 12:26:42.802134  3917 data_dirs.cc:400] Could only allocate 1 dirs of requested 3 for tablet 415f89d9faf145eba38570ddee93ff31. 1 dirs total, 0 dirs full, 0 dirs failed
I20260709 12:26:42.811374  3914 data_dirs.cc:400] Could only allocate 1 dirs of requested 3 for tablet 3d5f24773bb44448a1cb122558f0c4c9. 1 dirs total, 0 dirs full, 0 dirs failed
I20260709 12:26:42.790735  3990 tablet_service.cc:1511] Processing CreateTablet for tablet 20fdebd7b9154e47beb5e08a62175fe5 (DEFAULT_TABLE table=test-workload [id=d9414e0696b542ed971437326e01ed15]), partition=RANGE (key) PARTITION 218388162 <= VALUES < 254786189
I20260709 12:26:42.810679  3991 data_dirs.cc:400] Could only allocate 1 dirs of requested 3 for tablet 415f89d9faf145eba38570ddee93ff31. 1 dirs total, 0 dirs full, 0 dirs failed
I20260709 12:26:42.814240  3838 data_dirs.cc:400] Could only allocate 1 dirs of requested 3 for tablet 8693e7a0624445758baf0b77c7686e0c. 1 dirs total, 0 dirs full, 0 dirs failed
I20260709 12:26:42.816139  3990 data_dirs.cc:400] Could only allocate 1 dirs of requested 3 for tablet 20fdebd7b9154e47beb5e08a62175fe5. 1 dirs total, 0 dirs full, 0 dirs failed
I20260709 12:26:42.818243  3842 data_dirs.cc:400] Could only allocate 1 dirs of requested 3 for tablet 415f89d9faf145eba38570ddee93ff31. 1 dirs total, 0 dirs full, 0 dirs failed
I20260709 12:26:42.818542  3988 data_dirs.cc:400] Could only allocate 1 dirs of requested 3 for tablet 3d5f24773bb44448a1cb122558f0c4c9. 1 dirs total, 0 dirs full, 0 dirs failed
I20260709 12:26:42.819696  3989 data_dirs.cc:400] Could only allocate 1 dirs of requested 3 for tablet 8abf2cd47e3c44d995fbbb863bf3d5ac. 1 dirs total, 0 dirs full, 0 dirs failed
I20260709 12:26:42.822367  3913 data_dirs.cc:400] Could only allocate 1 dirs of requested 3 for tablet 8693e7a0624445758baf0b77c7686e0c. 1 dirs total, 0 dirs full, 0 dirs failed
I20260709 12:26:42.827850  3846 data_dirs.cc:400] Could only allocate 1 dirs of requested 3 for tablet 2c8fdf36221e4313b4289cb50019ec4f. 1 dirs total, 0 dirs full, 0 dirs failed
