W20260709 12:26:40.403481 31582 leader_election.cc:343] T aed6b2f8f5884f289822f84a2ea97196 P 072e3ad8471c44eda0bff9326fd1a3af [CANDIDATE]: Term 1 pre-election: Tablet error from VoteRequest() call to peer 8da3f26866844bb0a0f596211c34f791 (127.29.172.65:36231): Illegal state: must be running to vote when last-logged opid is not known
I20260709 12:26:40.410899 31843 raft_consensus.cc:493] T 0fbace3297794934a25e4a4cf64d7283 P bc0ded9f19914e71b69b2fb681a2badb [term 0 FOLLOWER]: Starting pre-election (no leader contacted us within the election timeout)
I20260709 12:26:40.441277 31786 leader_election.cc:290] T f813c53fd1034b518c22b686ccd26425 P 8da3f26866844bb0a0f596211c34f791 [CANDIDATE]: Term 1 pre-election: Requested pre-vote from peers 072e3ad8471c44eda0bff9326fd1a3af (127.29.172.66:43005), bc0ded9f19914e71b69b2fb681a2badb (127.29.172.67:38931)
I20260709 12:26:40.443670 31775 leader_election.cc:290] T 792e708d037e47bd91de17a7facdb9dd P 8da3f26866844bb0a0f596211c34f791 [CANDIDATE]: Term 1 pre-election: Requested pre-vote from peers 072e3ad8471c44eda0bff9326fd1a3af (127.29.172.66:43005), bc0ded9f19914e71b69b2fb681a2badb (127.29.172.67:38931)
I20260709 12:26:40.434425 31686 tablet_service.cc:1917] Received RequestConsensusVote() RPC: tablet_id: "969fbe100f364f3e890147606665a1b8" candidate_uuid: "072e3ad8471c44eda0bff9326fd1a3af" candidate_term: 1 candidate_status { last_received { term: 0 index: 0 } } ignore_live_leader: false dest_uuid: "bc0ded9f19914e71b69b2fb681a2badb" is_pre_election: true
I20260709 12:26:40.355022 31583 leader_election.cc:304] T 0cce0352cade43b3bbd8f2d0c23cec66 P 072e3ad8471c44eda0bff9326fd1a3af [CANDIDATE]: Term 1 pre-election: Election decided. Result: candidate lost. Election summary: received 3 responses out of 3 voters: 1 yes votes; 2 no votes. yes voters: 072e3ad8471c44eda0bff9326fd1a3af; no voters: 8da3f26866844bb0a0f596211c34f791, bc0ded9f19914e71b69b2fb681a2badb
W20260709 12:26:40.452976 31837 log.cc:927] Time spent T 20baeb27de37496fb82bb517011712a5 P 8da3f26866844bb0a0f596211c34f791: Append to log took a long time: real 0.138s	user 0.000s	sys 0.001s
W20260709 12:26:40.442613 31582 outbound_call.cc:321] RPC callback for RPC call kudu.consensus.ConsensusService.RequestConsensusVote -> {remote=127.29.172.65:36231, user_credentials={real_user=slave}} blocked reactor thread for 45761.7us
I20260709 12:26:40.456897 31739 leader_election.cc:290] T bce50cd7815f4ece869d5f5244ba2191 P 8da3f26866844bb0a0f596211c34f791 [CANDIDATE]: Term 1 pre-election: Requested pre-vote from peers 072e3ad8471c44eda0bff9326fd1a3af (127.29.172.66:43005), bc0ded9f19914e71b69b2fb681a2badb (127.29.172.67:38931)
I20260709 12:26:40.450423 31843 raft_consensus.cc:515] T 0fbace3297794934a25e4a4cf64d7283 P bc0ded9f19914e71b69b2fb681a2badb [term 0 FOLLOWER]: Starting pre-election with config: opid_index: -1 OBSOLETE_local: false peers { permanent_uuid: "8da3f26866844bb0a0f596211c34f791" member_type: VOTER last_known_addr { host: "127.29.172.65" port: 36231 } } peers { permanent_uuid: "072e3ad8471c44eda0bff9326fd1a3af" member_type: VOTER last_known_addr { host: "127.29.172.66" port: 43005 } } peers { permanent_uuid: "bc0ded9f19914e71b69b2fb681a2badb" member_type: VOTER last_known_addr { host: "127.29.172.67" port: 38931 } }
I20260709 12:26:40.459892 31843 leader_election.cc:290] T 0fbace3297794934a25e4a4cf64d7283 P bc0ded9f19914e71b69b2fb681a2badb [CANDIDATE]: Term 1 pre-election: Requested pre-vote from peers 8da3f26866844bb0a0f596211c34f791 (127.29.172.65:36231), 072e3ad8471c44eda0bff9326fd1a3af (127.29.172.66:43005)
I20260709 12:26:40.446892 31844 raft_consensus.cc:493] T 66752ba4ef2b41398a7b7a82b9678337 P bc0ded9f19914e71b69b2fb681a2badb [term 0 FOLLOWER]: Starting pre-election (no leader contacted us within the election timeout)
I20260709 12:26:40.451435 31686 raft_consensus.cc:2468] T 969fbe100f364f3e890147606665a1b8 P bc0ded9f19914e71b69b2fb681a2badb [term 0 FOLLOWER]: Leader pre-election vote request: Granting yes vote for candidate 072e3ad8471c44eda0bff9326fd1a3af in term 0.
I20260709 12:26:40.477123 31538 tablet_service.cc:1917] Received RequestConsensusVote() RPC: tablet_id: "0fbace3297794934a25e4a4cf64d7283" candidate_uuid: "bc0ded9f19914e71b69b2fb681a2badb" candidate_term: 1 candidate_status { last_received { term: 0 index: 0 } } ignore_live_leader: false dest_uuid: "8da3f26866844bb0a0f596211c34f791" is_pre_election: true
I20260709 12:26:40.451841 31770 raft_consensus.cc:3060] T 0cce0352cade43b3bbd8f2d0c23cec66 P 072e3ad8471c44eda0bff9326fd1a3af [term 0 FOLLOWER]: Advancing to term 1
I20260709 12:26:40.479841 31686 tablet_service.cc:1917] Received RequestConsensusVote() RPC: tablet_id: "f813c53fd1034b518c22b686ccd26425" candidate_uuid: "8da3f26866844bb0a0f596211c34f791" candidate_term: 1 candidate_status { last_received { term: 0 index: 0 } } ignore_live_leader: false dest_uuid: "bc0ded9f19914e71b69b2fb681a2badb" is_pre_election: true
I20260709 12:26:40.461593 31731 raft_consensus.cc:359] T 66752ba4ef2b41398a7b7a82b9678337 P 8da3f26866844bb0a0f596211c34f791 [term 0 FOLLOWER]: Replica starting. Triggering 0 pending ops. Active config: opid_index: -1 OBSOLETE_local: false peers { permanent_uuid: "8da3f26866844bb0a0f596211c34f791" member_type: VOTER last_known_addr { host: "127.29.172.65" port: 36231 } } peers { permanent_uuid: "072e3ad8471c44eda0bff9326fd1a3af" member_type: VOTER last_known_addr { host: "127.29.172.66" port: 43005 } } peers { permanent_uuid: "bc0ded9f19914e71b69b2fb681a2badb" member_type: VOTER last_known_addr { host: "127.29.172.67" port: 38931 } }
I20260709 12:26:40.463845 31740 raft_consensus.cc:515] T bbc14d5f32694f8f8bc9f6f8e5401808 P bc0ded9f19914e71b69b2fb681a2badb [term 1 FOLLOWER]: Starting leader election with config: opid_index: -1 OBSOLETE_local: false peers { permanent_uuid: "8da3f26866844bb0a0f596211c34f791" member_type: VOTER last_known_addr { host: "127.29.172.65" port: 36231 } } peers { permanent_uuid: "072e3ad8471c44eda0bff9326fd1a3af" member_type: VOTER last_known_addr { host: "127.29.172.66" port: 43005 } } peers { permanent_uuid: "bc0ded9f19914e71b69b2fb681a2badb" member_type: VOTER last_known_addr { host: "127.29.172.67" port: 38931 } }
I20260709 12:26:40.482054 31731 raft_consensus.cc:385] T 66752ba4ef2b41398a7b7a82b9678337 P 8da3f26866844bb0a0f596211c34f791 [term 0 FOLLOWER]: Consensus starting up: Expiring failure detector timer to make a prompt election more likely
I20260709 12:26:40.482767 31689 raft_consensus.cc:2393] T bbc14d5f32694f8f8bc9f6f8e5401808 P bc0ded9f19914e71b69b2fb681a2badb [term 1 FOLLOWER]: Leader pre-election vote request: Denying vote to candidate 8da3f26866844bb0a0f596211c34f791 in current term 1: Already voted for candidate bc0ded9f19914e71b69b2fb681a2badb in this term.
I20260709 12:26:40.482370 31844 raft_consensus.cc:515] T 66752ba4ef2b41398a7b7a82b9678337 P bc0ded9f19914e71b69b2fb681a2badb [term 0 FOLLOWER]: Starting pre-election with config: opid_index: -1 OBSOLETE_local: false peers { permanent_uuid: "8da3f26866844bb0a0f596211c34f791" member_type: VOTER last_known_addr { host: "127.29.172.65" port: 36231 } } peers { permanent_uuid: "072e3ad8471c44eda0bff9326fd1a3af" member_type: VOTER last_known_addr { host: "127.29.172.66" port: 43005 } } peers { permanent_uuid: "bc0ded9f19914e71b69b2fb681a2badb" member_type: VOTER last_known_addr { host: "127.29.172.67" port: 38931 } }
I20260709 12:26:40.482885 31687 tablet_service.cc:1917] Received RequestConsensusVote() RPC: tablet_id: "792e708d037e47bd91de17a7facdb9dd" candidate_uuid: "8da3f26866844bb0a0f596211c34f791" candidate_term: 1 candidate_status { last_received { term: 0 index: 0 } } ignore_live_leader: false dest_uuid: "bc0ded9f19914e71b69b2fb681a2badb" is_pre_election: true
I20260709 12:26:40.469429 31542 tablet_service.cc:1917] Received RequestConsensusVote() RPC: tablet_id: "512320776a6b471aabf8dd56952579f7" candidate_uuid: "bc0ded9f19914e71b69b2fb681a2badb" candidate_term: 1 candidate_status { last_received { term: 0 index: 0 } } ignore_live_leader: false dest_uuid: "8da3f26866844bb0a0f596211c34f791"
I20260709 12:26:40.484265 31740 leader_election.cc:290] T bbc14d5f32694f8f8bc9f6f8e5401808 P bc0ded9f19914e71b69b2fb681a2badb [CANDIDATE]: Term 1 election: Requested vote from peers 8da3f26866844bb0a0f596211c34f791 (127.29.172.65:36231), 072e3ad8471c44eda0bff9326fd1a3af (127.29.172.66:43005)
I20260709 12:26:40.484457 31542 raft_consensus.cc:3060] T 512320776a6b471aabf8dd56952579f7 P 8da3f26866844bb0a0f596211c34f791 [term 0 FOLLOWER]: Advancing to term 1
W20260709 12:26:40.454530 31583 outbound_call.cc:321] RPC callback for RPC call kudu.consensus.ConsensusService.RequestConsensusVote -> {remote=127.29.172.67:38931, user_credentials={real_user=slave}} blocked reactor thread for 99614.6us
I20260709 12:26:40.482402 31731 raft_consensus.cc:740] T 66752ba4ef2b41398a7b7a82b9678337 P 8da3f26866844bb0a0f596211c34f791 [term 0 FOLLOWER]: Becoming Follower/Learner. State: Replica: 8da3f26866844bb0a0f596211c34f791, State: Initialized, Role: FOLLOWER
I20260709 12:26:40.486012 31731 consensus_queue.cc:260] T 66752ba4ef2b41398a7b7a82b9678337 P 8da3f26866844bb0a0f596211c34f791 [NON_LEADER]: Queue going to NON_LEADER mode. State: All replicated index: 0, Majority replicated index: 0, Committed index: 0, Last appended: 0.0, Last appended by leader: 0, Current term: 0, Majority size: -1, State: 0, Mode: NON_LEADER, active raft config: opid_index: -1 OBSOLETE_local: false peers { permanent_uuid: "8da3f26866844bb0a0f596211c34f791" member_type: VOTER last_known_addr { host: "127.29.172.65" port: 36231 } } peers { permanent_uuid: "072e3ad8471c44eda0bff9326fd1a3af" member_type: VOTER last_known_addr { host: "127.29.172.66" port: 43005 } } peers { permanent_uuid: "bc0ded9f19914e71b69b2fb681a2badb" member_type: VOTER last_known_addr { host: "127.29.172.67" port: 38931 } }
I20260709 12:26:40.490906 31733 tablet_bootstrap.cc:492] T 7cc3af302bad4349983dc2482d00ee43 P bc0ded9f19914e71b69b2fb681a2badb: Bootstrap starting.
I20260709 12:26:40.483693 31822 raft_consensus.cc:515] T 446750afb56447e48fc55aeff5c90b7a P bc0ded9f19914e71b69b2fb681a2badb [term 1 FOLLOWER]: Starting leader election with config: opid_index: -1 OBSOLETE_local: false peers { permanent_uuid: "8da3f26866844bb0a0f596211c34f791" member_type: VOTER last_known_addr { host: "127.29.172.65" port: 36231 } } peers { permanent_uuid: "072e3ad8471c44eda0bff9326fd1a3af" member_type: VOTER last_known_addr { host: "127.29.172.66" port: 43005 } } peers { permanent_uuid: "bc0ded9f19914e71b69b2fb681a2badb" member_type: VOTER last_known_addr { host: "127.29.172.67" port: 38931 } }
W20260709 12:26:40.489737 31583 leader_election.cc:343] T aed6b2f8f5884f289822f84a2ea97196 P 072e3ad8471c44eda0bff9326fd1a3af [CANDIDATE]: Term 1 pre-election: Tablet error from VoteRequest() call to peer bc0ded9f19914e71b69b2fb681a2badb (127.29.172.67:38931): Illegal state: must be running to vote when last-logged opid is not known
I20260709 12:26:40.497031 31731 ts_tablet_manager.cc:1434] T 66752ba4ef2b41398a7b7a82b9678337 P 8da3f26866844bb0a0f596211c34f791: Time spent starting tablet: real 0.146s	user 0.008s	sys 0.001s
I20260709 12:26:40.498466 31688 raft_consensus.cc:2393] T 446750afb56447e48fc55aeff5c90b7a P bc0ded9f19914e71b69b2fb681a2badb [term 1 FOLLOWER]: Leader pre-election vote request: Denying vote to candidate 072e3ad8471c44eda0bff9326fd1a3af in current term 1: Already voted for candidate bc0ded9f19914e71b69b2fb681a2badb in this term.
I20260709 12:26:40.498625 31687 raft_consensus.cc:3060] T 0fbace3297794934a25e4a4cf64d7283 P bc0ded9f19914e71b69b2fb681a2badb [term 0 FOLLOWER]: Advancing to term 1
W20260709 12:26:40.498839 31508 leader_election.cc:343] T f813c53fd1034b518c22b686ccd26425 P 8da3f26866844bb0a0f596211c34f791 [CANDIDATE]: Term 1 pre-election: Tablet error from VoteRequest() call to peer bc0ded9f19914e71b69b2fb681a2badb (127.29.172.67:38931): Illegal state: must be running to vote when last-logged opid is not known
I20260709 12:26:40.500356 31731 tablet_bootstrap.cc:492] T 621d3ab56fb0466bb332559963ef3896 P 8da3f26866844bb0a0f596211c34f791: Bootstrap starting.
I20260709 12:26:40.498385 31847 raft_consensus.cc:493] T 918c156520304a35835ec3416e605b4a P bc0ded9f19914e71b69b2fb681a2badb [term 0 FOLLOWER]: Starting pre-election (no leader contacted us within the election timeout)
I20260709 12:26:40.508323 31538 tablet_service.cc:1917] Received RequestConsensusVote() RPC: tablet_id: "bbc14d5f32694f8f8bc9f6f8e5401808" candidate_uuid: "bc0ded9f19914e71b69b2fb681a2badb" candidate_term: 1 candidate_status { last_received { term: 0 index: 0 } } ignore_live_leader: false dest_uuid: "8da3f26866844bb0a0f596211c34f791"
I20260709 12:26:40.513295 31538 raft_consensus.cc:3060] T bbc14d5f32694f8f8bc9f6f8e5401808 P 8da3f26866844bb0a0f596211c34f791 [term 0 FOLLOWER]: Advancing to term 1
I20260709 12:26:40.512331 31617 tablet_service.cc:1917] Received RequestConsensusVote() RPC: tablet_id: "bbc14d5f32694f8f8bc9f6f8e5401808" candidate_uuid: "bc0ded9f19914e71b69b2fb681a2badb" candidate_term: 1 candidate_status { last_received { term: 0 index: 0 } } ignore_live_leader: false dest_uuid: "072e3ad8471c44eda0bff9326fd1a3af" is_pre_election: true
I20260709 12:26:40.517532 31617 raft_consensus.cc:2468] T bbc14d5f32694f8f8bc9f6f8e5401808 P 072e3ad8471c44eda0bff9326fd1a3af [term 0 FOLLOWER]: Leader pre-election vote request: Granting yes vote for candidate bc0ded9f19914e71b69b2fb681a2badb in term 0.
I20260709 12:26:40.518409 31761 consensus_queue.cc:1048] T 8121b5ba921644d9b9671fdaed891c50 P bc0ded9f19914e71b69b2fb681a2badb [LEADER]: Connected to new peer: Peer: permanent_uuid: "8da3f26866844bb0a0f596211c34f791" member_type: VOTER last_known_addr { host: "127.29.172.65" port: 36231 }, Status: LMP_MISMATCH, Last received: 0.0, Next index: 1, Last known committed idx: 0, Time since last communication: 0.000s
W20260709 12:26:40.506537 31508 leader_election.cc:343] T 792e708d037e47bd91de17a7facdb9dd P 8da3f26866844bb0a0f596211c34f791 [CANDIDATE]: Term 1 pre-election: Tablet error from VoteRequest() call to peer bc0ded9f19914e71b69b2fb681a2badb (127.29.172.67:38931): Illegal state: must be running to vote when last-logged opid is not known
I20260709 12:26:40.521086 31786 consensus_queue.cc:1048] T 0cce0352cade43b3bbd8f2d0c23cec66 P 8da3f26866844bb0a0f596211c34f791 [LEADER]: Connected to new peer: Peer: permanent_uuid: "bc0ded9f19914e71b69b2fb681a2badb" member_type: VOTER last_known_addr { host: "127.29.172.67" port: 38931 }, Status: LMP_MISMATCH, Last received: 0.0, Next index: 1, Last known committed idx: 0, Time since last communication: 0.000s
I20260709 12:26:40.507630 31689 tablet_service.cc:1917] Received RequestConsensusVote() RPC: tablet_id: "bce50cd7815f4ece869d5f5244ba2191" candidate_uuid: "8da3f26866844bb0a0f596211c34f791" candidate_term: 1 candidate_status { last_received { term: 0 index: 0 } } ignore_live_leader: false dest_uuid: "bc0ded9f19914e71b69b2fb681a2badb" is_pre_election: true
I20260709 12:26:40.525550 31689 raft_consensus.cc:2468] T bce50cd7815f4ece869d5f5244ba2191 P bc0ded9f19914e71b69b2fb681a2badb [term 0 FOLLOWER]: Leader pre-election vote request: Granting yes vote for candidate 8da3f26866844bb0a0f596211c34f791 in term 0.
I20260709 12:26:40.528083 31542 raft_consensus.cc:2468] T 512320776a6b471aabf8dd56952579f7 P 8da3f26866844bb0a0f596211c34f791 [term 1 FOLLOWER]: Leader election vote request: Granting yes vote for candidate bc0ded9f19914e71b69b2fb681a2badb in term 1.
I20260709 12:26:40.529342 31538 raft_consensus.cc:2468] T bbc14d5f32694f8f8bc9f6f8e5401808 P 8da3f26866844bb0a0f596211c34f791 [term 1 FOLLOWER]: Leader election vote request: Granting yes vote for candidate bc0ded9f19914e71b69b2fb681a2badb in term 1.
I20260709 12:26:40.498087 31583 leader_election.cc:304] T aed6b2f8f5884f289822f84a2ea97196 P 072e3ad8471c44eda0bff9326fd1a3af [CANDIDATE]: Term 1 pre-election: Election decided. Result: candidate lost. Election summary: received 3 responses out of 3 voters: 1 yes votes; 2 no votes. yes voters: 072e3ad8471c44eda0bff9326fd1a3af; no voters: 8da3f26866844bb0a0f596211c34f791, bc0ded9f19914e71b69b2fb681a2badb
I20260709 12:26:40.538494 31508 leader_election.cc:304] T bce50cd7815f4ece869d5f5244ba2191 P 8da3f26866844bb0a0f596211c34f791 [CANDIDATE]: Term 1 pre-election: Election decided. Result: candidate won. Election summary: received 2 responses out of 3 voters: 2 yes votes; 0 no votes. yes voters: 8da3f26866844bb0a0f596211c34f791, bc0ded9f19914e71b69b2fb681a2badb; no voters: 
I20260709 12:26:40.544217 31850 raft_consensus.cc:2804] T bce50cd7815f4ece869d5f5244ba2191 P 8da3f26866844bb0a0f596211c34f791 [term 0 FOLLOWER]: Leader pre-election won for term 1
I20260709 12:26:40.544786 31850 raft_consensus.cc:493] T bce50cd7815f4ece869d5f5244ba2191 P 8da3f26866844bb0a0f596211c34f791 [term 0 FOLLOWER]: Starting leader election (no leader contacted us within the election timeout)
I20260709 12:26:40.545150 31850 raft_consensus.cc:3060] T bce50cd7815f4ece869d5f5244ba2191 P 8da3f26866844bb0a0f596211c34f791 [term 0 FOLLOWER]: Advancing to term 1
I20260709 12:26:40.542963 31839 raft_consensus.cc:2749] T aed6b2f8f5884f289822f84a2ea97196 P 072e3ad8471c44eda0bff9326fd1a3af [term 0 FOLLOWER]: Leader pre-election lost for term 1. Reason: could not achieve majority
I20260709 12:26:40.551412 31656 leader_election.cc:304] T 512320776a6b471aabf8dd56952579f7 P bc0ded9f19914e71b69b2fb681a2badb [CANDIDATE]: Term 1 election: Election decided. Result: candidate won. Election summary: received 2 responses out of 3 voters: 2 yes votes; 0 no votes. yes voters: 8da3f26866844bb0a0f596211c34f791, bc0ded9f19914e71b69b2fb681a2badb; no voters: 
I20260709 12:26:40.552299 31843 raft_consensus.cc:2804] T 512320776a6b471aabf8dd56952579f7 P bc0ded9f19914e71b69b2fb681a2badb [term 1 FOLLOWER]: Leader election won for term 1
I20260709 12:26:40.552814 31843 raft_consensus.cc:697] T 512320776a6b471aabf8dd56952579f7 P bc0ded9f19914e71b69b2fb681a2badb [term 1 LEADER]: Becoming Leader. State: Replica: bc0ded9f19914e71b69b2fb681a2badb, State: Running, Role: LEADER
I20260709 12:26:40.553696 31843 consensus_queue.cc:237] T 512320776a6b471aabf8dd56952579f7 P bc0ded9f19914e71b69b2fb681a2badb [LEADER]: Queue going to LEADER mode. State: All replicated index: 0, Majority replicated index: 0, Committed index: 0, Last appended: 0.0, Last appended by leader: 0, Current term: 1, Majority size: 2, State: 0, Mode: LEADER, active raft config: opid_index: -1 OBSOLETE_local: false peers { permanent_uuid: "8da3f26866844bb0a0f596211c34f791" member_type: VOTER last_known_addr { host: "127.29.172.65" port: 36231 } } peers { permanent_uuid: "072e3ad8471c44eda0bff9326fd1a3af" member_type: VOTER last_known_addr { host: "127.29.172.66" port: 43005 } } peers { permanent_uuid: "bc0ded9f19914e71b69b2fb681a2badb" member_type: VOTER last_known_addr { host: "127.29.172.67" port: 38931 } }
I20260709 12:26:40.554898 31786 consensus_queue.cc:1048] T b67baf73a6f74f20a8235315eefd8821 P 8da3f26866844bb0a0f596211c34f791 [LEADER]: Connected to new peer: Peer: permanent_uuid: "bc0ded9f19914e71b69b2fb681a2badb" member_type: VOTER last_known_addr { host: "127.29.172.67" port: 38931 }, Status: LMP_MISMATCH, Last received: 0.0, Next index: 1, Last known committed idx: 0, Time since last communication: 0.004s
I20260709 12:26:40.561048 31732 tablet_bootstrap.cc:654] T 512320776a6b471aabf8dd56952579f7 P 072e3ad8471c44eda0bff9326fd1a3af: Neither blocks nor log segments found. Creating new log.
I20260709 12:26:40.511670 31847 raft_consensus.cc:515] T 918c156520304a35835ec3416e605b4a P bc0ded9f19914e71b69b2fb681a2badb [term 0 FOLLOWER]: Starting pre-election with config: opid_index: -1 OBSOLETE_local: false peers { permanent_uuid: "8da3f26866844bb0a0f596211c34f791" member_type: VOTER last_known_addr { host: "127.29.172.65" port: 36231 } } peers { permanent_uuid: "072e3ad8471c44eda0bff9326fd1a3af" member_type: VOTER last_known_addr { host: "127.29.172.66" port: 43005 } } peers { permanent_uuid: "bc0ded9f19914e71b69b2fb681a2badb" member_type: VOTER last_known_addr { host: "127.29.172.67" port: 38931 } }
I20260709 12:26:40.563081 31847 leader_election.cc:290] T 918c156520304a35835ec3416e605b4a P bc0ded9f19914e71b69b2fb681a2badb [CANDIDATE]: Term 1 pre-election: Requested pre-vote from peers 8da3f26866844bb0a0f596211c34f791 (127.29.172.65:36231), 072e3ad8471c44eda0bff9326fd1a3af (127.29.172.66:43005)
I20260709 12:26:40.560004 31656 leader_election.cc:304] T bbc14d5f32694f8f8bc9f6f8e5401808 P bc0ded9f19914e71b69b2fb681a2badb [CANDIDATE]: Term 1 election: Election decided. Result: candidate won. Election summary: received 2 responses out of 3 voters: 2 yes votes; 0 no votes. yes voters: 8da3f26866844bb0a0f596211c34f791, bc0ded9f19914e71b69b2fb681a2badb; no voters: 
I20260709 12:26:40.566846 31844 leader_election.cc:290] T 66752ba4ef2b41398a7b7a82b9678337 P bc0ded9f19914e71b69b2fb681a2badb [CANDIDATE]: Term 1 pre-election: Requested pre-vote from peers 8da3f26866844bb0a0f596211c34f791 (127.29.172.65:36231), 072e3ad8471c44eda0bff9326fd1a3af (127.29.172.66:43005)
I20260709 12:26:40.559695 31850 raft_consensus.cc:515] T bce50cd7815f4ece869d5f5244ba2191 P 8da3f26866844bb0a0f596211c34f791 [term 1 FOLLOWER]: Starting leader election with config: opid_index: -1 OBSOLETE_local: false peers { permanent_uuid: "8da3f26866844bb0a0f596211c34f791" member_type: VOTER last_known_addr { host: "127.29.172.65" port: 36231 } } peers { permanent_uuid: "072e3ad8471c44eda0bff9326fd1a3af" member_type: VOTER last_known_addr { host: "127.29.172.66" port: 43005 } } peers { permanent_uuid: "bc0ded9f19914e71b69b2fb681a2badb" member_type: VOTER last_known_addr { host: "127.29.172.67" port: 38931 } }
I20260709 12:26:40.570019 31844 raft_consensus.cc:2804] T bbc14d5f32694f8f8bc9f6f8e5401808 P bc0ded9f19914e71b69b2fb681a2badb [term 1 FOLLOWER]: Leader election won for term 1
W20260709 12:26:40.555415 31583 outbound_call.cc:321] RPC callback for RPC call kudu.consensus.ConsensusService.RequestConsensusVote -> {remote=127.29.172.67:38931, user_credentials={real_user=slave}} blocked reactor thread for 66126.2us
I20260709 12:26:40.574008 31542 tablet_service.cc:1917] Received RequestConsensusVote() RPC: tablet_id: "918c156520304a35835ec3416e605b4a" candidate_uuid: "bc0ded9f19914e71b69b2fb681a2badb" candidate_term: 1 candidate_status { last_received { term: 0 index: 0 } } ignore_live_leader: false dest_uuid: "8da3f26866844bb0a0f596211c34f791" is_pre_election: true
I20260709 12:26:40.582264 31614 tablet_service.cc:1917] Received RequestConsensusVote() RPC: tablet_id: "0fbace3297794934a25e4a4cf64d7283" candidate_uuid: "bc0ded9f19914e71b69b2fb681a2badb" candidate_term: 1 candidate_status { last_received { term: 0 index: 0 } } ignore_live_leader: false dest_uuid: "072e3ad8471c44eda0bff9326fd1a3af" is_pre_election: true
I20260709 12:26:40.574887 31616 tablet_service.cc:1917] Received RequestConsensusVote() RPC: tablet_id: "512320776a6b471aabf8dd56952579f7" candidate_uuid: "bc0ded9f19914e71b69b2fb681a2badb" candidate_term: 1 candidate_status { last_received { term: 0 index: 0 } } ignore_live_leader: false dest_uuid: "072e3ad8471c44eda0bff9326fd1a3af"
I20260709 12:26:40.578297 31538 tablet_service.cc:1917] Received RequestConsensusVote() RPC: tablet_id: "66752ba4ef2b41398a7b7a82b9678337" candidate_uuid: "bc0ded9f19914e71b69b2fb681a2badb" candidate_term: 1 candidate_status { last_received { term: 0 index: 0 } } ignore_live_leader: false dest_uuid: "8da3f26866844bb0a0f596211c34f791" is_pre_election: true
I20260709 12:26:40.585114 31538 raft_consensus.cc:2468] T 66752ba4ef2b41398a7b7a82b9678337 P 8da3f26866844bb0a0f596211c34f791 [term 0 FOLLOWER]: Leader pre-election vote request: Granting yes vote for candidate bc0ded9f19914e71b69b2fb681a2badb in term 0.
I20260709 12:26:40.587747 31731 tablet_bootstrap.cc:654] T 621d3ab56fb0466bb332559963ef3896 P 8da3f26866844bb0a0f596211c34f791: Neither blocks nor log segments found. Creating new log.
I20260709 12:26:40.586093 31540 tablet_service.cc:1917] Received RequestConsensusVote() RPC: tablet_id: "446750afb56447e48fc55aeff5c90b7a" candidate_uuid: "bc0ded9f19914e71b69b2fb681a2badb" candidate_term: 1 candidate_status { last_received { term: 0 index: 0 } } ignore_live_leader: false dest_uuid: "8da3f26866844bb0a0f596211c34f791"
I20260709 12:26:40.584086 31844 raft_consensus.cc:697] T bbc14d5f32694f8f8bc9f6f8e5401808 P bc0ded9f19914e71b69b2fb681a2badb [term 1 LEADER]: Becoming Leader. State: Replica: bc0ded9f19914e71b69b2fb681a2badb, State: Running, Role: LEADER
I20260709 12:26:40.590220 31844 consensus_queue.cc:237] T bbc14d5f32694f8f8bc9f6f8e5401808 P bc0ded9f19914e71b69b2fb681a2badb [LEADER]: Queue going to LEADER mode. State: All replicated index: 0, Majority replicated index: 0, Committed index: 0, Last appended: 0.0, Last appended by leader: 0, Current term: 1, Majority size: 2, State: 0, Mode: LEADER, active raft config: opid_index: -1 OBSOLETE_local: false peers { permanent_uuid: "8da3f26866844bb0a0f596211c34f791" member_type: VOTER last_known_addr { host: "127.29.172.65" port: 36231 } } peers { permanent_uuid: "072e3ad8471c44eda0bff9326fd1a3af" member_type: VOTER last_known_addr { host: "127.29.172.66" port: 43005 } } peers { permanent_uuid: "bc0ded9f19914e71b69b2fb681a2badb" member_type: VOTER last_known_addr { host: "127.29.172.67" port: 38931 } }
I20260709 12:26:40.590664 31583 leader_election.cc:304] T 969fbe100f364f3e890147606665a1b8 P 072e3ad8471c44eda0bff9326fd1a3af [CANDIDATE]: Term 1 pre-election: Election decided. Result: candidate won. Election summary: received 2 responses out of 3 voters: 2 yes votes; 0 no votes. yes voters: 072e3ad8471c44eda0bff9326fd1a3af, bc0ded9f19914e71b69b2fb681a2badb; no voters: 
I20260709 12:26:40.591616 31839 raft_consensus.cc:2804] T 969fbe100f364f3e890147606665a1b8 P 072e3ad8471c44eda0bff9326fd1a3af [term 0 FOLLOWER]: Leader pre-election won for term 1
I20260709 12:26:40.586479 31770 raft_consensus.cc:2749] T 0cce0352cade43b3bbd8f2d0c23cec66 P 072e3ad8471c44eda0bff9326fd1a3af [term 1 FOLLOWER]: Leader pre-election lost for term 1. Reason: could not achieve majority
I20260709 12:26:40.592020 31839 raft_consensus.cc:493] T 969fbe100f364f3e890147606665a1b8 P 072e3ad8471c44eda0bff9326fd1a3af [term 0 FOLLOWER]: Starting leader election (no leader contacted us within the election timeout)
I20260709 12:26:40.592414 31839 raft_consensus.cc:3060] T 969fbe100f364f3e890147606665a1b8 P 072e3ad8471c44eda0bff9326fd1a3af [term 0 FOLLOWER]: Advancing to term 1
I20260709 12:26:40.596549 31583 leader_election.cc:304] T 446750afb56447e48fc55aeff5c90b7a P 072e3ad8471c44eda0bff9326fd1a3af [CANDIDATE]: Term 1 pre-election: Election decided. Result: candidate lost. Election summary: received 3 responses out of 3 voters: 1 yes votes; 2 no votes. yes voters: 072e3ad8471c44eda0bff9326fd1a3af; no voters: 8da3f26866844bb0a0f596211c34f791, bc0ded9f19914e71b69b2fb681a2badb
I20260709 12:26:40.597347 31770 raft_consensus.cc:3060] T 446750afb56447e48fc55aeff5c90b7a P 072e3ad8471c44eda0bff9326fd1a3af [term 0 FOLLOWER]: Advancing to term 1
I20260709 12:26:40.597935 31506 leader_election.cc:304] T bbc14d5f32694f8f8bc9f6f8e5401808 P 8da3f26866844bb0a0f596211c34f791 [CANDIDATE]: Term 1 pre-election: Election decided. Result: candidate won. Election summary: received 3 responses out of 3 voters: 2 yes votes; 1 no votes. yes voters: 072e3ad8471c44eda0bff9326fd1a3af, 8da3f26866844bb0a0f596211c34f791; no voters: bc0ded9f19914e71b69b2fb681a2badb
I20260709 12:26:40.598361 31732 tablet_bootstrap.cc:492] T 512320776a6b471aabf8dd56952579f7 P 072e3ad8471c44eda0bff9326fd1a3af: No bootstrap required, opened a new log
I20260709 12:26:40.598790 31732 ts_tablet_manager.cc:1403] T 512320776a6b471aabf8dd56952579f7 P 072e3ad8471c44eda0bff9326fd1a3af: Time spent bootstrapping tablet: real 0.270s	user 0.019s	sys 0.021s
W20260709 12:26:40.588459 31656 leader_election.cc:343] T 918c156520304a35835ec3416e605b4a P bc0ded9f19914e71b69b2fb681a2badb [CANDIDATE]: Term 1 pre-election: Tablet error from VoteRequest() call to peer 8da3f26866844bb0a0f596211c34f791 (127.29.172.65:36231): Illegal state: must be running to vote when last-logged opid is not known
I20260709 12:26:40.598969 31786 raft_consensus.cc:2764] T bbc14d5f32694f8f8bc9f6f8e5401808 P 8da3f26866844bb0a0f596211c34f791 [term 1 FOLLOWER]: Leader pre-election decision vote started in defunct term 0: won
I20260709 12:26:40.602010 31616 tablet_service.cc:1917] Received RequestConsensusVote() RPC: tablet_id: "bbc14d5f32694f8f8bc9f6f8e5401808" candidate_uuid: "bc0ded9f19914e71b69b2fb681a2badb" candidate_term: 1 candidate_status { last_received { term: 0 index: 0 } } ignore_live_leader: false dest_uuid: "072e3ad8471c44eda0bff9326fd1a3af"
I20260709 12:26:40.602669 31616 raft_consensus.cc:3060] T bbc14d5f32694f8f8bc9f6f8e5401808 P 072e3ad8471c44eda0bff9326fd1a3af [term 0 FOLLOWER]: Advancing to term 1
I20260709 12:26:40.609247 31614 tablet_service.cc:1917] Received RequestConsensusVote() RPC: tablet_id: "918c156520304a35835ec3416e605b4a" candidate_uuid: "bc0ded9f19914e71b69b2fb681a2badb" candidate_term: 1 candidate_status { last_received { term: 0 index: 0 } } ignore_live_leader: false dest_uuid: "072e3ad8471c44eda0bff9326fd1a3af" is_pre_election: true
I20260709 12:26:40.610014 31614 raft_consensus.cc:2468] T 918c156520304a35835ec3416e605b4a P 072e3ad8471c44eda0bff9326fd1a3af [term 0 FOLLOWER]: Leader pre-election vote request: Granting yes vote for candidate bc0ded9f19914e71b69b2fb681a2badb in term 0.
I20260709 12:26:40.611400 31732 raft_consensus.cc:359] T 512320776a6b471aabf8dd56952579f7 P 072e3ad8471c44eda0bff9326fd1a3af [term 0 FOLLOWER]: Replica starting. Triggering 0 pending ops. Active config: opid_index: -1 OBSOLETE_local: false peers { permanent_uuid: "8da3f26866844bb0a0f596211c34f791" member_type: VOTER last_known_addr { host: "127.29.172.65" port: 36231 } } peers { permanent_uuid: "072e3ad8471c44eda0bff9326fd1a3af" member_type: VOTER last_known_addr { host: "127.29.172.66" port: 43005 } } peers { permanent_uuid: "bc0ded9f19914e71b69b2fb681a2badb" member_type: VOTER last_known_addr { host: "127.29.172.67" port: 38931 } }
I20260709 12:26:40.612059 31732 raft_consensus.cc:385] T 512320776a6b471aabf8dd56952579f7 P 072e3ad8471c44eda0bff9326fd1a3af [term 0 FOLLOWER]: Consensus starting up: Expiring failure detector timer to make a prompt election more likely
I20260709 12:26:40.612313 31732 raft_consensus.cc:740] T 512320776a6b471aabf8dd56952579f7 P 072e3ad8471c44eda0bff9326fd1a3af [term 0 FOLLOWER]: Becoming Follower/Learner. State: Replica: 072e3ad8471c44eda0bff9326fd1a3af, State: Initialized, Role: FOLLOWER
I20260709 12:26:40.612360 31614 tablet_service.cc:1917] Received RequestConsensusVote() RPC: tablet_id: "66752ba4ef2b41398a7b7a82b9678337" candidate_uuid: "bc0ded9f19914e71b69b2fb681a2badb" candidate_term: 1 candidate_status { last_received { term: 0 index: 0 } } ignore_live_leader: false dest_uuid: "072e3ad8471c44eda0bff9326fd1a3af" is_pre_election: true
I20260709 12:26:40.612957 31614 raft_consensus.cc:2468] T 66752ba4ef2b41398a7b7a82b9678337 P 072e3ad8471c44eda0bff9326fd1a3af [term 0 FOLLOWER]: Leader pre-election vote request: Granting yes vote for candidate bc0ded9f19914e71b69b2fb681a2badb in term 0.
I20260709 12:26:40.668282 31839 raft_consensus.cc:515] T 969fbe100f364f3e890147606665a1b8 P 072e3ad8471c44eda0bff9326fd1a3af [term 1 FOLLOWER]: Starting leader election with config: opid_index: -1 OBSOLETE_local: false peers { permanent_uuid: "8da3f26866844bb0a0f596211c34f791" member_type: VOTER last_known_addr { host: "127.29.172.65" port: 36231 } } peers { permanent_uuid: "072e3ad8471c44eda0bff9326fd1a3af" member_type: VOTER last_known_addr { host: "127.29.172.66" port: 43005 } } peers { permanent_uuid: "bc0ded9f19914e71b69b2fb681a2badb" member_type: VOTER last_known_addr { host: "127.29.172.67" port: 38931 } }
W20260709 12:26:40.618422 31582 leader_election.cc:343] T 969fbe100f364f3e890147606665a1b8 P 072e3ad8471c44eda0bff9326fd1a3af [CANDIDATE]: Term 1 pre-election: Tablet error from VoteRequest() call to peer 8da3f26866844bb0a0f596211c34f791 (127.29.172.65:36231): Illegal state: must be running to vote when last-logged opid is not known
I20260709 12:26:40.738391 31733 tablet_bootstrap.cc:654] T 7cc3af302bad4349983dc2482d00ee43 P bc0ded9f19914e71b69b2fb681a2badb: Neither blocks nor log segments found. Creating new log.
W20260709 12:26:40.749169 31582 outbound_call.cc:321] RPC callback for RPC call kudu.consensus.ConsensusService.RequestConsensusVote -> {remote=127.29.172.65:36231, user_credentials={real_user=slave}} blocked reactor thread for 130788us
I20260709 12:26:40.723625 31612 tablet_service.cc:1917] Received RequestConsensusVote() RPC: tablet_id: "bce50cd7815f4ece869d5f5244ba2191" candidate_uuid: "8da3f26866844bb0a0f596211c34f791" candidate_term: 1 candidate_status { last_received { term: 0 index: 0 } } ignore_live_leader: false dest_uuid: "072e3ad8471c44eda0bff9326fd1a3af" is_pre_election: true
I20260709 12:26:40.667052 31770 raft_consensus.cc:2749] T 446750afb56447e48fc55aeff5c90b7a P 072e3ad8471c44eda0bff9326fd1a3af [term 1 FOLLOWER]: Leader pre-election lost for term 1. Reason: could not achieve majority
I20260709 12:26:40.619371 31822 leader_election.cc:290] T 446750afb56447e48fc55aeff5c90b7a P bc0ded9f19914e71b69b2fb681a2badb [CANDIDATE]: Term 1 election: Requested vote from peers 8da3f26866844bb0a0f596211c34f791 (127.29.172.65:36231), 072e3ad8471c44eda0bff9326fd1a3af (127.29.172.66:43005)
I20260709 12:26:40.749531 31839 leader_election.cc:290] T 969fbe100f364f3e890147606665a1b8 P 072e3ad8471c44eda0bff9326fd1a3af [CANDIDATE]: Term 1 election: Requested vote from peers 8da3f26866844bb0a0f596211c34f791 (127.29.172.65:36231), bc0ded9f19914e71b69b2fb681a2badb (127.29.172.67:38931)
I20260709 12:26:40.614871 31615 tablet_service.cc:1917] Received RequestConsensusVote() RPC: tablet_id: "792e708d037e47bd91de17a7facdb9dd" candidate_uuid: "8da3f26866844bb0a0f596211c34f791" candidate_term: 1 candidate_status { last_received { term: 0 index: 0 } } ignore_live_leader: false dest_uuid: "072e3ad8471c44eda0bff9326fd1a3af" is_pre_election: true
W20260709 12:26:40.737042 31856 log.cc:927] Time spent T b67baf73a6f74f20a8235315eefd8821 P bc0ded9f19914e71b69b2fb681a2badb: Append to log took a long time: real 0.098s	user 0.001s	sys 0.000s
I20260709 12:26:40.726085 31438 catalog_manager.cc:5697] T 512320776a6b471aabf8dd56952579f7 P bc0ded9f19914e71b69b2fb681a2badb reported cstate change: term changed from 0 to 1, leader changed from <none> to bc0ded9f19914e71b69b2fb681a2badb (127.29.172.67). New cstate: current_term: 1 leader_uuid: "bc0ded9f19914e71b69b2fb681a2badb" committed_config { opid_index: -1 OBSOLETE_local: false peers { permanent_uuid: "8da3f26866844bb0a0f596211c34f791" member_type: VOTER last_known_addr { host: "127.29.172.65" port: 36231 } health_report { overall_health: UNKNOWN } } peers { permanent_uuid: "072e3ad8471c44eda0bff9326fd1a3af" member_type: VOTER last_known_addr { host: "127.29.172.66" port: 43005 } health_report { overall_health: UNKNOWN } } peers { permanent_uuid: "bc0ded9f19914e71b69b2fb681a2badb" member_type: VOTER last_known_addr { host: "127.29.172.67" port: 38931 } health_report { overall_health: HEALTHY } } }
I20260709 12:26:40.635216 31613 tablet_service.cc:1917] Received RequestConsensusVote() RPC: tablet_id: "f813c53fd1034b518c22b686ccd26425" candidate_uuid: "8da3f26866844bb0a0f596211c34f791" candidate_term: 1 candidate_status { last_received { term: 0 index: 0 } } ignore_live_leader: false dest_uuid: "072e3ad8471c44eda0bff9326fd1a3af" is_pre_election: true
I20260709 12:26:40.753278 31850 leader_election.cc:290] T bce50cd7815f4ece869d5f5244ba2191 P 8da3f26866844bb0a0f596211c34f791 [CANDIDATE]: Term 1 election: Requested vote from peers 072e3ad8471c44eda0bff9326fd1a3af (127.29.172.66:43005), bc0ded9f19914e71b69b2fb681a2badb (127.29.172.67:38931)
I20260709 12:26:40.612957 31732 consensus_queue.cc:260] T 512320776a6b471aabf8dd56952579f7 P 072e3ad8471c44eda0bff9326fd1a3af [NON_LEADER]: Queue going to NON_LEADER mode. State: All replicated index: 0, Majority replicated index: 0, Committed index: 0, Last appended: 0.0, Last appended by leader: 0, Current term: 0, Majority size: -1, State: 0, Mode: NON_LEADER, active raft config: opid_index: -1 OBSOLETE_local: false peers { permanent_uuid: "8da3f26866844bb0a0f596211c34f791" member_type: VOTER last_known_addr { host: "127.29.172.65" port: 36231 } } peers { permanent_uuid: "072e3ad8471c44eda0bff9326fd1a3af" member_type: VOTER last_known_addr { host: "127.29.172.66" port: 43005 } } peers { permanent_uuid: "bc0ded9f19914e71b69b2fb681a2badb" member_type: VOTER last_known_addr { host: "127.29.172.67" port: 38931 } }
I20260709 12:26:40.636482 31616 raft_consensus.cc:2468] T bbc14d5f32694f8f8bc9f6f8e5401808 P 072e3ad8471c44eda0bff9326fd1a3af [term 1 FOLLOWER]: Leader election vote request: Granting yes vote for candidate bc0ded9f19914e71b69b2fb681a2badb in term 1.
I20260709 12:26:40.757227 31689 tablet_service.cc:1917] Received RequestConsensusVote() RPC: tablet_id: "bce50cd7815f4ece869d5f5244ba2191" candidate_uuid: "8da3f26866844bb0a0f596211c34f791" candidate_term: 1 candidate_status { last_received { term: 0 index: 0 } } ignore_live_leader: false dest_uuid: "bc0ded9f19914e71b69b2fb681a2badb"
I20260709 12:26:40.759676 31732 ts_tablet_manager.cc:1434] T 512320776a6b471aabf8dd56952579f7 P 072e3ad8471c44eda0bff9326fd1a3af: Time spent starting tablet: real 0.161s	user 0.013s	sys 0.001s
I20260709 12:26:40.762292 31843 consensus_queue.cc:1048] T 8121b5ba921644d9b9671fdaed891c50 P bc0ded9f19914e71b69b2fb681a2badb [LEADER]: Connected to new peer: Peer: permanent_uuid: "072e3ad8471c44eda0bff9326fd1a3af" member_type: VOTER last_known_addr { host: "127.29.172.66" port: 43005 }, Status: LMP_MISMATCH, Last received: 0.0, Next index: 1, Last known committed idx: 0, Time since last communication: 0.000s
I20260709 12:26:40.757843 31689 raft_consensus.cc:3060] T bce50cd7815f4ece869d5f5244ba2191 P bc0ded9f19914e71b69b2fb681a2badb [term 0 FOLLOWER]: Advancing to term 1
I20260709 12:26:40.762307 31655 leader_election.cc:304] T 0fbace3297794934a25e4a4cf64d7283 P bc0ded9f19914e71b69b2fb681a2badb [CANDIDATE]: Term 1 pre-election: Election decided. Result: candidate lost. Election summary: received 3 responses out of 3 voters: 1 yes votes; 2 no votes. yes voters: bc0ded9f19914e71b69b2fb681a2badb; no voters: 072e3ad8471c44eda0bff9326fd1a3af, 8da3f26866844bb0a0f596211c34f791
I20260709 12:26:40.767514 31611 tablet_service.cc:1917] Received RequestConsensusVote() RPC: tablet_id: "bce50cd7815f4ece869d5f5244ba2191" candidate_uuid: "8da3f26866844bb0a0f596211c34f791" candidate_term: 1 candidate_status { last_received { term: 0 index: 0 } } ignore_live_leader: false dest_uuid: "072e3ad8471c44eda0bff9326fd1a3af"
I20260709 12:26:40.656389 31656 leader_election.cc:304] T 66752ba4ef2b41398a7b7a82b9678337 P bc0ded9f19914e71b69b2fb681a2badb [CANDIDATE]: Term 1 pre-election: Election decided. Result: candidate won. Election summary: received 2 responses out of 3 voters: 2 yes votes; 0 no votes. yes voters: 8da3f26866844bb0a0f596211c34f791, bc0ded9f19914e71b69b2fb681a2badb; no voters: 
I20260709 12:26:40.768141 31739 consensus_queue.cc:1048] T 0cce0352cade43b3bbd8f2d0c23cec66 P 8da3f26866844bb0a0f596211c34f791 [LEADER]: Connected to new peer: Peer: permanent_uuid: "072e3ad8471c44eda0bff9326fd1a3af" member_type: VOTER last_known_addr { host: "127.29.172.66" port: 43005 }, Status: LMP_MISMATCH, Last received: 0.0, Next index: 1, Last known committed idx: 0, Time since last communication: 0.000s
I20260709 12:26:40.768608 31732 tablet_bootstrap.cc:492] T 7cc3af302bad4349983dc2482d00ee43 P 072e3ad8471c44eda0bff9326fd1a3af: Bootstrap starting.
I20260709 12:26:40.769703 31844 raft_consensus.cc:2804] T 66752ba4ef2b41398a7b7a82b9678337 P bc0ded9f19914e71b69b2fb681a2badb [term 0 FOLLOWER]: Leader pre-election won for term 1
I20260709 12:26:40.770064 31844 raft_consensus.cc:493] T 66752ba4ef2b41398a7b7a82b9678337 P bc0ded9f19914e71b69b2fb681a2badb [term 0 FOLLOWER]: Starting leader election (no leader contacted us within the election timeout)
I20260709 12:26:40.770372 31844 raft_consensus.cc:3060] T 66752ba4ef2b41398a7b7a82b9678337 P bc0ded9f19914e71b69b2fb681a2badb [term 0 FOLLOWER]: Advancing to term 1
I20260709 12:26:40.775049 31733 tablet_bootstrap.cc:492] T 7cc3af302bad4349983dc2482d00ee43 P bc0ded9f19914e71b69b2fb681a2badb: No bootstrap required, opened a new log
I20260709 12:26:40.775408 31733 ts_tablet_manager.cc:1403] T 7cc3af302bad4349983dc2482d00ee43 P bc0ded9f19914e71b69b2fb681a2badb: Time spent bootstrapping tablet: real 0.286s	user 0.033s	sys 0.046s
W20260709 12:26:40.772264 31656 outbound_call.cc:321] RPC callback for RPC call kudu.consensus.ConsensusService.RequestConsensusVote -> {remote=127.29.172.65:36231, user_credentials={real_user=slave}} blocked reactor thread for 141415us
I20260709 12:26:40.783762 31541 tablet_service.cc:1917] Received RequestConsensusVote() RPC: tablet_id: "969fbe100f364f3e890147606665a1b8" candidate_uuid: "072e3ad8471c44eda0bff9326fd1a3af" candidate_term: 1 candidate_status { last_received { term: 0 index: 0 } } ignore_live_leader: false dest_uuid: "8da3f26866844bb0a0f596211c34f791"
I20260709 12:26:40.774506 31822 raft_consensus.cc:2749] T 0fbace3297794934a25e4a4cf64d7283 P bc0ded9f19914e71b69b2fb681a2badb [term 1 FOLLOWER]: Leader pre-election lost for term 1. Reason: could not achieve majority
W20260709 12:26:40.799371 31656 leader_election.cc:343] T 446750afb56447e48fc55aeff5c90b7a P bc0ded9f19914e71b69b2fb681a2badb [CANDIDATE]: Term 1 election: Tablet error from VoteRequest() call to peer 8da3f26866844bb0a0f596211c34f791 (127.29.172.65:36231): Illegal state: must be running to vote when last-logged opid is not known
I20260709 12:26:40.828125 31689 raft_consensus.cc:2468] T bce50cd7815f4ece869d5f5244ba2191 P bc0ded9f19914e71b69b2fb681a2badb [term 1 FOLLOWER]: Leader election vote request: Granting yes vote for candidate 8da3f26866844bb0a0f596211c34f791 in term 1.
I20260709 12:26:40.829944 31616 tablet_service.cc:1917] Received RequestConsensusVote() RPC: tablet_id: "446750afb56447e48fc55aeff5c90b7a" candidate_uuid: "bc0ded9f19914e71b69b2fb681a2badb" candidate_term: 1 candidate_status { last_received { term: 0 index: 0 } } ignore_live_leader: false dest_uuid: "072e3ad8471c44eda0bff9326fd1a3af"
W20260709 12:26:40.830265 31582 leader_election.cc:343] T 969fbe100f364f3e890147606665a1b8 P 072e3ad8471c44eda0bff9326fd1a3af [CANDIDATE]: Term 1 election: Tablet error from VoteRequest() call to peer 8da3f26866844bb0a0f596211c34f791 (127.29.172.65:36231): Illegal state: must be running to vote when last-logged opid is not known
W20260709 12:26:40.835362 31855 log.cc:927] Time spent T 20baeb27de37496fb82bb517011712a5 P 072e3ad8471c44eda0bff9326fd1a3af: Append to log took a long time: real 0.107s	user 0.001s	sys 0.000s
I20260709 12:26:40.838636 31508 leader_election.cc:304] T bce50cd7815f4ece869d5f5244ba2191 P 8da3f26866844bb0a0f596211c34f791 [CANDIDATE]: Term 1 election: Election decided. Result: candidate won. Election summary: received 2 responses out of 3 voters: 2 yes votes; 0 no votes. yes voters: 8da3f26866844bb0a0f596211c34f791, bc0ded9f19914e71b69b2fb681a2badb; no voters: 
I20260709 12:26:40.839006 31616 raft_consensus.cc:2468] T 446750afb56447e48fc55aeff5c90b7a P 072e3ad8471c44eda0bff9326fd1a3af [term 1 FOLLOWER]: Leader election vote request: Granting yes vote for candidate bc0ded9f19914e71b69b2fb681a2badb in term 1.
I20260709 12:26:40.839622 31786 raft_consensus.cc:2804] T bce50cd7815f4ece869d5f5244ba2191 P 8da3f26866844bb0a0f596211c34f791 [term 1 FOLLOWER]: Leader election won for term 1
W20260709 12:26:40.840999 31506 leader_election.cc:343] T 792e708d037e47bd91de17a7facdb9dd P 8da3f26866844bb0a0f596211c34f791 [CANDIDATE]: Term 1 pre-election: Tablet error from VoteRequest() call to peer 072e3ad8471c44eda0bff9326fd1a3af (127.29.172.66:43005): Illegal state: must be running to vote when last-logged opid is not known
I20260709 12:26:40.841495 31506 leader_election.cc:304] T 792e708d037e47bd91de17a7facdb9dd P 8da3f26866844bb0a0f596211c34f791 [CANDIDATE]: Term 1 pre-election: Election decided. Result: candidate lost. Election summary: received 3 responses out of 3 voters: 1 yes votes; 2 no votes. yes voters: 8da3f26866844bb0a0f596211c34f791; no voters: 072e3ad8471c44eda0bff9326fd1a3af, bc0ded9f19914e71b69b2fb681a2badb
W20260709 12:26:40.842531 31859 log.cc:927] Time spent T bbc14d5f32694f8f8bc9f6f8e5401808 P bc0ded9f19914e71b69b2fb681a2badb: Append to log took a long time: real 0.063s	user 0.000s	sys 0.000s
I20260709 12:26:40.845922 31739 raft_consensus.cc:2749] T 792e708d037e47bd91de17a7facdb9dd P 8da3f26866844bb0a0f596211c34f791 [term 0 FOLLOWER]: Leader pre-election lost for term 1. Reason: could not achieve majority
I20260709 12:26:40.846150 31731 tablet_bootstrap.cc:492] T 621d3ab56fb0466bb332559963ef3896 P 8da3f26866844bb0a0f596211c34f791: No bootstrap required, opened a new log
W20260709 12:26:40.842727 31506 leader_election.cc:343] T bce50cd7815f4ece869d5f5244ba2191 P 8da3f26866844bb0a0f596211c34f791 [CANDIDATE]: Term 1 pre-election: Tablet error from VoteRequest() call to peer 072e3ad8471c44eda0bff9326fd1a3af (127.29.172.66:43005): Illegal state: must be running to vote when last-logged opid is not known
W20260709 12:26:40.854590 31506 leader_election.cc:343] T f813c53fd1034b518c22b686ccd26425 P 8da3f26866844bb0a0f596211c34f791 [CANDIDATE]: Term 1 pre-election: Tablet error from VoteRequest() call to peer 072e3ad8471c44eda0bff9326fd1a3af (127.29.172.66:43005): Illegal state: must be running to vote when last-logged opid is not known
I20260709 12:26:40.854789 31732 tablet_bootstrap.cc:654] T 7cc3af302bad4349983dc2482d00ee43 P 072e3ad8471c44eda0bff9326fd1a3af: Neither blocks nor log segments found. Creating new log.
I20260709 12:26:40.855054 31506 leader_election.cc:304] T f813c53fd1034b518c22b686ccd26425 P 8da3f26866844bb0a0f596211c34f791 [CANDIDATE]: Term 1 pre-election: Election decided. Result: candidate lost. Election summary: received 3 responses out of 3 voters: 1 yes votes; 2 no votes. yes voters: 8da3f26866844bb0a0f596211c34f791; no voters: 072e3ad8471c44eda0bff9326fd1a3af, bc0ded9f19914e71b69b2fb681a2badb
I20260709 12:26:40.840148 31786 raft_consensus.cc:697] T bce50cd7815f4ece869d5f5244ba2191 P 8da3f26866844bb0a0f596211c34f791 [term 1 LEADER]: Becoming Leader. State: Replica: 8da3f26866844bb0a0f596211c34f791, State: Running, Role: LEADER
I20260709 12:26:40.850656 31733 raft_consensus.cc:359] T 7cc3af302bad4349983dc2482d00ee43 P bc0ded9f19914e71b69b2fb681a2badb [term 0 FOLLOWER]: Replica starting. Triggering 0 pending ops. Active config: opid_index: -1 OBSOLETE_local: false peers { permanent_uuid: "8da3f26866844bb0a0f596211c34f791" member_type: VOTER last_known_addr { host: "127.29.172.65" port: 36231 } } peers { permanent_uuid: "072e3ad8471c44eda0bff9326fd1a3af" member_type: VOTER last_known_addr { host: "127.29.172.66" port: 43005 } } peers { permanent_uuid: "bc0ded9f19914e71b69b2fb681a2badb" member_type: VOTER last_known_addr { host: "127.29.172.67" port: 38931 } }
I20260709 12:26:40.856073 31733 raft_consensus.cc:385] T 7cc3af302bad4349983dc2482d00ee43 P bc0ded9f19914e71b69b2fb681a2badb [term 0 FOLLOWER]: Consensus starting up: Expiring failure detector timer to make a prompt election more likely
I20260709 12:26:40.856345 31733 raft_consensus.cc:740] T 7cc3af302bad4349983dc2482d00ee43 P bc0ded9f19914e71b69b2fb681a2badb [term 0 FOLLOWER]: Becoming Follower/Learner. State: Replica: bc0ded9f19914e71b69b2fb681a2badb, State: Initialized, Role: FOLLOWER
I20260709 12:26:40.853190 31731 ts_tablet_manager.cc:1403] T 621d3ab56fb0466bb332559963ef3896 P 8da3f26866844bb0a0f596211c34f791: Time spent bootstrapping tablet: real 0.353s	user 0.017s	sys 0.004s
I20260709 12:26:40.842337 31689 tablet_service.cc:1917] Received RequestConsensusVote() RPC: tablet_id: "969fbe100f364f3e890147606665a1b8" candidate_uuid: "072e3ad8471c44eda0bff9326fd1a3af" candidate_term: 1 candidate_status { last_received { term: 0 index: 0 } } ignore_live_leader: false dest_uuid: "bc0ded9f19914e71b69b2fb681a2badb"
W20260709 12:26:40.857062 31655 leader_election.cc:343] T 512320776a6b471aabf8dd56952579f7 P bc0ded9f19914e71b69b2fb681a2badb [CANDIDATE]: Term 1 election: Tablet error from VoteRequest() call to peer 072e3ad8471c44eda0bff9326fd1a3af (127.29.172.66:43005): Illegal state: must be running to vote when last-logged opid is not known
I20260709 12:26:40.857326 31786 consensus_queue.cc:237] T bce50cd7815f4ece869d5f5244ba2191 P 8da3f26866844bb0a0f596211c34f791 [LEADER]: Queue going to LEADER mode. State: All replicated index: 0, Majority replicated index: 0, Committed index: 0, Last appended: 0.0, Last appended by leader: 0, Current term: 1, Majority size: 2, State: 0, Mode: LEADER, active raft config: opid_index: -1 OBSOLETE_local: false peers { permanent_uuid: "8da3f26866844bb0a0f596211c34f791" member_type: VOTER last_known_addr { host: "127.29.172.65" port: 36231 } } peers { permanent_uuid: "072e3ad8471c44eda0bff9326fd1a3af" member_type: VOTER last_known_addr { host: "127.29.172.66" port: 43005 } } peers { permanent_uuid: "bc0ded9f19914e71b69b2fb681a2badb" member_type: VOTER last_known_addr { host: "127.29.172.67" port: 38931 } }
I20260709 12:26:40.858068 31739 raft_consensus.cc:2749] T f813c53fd1034b518c22b686ccd26425 P 8da3f26866844bb0a0f596211c34f791 [term 0 FOLLOWER]: Leader pre-election lost for term 1. Reason: could not achieve majority
W20260709 12:26:40.859138 31506 leader_election.cc:343] T bce50cd7815f4ece869d5f5244ba2191 P 8da3f26866844bb0a0f596211c34f791 [CANDIDATE]: Term 1 election: Tablet error from VoteRequest() call to peer 072e3ad8471c44eda0bff9326fd1a3af (127.29.172.66:43005): Illegal state: must be running to vote when last-logged opid is not known
