I20260709 12:26:40.047657  3779 raft_consensus.cc:2804] T 3a4985566fd04123999413c5778b3ec6 P e100d3c27a3b4f079b418bf5d80d1ec3 [term 0 FOLLOWER]: Leader pre-election won for term 1
I20260709 12:26:40.056083  3779 raft_consensus.cc:493] T 3a4985566fd04123999413c5778b3ec6 P e100d3c27a3b4f079b418bf5d80d1ec3 [term 0 FOLLOWER]: Starting leader election (no leader contacted us within the election timeout)
I20260709 12:26:40.057139  3779 raft_consensus.cc:3060] T 3a4985566fd04123999413c5778b3ec6 P e100d3c27a3b4f079b418bf5d80d1ec3 [term 0 FOLLOWER]: Advancing to term 1
I20260709 12:26:40.056766  3783 consensus_queue.cc:1048] T e0bccebaa1f4457ea91f503fe5a43887 P 92d89b3cda0c4969b7bf60a480313619 [LEADER]: Connected to new peer: Peer: permanent_uuid: "e100d3c27a3b4f079b418bf5d80d1ec3" member_type: VOTER last_known_addr { host: "127.2.91.195" port: 37479 }, Status: LMP_MISMATCH, Last received: 0.0, Next index: 1, Last known committed idx: 0, Time since last communication: 0.001s
I20260709 12:26:40.061070  3652 tablet_service.cc:1917] Received RequestConsensusVote() RPC: tablet_id: "895fa91058124b60a32f1c01d0bf0801" candidate_uuid: "92d89b3cda0c4969b7bf60a480313619" candidate_term: 1 candidate_status { last_received { term: 0 index: 0 } } ignore_live_leader: false dest_uuid: "0c9b43aac22840a3aedbc6f80f6e0f42" is_pre_election: true
I20260709 12:26:40.066207  3775 tablet_bootstrap.cc:492] T 19c8ce9a706340f8af4845644a77666f P e100d3c27a3b4f079b418bf5d80d1ec3: No bootstrap required, opened a new log
I20260709 12:26:40.066672  3775 ts_tablet_manager.cc:1403] T 19c8ce9a706340f8af4845644a77666f P e100d3c27a3b4f079b418bf5d80d1ec3: Time spent bootstrapping tablet: real 0.199s	user 0.026s	sys 0.014s
I20260709 12:26:40.075554  3774 raft_consensus.cc:359] T 895fa91058124b60a32f1c01d0bf0801 P 0c9b43aac22840a3aedbc6f80f6e0f42 [term 0 FOLLOWER]: Replica starting. Triggering 0 pending ops. Active config: opid_index: -1 OBSOLETE_local: false peers { permanent_uuid: "92d89b3cda0c4969b7bf60a480313619" member_type: VOTER last_known_addr { host: "127.2.91.193" port: 40177 } } peers { permanent_uuid: "0c9b43aac22840a3aedbc6f80f6e0f42" member_type: VOTER last_known_addr { host: "127.2.91.194" port: 35467 } } peers { permanent_uuid: "e100d3c27a3b4f079b418bf5d80d1ec3" member_type: VOTER last_known_addr { host: "127.2.91.195" port: 37479 } }
I20260709 12:26:40.076267  3774 raft_consensus.cc:385] T 895fa91058124b60a32f1c01d0bf0801 P 0c9b43aac22840a3aedbc6f80f6e0f42 [term 0 FOLLOWER]: Consensus starting up: Expiring failure detector timer to make a prompt election more likely
I20260709 12:26:40.076525  3774 raft_consensus.cc:740] T 895fa91058124b60a32f1c01d0bf0801 P 0c9b43aac22840a3aedbc6f80f6e0f42 [term 0 FOLLOWER]: Becoming Follower/Learner. State: Replica: 0c9b43aac22840a3aedbc6f80f6e0f42, State: Initialized, Role: FOLLOWER
I20260709 12:26:40.076886  3775 raft_consensus.cc:359] T 19c8ce9a706340f8af4845644a77666f P e100d3c27a3b4f079b418bf5d80d1ec3 [term 0 FOLLOWER]: Replica starting. Triggering 0 pending ops. Active config: opid_index: -1 OBSOLETE_local: false peers { permanent_uuid: "92d89b3cda0c4969b7bf60a480313619" member_type: VOTER last_known_addr { host: "127.2.91.193" port: 40177 } } peers { permanent_uuid: "0c9b43aac22840a3aedbc6f80f6e0f42" member_type: VOTER last_known_addr { host: "127.2.91.194" port: 35467 } } peers { permanent_uuid: "e100d3c27a3b4f079b418bf5d80d1ec3" member_type: VOTER last_known_addr { host: "127.2.91.195" port: 37479 } }
I20260709 12:26:40.077557  3775 raft_consensus.cc:385] T 19c8ce9a706340f8af4845644a77666f P e100d3c27a3b4f079b418bf5d80d1ec3 [term 0 FOLLOWER]: Consensus starting up: Expiring failure detector timer to make a prompt election more likely
I20260709 12:26:40.077925  3775 raft_consensus.cc:740] T 19c8ce9a706340f8af4845644a77666f P e100d3c27a3b4f079b418bf5d80d1ec3 [term 0 FOLLOWER]: Becoming Follower/Learner. State: Replica: e100d3c27a3b4f079b418bf5d80d1ec3, State: Initialized, Role: FOLLOWER
I20260709 12:26:40.077292  3774 consensus_queue.cc:260] T 895fa91058124b60a32f1c01d0bf0801 P 0c9b43aac22840a3aedbc6f80f6e0f42 [NON_LEADER]: Queue going to NON_LEADER mode. State: All replicated index: 0, Majority replicated index: 0, Committed index: 0, Last appended: 0.0, Last appended by leader: 0, Current term: 0, Majority size: -1, State: 0, Mode: NON_LEADER, active raft config: opid_index: -1 OBSOLETE_local: false peers { permanent_uuid: "92d89b3cda0c4969b7bf60a480313619" member_type: VOTER last_known_addr { host: "127.2.91.193" port: 40177 } } peers { permanent_uuid: "0c9b43aac22840a3aedbc6f80f6e0f42" member_type: VOTER last_known_addr { host: "127.2.91.194" port: 35467 } } peers { permanent_uuid: "e100d3c27a3b4f079b418bf5d80d1ec3" member_type: VOTER last_known_addr { host: "127.2.91.195" port: 37479 } }
I20260709 12:26:40.078590  3775 consensus_queue.cc:260] T 19c8ce9a706340f8af4845644a77666f P e100d3c27a3b4f079b418bf5d80d1ec3 [NON_LEADER]: Queue going to NON_LEADER mode. State: All replicated index: 0, Majority replicated index: 0, Committed index: 0, Last appended: 0.0, Last appended by leader: 0, Current term: 0, Majority size: -1, State: 0, Mode: NON_LEADER, active raft config: opid_index: -1 OBSOLETE_local: false peers { permanent_uuid: "92d89b3cda0c4969b7bf60a480313619" member_type: VOTER last_known_addr { host: "127.2.91.193" port: 40177 } } peers { permanent_uuid: "0c9b43aac22840a3aedbc6f80f6e0f42" member_type: VOTER last_known_addr { host: "127.2.91.194" port: 35467 } } peers { permanent_uuid: "e100d3c27a3b4f079b418bf5d80d1ec3" member_type: VOTER last_known_addr { host: "127.2.91.195" port: 37479 } }
W20260709 12:26:40.072671  3695 leader_election.cc:343] T 3a4985566fd04123999413c5778b3ec6 P e100d3c27a3b4f079b418bf5d80d1ec3 [CANDIDATE]: Term 1 pre-election: Tablet error from VoteRequest() call to peer 0c9b43aac22840a3aedbc6f80f6e0f42 (127.2.91.194:35467): Illegal state: must be running to vote when last-logged opid is not known
I20260709 12:26:40.080644  3775 ts_tablet_manager.cc:1434] T 19c8ce9a706340f8af4845644a77666f P e100d3c27a3b4f079b418bf5d80d1ec3: Time spent starting tablet: real 0.014s	user 0.007s	sys 0.000s
I20260709 12:26:40.083132  3581 tablet_service.cc:1917] Received RequestConsensusVote() RPC: tablet_id: "895fa91058124b60a32f1c01d0bf0801" candidate_uuid: "e100d3c27a3b4f079b418bf5d80d1ec3" candidate_term: 1 candidate_status { last_received { term: 0 index: 0 } } ignore_live_leader: false dest_uuid: "92d89b3cda0c4969b7bf60a480313619" is_pre_election: true
I20260709 12:26:40.083952  3775 tablet_bootstrap.cc:492] T 7a3e90e6d9ee4245a21151e8b27e6f60 P e100d3c27a3b4f079b418bf5d80d1ec3: Bootstrap starting.
I20260709 12:26:40.083810  3581 raft_consensus.cc:2468] T 895fa91058124b60a32f1c01d0bf0801 P 92d89b3cda0c4969b7bf60a480313619 [term 0 FOLLOWER]: Leader pre-election vote request: Granting yes vote for candidate e100d3c27a3b4f079b418bf5d80d1ec3 in term 0.
I20260709 12:26:40.086484  3695 leader_election.cc:304] T 895fa91058124b60a32f1c01d0bf0801 P e100d3c27a3b4f079b418bf5d80d1ec3 [CANDIDATE]: Term 1 pre-election: Election decided. Result: candidate won. Election summary: received 2 responses out of 3 voters: 2 yes votes; 0 no votes. yes voters: 92d89b3cda0c4969b7bf60a480313619, e100d3c27a3b4f079b418bf5d80d1ec3; no voters: 
I20260709 12:26:40.088577  3652 tablet_service.cc:1917] Received RequestConsensusVote() RPC: tablet_id: "895fa91058124b60a32f1c01d0bf0801" candidate_uuid: "e100d3c27a3b4f079b418bf5d80d1ec3" candidate_term: 1 candidate_status { last_received { term: 0 index: 0 } } ignore_live_leader: false dest_uuid: "0c9b43aac22840a3aedbc6f80f6e0f42" is_pre_election: true
I20260709 12:26:40.103627  3774 ts_tablet_manager.cc:1434] T 895fa91058124b60a32f1c01d0bf0801 P 0c9b43aac22840a3aedbc6f80f6e0f42: Time spent starting tablet: real 0.069s	user 0.007s	sys 0.000s
I20260709 12:26:40.103554  3652 raft_consensus.cc:2468] T 895fa91058124b60a32f1c01d0bf0801 P 0c9b43aac22840a3aedbc6f80f6e0f42 [term 0 FOLLOWER]: Leader pre-election vote request: Granting yes vote for candidate e100d3c27a3b4f079b418bf5d80d1ec3 in term 0.
I20260709 12:26:40.104559  3774 tablet_bootstrap.cc:492] T 19c8ce9a706340f8af4845644a77666f P 0c9b43aac22840a3aedbc6f80f6e0f42: Bootstrap starting.
I20260709 12:26:40.056595  3547 leader_election.cc:304] T 895fa91058124b60a32f1c01d0bf0801 P 92d89b3cda0c4969b7bf60a480313619 [CANDIDATE]: Term 1 pre-election: Election decided. Result: candidate won. Election summary: received 2 responses out of 3 voters: 2 yes votes; 0 no votes. yes voters: 92d89b3cda0c4969b7bf60a480313619, e100d3c27a3b4f079b418bf5d80d1ec3; no voters: 
I20260709 12:26:40.105263  3925 raft_consensus.cc:2804] T 895fa91058124b60a32f1c01d0bf0801 P e100d3c27a3b4f079b418bf5d80d1ec3 [term 0 FOLLOWER]: Leader pre-election won for term 1
I20260709 12:26:40.116655  3811 leader_election.cc:290] T 7a3e90e6d9ee4245a21151e8b27e6f60 P 92d89b3cda0c4969b7bf60a480313619 [CANDIDATE]: Term 1 election: Requested vote from peers 0c9b43aac22840a3aedbc6f80f6e0f42 (127.2.91.194:35467), e100d3c27a3b4f079b418bf5d80d1ec3 (127.2.91.195:37479)
I20260709 12:26:40.112900  3783 raft_consensus.cc:2804] T 895fa91058124b60a32f1c01d0bf0801 P 92d89b3cda0c4969b7bf60a480313619 [term 0 FOLLOWER]: Leader pre-election won for term 1
I20260709 12:26:40.117497  3783 raft_consensus.cc:493] T 895fa91058124b60a32f1c01d0bf0801 P 92d89b3cda0c4969b7bf60a480313619 [term 0 FOLLOWER]: Starting leader election (no leader contacted us within the election timeout)
I20260709 12:26:40.117833  3783 raft_consensus.cc:3060] T 895fa91058124b60a32f1c01d0bf0801 P 92d89b3cda0c4969b7bf60a480313619 [term 0 FOLLOWER]: Advancing to term 1
W20260709 12:26:40.107769  3546 leader_election.cc:343] T 895fa91058124b60a32f1c01d0bf0801 P 92d89b3cda0c4969b7bf60a480313619 [CANDIDATE]: Term 1 pre-election: Tablet error from VoteRequest() call to peer 0c9b43aac22840a3aedbc6f80f6e0f42 (127.2.91.194:35467): Illegal state: must be running to vote when last-logged opid is not known
W20260709 12:26:40.126338  3546 outbound_call.cc:321] RPC callback for RPC call kudu.consensus.ConsensusService.RequestConsensusVote -> {remote=127.2.91.194:35467, user_credentials={real_user=slave}} blocked reactor thread for 63040.2us
W20260709 12:26:40.130934  3695 consensus_peers.cc:597] T d026f02d02e94b039ecca0c2db008ca5 P e100d3c27a3b4f079b418bf5d80d1ec3 -> Peer 0c9b43aac22840a3aedbc6f80f6e0f42 (127.2.91.194:35467): Couldn't send request to peer 0c9b43aac22840a3aedbc6f80f6e0f42. Error code: TABLET_NOT_RUNNING (12). Status: Illegal state: Tablet not RUNNING: INITIALIZED. This is attempt 1: this message will repeat every 5th retry.
W20260709 12:26:40.132455  3695 consensus_peers.cc:597] T 7898b547015f413db7f40cdf38a9ddc4 P e100d3c27a3b4f079b418bf5d80d1ec3 -> Peer 92d89b3cda0c4969b7bf60a480313619 (127.2.91.193:40177): Couldn't send request to peer 92d89b3cda0c4969b7bf60a480313619. Error code: TABLET_NOT_RUNNING (12). Status: Illegal state: Tablet not RUNNING: INITIALIZED. This is attempt 1: this message will repeat every 5th retry.
I20260709 12:26:40.133582  3857 raft_consensus.cc:493] T e214616a94a644f5ba4ef4f651e264a9 P e100d3c27a3b4f079b418bf5d80d1ec3 [term 0 FOLLOWER]: Starting pre-election (no leader contacted us within the election timeout)
I20260709 12:26:40.134008  3857 raft_consensus.cc:515] T e214616a94a644f5ba4ef4f651e264a9 P e100d3c27a3b4f079b418bf5d80d1ec3 [term 0 FOLLOWER]: Starting pre-election with config: opid_index: -1 OBSOLETE_local: false peers { permanent_uuid: "92d89b3cda0c4969b7bf60a480313619" member_type: VOTER last_known_addr { host: "127.2.91.193" port: 40177 } } peers { permanent_uuid: "0c9b43aac22840a3aedbc6f80f6e0f42" member_type: VOTER last_known_addr { host: "127.2.91.194" port: 35467 } } peers { permanent_uuid: "e100d3c27a3b4f079b418bf5d80d1ec3" member_type: VOTER last_known_addr { host: "127.2.91.195" port: 37479 } }
I20260709 12:26:40.113050  3925 raft_consensus.cc:493] T 895fa91058124b60a32f1c01d0bf0801 P e100d3c27a3b4f079b418bf5d80d1ec3 [term 0 FOLLOWER]: Starting leader election (no leader contacted us within the election timeout)
I20260709 12:26:40.144716  3925 raft_consensus.cc:3060] T 895fa91058124b60a32f1c01d0bf0801 P e100d3c27a3b4f079b418bf5d80d1ec3 [term 0 FOLLOWER]: Advancing to term 1
W20260709 12:26:40.110460  3547 outbound_call.cc:321] RPC callback for RPC call kudu.consensus.ConsensusService.RequestConsensusVote -> {remote=127.2.91.195:37479, user_credentials={real_user=slave}} blocked reactor thread for 54907.2us
I20260709 12:26:40.136032  3857 leader_election.cc:290] T e214616a94a644f5ba4ef4f651e264a9 P e100d3c27a3b4f079b418bf5d80d1ec3 [CANDIDATE]: Term 1 pre-election: Requested pre-vote from peers 92d89b3cda0c4969b7bf60a480313619 (127.2.91.193:40177), 0c9b43aac22840a3aedbc6f80f6e0f42 (127.2.91.194:35467)
I20260709 12:26:40.217257  3652 tablet_service.cc:1917] Received RequestConsensusVote() RPC: tablet_id: "e214616a94a644f5ba4ef4f651e264a9" candidate_uuid: "e100d3c27a3b4f079b418bf5d80d1ec3" candidate_term: 1 candidate_status { last_received { term: 0 index: 0 } } ignore_live_leader: false dest_uuid: "0c9b43aac22840a3aedbc6f80f6e0f42" is_pre_election: true
I20260709 12:26:40.272934  3731 tablet_service.cc:1917] Received RequestConsensusVote() RPC: tablet_id: "7a3e90e6d9ee4245a21151e8b27e6f60" candidate_uuid: "92d89b3cda0c4969b7bf60a480313619" candidate_term: 1 candidate_status { last_received { term: 0 index: 0 } } ignore_live_leader: false dest_uuid: "e100d3c27a3b4f079b418bf5d80d1ec3"
I20260709 12:26:40.379364  3581 tablet_service.cc:1917] Received RequestConsensusVote() RPC: tablet_id: "e214616a94a644f5ba4ef4f651e264a9" candidate_uuid: "e100d3c27a3b4f079b418bf5d80d1ec3" candidate_term: 1 candidate_status { last_received { term: 0 index: 0 } } ignore_live_leader: false dest_uuid: "92d89b3cda0c4969b7bf60a480313619" is_pre_election: true
I20260709 12:26:40.392501  3581 raft_consensus.cc:2468] T e214616a94a644f5ba4ef4f651e264a9 P 92d89b3cda0c4969b7bf60a480313619 [term 0 FOLLOWER]: Leader pre-election vote request: Granting yes vote for candidate e100d3c27a3b4f079b418bf5d80d1ec3 in term 0.
I20260709 12:26:40.396927  3783 raft_consensus.cc:515] T 895fa91058124b60a32f1c01d0bf0801 P 92d89b3cda0c4969b7bf60a480313619 [term 1 FOLLOWER]: Starting leader election with config: opid_index: -1 OBSOLETE_local: false peers { permanent_uuid: "92d89b3cda0c4969b7bf60a480313619" member_type: VOTER last_known_addr { host: "127.2.91.193" port: 40177 } } peers { permanent_uuid: "0c9b43aac22840a3aedbc6f80f6e0f42" member_type: VOTER last_known_addr { host: "127.2.91.194" port: 35467 } } peers { permanent_uuid: "e100d3c27a3b4f079b418bf5d80d1ec3" member_type: VOTER last_known_addr { host: "127.2.91.195" port: 37479 } }
I20260709 12:26:40.402806  3479 catalog_manager.cc:5697] T 5a64f98d6d3046028fbfd48394acf9e9 P 92d89b3cda0c4969b7bf60a480313619 reported cstate change: term changed from 0 to 1, leader changed from <none> to 92d89b3cda0c4969b7bf60a480313619 (127.2.91.193). New cstate: current_term: 1 leader_uuid: "92d89b3cda0c4969b7bf60a480313619" committed_config { opid_index: -1 OBSOLETE_local: false peers { permanent_uuid: "92d89b3cda0c4969b7bf60a480313619" member_type: VOTER last_known_addr { host: "127.2.91.193" port: 40177 } health_report { overall_health: HEALTHY } } peers { permanent_uuid: "0c9b43aac22840a3aedbc6f80f6e0f42" member_type: VOTER last_known_addr { host: "127.2.91.194" port: 35467 } health_report { overall_health: UNKNOWN } } peers { permanent_uuid: "e100d3c27a3b4f079b418bf5d80d1ec3" member_type: VOTER last_known_addr { host: "127.2.91.195" port: 37479 } health_report { overall_health: UNKNOWN } } }
I20260709 12:26:40.409642  3776 tablet_bootstrap.cc:654] T 39b3153339834578827b56cb3db5a445 P 92d89b3cda0c4969b7bf60a480313619: Neither blocks nor log segments found. Creating new log.
I20260709 12:26:40.401597  3783 leader_election.cc:290] T 895fa91058124b60a32f1c01d0bf0801 P 92d89b3cda0c4969b7bf60a480313619 [CANDIDATE]: Term 1 election: Requested vote from peers 0c9b43aac22840a3aedbc6f80f6e0f42 (127.2.91.194:35467), e100d3c27a3b4f079b418bf5d80d1ec3 (127.2.91.195:37479)
W20260709 12:26:40.410516  3547 leader_election.cc:343] T 7a3e90e6d9ee4245a21151e8b27e6f60 P 92d89b3cda0c4969b7bf60a480313619 [CANDIDATE]: Term 1 election: Tablet error from VoteRequest() call to peer e100d3c27a3b4f079b418bf5d80d1ec3 (127.2.91.195:37479): Illegal state: must be running to vote when last-logged opid is not known
I20260709 12:26:40.419549  3973 raft_consensus.cc:493] T 19c8ce9a706340f8af4845644a77666f P e100d3c27a3b4f079b418bf5d80d1ec3 [term 0 FOLLOWER]: Starting pre-election (no leader contacted us within the election timeout)
I20260709 12:26:40.420046  3973 raft_consensus.cc:515] T 19c8ce9a706340f8af4845644a77666f P e100d3c27a3b4f079b418bf5d80d1ec3 [term 0 FOLLOWER]: Starting pre-election with config: opid_index: -1 OBSOLETE_local: false peers { permanent_uuid: "92d89b3cda0c4969b7bf60a480313619" member_type: VOTER last_known_addr { host: "127.2.91.193" port: 40177 } } peers { permanent_uuid: "0c9b43aac22840a3aedbc6f80f6e0f42" member_type: VOTER last_known_addr { host: "127.2.91.194" port: 35467 } } peers { permanent_uuid: "e100d3c27a3b4f079b418bf5d80d1ec3" member_type: VOTER last_known_addr { host: "127.2.91.195" port: 37479 } }
I20260709 12:26:40.421142  3775 tablet_bootstrap.cc:654] T 7a3e90e6d9ee4245a21151e8b27e6f60 P e100d3c27a3b4f079b418bf5d80d1ec3: Neither blocks nor log segments found. Creating new log.
I20260709 12:26:40.421569  3783 consensus_queue.cc:1048] T 987be2a6bec042968ff3dcbeb476cc61 P 92d89b3cda0c4969b7bf60a480313619 [LEADER]: Connected to new peer: Peer: permanent_uuid: "e100d3c27a3b4f079b418bf5d80d1ec3" member_type: VOTER last_known_addr { host: "127.2.91.195" port: 37479 }, Status: LMP_MISMATCH, Last received: 0.0, Next index: 1, Last known committed idx: 0, Time since last communication: 0.000s
I20260709 12:26:40.425354  3973 leader_election.cc:290] T 19c8ce9a706340f8af4845644a77666f P e100d3c27a3b4f079b418bf5d80d1ec3 [CANDIDATE]: Term 1 pre-election: Requested pre-vote from peers 92d89b3cda0c4969b7bf60a480313619 (127.2.91.193:40177), 0c9b43aac22840a3aedbc6f80f6e0f42 (127.2.91.194:35467)
I20260709 12:26:40.426476  3925 raft_consensus.cc:515] T 895fa91058124b60a32f1c01d0bf0801 P e100d3c27a3b4f079b418bf5d80d1ec3 [term 1 FOLLOWER]: Starting leader election with config: opid_index: -1 OBSOLETE_local: false peers { permanent_uuid: "92d89b3cda0c4969b7bf60a480313619" member_type: VOTER last_known_addr { host: "127.2.91.193" port: 40177 } } peers { permanent_uuid: "0c9b43aac22840a3aedbc6f80f6e0f42" member_type: VOTER last_known_addr { host: "127.2.91.194" port: 35467 } } peers { permanent_uuid: "e100d3c27a3b4f079b418bf5d80d1ec3" member_type: VOTER last_known_addr { host: "127.2.91.195" port: 37479 } }
I20260709 12:26:40.428892  3655 tablet_service.cc:1917] Received RequestConsensusVote() RPC: tablet_id: "7a3e90e6d9ee4245a21151e8b27e6f60" candidate_uuid: "92d89b3cda0c4969b7bf60a480313619" candidate_term: 1 candidate_status { last_received { term: 0 index: 0 } } ignore_live_leader: false dest_uuid: "0c9b43aac22840a3aedbc6f80f6e0f42"
I20260709 12:26:40.429915  3655 raft_consensus.cc:3060] T 7a3e90e6d9ee4245a21151e8b27e6f60 P 0c9b43aac22840a3aedbc6f80f6e0f42 [term 0 FOLLOWER]: Advancing to term 1
I20260709 12:26:40.430981  3925 leader_election.cc:290] T 895fa91058124b60a32f1c01d0bf0801 P e100d3c27a3b4f079b418bf5d80d1ec3 [CANDIDATE]: Term 1 election: Requested vote from peers 92d89b3cda0c4969b7bf60a480313619 (127.2.91.193:40177), 0c9b43aac22840a3aedbc6f80f6e0f42 (127.2.91.194:35467)
I20260709 12:26:40.427176  3779 raft_consensus.cc:515] T 3a4985566fd04123999413c5778b3ec6 P e100d3c27a3b4f079b418bf5d80d1ec3 [term 1 FOLLOWER]: Starting leader election with config: opid_index: -1 OBSOLETE_local: false peers { permanent_uuid: "92d89b3cda0c4969b7bf60a480313619" member_type: VOTER last_known_addr { host: "127.2.91.193" port: 40177 } } peers { permanent_uuid: "0c9b43aac22840a3aedbc6f80f6e0f42" member_type: VOTER last_known_addr { host: "127.2.91.194" port: 35467 } } peers { permanent_uuid: "e100d3c27a3b4f079b418bf5d80d1ec3" member_type: VOTER last_known_addr { host: "127.2.91.195" port: 37479 } }
I20260709 12:26:40.448463  3811 raft_consensus.cc:493] T 84fe9799835c4921854e45ff2317982c P 92d89b3cda0c4969b7bf60a480313619 [term 0 FOLLOWER]: Starting pre-election (no leader contacted us within the election timeout)
I20260709 12:26:40.448992  3811 raft_consensus.cc:515] T 84fe9799835c4921854e45ff2317982c P 92d89b3cda0c4969b7bf60a480313619 [term 0 FOLLOWER]: Starting pre-election with config: opid_index: -1 OBSOLETE_local: false peers { permanent_uuid: "92d89b3cda0c4969b7bf60a480313619" member_type: VOTER last_known_addr { host: "127.2.91.193" port: 40177 } } peers { permanent_uuid: "0c9b43aac22840a3aedbc6f80f6e0f42" member_type: VOTER last_known_addr { host: "127.2.91.194" port: 35467 } } peers { permanent_uuid: "e100d3c27a3b4f079b418bf5d80d1ec3" member_type: VOTER last_known_addr { host: "127.2.91.195" port: 37479 } }
I20260709 12:26:40.452518  3811 leader_election.cc:290] T 84fe9799835c4921854e45ff2317982c P 92d89b3cda0c4969b7bf60a480313619 [CANDIDATE]: Term 1 pre-election: Requested pre-vote from peers 0c9b43aac22840a3aedbc6f80f6e0f42 (127.2.91.194:35467), e100d3c27a3b4f079b418bf5d80d1ec3 (127.2.91.195:37479)
I20260709 12:26:40.453137  3658 tablet_service.cc:1917] Received RequestConsensusVote() RPC: tablet_id: "895fa91058124b60a32f1c01d0bf0801" candidate_uuid: "92d89b3cda0c4969b7bf60a480313619" candidate_term: 1 candidate_status { last_received { term: 0 index: 0 } } ignore_live_leader: false dest_uuid: "0c9b43aac22840a3aedbc6f80f6e0f42"
I20260709 12:26:40.453774  3658 raft_consensus.cc:3060] T 895fa91058124b60a32f1c01d0bf0801 P 0c9b43aac22840a3aedbc6f80f6e0f42 [term 0 FOLLOWER]: Advancing to term 1
I20260709 12:26:40.460213  3783 consensus_queue.cc:1048] T 987be2a6bec042968ff3dcbeb476cc61 P 92d89b3cda0c4969b7bf60a480313619 [LEADER]: Connected to new peer: Peer: permanent_uuid: "0c9b43aac22840a3aedbc6f80f6e0f42" member_type: VOTER last_known_addr { host: "127.2.91.194" port: 35467 }, Status: LMP_MISMATCH, Last received: 0.0, Next index: 1, Last known committed idx: 0, Time since last communication: 0.001s
I20260709 12:26:40.462131  3653 tablet_service.cc:1917] Received RequestConsensusVote() RPC: tablet_id: "84fe9799835c4921854e45ff2317982c" candidate_uuid: "92d89b3cda0c4969b7bf60a480313619" candidate_term: 1 candidate_status { last_received { term: 0 index: 0 } } ignore_live_leader: false dest_uuid: "0c9b43aac22840a3aedbc6f80f6e0f42" is_pre_election: true
I20260709 12:26:40.464491  3658 raft_consensus.cc:2468] T 895fa91058124b60a32f1c01d0bf0801 P 0c9b43aac22840a3aedbc6f80f6e0f42 [term 1 FOLLOWER]: Leader election vote request: Granting yes vote for candidate 92d89b3cda0c4969b7bf60a480313619 in term 1.
I20260709 12:26:40.455565  3655 raft_consensus.cc:2468] T 7a3e90e6d9ee4245a21151e8b27e6f60 P 0c9b43aac22840a3aedbc6f80f6e0f42 [term 1 FOLLOWER]: Leader election vote request: Granting yes vote for candidate 92d89b3cda0c4969b7bf60a480313619 in term 1.
I20260709 12:26:40.465448  3779 leader_election.cc:290] T 3a4985566fd04123999413c5778b3ec6 P e100d3c27a3b4f079b418bf5d80d1ec3 [CANDIDATE]: Term 1 election: Requested vote from peers 92d89b3cda0c4969b7bf60a480313619 (127.2.91.193:40177), 0c9b43aac22840a3aedbc6f80f6e0f42 (127.2.91.194:35467)
W20260709 12:26:40.467221  3695 leader_election.cc:343] T e214616a94a644f5ba4ef4f651e264a9 P e100d3c27a3b4f079b418bf5d80d1ec3 [CANDIDATE]: Term 1 pre-election: Tablet error from VoteRequest() call to peer 0c9b43aac22840a3aedbc6f80f6e0f42 (127.2.91.194:35467): Illegal state: must be running to vote when last-logged opid is not known
I20260709 12:26:40.481323  3775 tablet_bootstrap.cc:492] T 7a3e90e6d9ee4245a21151e8b27e6f60 P e100d3c27a3b4f079b418bf5d80d1ec3: No bootstrap required, opened a new log
I20260709 12:26:40.481979  3775 ts_tablet_manager.cc:1403] T 7a3e90e6d9ee4245a21151e8b27e6f60 P e100d3c27a3b4f079b418bf5d80d1ec3: Time spent bootstrapping tablet: real 0.398s	user 0.022s	sys 0.005s
I20260709 12:26:40.485371  3655 tablet_service.cc:1917] Received RequestConsensusVote() RPC: tablet_id: "19c8ce9a706340f8af4845644a77666f" candidate_uuid: "e100d3c27a3b4f079b418bf5d80d1ec3" candidate_term: 1 candidate_status { last_received { term: 0 index: 0 } } ignore_live_leader: false dest_uuid: "0c9b43aac22840a3aedbc6f80f6e0f42" is_pre_election: true
I20260709 12:26:40.486433  3658 tablet_service.cc:1917] Received RequestConsensusVote() RPC: tablet_id: "895fa91058124b60a32f1c01d0bf0801" candidate_uuid: "e100d3c27a3b4f079b418bf5d80d1ec3" candidate_term: 1 candidate_status { last_received { term: 0 index: 0 } } ignore_live_leader: false dest_uuid: "0c9b43aac22840a3aedbc6f80f6e0f42"
I20260709 12:26:40.487207  3658 raft_consensus.cc:2393] T 895fa91058124b60a32f1c01d0bf0801 P 0c9b43aac22840a3aedbc6f80f6e0f42 [term 1 FOLLOWER]: Leader election vote request: Denying vote to candidate e100d3c27a3b4f079b418bf5d80d1ec3 in current term 1: Already voted for candidate 92d89b3cda0c4969b7bf60a480313619 in this term.
I20260709 12:26:40.490515  3695 leader_election.cc:304] T e214616a94a644f5ba4ef4f651e264a9 P e100d3c27a3b4f079b418bf5d80d1ec3 [CANDIDATE]: Term 1 pre-election: Election decided. Result: candidate won. Election summary: received 3 responses out of 3 voters: 2 yes votes; 1 no votes. yes voters: 92d89b3cda0c4969b7bf60a480313619, e100d3c27a3b4f079b418bf5d80d1ec3; no voters: 0c9b43aac22840a3aedbc6f80f6e0f42
W20260709 12:26:40.491304  3970 log.cc:927] Time spent T e0bccebaa1f4457ea91f503fe5a43887 P e100d3c27a3b4f079b418bf5d80d1ec3: Append to log took a long time: real 0.074s	user 0.000s	sys 0.000s
I20260709 12:26:40.503118  3581 tablet_service.cc:1917] Received RequestConsensusVote() RPC: tablet_id: "19c8ce9a706340f8af4845644a77666f" candidate_uuid: "e100d3c27a3b4f079b418bf5d80d1ec3" candidate_term: 1 candidate_status { last_received { term: 0 index: 0 } } ignore_live_leader: false dest_uuid: "92d89b3cda0c4969b7bf60a480313619" is_pre_election: true
I20260709 12:26:40.503206  3782 consensus_queue.cc:1048] T e0bccebaa1f4457ea91f503fe5a43887 P 92d89b3cda0c4969b7bf60a480313619 [LEADER]: Connected to new peer: Peer: permanent_uuid: "0c9b43aac22840a3aedbc6f80f6e0f42" member_type: VOTER last_known_addr { host: "127.2.91.194" port: 35467 }, Status: LMP_MISMATCH, Last received: 0.0, Next index: 1, Last known committed idx: 0, Time since last communication: 0.002s
I20260709 12:26:40.505287  3729 tablet_service.cc:1917] Received RequestConsensusVote() RPC: tablet_id: "895fa91058124b60a32f1c01d0bf0801" candidate_uuid: "92d89b3cda0c4969b7bf60a480313619" candidate_term: 1 candidate_status { last_received { term: 0 index: 0 } } ignore_live_leader: false dest_uuid: "e100d3c27a3b4f079b418bf5d80d1ec3"
I20260709 12:26:40.505632  3652 tablet_service.cc:1917] Received RequestConsensusVote() RPC: tablet_id: "3a4985566fd04123999413c5778b3ec6" candidate_uuid: "e100d3c27a3b4f079b418bf5d80d1ec3" candidate_term: 1 candidate_status { last_received { term: 0 index: 0 } } ignore_live_leader: false dest_uuid: "0c9b43aac22840a3aedbc6f80f6e0f42"
I20260709 12:26:40.517342  3729 raft_consensus.cc:2393] T 895fa91058124b60a32f1c01d0bf0801 P e100d3c27a3b4f079b418bf5d80d1ec3 [term 1 FOLLOWER]: Leader election vote request: Denying vote to candidate 92d89b3cda0c4969b7bf60a480313619 in current term 1: Already voted for candidate e100d3c27a3b4f079b418bf5d80d1ec3 in this term.
I20260709 12:26:40.517459  3580 tablet_service.cc:1917] Received RequestConsensusVote() RPC: tablet_id: "3a4985566fd04123999413c5778b3ec6" candidate_uuid: "e100d3c27a3b4f079b418bf5d80d1ec3" candidate_term: 1 candidate_status { last_received { term: 0 index: 0 } } ignore_live_leader: false dest_uuid: "92d89b3cda0c4969b7bf60a480313619"
I20260709 12:26:40.518105  3580 raft_consensus.cc:3060] T 3a4985566fd04123999413c5778b3ec6 P 92d89b3cda0c4969b7bf60a480313619 [term 0 FOLLOWER]: Advancing to term 1
I20260709 12:26:40.517390  3582 tablet_service.cc:1917] Received RequestConsensusVote() RPC: tablet_id: "895fa91058124b60a32f1c01d0bf0801" candidate_uuid: "e100d3c27a3b4f079b418bf5d80d1ec3" candidate_term: 1 candidate_status { last_received { term: 0 index: 0 } } ignore_live_leader: false dest_uuid: "92d89b3cda0c4969b7bf60a480313619"
W20260709 12:26:40.507993  3546 leader_election.cc:343] T 84fe9799835c4921854e45ff2317982c P 92d89b3cda0c4969b7bf60a480313619 [CANDIDATE]: Term 1 pre-election: Tablet error from VoteRequest() call to peer 0c9b43aac22840a3aedbc6f80f6e0f42 (127.2.91.194:35467): Illegal state: must be running to vote when last-logged opid is not known
I20260709 12:26:40.511276  3581 raft_consensus.cc:2468] T 19c8ce9a706340f8af4845644a77666f P 92d89b3cda0c4969b7bf60a480313619 [term 0 FOLLOWER]: Leader pre-election vote request: Granting yes vote for candidate e100d3c27a3b4f079b418bf5d80d1ec3 in term 0.
I20260709 12:26:40.519832  3976 raft_consensus.cc:2804] T e214616a94a644f5ba4ef4f651e264a9 P e100d3c27a3b4f079b418bf5d80d1ec3 [term 0 FOLLOWER]: Leader pre-election won for term 1
I20260709 12:26:40.520365  3582 raft_consensus.cc:2393] T 895fa91058124b60a32f1c01d0bf0801 P 92d89b3cda0c4969b7bf60a480313619 [term 1 FOLLOWER]: Leader election vote request: Denying vote to candidate e100d3c27a3b4f079b418bf5d80d1ec3 in current term 1: Already voted for candidate 92d89b3cda0c4969b7bf60a480313619 in this term.
I20260709 12:26:40.520433  3776 tablet_bootstrap.cc:492] T 39b3153339834578827b56cb3db5a445 P 92d89b3cda0c4969b7bf60a480313619: No bootstrap required, opened a new log
I20260709 12:26:40.524677  3976 raft_consensus.cc:493] T e214616a94a644f5ba4ef4f651e264a9 P e100d3c27a3b4f079b418bf5d80d1ec3 [term 0 FOLLOWER]: Starting leader election (no leader contacted us within the election timeout)
I20260709 12:26:40.525107  3976 raft_consensus.cc:3060] T e214616a94a644f5ba4ef4f651e264a9 P e100d3c27a3b4f079b418bf5d80d1ec3 [term 0 FOLLOWER]: Advancing to term 1
I20260709 12:26:40.526698  3776 ts_tablet_manager.cc:1403] T 39b3153339834578827b56cb3db5a445 P 92d89b3cda0c4969b7bf60a480313619: Time spent bootstrapping tablet: real 0.485s	user 0.020s	sys 0.020s
I20260709 12:26:40.532261  3775 raft_consensus.cc:359] T 7a3e90e6d9ee4245a21151e8b27e6f60 P e100d3c27a3b4f079b418bf5d80d1ec3 [term 0 FOLLOWER]: Replica starting. Triggering 0 pending ops. Active config: opid_index: -1 OBSOLETE_local: false peers { permanent_uuid: "92d89b3cda0c4969b7bf60a480313619" member_type: VOTER last_known_addr { host: "127.2.91.193" port: 40177 } } peers { permanent_uuid: "0c9b43aac22840a3aedbc6f80f6e0f42" member_type: VOTER last_known_addr { host: "127.2.91.194" port: 35467 } } peers { permanent_uuid: "e100d3c27a3b4f079b418bf5d80d1ec3" member_type: VOTER last_known_addr { host: "127.2.91.195" port: 37479 } }
I20260709 12:26:40.533555  3775 raft_consensus.cc:385] T 7a3e90e6d9ee4245a21151e8b27e6f60 P e100d3c27a3b4f079b418bf5d80d1ec3 [term 0 FOLLOWER]: Consensus starting up: Expiring failure detector timer to make a prompt election more likely
I20260709 12:26:40.533861  3775 raft_consensus.cc:740] T 7a3e90e6d9ee4245a21151e8b27e6f60 P e100d3c27a3b4f079b418bf5d80d1ec3 [term 0 FOLLOWER]: Becoming Follower/Learner. State: Replica: e100d3c27a3b4f079b418bf5d80d1ec3, State: Initialized, Role: FOLLOWER
I20260709 12:26:40.533883  3776 raft_consensus.cc:359] T 39b3153339834578827b56cb3db5a445 P 92d89b3cda0c4969b7bf60a480313619 [term 0 FOLLOWER]: Replica starting. Triggering 0 pending ops. Active config: opid_index: -1 OBSOLETE_local: false peers { permanent_uuid: "92d89b3cda0c4969b7bf60a480313619" member_type: VOTER last_known_addr { host: "127.2.91.193" port: 40177 } } peers { permanent_uuid: "0c9b43aac22840a3aedbc6f80f6e0f42" member_type: VOTER last_known_addr { host: "127.2.91.194" port: 35467 } } peers { permanent_uuid: "e100d3c27a3b4f079b418bf5d80d1ec3" member_type: VOTER last_known_addr { host: "127.2.91.195" port: 37479 } }
I20260709 12:26:40.534619  3776 raft_consensus.cc:385] T 39b3153339834578827b56cb3db5a445 P 92d89b3cda0c4969b7bf60a480313619 [term 0 FOLLOWER]: Consensus starting up: Expiring failure detector timer to make a prompt election more likely
I20260709 12:26:40.534808  3776 raft_consensus.cc:740] T 39b3153339834578827b56cb3db5a445 P 92d89b3cda0c4969b7bf60a480313619 [term 0 FOLLOWER]: Becoming Follower/Learner. State: Replica: 92d89b3cda0c4969b7bf60a480313619, State: Initialized, Role: FOLLOWER
W20260709 12:26:40.529072  3695 leader_election.cc:343] T 19c8ce9a706340f8af4845644a77666f P e100d3c27a3b4f079b418bf5d80d1ec3 [CANDIDATE]: Term 1 pre-election: Tablet error from VoteRequest() call to peer 0c9b43aac22840a3aedbc6f80f6e0f42 (127.2.91.194:35467): Illegal state: must be running to vote when last-logged opid is not known
I20260709 12:26:40.540176  3976 raft_consensus.cc:515] T e214616a94a644f5ba4ef4f651e264a9 P e100d3c27a3b4f079b418bf5d80d1ec3 [term 1 FOLLOWER]: Starting leader election with config: opid_index: -1 OBSOLETE_local: false peers { permanent_uuid: "92d89b3cda0c4969b7bf60a480313619" member_type: VOTER last_known_addr { host: "127.2.91.193" port: 40177 } } peers { permanent_uuid: "0c9b43aac22840a3aedbc6f80f6e0f42" member_type: VOTER last_known_addr { host: "127.2.91.194" port: 35467 } } peers { permanent_uuid: "e100d3c27a3b4f079b418bf5d80d1ec3" member_type: VOTER last_known_addr { host: "127.2.91.195" port: 37479 } }
I20260709 12:26:40.541893  3976 leader_election.cc:290] T e214616a94a644f5ba4ef4f651e264a9 P e100d3c27a3b4f079b418bf5d80d1ec3 [CANDIDATE]: Term 1 election: Requested vote from peers 92d89b3cda0c4969b7bf60a480313619 (127.2.91.193:40177), 0c9b43aac22840a3aedbc6f80f6e0f42 (127.2.91.194:35467)
I20260709 12:26:40.535744  3775 consensus_queue.cc:260] T 7a3e90e6d9ee4245a21151e8b27e6f60 P e100d3c27a3b4f079b418bf5d80d1ec3 [NON_LEADER]: Queue going to NON_LEADER mode. State: All replicated index: 0, Majority replicated index: 0, Committed index: 0, Last appended: 0.0, Last appended by leader: 0, Current term: 0, Majority size: -1, State: 0, Mode: NON_LEADER, active raft config: opid_index: -1 OBSOLETE_local: false peers { permanent_uuid: "92d89b3cda0c4969b7bf60a480313619" member_type: VOTER last_known_addr { host: "127.2.91.193" port: 40177 } } peers { permanent_uuid: "0c9b43aac22840a3aedbc6f80f6e0f42" member_type: VOTER last_known_addr { host: "127.2.91.194" port: 35467 } } peers { permanent_uuid: "e100d3c27a3b4f079b418bf5d80d1ec3" member_type: VOTER last_known_addr { host: "127.2.91.195" port: 37479 } }
I20260709 12:26:40.535405  3774 tablet_bootstrap.cc:654] T 19c8ce9a706340f8af4845644a77666f P 0c9b43aac22840a3aedbc6f80f6e0f42: Neither blocks nor log segments found. Creating new log.
I20260709 12:26:40.535662  3776 consensus_queue.cc:260] T 39b3153339834578827b56cb3db5a445 P 92d89b3cda0c4969b7bf60a480313619 [NON_LEADER]: Queue going to NON_LEADER mode. State: All replicated index: 0, Majority replicated index: 0, Committed index: 0, Last appended: 0.0, Last appended by leader: 0, Current term: 0, Majority size: -1, State: 0, Mode: NON_LEADER, active raft config: opid_index: -1 OBSOLETE_local: false peers { permanent_uuid: "92d89b3cda0c4969b7bf60a480313619" member_type: VOTER last_known_addr { host: "127.2.91.193" port: 40177 } } peers { permanent_uuid: "0c9b43aac22840a3aedbc6f80f6e0f42" member_type: VOTER last_known_addr { host: "127.2.91.194" port: 35467 } } peers { permanent_uuid: "e100d3c27a3b4f079b418bf5d80d1ec3" member_type: VOTER last_known_addr { host: "127.2.91.195" port: 37479 } }
I20260709 12:26:40.531525  3546 leader_election.cc:304] T 895fa91058124b60a32f1c01d0bf0801 P 92d89b3cda0c4969b7bf60a480313619 [CANDIDATE]: Term 1 election: Election decided. Result: candidate won. Election summary: received 2 responses out of 3 voters: 2 yes votes; 0 no votes. yes voters: 0c9b43aac22840a3aedbc6f80f6e0f42, 92d89b3cda0c4969b7bf60a480313619; no voters: 
I20260709 12:26:40.546254  3775 ts_tablet_manager.cc:1434] T 7a3e90e6d9ee4245a21151e8b27e6f60 P e100d3c27a3b4f079b418bf5d80d1ec3: Time spent starting tablet: real 0.064s	user 0.006s	sys 0.003s
I20260709 12:26:40.548323  3775 tablet_bootstrap.cc:492] T 190498f63e5f4293b6f25b9da79e5f05 P e100d3c27a3b4f079b418bf5d80d1ec3: Bootstrap starting.
I20260709 12:26:40.550247  3776 ts_tablet_manager.cc:1434] T 39b3153339834578827b56cb3db5a445 P 92d89b3cda0c4969b7bf60a480313619: Time spent starting tablet: real 0.023s	user 0.005s	sys 0.001s
I20260709 12:26:40.551503  3776 tablet_bootstrap.cc:492] T 7898b547015f413db7f40cdf38a9ddc4 P 92d89b3cda0c4969b7bf60a480313619: Bootstrap starting.
I20260709 12:26:40.556023  3967 raft_consensus.cc:2804] T 895fa91058124b60a32f1c01d0bf0801 P 92d89b3cda0c4969b7bf60a480313619 [term 1 FOLLOWER]: Leader election won for term 1
I20260709 12:26:40.556372  3732 tablet_service.cc:1917] Received RequestConsensusVote() RPC: tablet_id: "84fe9799835c4921854e45ff2317982c" candidate_uuid: "92d89b3cda0c4969b7bf60a480313619" candidate_term: 1 candidate_status { last_received { term: 0 index: 0 } } ignore_live_leader: false dest_uuid: "e100d3c27a3b4f079b418bf5d80d1ec3" is_pre_election: true
I20260709 12:26:40.556542  3967 raft_consensus.cc:697] T 895fa91058124b60a32f1c01d0bf0801 P 92d89b3cda0c4969b7bf60a480313619 [term 1 LEADER]: Becoming Leader. State: Replica: 92d89b3cda0c4969b7bf60a480313619, State: Running, Role: LEADER
I20260709 12:26:40.557950  3967 consensus_queue.cc:237] T 895fa91058124b60a32f1c01d0bf0801 P 92d89b3cda0c4969b7bf60a480313619 [LEADER]: Queue going to LEADER mode. State: All replicated index: 0, Majority replicated index: 0, Committed index: 0, Last appended: 0.0, Last appended by leader: 0, Current term: 1, Majority size: 2, State: 0, Mode: LEADER, active raft config: opid_index: -1 OBSOLETE_local: false peers { permanent_uuid: "92d89b3cda0c4969b7bf60a480313619" member_type: VOTER last_known_addr { host: "127.2.91.193" port: 40177 } } peers { permanent_uuid: "0c9b43aac22840a3aedbc6f80f6e0f42" member_type: VOTER last_known_addr { host: "127.2.91.194" port: 35467 } } peers { permanent_uuid: "e100d3c27a3b4f079b418bf5d80d1ec3" member_type: VOTER last_known_addr { host: "127.2.91.195" port: 37479 } }
I20260709 12:26:40.553165  3580 raft_consensus.cc:2468] T 3a4985566fd04123999413c5778b3ec6 P 92d89b3cda0c4969b7bf60a480313619 [term 1 FOLLOWER]: Leader election vote request: Granting yes vote for candidate e100d3c27a3b4f079b418bf5d80d1ec3 in term 1.
W20260709 12:26:40.564944  3695 leader_election.cc:343] T 3a4985566fd04123999413c5778b3ec6 P e100d3c27a3b4f079b418bf5d80d1ec3 [CANDIDATE]: Term 1 election: Tablet error from VoteRequest() call to peer 0c9b43aac22840a3aedbc6f80f6e0f42 (127.2.91.194:35467): Illegal state: must be running to vote when last-logged opid is not known
I20260709 12:26:40.565702  3546 leader_election.cc:304] T 7a3e90e6d9ee4245a21151e8b27e6f60 P 92d89b3cda0c4969b7bf60a480313619 [CANDIDATE]: Term 1 election: Election decided. Result: candidate won. Election summary: received 3 responses out of 3 voters: 2 yes votes; 1 no votes. yes voters: 0c9b43aac22840a3aedbc6f80f6e0f42, 92d89b3cda0c4969b7bf60a480313619; no voters: e100d3c27a3b4f079b418bf5d80d1ec3
I20260709 12:26:40.571847  3580 tablet_service.cc:1917] Received RequestConsensusVote() RPC: tablet_id: "e214616a94a644f5ba4ef4f651e264a9" candidate_uuid: "e100d3c27a3b4f079b418bf5d80d1ec3" candidate_term: 1 candidate_status { last_received { term: 0 index: 0 } } ignore_live_leader: false dest_uuid: "92d89b3cda0c4969b7bf60a480313619"
I20260709 12:26:40.572223  3652 tablet_service.cc:1917] Received RequestConsensusVote() RPC: tablet_id: "e214616a94a644f5ba4ef4f651e264a9" candidate_uuid: "e100d3c27a3b4f079b418bf5d80d1ec3" candidate_term: 1 candidate_status { last_received { term: 0 index: 0 } } ignore_live_leader: false dest_uuid: "0c9b43aac22840a3aedbc6f80f6e0f42"
I20260709 12:26:40.573277  3695 leader_election.cc:304] T 19c8ce9a706340f8af4845644a77666f P e100d3c27a3b4f079b418bf5d80d1ec3 [CANDIDATE]: Term 1 pre-election: Election decided. Result: candidate won. Election summary: received 3 responses out of 3 voters: 2 yes votes; 1 no votes. yes voters: 92d89b3cda0c4969b7bf60a480313619, e100d3c27a3b4f079b418bf5d80d1ec3; no voters: 0c9b43aac22840a3aedbc6f80f6e0f42
I20260709 12:26:40.579912  3775 tablet_bootstrap.cc:654] T 190498f63e5f4293b6f25b9da79e5f05 P e100d3c27a3b4f079b418bf5d80d1ec3: Neither blocks nor log segments found. Creating new log.
I20260709 12:26:40.586184  3782 raft_consensus.cc:2804] T 7a3e90e6d9ee4245a21151e8b27e6f60 P 92d89b3cda0c4969b7bf60a480313619 [term 1 FOLLOWER]: Leader election won for term 1
I20260709 12:26:40.587256  3695 leader_election.cc:304] T 895fa91058124b60a32f1c01d0bf0801 P e100d3c27a3b4f079b418bf5d80d1ec3 [CANDIDATE]: Term 1 election: Election decided. Result: candidate lost. Election summary: received 3 responses out of 3 voters: 1 yes votes; 2 no votes. yes voters: e100d3c27a3b4f079b418bf5d80d1ec3; no voters: 0c9b43aac22840a3aedbc6f80f6e0f42, 92d89b3cda0c4969b7bf60a480313619
I20260709 12:26:40.588297  3974 raft_consensus.cc:2749] T 895fa91058124b60a32f1c01d0bf0801 P e100d3c27a3b4f079b418bf5d80d1ec3 [term 1 FOLLOWER]: Leader election lost for term 1. Reason: could not achieve majority
I20260709 12:26:40.588449  3695 leader_election.cc:304] T 3a4985566fd04123999413c5778b3ec6 P e100d3c27a3b4f079b418bf5d80d1ec3 [CANDIDATE]: Term 1 election: Election decided. Result: candidate won. Election summary: received 3 responses out of 3 voters: 2 yes votes; 1 no votes. yes voters: 92d89b3cda0c4969b7bf60a480313619, e100d3c27a3b4f079b418bf5d80d1ec3; no voters: 0c9b43aac22840a3aedbc6f80f6e0f42
I20260709 12:26:40.587397  3925 raft_consensus.cc:2804] T 19c8ce9a706340f8af4845644a77666f P e100d3c27a3b4f079b418bf5d80d1ec3 [term 0 FOLLOWER]: Leader pre-election won for term 1
I20260709 12:26:40.589232  3925 raft_consensus.cc:493] T 19c8ce9a706340f8af4845644a77666f P e100d3c27a3b4f079b418bf5d80d1ec3 [term 0 FOLLOWER]: Starting leader election (no leader contacted us within the election timeout)
I20260709 12:26:40.589748  3925 raft_consensus.cc:3060] T 19c8ce9a706340f8af4845644a77666f P e100d3c27a3b4f079b418bf5d80d1ec3 [term 0 FOLLOWER]: Advancing to term 1
I20260709 12:26:40.590560  3975 raft_consensus.cc:2804] T 3a4985566fd04123999413c5778b3ec6 P e100d3c27a3b4f079b418bf5d80d1ec3 [term 1 FOLLOWER]: Leader election won for term 1
I20260709 12:26:40.591078  3975 raft_consensus.cc:697] T 3a4985566fd04123999413c5778b3ec6 P e100d3c27a3b4f079b418bf5d80d1ec3 [term 1 LEADER]: Becoming Leader. State: Replica: e100d3c27a3b4f079b418bf5d80d1ec3, State: Running, Role: LEADER
I20260709 12:26:40.591871  3975 consensus_queue.cc:237] T 3a4985566fd04123999413c5778b3ec6 P e100d3c27a3b4f079b418bf5d80d1ec3 [LEADER]: Queue going to LEADER mode. State: All replicated index: 0, Majority replicated index: 0, Committed index: 0, Last appended: 0.0, Last appended by leader: 0, Current term: 1, Majority size: 2, State: 0, Mode: LEADER, active raft config: opid_index: -1 OBSOLETE_local: false peers { permanent_uuid: "92d89b3cda0c4969b7bf60a480313619" member_type: VOTER last_known_addr { host: "127.2.91.193" port: 40177 } } peers { permanent_uuid: "0c9b43aac22840a3aedbc6f80f6e0f42" member_type: VOTER last_known_addr { host: "127.2.91.194" port: 35467 } } peers { permanent_uuid: "e100d3c27a3b4f079b418bf5d80d1ec3" member_type: VOTER last_known_addr { host: "127.2.91.195" port: 37479 } }
I20260709 12:26:40.593394  3782 raft_consensus.cc:697] T 7a3e90e6d9ee4245a21151e8b27e6f60 P 92d89b3cda0c4969b7bf60a480313619 [term 1 LEADER]: Becoming Leader. State: Replica: 92d89b3cda0c4969b7bf60a480313619, State: Running, Role: LEADER
I20260709 12:26:40.595724  3782 consensus_queue.cc:237] T 7a3e90e6d9ee4245a21151e8b27e6f60 P 92d89b3cda0c4969b7bf60a480313619 [LEADER]: Queue going to LEADER mode. State: All replicated index: 0, Majority replicated index: 0, Committed index: 0, Last appended: 0.0, Last appended by leader: 0, Current term: 1, Majority size: 2, State: 0, Mode: LEADER, active raft config: opid_index: -1 OBSOLETE_local: false peers { permanent_uuid: "92d89b3cda0c4969b7bf60a480313619" member_type: VOTER last_known_addr { host: "127.2.91.193" port: 40177 } } peers { permanent_uuid: "0c9b43aac22840a3aedbc6f80f6e0f42" member_type: VOTER last_known_addr { host: "127.2.91.194" port: 35467 } } peers { permanent_uuid: "e100d3c27a3b4f079b418bf5d80d1ec3" member_type: VOTER last_known_addr { host: "127.2.91.195" port: 37479 } }
I20260709 12:26:40.600807  3776 tablet_bootstrap.cc:654] T 7898b547015f413db7f40cdf38a9ddc4 P 92d89b3cda0c4969b7bf60a480313619: Neither blocks nor log segments found. Creating new log.
I20260709 12:26:40.586413  3580 raft_consensus.cc:3060] T e214616a94a644f5ba4ef4f651e264a9 P 92d89b3cda0c4969b7bf60a480313619 [term 0 FOLLOWER]: Advancing to term 1
W20260709 12:26:40.606530  3547 leader_election.cc:343] T 84fe9799835c4921854e45ff2317982c P 92d89b3cda0c4969b7bf60a480313619 [CANDIDATE]: Term 1 pre-election: Tablet error from VoteRequest() call to peer e100d3c27a3b4f079b418bf5d80d1ec3 (127.2.91.195:37479): Illegal state: must be running to vote when last-logged opid is not known
I20260709 12:26:40.606580  3925 raft_consensus.cc:515] T 19c8ce9a706340f8af4845644a77666f P e100d3c27a3b4f079b418bf5d80d1ec3 [term 1 FOLLOWER]: Starting leader election with config: opid_index: -1 OBSOLETE_local: false peers { permanent_uuid: "92d89b3cda0c4969b7bf60a480313619" member_type: VOTER last_known_addr { host: "127.2.91.193" port: 40177 } } peers { permanent_uuid: "0c9b43aac22840a3aedbc6f80f6e0f42" member_type: VOTER last_known_addr { host: "127.2.91.194" port: 35467 } } peers { permanent_uuid: "e100d3c27a3b4f079b418bf5d80d1ec3" member_type: VOTER last_known_addr { host: "127.2.91.195" port: 37479 } }
I20260709 12:26:40.607167  3547 leader_election.cc:304] T 84fe9799835c4921854e45ff2317982c P 92d89b3cda0c4969b7bf60a480313619 [CANDIDATE]: Term 1 pre-election: Election decided. Result: candidate lost. Election summary: received 3 responses out of 3 voters: 1 yes votes; 2 no votes. yes voters: 92d89b3cda0c4969b7bf60a480313619; no voters: 0c9b43aac22840a3aedbc6f80f6e0f42, e100d3c27a3b4f079b418bf5d80d1ec3
W20260709 12:26:40.598112  3695 leader_election.cc:343] T e214616a94a644f5ba4ef4f651e264a9 P e100d3c27a3b4f079b418bf5d80d1ec3 [CANDIDATE]: Term 1 election: Tablet error from VoteRequest() call to peer 0c9b43aac22840a3aedbc6f80f6e0f42 (127.2.91.194:35467): Illegal state: must be running to vote when last-logged opid is not known
I20260709 12:26:40.620040  3967 raft_consensus.cc:2749] T 84fe9799835c4921854e45ff2317982c P 92d89b3cda0c4969b7bf60a480313619 [term 0 FOLLOWER]: Leader pre-election lost for term 1. Reason: could not achieve majority
I20260709 12:26:40.636699  3968 raft_consensus.cc:493] T 39b3153339834578827b56cb3db5a445 P 92d89b3cda0c4969b7bf60a480313619 [term 0 FOLLOWER]: Starting pre-election (no leader contacted us within the election timeout)
I20260709 12:26:40.640326  3968 raft_consensus.cc:515] T 39b3153339834578827b56cb3db5a445 P 92d89b3cda0c4969b7bf60a480313619 [term 0 FOLLOWER]: Starting pre-election with config: opid_index: -1 OBSOLETE_local: false peers { permanent_uuid: "92d89b3cda0c4969b7bf60a480313619" member_type: VOTER last_known_addr { host: "127.2.91.193" port: 40177 } } peers { permanent_uuid: "0c9b43aac22840a3aedbc6f80f6e0f42" member_type: VOTER last_known_addr { host: "127.2.91.194" port: 35467 } } peers { permanent_uuid: "e100d3c27a3b4f079b418bf5d80d1ec3" member_type: VOTER last_known_addr { host: "127.2.91.195" port: 37479 } }
I20260709 12:26:40.642647  3968 leader_election.cc:290] T 39b3153339834578827b56cb3db5a445 P 92d89b3cda0c4969b7bf60a480313619 [CANDIDATE]: Term 1 pre-election: Requested pre-vote from peers 0c9b43aac22840a3aedbc6f80f6e0f42 (127.2.91.194:35467), e100d3c27a3b4f079b418bf5d80d1ec3 (127.2.91.195:37479)
I20260709 12:26:40.649334  3655 tablet_service.cc:1917] Received RequestConsensusVote() RPC: tablet_id: "39b3153339834578827b56cb3db5a445" candidate_uuid: "92d89b3cda0c4969b7bf60a480313619" candidate_term: 1 candidate_status { last_received { term: 0 index: 0 } } ignore_live_leader: false dest_uuid: "0c9b43aac22840a3aedbc6f80f6e0f42" is_pre_election: true
I20260709 12:26:40.647828  3783 consensus_queue.cc:1048] T 5a64f98d6d3046028fbfd48394acf9e9 P 92d89b3cda0c4969b7bf60a480313619 [LEADER]: Connected to new peer: Peer: permanent_uuid: "0c9b43aac22840a3aedbc6f80f6e0f42" member_type: VOTER last_known_addr { host: "127.2.91.194" port: 35467 }, Status: LMP_MISMATCH, Last received: 0.0, Next index: 1, Last known committed idx: 0, Time since last communication: 0.007s
I20260709 12:26:40.656019  3925 leader_election.cc:290] T 19c8ce9a706340f8af4845644a77666f P e100d3c27a3b4f079b418bf5d80d1ec3 [CANDIDATE]: Term 1 election: Requested vote from peers 92d89b3cda0c4969b7bf60a480313619 (127.2.91.193:40177), 0c9b43aac22840a3aedbc6f80f6e0f42 (127.2.91.194:35467)
W20260709 12:26:40.656708  3546 leader_election.cc:343] T 39b3153339834578827b56cb3db5a445 P 92d89b3cda0c4969b7bf60a480313619 [CANDIDATE]: Term 1 pre-election: Tablet error from VoteRequest() call to peer 0c9b43aac22840a3aedbc6f80f6e0f42 (127.2.91.194:35467): Illegal state: must be running to vote when last-logged opid is not known
I20260709 12:26:40.661581  3776 tablet_bootstrap.cc:492] T 7898b547015f413db7f40cdf38a9ddc4 P 92d89b3cda0c4969b7bf60a480313619: No bootstrap required, opened a new log
I20260709 12:26:40.662185  3776 ts_tablet_manager.cc:1403] T 7898b547015f413db7f40cdf38a9ddc4 P 92d89b3cda0c4969b7bf60a480313619: Time spent bootstrapping tablet: real 0.111s	user 0.014s	sys 0.002s
I20260709 12:26:40.669479  3774 tablet_bootstrap.cc:492] T 19c8ce9a706340f8af4845644a77666f P 0c9b43aac22840a3aedbc6f80f6e0f42: No bootstrap required, opened a new log
I20260709 12:26:40.669974  3774 ts_tablet_manager.cc:1403] T 19c8ce9a706340f8af4845644a77666f P 0c9b43aac22840a3aedbc6f80f6e0f42: Time spent bootstrapping tablet: real 0.566s	user 0.051s	sys 0.052s
