I20260709 12:26:27.102980 11610 raft_consensus.cc:493] T 0fbb7cd27f1e433c8d846f13367f507e P 091a0aa3ebc3495db24c356bac8cf751 [term 0 FOLLOWER]: Starting pre-election (no leader contacted us within the election timeout)
I20260709 12:26:27.105909 11520 tablet_bootstrap.cc:654] T 55fefed89f7a48328f8b8e98e019e76b P 091a0aa3ebc3495db24c356bac8cf751: Neither blocks nor log segments found. Creating new log.
I20260709 12:26:27.107520 11523 tablet_bootstrap.cc:654] T 0fbb7cd27f1e433c8d846f13367f507e P 9a1c03cf5bba421790c5bfec6fa39760: Neither blocks nor log segments found. Creating new log.
I20260709 12:26:27.102089 11403 tablet_service.cc:1917] Received RequestConsensusVote() RPC: tablet_id: "615ed52297c74ce99366fd4f2546b3fd" candidate_uuid: "006c3a6523c245ca9fe69599e3a21a29" candidate_term: 1 candidate_status { last_received { term: 0 index: 0 } } ignore_live_leader: false dest_uuid: "9a1c03cf5bba421790c5bfec6fa39760" is_pre_election: true
I20260709 12:26:27.090639 11327 tablet_service.cc:1917] Received RequestConsensusVote() RPC: tablet_id: "615ed52297c74ce99366fd4f2546b3fd" candidate_uuid: "006c3a6523c245ca9fe69599e3a21a29" candidate_term: 1 candidate_status { last_received { term: 0 index: 0 } } ignore_live_leader: false dest_uuid: "091a0aa3ebc3495db24c356bac8cf751" is_pre_election: true
I20260709 12:26:27.111408 11610 raft_consensus.cc:515] T 0fbb7cd27f1e433c8d846f13367f507e P 091a0aa3ebc3495db24c356bac8cf751 [term 0 FOLLOWER]: Starting pre-election with config: opid_index: -1 OBSOLETE_local: false peers { permanent_uuid: "091a0aa3ebc3495db24c356bac8cf751" member_type: VOTER last_known_addr { host: "127.9.242.129" port: 36693 } } peers { permanent_uuid: "9a1c03cf5bba421790c5bfec6fa39760" member_type: VOTER last_known_addr { host: "127.9.242.130" port: 37039 } } peers { permanent_uuid: "006c3a6523c245ca9fe69599e3a21a29" member_type: VOTER last_known_addr { host: "127.9.242.131" port: 34613 } }
I20260709 12:26:27.120811 11610 leader_election.cc:290] T 0fbb7cd27f1e433c8d846f13367f507e P 091a0aa3ebc3495db24c356bac8cf751 [CANDIDATE]: Term 1 pre-election: Requested pre-vote from peers 9a1c03cf5bba421790c5bfec6fa39760 (127.9.242.130:37039), 006c3a6523c245ca9fe69599e3a21a29 (127.9.242.131:34613)
I20260709 12:26:27.084801 11370 leader_election.cc:304] T 01f9ad38b0084a519036a339b8c8a9e4 P 9a1c03cf5bba421790c5bfec6fa39760 [CANDIDATE]: Term 1 pre-election: Election decided. Result: candidate won. Election summary: received 3 responses out of 3 voters: 2 yes votes; 1 no votes. yes voters: 091a0aa3ebc3495db24c356bac8cf751, 9a1c03cf5bba421790c5bfec6fa39760; no voters: 006c3a6523c245ca9fe69599e3a21a29
W20260709 12:26:27.122454 11370 outbound_call.cc:321] RPC callback for RPC call kudu.consensus.ConsensusService.RequestConsensusVote -> {remote=127.9.242.129:36693, user_credentials={real_user=slave}} blocked reactor thread for 47361.3us
I20260709 12:26:27.122768 11478 tablet_service.cc:1917] Received RequestConsensusVote() RPC: tablet_id: "0fbb7cd27f1e433c8d846f13367f507e" candidate_uuid: "091a0aa3ebc3495db24c356bac8cf751" candidate_term: 1 candidate_status { last_received { term: 0 index: 0 } } ignore_live_leader: false dest_uuid: "006c3a6523c245ca9fe69599e3a21a29" is_pre_election: true
I20260709 12:26:27.123106 11539 raft_consensus.cc:2804] T 01f9ad38b0084a519036a339b8c8a9e4 P 9a1c03cf5bba421790c5bfec6fa39760 [term 0 FOLLOWER]: Leader pre-election won for term 1
I20260709 12:26:27.123504 11539 raft_consensus.cc:493] T 01f9ad38b0084a519036a339b8c8a9e4 P 9a1c03cf5bba421790c5bfec6fa39760 [term 0 FOLLOWER]: Starting leader election (no leader contacted us within the election timeout)
I20260709 12:26:27.123833 11539 raft_consensus.cc:3060] T 01f9ad38b0084a519036a339b8c8a9e4 P 9a1c03cf5bba421790c5bfec6fa39760 [term 0 FOLLOWER]: Advancing to term 1
I20260709 12:26:27.114387 11403 raft_consensus.cc:2468] T 615ed52297c74ce99366fd4f2546b3fd P 9a1c03cf5bba421790c5bfec6fa39760 [term 0 FOLLOWER]: Leader pre-election vote request: Granting yes vote for candidate 006c3a6523c245ca9fe69599e3a21a29 in term 0.
I20260709 12:26:27.129026 11478 raft_consensus.cc:2468] T 0fbb7cd27f1e433c8d846f13367f507e P 006c3a6523c245ca9fe69599e3a21a29 [term 0 FOLLOWER]: Leader pre-election vote request: Granting yes vote for candidate 091a0aa3ebc3495db24c356bac8cf751 in term 0.
I20260709 12:26:27.143594 11293 leader_election.cc:304] T 0fbb7cd27f1e433c8d846f13367f507e P 091a0aa3ebc3495db24c356bac8cf751 [CANDIDATE]: Term 1 pre-election: Election decided. Result: candidate won. Election summary: received 2 responses out of 3 voters: 2 yes votes; 0 no votes. yes voters: 006c3a6523c245ca9fe69599e3a21a29, 091a0aa3ebc3495db24c356bac8cf751; no voters: 
I20260709 12:26:27.144853 11617 raft_consensus.cc:2804] T 0fbb7cd27f1e433c8d846f13367f507e P 091a0aa3ebc3495db24c356bac8cf751 [term 0 FOLLOWER]: Leader pre-election won for term 1
I20260709 12:26:27.145298 11617 raft_consensus.cc:493] T 0fbb7cd27f1e433c8d846f13367f507e P 091a0aa3ebc3495db24c356bac8cf751 [term 0 FOLLOWER]: Starting leader election (no leader contacted us within the election timeout)
I20260709 12:26:27.145737 11617 raft_consensus.cc:3060] T 0fbb7cd27f1e433c8d846f13367f507e P 091a0aa3ebc3495db24c356bac8cf751 [term 0 FOLLOWER]: Advancing to term 1
I20260709 12:26:27.131646 11405 tablet_service.cc:1917] Received RequestConsensusVote() RPC: tablet_id: "0fbb7cd27f1e433c8d846f13367f507e" candidate_uuid: "091a0aa3ebc3495db24c356bac8cf751" candidate_term: 1 candidate_status { last_received { term: 0 index: 0 } } ignore_live_leader: false dest_uuid: "9a1c03cf5bba421790c5bfec6fa39760" is_pre_election: true
W20260709 12:26:27.155656 11295 leader_election.cc:343] T 0fbb7cd27f1e433c8d846f13367f507e P 091a0aa3ebc3495db24c356bac8cf751 [CANDIDATE]: Term 1 pre-election: Tablet error from VoteRequest() call to peer 9a1c03cf5bba421790c5bfec6fa39760 (127.9.242.130:37039): Illegal state: must be running to vote when last-logged opid is not known
I20260709 12:26:27.164827 11579 leader_election.cc:290] T 0fbb7cd27f1e433c8d846f13367f507e P 006c3a6523c245ca9fe69599e3a21a29 [CANDIDATE]: Term 1 pre-election: Requested pre-vote from peers 091a0aa3ebc3495db24c356bac8cf751 (127.9.242.129:36693), 9a1c03cf5bba421790c5bfec6fa39760 (127.9.242.130:37039)
I20260709 12:26:27.156802 11610 raft_consensus.cc:493] T 17c023e1d1874eca86fc2c0aec64aeb6 P 091a0aa3ebc3495db24c356bac8cf751 [term 0 FOLLOWER]: Starting pre-election (no leader contacted us within the election timeout)
I20260709 12:26:27.165905 11610 raft_consensus.cc:515] T 17c023e1d1874eca86fc2c0aec64aeb6 P 091a0aa3ebc3495db24c356bac8cf751 [term 0 FOLLOWER]: Starting pre-election with config: opid_index: -1 OBSOLETE_local: false peers { permanent_uuid: "091a0aa3ebc3495db24c356bac8cf751" member_type: VOTER last_known_addr { host: "127.9.242.129" port: 36693 } } peers { permanent_uuid: "9a1c03cf5bba421790c5bfec6fa39760" member_type: VOTER last_known_addr { host: "127.9.242.130" port: 37039 } } peers { permanent_uuid: "006c3a6523c245ca9fe69599e3a21a29" member_type: VOTER last_known_addr { host: "127.9.242.131" port: 34613 } }
I20260709 12:26:27.169225 11405 tablet_service.cc:1917] Received RequestConsensusVote() RPC: tablet_id: "17c023e1d1874eca86fc2c0aec64aeb6" candidate_uuid: "091a0aa3ebc3495db24c356bac8cf751" candidate_term: 1 candidate_status { last_received { term: 0 index: 0 } } ignore_live_leader: false dest_uuid: "9a1c03cf5bba421790c5bfec6fa39760" is_pre_election: true
I20260709 12:26:27.170688 11478 tablet_service.cc:1917] Received RequestConsensusVote() RPC: tablet_id: "17c023e1d1874eca86fc2c0aec64aeb6" candidate_uuid: "091a0aa3ebc3495db24c356bac8cf751" candidate_term: 1 candidate_status { last_received { term: 0 index: 0 } } ignore_live_leader: false dest_uuid: "006c3a6523c245ca9fe69599e3a21a29" is_pre_election: true
W20260709 12:26:27.171036 11295 leader_election.cc:343] T 17c023e1d1874eca86fc2c0aec64aeb6 P 091a0aa3ebc3495db24c356bac8cf751 [CANDIDATE]: Term 1 pre-election: Tablet error from VoteRequest() call to peer 9a1c03cf5bba421790c5bfec6fa39760 (127.9.242.130:37039): Illegal state: must be running to vote when last-logged opid is not known
W20260709 12:26:27.172596 11293 leader_election.cc:343] T 17c023e1d1874eca86fc2c0aec64aeb6 P 091a0aa3ebc3495db24c356bac8cf751 [CANDIDATE]: Term 1 pre-election: Tablet error from VoteRequest() call to peer 006c3a6523c245ca9fe69599e3a21a29 (127.9.242.131:34613): Illegal state: must be running to vote when last-logged opid is not known
I20260709 12:26:27.173126 11293 leader_election.cc:304] T 17c023e1d1874eca86fc2c0aec64aeb6 P 091a0aa3ebc3495db24c356bac8cf751 [CANDIDATE]: Term 1 pre-election: Election decided. Result: candidate lost. Election summary: received 3 responses out of 3 voters: 1 yes votes; 2 no votes. yes voters: 091a0aa3ebc3495db24c356bac8cf751; no voters: 006c3a6523c245ca9fe69599e3a21a29, 9a1c03cf5bba421790c5bfec6fa39760
I20260709 12:26:27.174142 11609 raft_consensus.cc:2749] T 17c023e1d1874eca86fc2c0aec64aeb6 P 091a0aa3ebc3495db24c356bac8cf751 [term 0 FOLLOWER]: Leader pre-election lost for term 1. Reason: could not achieve majority
I20260709 12:26:27.174962 11610 leader_election.cc:290] T 17c023e1d1874eca86fc2c0aec64aeb6 P 091a0aa3ebc3495db24c356bac8cf751 [CANDIDATE]: Term 1 pre-election: Requested pre-vote from peers 9a1c03cf5bba421790c5bfec6fa39760 (127.9.242.130:37039), 006c3a6523c245ca9fe69599e3a21a29 (127.9.242.131:34613)
I20260709 12:26:27.183349 11617 raft_consensus.cc:515] T 0fbb7cd27f1e433c8d846f13367f507e P 091a0aa3ebc3495db24c356bac8cf751 [term 1 FOLLOWER]: Starting leader election with config: opid_index: -1 OBSOLETE_local: false peers { permanent_uuid: "091a0aa3ebc3495db24c356bac8cf751" member_type: VOTER last_known_addr { host: "127.9.242.129" port: 36693 } } peers { permanent_uuid: "9a1c03cf5bba421790c5bfec6fa39760" member_type: VOTER last_known_addr { host: "127.9.242.130" port: 37039 } } peers { permanent_uuid: "006c3a6523c245ca9fe69599e3a21a29" member_type: VOTER last_known_addr { host: "127.9.242.131" port: 34613 } }
I20260709 12:26:27.151401 11225 catalog_manager.cc:5697] T 0c68939322114e9faa8d581b7fb8b749 P 091a0aa3ebc3495db24c356bac8cf751 reported cstate change: term changed from 0 to 1, leader changed from <none> to 091a0aa3ebc3495db24c356bac8cf751 (127.9.242.129). New cstate: current_term: 1 leader_uuid: "091a0aa3ebc3495db24c356bac8cf751" committed_config { opid_index: -1 OBSOLETE_local: false peers { permanent_uuid: "091a0aa3ebc3495db24c356bac8cf751" member_type: VOTER last_known_addr { host: "127.9.242.129" port: 36693 } health_report { overall_health: HEALTHY } } peers { permanent_uuid: "9a1c03cf5bba421790c5bfec6fa39760" member_type: VOTER last_known_addr { host: "127.9.242.130" port: 37039 } health_report { overall_health: UNKNOWN } } peers { permanent_uuid: "006c3a6523c245ca9fe69599e3a21a29" member_type: VOTER last_known_addr { host: "127.9.242.131" port: 34613 } health_report { overall_health: UNKNOWN } } }
W20260709 12:26:27.185932 11444 outbound_call.cc:321] RPC callback for RPC call kudu.consensus.ConsensusService.UpdateConsensus -> {remote=127.9.242.130:37039, user_credentials={real_user=slave}} blocked reactor thread for 98383.2us
I20260709 12:26:27.192022 11405 raft_consensus.cc:3060] T e2206bb3c21d44bc8f5fbf3d1742abf9 P 9a1c03cf5bba421790c5bfec6fa39760 [term 0 FOLLOWER]: Advancing to term 1
I20260709 12:26:27.192221 11521 tablet_bootstrap.cc:654] T 438bd2556ab8469aa8214bed0a73d525 P 006c3a6523c245ca9fe69599e3a21a29: Neither blocks nor log segments found. Creating new log.
I20260709 12:26:27.203401 11403 tablet_service.cc:1917] Received RequestConsensusVote() RPC: tablet_id: "0fbb7cd27f1e433c8d846f13367f507e" candidate_uuid: "091a0aa3ebc3495db24c356bac8cf751" candidate_term: 1 candidate_status { last_received { term: 0 index: 0 } } ignore_live_leader: false dest_uuid: "9a1c03cf5bba421790c5bfec6fa39760"
W20260709 12:26:27.206647 11295 leader_election.cc:343] T 0fbb7cd27f1e433c8d846f13367f507e P 091a0aa3ebc3495db24c356bac8cf751 [CANDIDATE]: Term 1 election: Tablet error from VoteRequest() call to peer 9a1c03cf5bba421790c5bfec6fa39760 (127.9.242.130:37039): Illegal state: must be running to vote when last-logged opid is not known
I20260709 12:26:27.254281 11617 leader_election.cc:290] T 0fbb7cd27f1e433c8d846f13367f507e P 091a0aa3ebc3495db24c356bac8cf751 [CANDIDATE]: Term 1 election: Requested vote from peers 9a1c03cf5bba421790c5bfec6fa39760 (127.9.242.130:37039), 006c3a6523c245ca9fe69599e3a21a29 (127.9.242.131:34613)
I20260709 12:26:27.259160 11477 tablet_service.cc:1917] Received RequestConsensusVote() RPC: tablet_id: "0fbb7cd27f1e433c8d846f13367f507e" candidate_uuid: "091a0aa3ebc3495db24c356bac8cf751" candidate_term: 1 candidate_status { last_received { term: 0 index: 0 } } ignore_live_leader: false dest_uuid: "006c3a6523c245ca9fe69599e3a21a29"
I20260709 12:26:27.276338 11477 raft_consensus.cc:3060] T 0fbb7cd27f1e433c8d846f13367f507e P 006c3a6523c245ca9fe69599e3a21a29 [term 0 FOLLOWER]: Advancing to term 1
I20260709 12:26:27.276813 11327 tablet_service.cc:1917] Received RequestConsensusVote() RPC: tablet_id: "0fbb7cd27f1e433c8d846f13367f507e" candidate_uuid: "006c3a6523c245ca9fe69599e3a21a29" candidate_term: 1 candidate_status { last_received { term: 0 index: 0 } } ignore_live_leader: false dest_uuid: "091a0aa3ebc3495db24c356bac8cf751" is_pre_election: true
I20260709 12:26:27.283274 11523 tablet_bootstrap.cc:492] T 0fbb7cd27f1e433c8d846f13367f507e P 9a1c03cf5bba421790c5bfec6fa39760: No bootstrap required, opened a new log
I20260709 12:26:27.283686 11327 raft_consensus.cc:2393] T 0fbb7cd27f1e433c8d846f13367f507e P 091a0aa3ebc3495db24c356bac8cf751 [term 1 FOLLOWER]: Leader pre-election vote request: Denying vote to candidate 006c3a6523c245ca9fe69599e3a21a29 in current term 1: Already voted for candidate 091a0aa3ebc3495db24c356bac8cf751 in this term.
I20260709 12:26:27.284046 11523 ts_tablet_manager.cc:1403] T 0fbb7cd27f1e433c8d846f13367f507e P 9a1c03cf5bba421790c5bfec6fa39760: Time spent bootstrapping tablet: real 0.260s	user 0.023s	sys 0.019s
I20260709 12:26:27.286105 11226 catalog_manager.cc:5697] T 03e3ee0062ea4185a6d0f381ccee35f2 P 9a1c03cf5bba421790c5bfec6fa39760 reported cstate change: term changed from 0 to 1, leader changed from <none> to 9a1c03cf5bba421790c5bfec6fa39760 (127.9.242.130). New cstate: current_term: 1 leader_uuid: "9a1c03cf5bba421790c5bfec6fa39760" committed_config { opid_index: -1 OBSOLETE_local: false peers { permanent_uuid: "091a0aa3ebc3495db24c356bac8cf751" member_type: VOTER last_known_addr { host: "127.9.242.129" port: 36693 } health_report { overall_health: UNKNOWN } } peers { permanent_uuid: "006c3a6523c245ca9fe69599e3a21a29" member_type: VOTER last_known_addr { host: "127.9.242.131" port: 34613 } health_report { overall_health: UNKNOWN } } peers { permanent_uuid: "9a1c03cf5bba421790c5bfec6fa39760" member_type: VOTER last_known_addr { host: "127.9.242.130" port: 37039 } health_report { overall_health: HEALTHY } } }
I20260709 12:26:27.291148 11403 tablet_service.cc:1917] Received RequestConsensusVote() RPC: tablet_id: "0fbb7cd27f1e433c8d846f13367f507e" candidate_uuid: "006c3a6523c245ca9fe69599e3a21a29" candidate_term: 1 candidate_status { last_received { term: 0 index: 0 } } ignore_live_leader: false dest_uuid: "9a1c03cf5bba421790c5bfec6fa39760" is_pre_election: true
I20260709 12:26:27.287467 11627 raft_consensus.cc:493] T 0c68939322114e9faa8d581b7fb8b749 P 006c3a6523c245ca9fe69599e3a21a29 [term 0 FOLLOWER]: Starting pre-election (no leader contacted us within the election timeout)
I20260709 12:26:27.298699 11523 raft_consensus.cc:359] T 0fbb7cd27f1e433c8d846f13367f507e P 9a1c03cf5bba421790c5bfec6fa39760 [term 0 FOLLOWER]: Replica starting. Triggering 0 pending ops. Active config: opid_index: -1 OBSOLETE_local: false peers { permanent_uuid: "091a0aa3ebc3495db24c356bac8cf751" member_type: VOTER last_known_addr { host: "127.9.242.129" port: 36693 } } peers { permanent_uuid: "9a1c03cf5bba421790c5bfec6fa39760" member_type: VOTER last_known_addr { host: "127.9.242.130" port: 37039 } } peers { permanent_uuid: "006c3a6523c245ca9fe69599e3a21a29" member_type: VOTER last_known_addr { host: "127.9.242.131" port: 34613 } }
I20260709 12:26:27.299343 11523 raft_consensus.cc:385] T 0fbb7cd27f1e433c8d846f13367f507e P 9a1c03cf5bba421790c5bfec6fa39760 [term 0 FOLLOWER]: Consensus starting up: Expiring failure detector timer to make a prompt election more likely
I20260709 12:26:27.299618 11523 raft_consensus.cc:740] T 0fbb7cd27f1e433c8d846f13367f507e P 9a1c03cf5bba421790c5bfec6fa39760 [term 0 FOLLOWER]: Becoming Follower/Learner. State: Replica: 9a1c03cf5bba421790c5bfec6fa39760, State: Initialized, Role: FOLLOWER
I20260709 12:26:27.300455 11521 tablet_bootstrap.cc:492] T 438bd2556ab8469aa8214bed0a73d525 P 006c3a6523c245ca9fe69599e3a21a29: No bootstrap required, opened a new log
I20260709 12:26:27.297500 11627 raft_consensus.cc:515] T 0c68939322114e9faa8d581b7fb8b749 P 006c3a6523c245ca9fe69599e3a21a29 [term 0 FOLLOWER]: Starting pre-election with config: opid_index: -1 OBSOLETE_local: false peers { permanent_uuid: "091a0aa3ebc3495db24c356bac8cf751" member_type: VOTER last_known_addr { host: "127.9.242.129" port: 36693 } } peers { permanent_uuid: "9a1c03cf5bba421790c5bfec6fa39760" member_type: VOTER last_known_addr { host: "127.9.242.130" port: 37039 } } peers { permanent_uuid: "006c3a6523c245ca9fe69599e3a21a29" member_type: VOTER last_known_addr { host: "127.9.242.131" port: 34613 } }
I20260709 12:26:27.300237 11523 consensus_queue.cc:260] T 0fbb7cd27f1e433c8d846f13367f507e P 9a1c03cf5bba421790c5bfec6fa39760 [NON_LEADER]: Queue going to NON_LEADER mode. State: All replicated index: 0, Majority replicated index: 0, Committed index: 0, Last appended: 0.0, Last appended by leader: 0, Current term: 0, Majority size: -1, State: 0, Mode: NON_LEADER, active raft config: opid_index: -1 OBSOLETE_local: false peers { permanent_uuid: "091a0aa3ebc3495db24c356bac8cf751" member_type: VOTER last_known_addr { host: "127.9.242.129" port: 36693 } } peers { permanent_uuid: "9a1c03cf5bba421790c5bfec6fa39760" member_type: VOTER last_known_addr { host: "127.9.242.130" port: 37039 } } peers { permanent_uuid: "006c3a6523c245ca9fe69599e3a21a29" member_type: VOTER last_known_addr { host: "127.9.242.131" port: 34613 } }
I20260709 12:26:27.300896 11521 ts_tablet_manager.cc:1403] T 438bd2556ab8469aa8214bed0a73d525 P 006c3a6523c245ca9fe69599e3a21a29: Time spent bootstrapping tablet: real 0.236s	user 0.013s	sys 0.010s
I20260709 12:26:27.302294 11523 ts_tablet_manager.cc:1434] T 0fbb7cd27f1e433c8d846f13367f507e P 9a1c03cf5bba421790c5bfec6fa39760: Time spent starting tablet: real 0.018s	user 0.009s	sys 0.000s
I20260709 12:26:27.303470 11521 raft_consensus.cc:359] T 438bd2556ab8469aa8214bed0a73d525 P 006c3a6523c245ca9fe69599e3a21a29 [term 0 FOLLOWER]: Replica starting. Triggering 0 pending ops. Active config: opid_index: -1 OBSOLETE_local: false peers { permanent_uuid: "091a0aa3ebc3495db24c356bac8cf751" member_type: VOTER last_known_addr { host: "127.9.242.129" port: 36693 } } peers { permanent_uuid: "9a1c03cf5bba421790c5bfec6fa39760" member_type: VOTER last_known_addr { host: "127.9.242.130" port: 37039 } } peers { permanent_uuid: "006c3a6523c245ca9fe69599e3a21a29" member_type: VOTER last_known_addr { host: "127.9.242.131" port: 34613 } }
I20260709 12:26:27.304112 11521 raft_consensus.cc:385] T 438bd2556ab8469aa8214bed0a73d525 P 006c3a6523c245ca9fe69599e3a21a29 [term 0 FOLLOWER]: Consensus starting up: Expiring failure detector timer to make a prompt election more likely
I20260709 12:26:27.305298 11523 tablet_bootstrap.cc:492] T 438bd2556ab8469aa8214bed0a73d525 P 9a1c03cf5bba421790c5bfec6fa39760: Bootstrap starting.
I20260709 12:26:27.304361 11521 raft_consensus.cc:740] T 438bd2556ab8469aa8214bed0a73d525 P 006c3a6523c245ca9fe69599e3a21a29 [term 0 FOLLOWER]: Becoming Follower/Learner. State: Replica: 006c3a6523c245ca9fe69599e3a21a29, State: Initialized, Role: FOLLOWER
I20260709 12:26:27.306883 11539 raft_consensus.cc:515] T 01f9ad38b0084a519036a339b8c8a9e4 P 9a1c03cf5bba421790c5bfec6fa39760 [term 1 FOLLOWER]: Starting leader election with config: opid_index: -1 OBSOLETE_local: false peers { permanent_uuid: "091a0aa3ebc3495db24c356bac8cf751" member_type: VOTER last_known_addr { host: "127.9.242.129" port: 36693 } } peers { permanent_uuid: "9a1c03cf5bba421790c5bfec6fa39760" member_type: VOTER last_known_addr { host: "127.9.242.130" port: 37039 } } peers { permanent_uuid: "006c3a6523c245ca9fe69599e3a21a29" member_type: VOTER last_known_addr { host: "127.9.242.131" port: 34613 } }
I20260709 12:26:27.304489 11477 raft_consensus.cc:2468] T 0fbb7cd27f1e433c8d846f13367f507e P 006c3a6523c245ca9fe69599e3a21a29 [term 1 FOLLOWER]: Leader election vote request: Granting yes vote for candidate 091a0aa3ebc3495db24c356bac8cf751 in term 1.
I20260709 12:26:27.308352 11293 leader_election.cc:304] T 0fbb7cd27f1e433c8d846f13367f507e P 091a0aa3ebc3495db24c356bac8cf751 [CANDIDATE]: Term 1 election: Election decided. Result: candidate won. Election summary: received 3 responses out of 3 voters: 2 yes votes; 1 no votes. yes voters: 006c3a6523c245ca9fe69599e3a21a29, 091a0aa3ebc3495db24c356bac8cf751; no voters: 9a1c03cf5bba421790c5bfec6fa39760
I20260709 12:26:27.309409 11617 raft_consensus.cc:2804] T 0fbb7cd27f1e433c8d846f13367f507e P 091a0aa3ebc3495db24c356bac8cf751 [term 1 FOLLOWER]: Leader election won for term 1
I20260709 12:26:27.309863 11617 raft_consensus.cc:697] T 0fbb7cd27f1e433c8d846f13367f507e P 091a0aa3ebc3495db24c356bac8cf751 [term 1 LEADER]: Becoming Leader. State: Replica: 091a0aa3ebc3495db24c356bac8cf751, State: Running, Role: LEADER
I20260709 12:26:27.302239 11627 leader_election.cc:290] T 0c68939322114e9faa8d581b7fb8b749 P 006c3a6523c245ca9fe69599e3a21a29 [CANDIDATE]: Term 1 pre-election: Requested pre-vote from peers 091a0aa3ebc3495db24c356bac8cf751 (127.9.242.129:36693), 9a1c03cf5bba421790c5bfec6fa39760 (127.9.242.130:37039)
I20260709 12:26:27.310652 11617 consensus_queue.cc:237] T 0fbb7cd27f1e433c8d846f13367f507e P 091a0aa3ebc3495db24c356bac8cf751 [LEADER]: Queue going to LEADER mode. State: All replicated index: 0, Majority replicated index: 0, Committed index: 0, Last appended: 0.0, Last appended by leader: 0, Current term: 1, Majority size: 2, State: 0, Mode: LEADER, active raft config: opid_index: -1 OBSOLETE_local: false peers { permanent_uuid: "091a0aa3ebc3495db24c356bac8cf751" member_type: VOTER last_known_addr { host: "127.9.242.129" port: 36693 } } peers { permanent_uuid: "9a1c03cf5bba421790c5bfec6fa39760" member_type: VOTER last_known_addr { host: "127.9.242.130" port: 37039 } } peers { permanent_uuid: "006c3a6523c245ca9fe69599e3a21a29" member_type: VOTER last_known_addr { host: "127.9.242.131" port: 34613 } }
I20260709 12:26:27.311823 11521 consensus_queue.cc:260] T 438bd2556ab8469aa8214bed0a73d525 P 006c3a6523c245ca9fe69599e3a21a29 [NON_LEADER]: Queue going to NON_LEADER mode. State: All replicated index: 0, Majority replicated index: 0, Committed index: 0, Last appended: 0.0, Last appended by leader: 0, Current term: 0, Majority size: -1, State: 0, Mode: NON_LEADER, active raft config: opid_index: -1 OBSOLETE_local: false peers { permanent_uuid: "091a0aa3ebc3495db24c356bac8cf751" member_type: VOTER last_known_addr { host: "127.9.242.129" port: 36693 } } peers { permanent_uuid: "9a1c03cf5bba421790c5bfec6fa39760" member_type: VOTER last_known_addr { host: "127.9.242.130" port: 37039 } } peers { permanent_uuid: "006c3a6523c245ca9fe69599e3a21a29" member_type: VOTER last_known_addr { host: "127.9.242.131" port: 34613 } }
I20260709 12:26:27.316514 11327 tablet_service.cc:1917] Received RequestConsensusVote() RPC: tablet_id: "01f9ad38b0084a519036a339b8c8a9e4" candidate_uuid: "9a1c03cf5bba421790c5bfec6fa39760" candidate_term: 1 candidate_status { last_received { term: 0 index: 0 } } ignore_live_leader: false dest_uuid: "091a0aa3ebc3495db24c356bac8cf751"
W20260709 12:26:27.315730 11444 leader_election.cc:343] T 615ed52297c74ce99366fd4f2546b3fd P 006c3a6523c245ca9fe69599e3a21a29 [CANDIDATE]: Term 1 pre-election: Tablet error from VoteRequest() call to peer 091a0aa3ebc3495db24c356bac8cf751 (127.9.242.129:36693): Illegal state: must be running to vote when last-logged opid is not known
I20260709 12:26:27.320608 11627 consensus_queue.cc:1048] T e2206bb3c21d44bc8f5fbf3d1742abf9 P 006c3a6523c245ca9fe69599e3a21a29 [LEADER]: Connected to new peer: Peer: permanent_uuid: "091a0aa3ebc3495db24c356bac8cf751" member_type: VOTER last_known_addr { host: "127.9.242.129" port: 36693 }, Status: LMP_MISMATCH, Last received: 0.0, Next index: 1, Last known committed idx: 0, Time since last communication: 0.001s
I20260709 12:26:27.317571 11521 ts_tablet_manager.cc:1434] T 438bd2556ab8469aa8214bed0a73d525 P 006c3a6523c245ca9fe69599e3a21a29: Time spent starting tablet: real 0.016s	user 0.006s	sys 0.001s
I20260709 12:26:27.317879 11327 raft_consensus.cc:3060] T 01f9ad38b0084a519036a339b8c8a9e4 P 091a0aa3ebc3495db24c356bac8cf751 [term 0 FOLLOWER]: Advancing to term 1
I20260709 12:26:27.321022 11444 leader_election.cc:304] T 615ed52297c74ce99366fd4f2546b3fd P 006c3a6523c245ca9fe69599e3a21a29 [CANDIDATE]: Term 1 pre-election: Election decided. Result: candidate won. Election summary: received 3 responses out of 3 voters: 2 yes votes; 1 no votes. yes voters: 006c3a6523c245ca9fe69599e3a21a29, 9a1c03cf5bba421790c5bfec6fa39760; no voters: 091a0aa3ebc3495db24c356bac8cf751
I20260709 12:26:27.324556 11627 raft_consensus.cc:2804] T 615ed52297c74ce99366fd4f2546b3fd P 006c3a6523c245ca9fe69599e3a21a29 [term 0 FOLLOWER]: Leader pre-election won for term 1
I20260709 12:26:27.325039 11627 raft_consensus.cc:493] T 615ed52297c74ce99366fd4f2546b3fd P 006c3a6523c245ca9fe69599e3a21a29 [term 0 FOLLOWER]: Starting leader election (no leader contacted us within the election timeout)
I20260709 12:26:27.325469 11627 raft_consensus.cc:3060] T 615ed52297c74ce99366fd4f2546b3fd P 006c3a6523c245ca9fe69599e3a21a29 [term 0 FOLLOWER]: Advancing to term 1
I20260709 12:26:27.328060 11625 consensus_queue.cc:1048] T 9640bb64671a4bbe91d63bd9e2bae0e1 P 006c3a6523c245ca9fe69599e3a21a29 [LEADER]: Connected to new peer: Peer: permanent_uuid: "9a1c03cf5bba421790c5bfec6fa39760" member_type: VOTER last_known_addr { host: "127.9.242.130" port: 37039 }, Status: LMP_MISMATCH, Last received: 0.0, Next index: 1, Last known committed idx: 0, Time since last communication: 0.001s
W20260709 12:26:27.335994 11444 leader_election.cc:343] T 0fbb7cd27f1e433c8d846f13367f507e P 006c3a6523c245ca9fe69599e3a21a29 [CANDIDATE]: Term 1 pre-election: Tablet error from VoteRequest() call to peer 9a1c03cf5bba421790c5bfec6fa39760 (127.9.242.130:37039): Illegal state: must be running to vote when last-logged opid is not known
I20260709 12:26:27.336664 11521 tablet_bootstrap.cc:492] T 01f9ad38b0084a519036a339b8c8a9e4 P 006c3a6523c245ca9fe69599e3a21a29: Bootstrap starting.
I20260709 12:26:27.337344 11633 consensus_queue.cc:1048] T 10d501f000fe4c95b86b3dd44ca970f4 P 9a1c03cf5bba421790c5bfec6fa39760 [LEADER]: Connected to new peer: Peer: permanent_uuid: "091a0aa3ebc3495db24c356bac8cf751" member_type: VOTER last_known_addr { host: "127.9.242.129" port: 36693 }, Status: LMP_MISMATCH, Last received: 0.0, Next index: 1, Last known committed idx: 0, Time since last communication: 0.025s
I20260709 12:26:27.342782 11444 leader_election.cc:304] T 0fbb7cd27f1e433c8d846f13367f507e P 006c3a6523c245ca9fe69599e3a21a29 [CANDIDATE]: Term 1 pre-election: Election decided. Result: candidate lost. Election summary: received 3 responses out of 3 voters: 1 yes votes; 2 no votes. yes voters: 006c3a6523c245ca9fe69599e3a21a29; no voters: 091a0aa3ebc3495db24c356bac8cf751, 9a1c03cf5bba421790c5bfec6fa39760
I20260709 12:26:27.345613 11520 tablet_bootstrap.cc:492] T 55fefed89f7a48328f8b8e98e019e76b P 091a0aa3ebc3495db24c356bac8cf751: No bootstrap required, opened a new log
I20260709 12:26:27.346110 11520 ts_tablet_manager.cc:1403] T 55fefed89f7a48328f8b8e98e019e76b P 091a0aa3ebc3495db24c356bac8cf751: Time spent bootstrapping tablet: real 0.404s	user 0.024s	sys 0.057s
I20260709 12:26:27.354247 11539 leader_election.cc:290] T 01f9ad38b0084a519036a339b8c8a9e4 P 9a1c03cf5bba421790c5bfec6fa39760 [CANDIDATE]: Term 1 election: Requested vote from peers 091a0aa3ebc3495db24c356bac8cf751 (127.9.242.129:36693), 006c3a6523c245ca9fe69599e3a21a29 (127.9.242.131:34613)
I20260709 12:26:27.348991 11625 raft_consensus.cc:2749] T 0fbb7cd27f1e433c8d846f13367f507e P 006c3a6523c245ca9fe69599e3a21a29 [term 1 FOLLOWER]: Leader pre-election lost for term 1. Reason: could not achieve majority
I20260709 12:26:27.359052 11523 tablet_bootstrap.cc:654] T 438bd2556ab8469aa8214bed0a73d525 P 9a1c03cf5bba421790c5bfec6fa39760: Neither blocks nor log segments found. Creating new log.
I20260709 12:26:27.359589 11477 raft_consensus.cc:3060] T 0c68939322114e9faa8d581b7fb8b749 P 006c3a6523c245ca9fe69599e3a21a29 [term 0 FOLLOWER]: Advancing to term 1
I20260709 12:26:27.366303 11624 consensus_queue.cc:1048] T e2206bb3c21d44bc8f5fbf3d1742abf9 P 006c3a6523c245ca9fe69599e3a21a29 [LEADER]: Connected to new peer: Peer: permanent_uuid: "9a1c03cf5bba421790c5bfec6fa39760" member_type: VOTER last_known_addr { host: "127.9.242.130" port: 37039 }, Status: LMP_MISMATCH, Last received: 0.0, Next index: 1, Last known committed idx: 0, Time since last communication: 0.002s
I20260709 12:26:27.369110 11539 consensus_queue.cc:1048] T 10d501f000fe4c95b86b3dd44ca970f4 P 9a1c03cf5bba421790c5bfec6fa39760 [LEADER]: Connected to new peer: Peer: permanent_uuid: "006c3a6523c245ca9fe69599e3a21a29" member_type: VOTER last_known_addr { host: "127.9.242.131" port: 34613 }, Status: LMP_MISMATCH, Last received: 0.0, Next index: 1, Last known committed idx: 0, Time since last communication: 0.001s
I20260709 12:26:27.383575 11330 tablet_service.cc:1917] Received RequestConsensusVote() RPC: tablet_id: "0c68939322114e9faa8d581b7fb8b749" candidate_uuid: "006c3a6523c245ca9fe69599e3a21a29" candidate_term: 1 candidate_status { last_received { term: 0 index: 0 } } ignore_live_leader: false dest_uuid: "091a0aa3ebc3495db24c356bac8cf751" is_pre_election: true
I20260709 12:26:27.386490 11405 tablet_service.cc:1917] Received RequestConsensusVote() RPC: tablet_id: "0c68939322114e9faa8d581b7fb8b749" candidate_uuid: "006c3a6523c245ca9fe69599e3a21a29" candidate_term: 1 candidate_status { last_received { term: 0 index: 0 } } ignore_live_leader: false dest_uuid: "9a1c03cf5bba421790c5bfec6fa39760" is_pre_election: true
I20260709 12:26:27.390166 11627 raft_consensus.cc:515] T 615ed52297c74ce99366fd4f2546b3fd P 006c3a6523c245ca9fe69599e3a21a29 [term 1 FOLLOWER]: Starting leader election with config: opid_index: -1 OBSOLETE_local: false peers { permanent_uuid: "091a0aa3ebc3495db24c356bac8cf751" member_type: VOTER last_known_addr { host: "127.9.242.129" port: 36693 } } peers { permanent_uuid: "9a1c03cf5bba421790c5bfec6fa39760" member_type: VOTER last_known_addr { host: "127.9.242.130" port: 37039 } } peers { permanent_uuid: "006c3a6523c245ca9fe69599e3a21a29" member_type: VOTER last_known_addr { host: "127.9.242.131" port: 34613 } }
I20260709 12:26:27.390928 11405 raft_consensus.cc:2393] T 0c68939322114e9faa8d581b7fb8b749 P 9a1c03cf5bba421790c5bfec6fa39760 [term 1 FOLLOWER]: Leader pre-election vote request: Denying vote to candidate 006c3a6523c245ca9fe69599e3a21a29 in current term 1: Already voted for candidate 091a0aa3ebc3495db24c356bac8cf751 in this term.
I20260709 12:26:27.397730 11609 consensus_queue.cc:1048] T 0c68939322114e9faa8d581b7fb8b749 P 091a0aa3ebc3495db24c356bac8cf751 [LEADER]: Connected to new peer: Peer: permanent_uuid: "006c3a6523c245ca9fe69599e3a21a29" member_type: VOTER last_known_addr { host: "127.9.242.131" port: 34613 }, Status: LMP_MISMATCH, Last received: 0.0, Next index: 1, Last known committed idx: 0, Time since last communication: 0.001s
I20260709 12:26:27.365654 11327 raft_consensus.cc:2468] T 01f9ad38b0084a519036a339b8c8a9e4 P 091a0aa3ebc3495db24c356bac8cf751 [term 1 FOLLOWER]: Leader election vote request: Granting yes vote for candidate 9a1c03cf5bba421790c5bfec6fa39760 in term 1.
I20260709 12:26:27.439502 11370 leader_election.cc:304] T 01f9ad38b0084a519036a339b8c8a9e4 P 9a1c03cf5bba421790c5bfec6fa39760 [CANDIDATE]: Term 1 election: Election decided. Result: candidate won. Election summary: received 2 responses out of 3 voters: 2 yes votes; 0 no votes. yes voters: 091a0aa3ebc3495db24c356bac8cf751, 9a1c03cf5bba421790c5bfec6fa39760; no voters: 
I20260709 12:26:27.440415 11633 raft_consensus.cc:2804] T 01f9ad38b0084a519036a339b8c8a9e4 P 9a1c03cf5bba421790c5bfec6fa39760 [term 1 FOLLOWER]: Leader election won for term 1
I20260709 12:26:27.440886 11633 raft_consensus.cc:697] T 01f9ad38b0084a519036a339b8c8a9e4 P 9a1c03cf5bba421790c5bfec6fa39760 [term 1 LEADER]: Becoming Leader. State: Replica: 9a1c03cf5bba421790c5bfec6fa39760, State: Running, Role: LEADER
I20260709 12:26:27.442564 11520 raft_consensus.cc:359] T 55fefed89f7a48328f8b8e98e019e76b P 091a0aa3ebc3495db24c356bac8cf751 [term 0 FOLLOWER]: Replica starting. Triggering 0 pending ops. Active config: opid_index: -1 OBSOLETE_local: false peers { permanent_uuid: "091a0aa3ebc3495db24c356bac8cf751" member_type: VOTER last_known_addr { host: "127.9.242.129" port: 36693 } } peers { permanent_uuid: "9a1c03cf5bba421790c5bfec6fa39760" member_type: VOTER last_known_addr { host: "127.9.242.130" port: 37039 } } peers { permanent_uuid: "006c3a6523c245ca9fe69599e3a21a29" member_type: VOTER last_known_addr { host: "127.9.242.131" port: 34613 } }
I20260709 12:26:27.443334 11520 raft_consensus.cc:385] T 55fefed89f7a48328f8b8e98e019e76b P 091a0aa3ebc3495db24c356bac8cf751 [term 0 FOLLOWER]: Consensus starting up: Expiring failure detector timer to make a prompt election more likely
I20260709 12:26:27.443641 11520 raft_consensus.cc:740] T 55fefed89f7a48328f8b8e98e019e76b P 091a0aa3ebc3495db24c356bac8cf751 [term 0 FOLLOWER]: Becoming Follower/Learner. State: Replica: 091a0aa3ebc3495db24c356bac8cf751, State: Initialized, Role: FOLLOWER
I20260709 12:26:27.441696 11633 consensus_queue.cc:237] T 01f9ad38b0084a519036a339b8c8a9e4 P 9a1c03cf5bba421790c5bfec6fa39760 [LEADER]: Queue going to LEADER mode. State: All replicated index: 0, Majority replicated index: 0, Committed index: 0, Last appended: 0.0, Last appended by leader: 0, Current term: 1, Majority size: 2, State: 0, Mode: LEADER, active raft config: opid_index: -1 OBSOLETE_local: false peers { permanent_uuid: "091a0aa3ebc3495db24c356bac8cf751" member_type: VOTER last_known_addr { host: "127.9.242.129" port: 36693 } } peers { permanent_uuid: "9a1c03cf5bba421790c5bfec6fa39760" member_type: VOTER last_known_addr { host: "127.9.242.130" port: 37039 } } peers { permanent_uuid: "006c3a6523c245ca9fe69599e3a21a29" member_type: VOTER last_known_addr { host: "127.9.242.131" port: 34613 } }
I20260709 12:26:27.446650 11225 catalog_manager.cc:5697] T 0fbb7cd27f1e433c8d846f13367f507e P 091a0aa3ebc3495db24c356bac8cf751 reported cstate change: term changed from 0 to 1, leader changed from <none> to 091a0aa3ebc3495db24c356bac8cf751 (127.9.242.129). New cstate: current_term: 1 leader_uuid: "091a0aa3ebc3495db24c356bac8cf751" committed_config { opid_index: -1 OBSOLETE_local: false peers { permanent_uuid: "091a0aa3ebc3495db24c356bac8cf751" member_type: VOTER last_known_addr { host: "127.9.242.129" port: 36693 } health_report { overall_health: HEALTHY } } peers { permanent_uuid: "9a1c03cf5bba421790c5bfec6fa39760" member_type: VOTER last_known_addr { host: "127.9.242.130" port: 37039 } health_report { overall_health: UNKNOWN } } peers { permanent_uuid: "006c3a6523c245ca9fe69599e3a21a29" member_type: VOTER last_known_addr { host: "127.9.242.131" port: 34613 } health_report { overall_health: UNKNOWN } } }
I20260709 12:26:27.450414 11520 consensus_queue.cc:260] T 55fefed89f7a48328f8b8e98e019e76b P 091a0aa3ebc3495db24c356bac8cf751 [NON_LEADER]: Queue going to NON_LEADER mode. State: All replicated index: 0, Majority replicated index: 0, Committed index: 0, Last appended: 0.0, Last appended by leader: 0, Current term: 0, Majority size: -1, State: 0, Mode: NON_LEADER, active raft config: opid_index: -1 OBSOLETE_local: false peers { permanent_uuid: "091a0aa3ebc3495db24c356bac8cf751" member_type: VOTER last_known_addr { host: "127.9.242.129" port: 36693 } } peers { permanent_uuid: "9a1c03cf5bba421790c5bfec6fa39760" member_type: VOTER last_known_addr { host: "127.9.242.130" port: 37039 } } peers { permanent_uuid: "006c3a6523c245ca9fe69599e3a21a29" member_type: VOTER last_known_addr { host: "127.9.242.131" port: 34613 } }
I20260709 12:26:27.451221 11476 tablet_service.cc:1917] Received RequestConsensusVote() RPC: tablet_id: "01f9ad38b0084a519036a339b8c8a9e4" candidate_uuid: "9a1c03cf5bba421790c5bfec6fa39760" candidate_term: 1 candidate_status { last_received { term: 0 index: 0 } } ignore_live_leader: false dest_uuid: "006c3a6523c245ca9fe69599e3a21a29"
I20260709 12:26:27.462657 11520 ts_tablet_manager.cc:1434] T 55fefed89f7a48328f8b8e98e019e76b P 091a0aa3ebc3495db24c356bac8cf751: Time spent starting tablet: real 0.116s	user 0.005s	sys 0.007s
I20260709 12:26:27.463697 11520 tablet_bootstrap.cc:492] T 615ed52297c74ce99366fd4f2546b3fd P 091a0aa3ebc3495db24c356bac8cf751: Bootstrap starting.
I20260709 12:26:27.456974 11627 leader_election.cc:290] T 615ed52297c74ce99366fd4f2546b3fd P 006c3a6523c245ca9fe69599e3a21a29 [CANDIDATE]: Term 1 election: Requested vote from peers 091a0aa3ebc3495db24c356bac8cf751 (127.9.242.129:36693), 9a1c03cf5bba421790c5bfec6fa39760 (127.9.242.130:37039)
I20260709 12:26:27.487057 11330 tablet_service.cc:1917] Received RequestConsensusVote() RPC: tablet_id: "615ed52297c74ce99366fd4f2546b3fd" candidate_uuid: "006c3a6523c245ca9fe69599e3a21a29" candidate_term: 1 candidate_status { last_received { term: 0 index: 0 } } ignore_live_leader: false dest_uuid: "091a0aa3ebc3495db24c356bac8cf751"
I20260709 12:26:27.489478 11609 consensus_queue.cc:1048] T 0c68939322114e9faa8d581b7fb8b749 P 091a0aa3ebc3495db24c356bac8cf751 [LEADER]: Connected to new peer: Peer: permanent_uuid: "9a1c03cf5bba421790c5bfec6fa39760" member_type: VOTER last_known_addr { host: "127.9.242.130" port: 37039 }, Status: LMP_MISMATCH, Last received: 0.0, Next index: 1, Last known committed idx: 0, Time since last communication: 0.000s
I20260709 12:26:27.494903 11521 tablet_bootstrap.cc:654] T 01f9ad38b0084a519036a339b8c8a9e4 P 006c3a6523c245ca9fe69599e3a21a29: Neither blocks nor log segments found. Creating new log.
I20260709 12:26:27.500037 11444 leader_election.cc:304] T 0c68939322114e9faa8d581b7fb8b749 P 006c3a6523c245ca9fe69599e3a21a29 [CANDIDATE]: Term 1 pre-election: Election decided. Result: candidate lost. Election summary: received 3 responses out of 3 voters: 1 yes votes; 2 no votes. yes voters: 006c3a6523c245ca9fe69599e3a21a29; no voters: 091a0aa3ebc3495db24c356bac8cf751, 9a1c03cf5bba421790c5bfec6fa39760
I20260709 12:26:27.501279 11624 raft_consensus.cc:2749] T 0c68939322114e9faa8d581b7fb8b749 P 006c3a6523c245ca9fe69599e3a21a29 [term 1 FOLLOWER]: Leader pre-election lost for term 1. Reason: could not achieve majority
W20260709 12:26:27.516782 11444 leader_election.cc:343] T 615ed52297c74ce99366fd4f2546b3fd P 006c3a6523c245ca9fe69599e3a21a29 [CANDIDATE]: Term 1 election: Tablet error from VoteRequest() call to peer 091a0aa3ebc3495db24c356bac8cf751 (127.9.242.129:36693): Illegal state: must be running to vote when last-logged opid is not known
I20260709 12:26:27.523056 11523 tablet_bootstrap.cc:492] T 438bd2556ab8469aa8214bed0a73d525 P 9a1c03cf5bba421790c5bfec6fa39760: No bootstrap required, opened a new log
I20260709 12:26:27.523550 11523 ts_tablet_manager.cc:1403] T 438bd2556ab8469aa8214bed0a73d525 P 9a1c03cf5bba421790c5bfec6fa39760: Time spent bootstrapping tablet: real 0.218s	user 0.025s	sys 0.007s
W20260709 12:26:27.525198 11368 leader_election.cc:343] T 01f9ad38b0084a519036a339b8c8a9e4 P 9a1c03cf5bba421790c5bfec6fa39760 [CANDIDATE]: Term 1 election: Tablet error from VoteRequest() call to peer 006c3a6523c245ca9fe69599e3a21a29 (127.9.242.131:34613): Illegal state: must be running to vote when last-logged opid is not known
I20260709 12:26:27.528258 11404 tablet_service.cc:1917] Received RequestConsensusVote() RPC: tablet_id: "615ed52297c74ce99366fd4f2546b3fd" candidate_uuid: "006c3a6523c245ca9fe69599e3a21a29" candidate_term: 1 candidate_status { last_received { term: 0 index: 0 } } ignore_live_leader: false dest_uuid: "9a1c03cf5bba421790c5bfec6fa39760"
I20260709 12:26:27.528884 11404 raft_consensus.cc:3060] T 615ed52297c74ce99366fd4f2546b3fd P 9a1c03cf5bba421790c5bfec6fa39760 [term 0 FOLLOWER]: Advancing to term 1
I20260709 12:26:27.538089 11404 raft_consensus.cc:2468] T 615ed52297c74ce99366fd4f2546b3fd P 9a1c03cf5bba421790c5bfec6fa39760 [term 1 FOLLOWER]: Leader election vote request: Granting yes vote for candidate 006c3a6523c245ca9fe69599e3a21a29 in term 1.
I20260709 12:26:27.539901 11444 leader_election.cc:304] T 615ed52297c74ce99366fd4f2546b3fd P 006c3a6523c245ca9fe69599e3a21a29 [CANDIDATE]: Term 1 election: Election decided. Result: candidate won. Election summary: received 3 responses out of 3 voters: 2 yes votes; 1 no votes. yes voters: 006c3a6523c245ca9fe69599e3a21a29, 9a1c03cf5bba421790c5bfec6fa39760; no voters: 091a0aa3ebc3495db24c356bac8cf751
I20260709 12:26:27.540972 11226 catalog_manager.cc:5697] T 01f9ad38b0084a519036a339b8c8a9e4 P 9a1c03cf5bba421790c5bfec6fa39760 reported cstate change: term changed from 0 to 1, leader changed from <none> to 9a1c03cf5bba421790c5bfec6fa39760 (127.9.242.130). New cstate: current_term: 1 leader_uuid: "9a1c03cf5bba421790c5bfec6fa39760" committed_config { opid_index: -1 OBSOLETE_local: false peers { permanent_uuid: "091a0aa3ebc3495db24c356bac8cf751" member_type: VOTER last_known_addr { host: "127.9.242.129" port: 36693 } health_report { overall_health: UNKNOWN } } peers { permanent_uuid: "9a1c03cf5bba421790c5bfec6fa39760" member_type: VOTER last_known_addr { host: "127.9.242.130" port: 37039 } health_report { overall_health: HEALTHY } } peers { permanent_uuid: "006c3a6523c245ca9fe69599e3a21a29" member_type: VOTER last_known_addr { host: "127.9.242.131" port: 34613 } health_report { overall_health: UNKNOWN } } }
I20260709 12:26:27.544910 11523 raft_consensus.cc:359] T 438bd2556ab8469aa8214bed0a73d525 P 9a1c03cf5bba421790c5bfec6fa39760 [term 0 FOLLOWER]: Replica starting. Triggering 0 pending ops. Active config: opid_index: -1 OBSOLETE_local: false peers { permanent_uuid: "091a0aa3ebc3495db24c356bac8cf751" member_type: VOTER last_known_addr { host: "127.9.242.129" port: 36693 } } peers { permanent_uuid: "9a1c03cf5bba421790c5bfec6fa39760" member_type: VOTER last_known_addr { host: "127.9.242.130" port: 37039 } } peers { permanent_uuid: "006c3a6523c245ca9fe69599e3a21a29" member_type: VOTER last_known_addr { host: "127.9.242.131" port: 34613 } }
I20260709 12:26:27.545589 11523 raft_consensus.cc:385] T 438bd2556ab8469aa8214bed0a73d525 P 9a1c03cf5bba421790c5bfec6fa39760 [term 0 FOLLOWER]: Consensus starting up: Expiring failure detector timer to make a prompt election more likely
I20260709 12:26:27.548889 11523 raft_consensus.cc:740] T 438bd2556ab8469aa8214bed0a73d525 P 9a1c03cf5bba421790c5bfec6fa39760 [term 0 FOLLOWER]: Becoming Follower/Learner. State: Replica: 9a1c03cf5bba421790c5bfec6fa39760, State: Initialized, Role: FOLLOWER
I20260709 12:26:27.549034 11624 raft_consensus.cc:2804] T 615ed52297c74ce99366fd4f2546b3fd P 006c3a6523c245ca9fe69599e3a21a29 [term 1 FOLLOWER]: Leader election won for term 1
I20260709 12:26:27.549573 11624 raft_consensus.cc:697] T 615ed52297c74ce99366fd4f2546b3fd P 006c3a6523c245ca9fe69599e3a21a29 [term 1 LEADER]: Becoming Leader. State: Replica: 006c3a6523c245ca9fe69599e3a21a29, State: Running, Role: LEADER
I20260709 12:26:27.549600 11523 consensus_queue.cc:260] T 438bd2556ab8469aa8214bed0a73d525 P 9a1c03cf5bba421790c5bfec6fa39760 [NON_LEADER]: Queue going to NON_LEADER mode. State: All replicated index: 0, Majority replicated index: 0, Committed index: 0, Last appended: 0.0, Last appended by leader: 0, Current term: 0, Majority size: -1, State: 0, Mode: NON_LEADER, active raft config: opid_index: -1 OBSOLETE_local: false peers { permanent_uuid: "091a0aa3ebc3495db24c356bac8cf751" member_type: VOTER last_known_addr { host: "127.9.242.129" port: 36693 } } peers { permanent_uuid: "9a1c03cf5bba421790c5bfec6fa39760" member_type: VOTER last_known_addr { host: "127.9.242.130" port: 37039 } } peers { permanent_uuid: "006c3a6523c245ca9fe69599e3a21a29" member_type: VOTER last_known_addr { host: "127.9.242.131" port: 34613 } }
I20260709 12:26:27.550532 11624 consensus_queue.cc:237] T 615ed52297c74ce99366fd4f2546b3fd P 006c3a6523c245ca9fe69599e3a21a29 [LEADER]: Queue going to LEADER mode. State: All replicated index: 0, Majority replicated index: 0, Committed index: 0, Last appended: 0.0, Last appended by leader: 0, Current term: 1, Majority size: 2, State: 0, Mode: LEADER, active raft config: opid_index: -1 OBSOLETE_local: false peers { permanent_uuid: "091a0aa3ebc3495db24c356bac8cf751" member_type: VOTER last_known_addr { host: "127.9.242.129" port: 36693 } } peers { permanent_uuid: "9a1c03cf5bba421790c5bfec6fa39760" member_type: VOTER last_known_addr { host: "127.9.242.130" port: 37039 } } peers { permanent_uuid: "006c3a6523c245ca9fe69599e3a21a29" member_type: VOTER last_known_addr { host: "127.9.242.131" port: 34613 } }
I20260709 12:26:27.554766 11521 tablet_bootstrap.cc:492] T 01f9ad38b0084a519036a339b8c8a9e4 P 006c3a6523c245ca9fe69599e3a21a29: No bootstrap required, opened a new log
I20260709 12:26:27.555218 11521 ts_tablet_manager.cc:1403] T 01f9ad38b0084a519036a339b8c8a9e4 P 006c3a6523c245ca9fe69599e3a21a29: Time spent bootstrapping tablet: real 0.224s	user 0.016s	sys 0.006s
I20260709 12:26:27.558507 11521 raft_consensus.cc:359] T 01f9ad38b0084a519036a339b8c8a9e4 P 006c3a6523c245ca9fe69599e3a21a29 [term 0 FOLLOWER]: Replica starting. Triggering 0 pending ops. Active config: opid_index: -1 OBSOLETE_local: false peers { permanent_uuid: "091a0aa3ebc3495db24c356bac8cf751" member_type: VOTER last_known_addr { host: "127.9.242.129" port: 36693 } } peers { permanent_uuid: "9a1c03cf5bba421790c5bfec6fa39760" member_type: VOTER last_known_addr { host: "127.9.242.130" port: 37039 } } peers { permanent_uuid: "006c3a6523c245ca9fe69599e3a21a29" member_type: VOTER last_known_addr { host: "127.9.242.131" port: 34613 } }
I20260709 12:26:27.559124 11521 raft_consensus.cc:385] T 01f9ad38b0084a519036a339b8c8a9e4 P 006c3a6523c245ca9fe69599e3a21a29 [term 0 FOLLOWER]: Consensus starting up: Expiring failure detector timer to make a prompt election more likely
I20260709 12:26:27.559382 11521 raft_consensus.cc:740] T 01f9ad38b0084a519036a339b8c8a9e4 P 006c3a6523c245ca9fe69599e3a21a29 [term 0 FOLLOWER]: Becoming Follower/Learner. State: Replica: 006c3a6523c245ca9fe69599e3a21a29, State: Initialized, Role: FOLLOWER
I20260709 12:26:27.548700 11520 tablet_bootstrap.cc:654] T 615ed52297c74ce99366fd4f2546b3fd P 091a0aa3ebc3495db24c356bac8cf751: Neither blocks nor log segments found. Creating new log.
I20260709 12:26:27.560495 11523 ts_tablet_manager.cc:1434] T 438bd2556ab8469aa8214bed0a73d525 P 9a1c03cf5bba421790c5bfec6fa39760: Time spent starting tablet: real 0.037s	user 0.007s	sys 0.000s
I20260709 12:26:27.561218 11521 consensus_queue.cc:260] T 01f9ad38b0084a519036a339b8c8a9e4 P 006c3a6523c245ca9fe69599e3a21a29 [NON_LEADER]: Queue going to NON_LEADER mode. State: All replicated index: 0, Majority replicated index: 0, Committed index: 0, Last appended: 0.0, Last appended by leader: 0, Current term: 0, Majority size: -1, State: 0, Mode: NON_LEADER, active raft config: opid_index: -1 OBSOLETE_local: false peers { permanent_uuid: "091a0aa3ebc3495db24c356bac8cf751" member_type: VOTER last_known_addr { host: "127.9.242.129" port: 36693 } } peers { permanent_uuid: "9a1c03cf5bba421790c5bfec6fa39760" member_type: VOTER last_known_addr { host: "127.9.242.130" port: 37039 } } peers { permanent_uuid: "006c3a6523c245ca9fe69599e3a21a29" member_type: VOTER last_known_addr { host: "127.9.242.131" port: 34613 } }
I20260709 12:26:27.562747 11523 tablet_bootstrap.cc:492] T 5a8cd5de7da24194bd74021d513e005c P 9a1c03cf5bba421790c5bfec6fa39760: Bootstrap starting.
I20260709 12:26:27.568835 11523 tablet_bootstrap.cc:654] T 5a8cd5de7da24194bd74021d513e005c P 9a1c03cf5bba421790c5bfec6fa39760: Neither blocks nor log segments found. Creating new log.
I20260709 12:26:27.571449 11521 ts_tablet_manager.cc:1434] T 01f9ad38b0084a519036a339b8c8a9e4 P 006c3a6523c245ca9fe69599e3a21a29: Time spent starting tablet: real 0.016s	user 0.006s	sys 0.000s
I20260709 12:26:27.572391 11521 tablet_bootstrap.cc:492] T 8dfee40bc8bb45d186da90b9b6c1758a P 006c3a6523c245ca9fe69599e3a21a29: Bootstrap starting.
I20260709 12:26:27.574301 11226 catalog_manager.cc:5697] T 615ed52297c74ce99366fd4f2546b3fd P 006c3a6523c245ca9fe69599e3a21a29 reported cstate change: term changed from 0 to 1, leader changed from <none> to 006c3a6523c245ca9fe69599e3a21a29 (127.9.242.131). New cstate: current_term: 1 leader_uuid: "006c3a6523c245ca9fe69599e3a21a29" committed_config { opid_index: -1 OBSOLETE_local: false peers { permanent_uuid: "091a0aa3ebc3495db24c356bac8cf751" member_type: VOTER last_known_addr { host: "127.9.242.129" port: 36693 } health_report { overall_health: UNKNOWN } } peers { permanent_uuid: "9a1c03cf5bba421790c5bfec6fa39760" member_type: VOTER last_known_addr { host: "127.9.242.130" port: 37039 } health_report { overall_health: UNKNOWN } } peers { permanent_uuid: "006c3a6523c245ca9fe69599e3a21a29" member_type: VOTER last_known_addr { host: "127.9.242.131" port: 34613 } health_report { overall_health: HEALTHY } } }
I20260709 12:26:27.580493 11521 tablet_bootstrap.cc:654] T 8dfee40bc8bb45d186da90b9b6c1758a P 006c3a6523c245ca9fe69599e3a21a29: Neither blocks nor log segments found. Creating new log.
