W20260709 12:09:20.586828  7325 leader_election.cc:343] T 903522f232d84e28857fd4498b34f688 P 647e24c077f94b978a922e2d9d9fae91 [CANDIDATE]: Term 1 pre-election: Tablet error from VoteRequest() call to peer 8010d8716b624624a8f03ba9f54ae8a1 (127.5.234.2:35705): Illegal state: must be running to vote when last-logged opid is not known
I20260709 12:09:20.592386  7402 tablet_bootstrap.cc:654] T 099e7b8c2e494b7191015553af694ee6 P 647e24c077f94b978a922e2d9d9fae91: Neither blocks nor log segments found. Creating new log.
I20260709 12:09:20.591060  7472 leader_election.cc:290] T 903522f232d84e28857fd4498b34f688 P 647e24c077f94b978a922e2d9d9fae91 [CANDIDATE]: Term 1 pre-election: Requested pre-vote from peers 60f68c37ed9d44608581c2cd2938429e (127.5.234.1:46097), 8010d8716b624624a8f03ba9f54ae8a1 (127.5.234.2:35705)
I20260709 12:09:20.596794  7360 raft_consensus.cc:2468] T e8aabca411fb41bd89a63c59cbc59544 P 647e24c077f94b978a922e2d9d9fae91 [term 1 FOLLOWER]: Leader election vote request: Granting yes vote for candidate 60f68c37ed9d44608581c2cd2938429e in term 1.
I20260709 12:09:20.597566  7212 tablet_service.cc:1917] Received RequestConsensusVote() RPC: tablet_id: "c9bde287fe7c463392588b2ad3c5f3a5" candidate_uuid: "8010d8716b624624a8f03ba9f54ae8a1" candidate_term: 1 candidate_status { last_received { term: 0 index: 0 } } ignore_live_leader: false dest_uuid: "60f68c37ed9d44608581c2cd2938429e"
I20260709 12:09:20.601714  7213 tablet_service.cc:1917] Received RequestConsensusVote() RPC: tablet_id: "903522f232d84e28857fd4498b34f688" candidate_uuid: "647e24c077f94b978a922e2d9d9fae91" candidate_term: 1 candidate_status { last_received { term: 0 index: 0 } } ignore_live_leader: false dest_uuid: "60f68c37ed9d44608581c2cd2938429e" is_pre_election: true
I20260709 12:09:20.601969  7176 leader_election.cc:304] T e8aabca411fb41bd89a63c59cbc59544 P 60f68c37ed9d44608581c2cd2938429e [CANDIDATE]: Term 1 election: Election decided. Result: candidate won. Election summary: received 3 responses out of 3 voters: 2 yes votes; 1 no votes. yes voters: 60f68c37ed9d44608581c2cd2938429e, 647e24c077f94b978a922e2d9d9fae91; no voters: 8010d8716b624624a8f03ba9f54ae8a1
I20260709 12:09:20.603053  7454 raft_consensus.cc:2804] T e8aabca411fb41bd89a63c59cbc59544 P 60f68c37ed9d44608581c2cd2938429e [term 1 FOLLOWER]: Leader election won for term 1
W20260709 12:09:20.603750  7327 leader_election.cc:343] T 903522f232d84e28857fd4498b34f688 P 647e24c077f94b978a922e2d9d9fae91 [CANDIDATE]: Term 1 pre-election: Tablet error from VoteRequest() call to peer 60f68c37ed9d44608581c2cd2938429e (127.5.234.1:46097): Illegal state: must be running to vote when last-logged opid is not known
I20260709 12:09:20.604187  7327 leader_election.cc:304] T 903522f232d84e28857fd4498b34f688 P 647e24c077f94b978a922e2d9d9fae91 [CANDIDATE]: Term 1 pre-election: Election decided. Result: candidate lost. Election summary: received 3 responses out of 3 voters: 1 yes votes; 2 no votes. yes voters: 647e24c077f94b978a922e2d9d9fae91; no voters: 60f68c37ed9d44608581c2cd2938429e, 8010d8716b624624a8f03ba9f54ae8a1
W20260709 12:09:20.605121  7253 leader_election.cc:343] T c9bde287fe7c463392588b2ad3c5f3a5 P 8010d8716b624624a8f03ba9f54ae8a1 [CANDIDATE]: Term 1 election: Tablet error from VoteRequest() call to peer 60f68c37ed9d44608581c2cd2938429e (127.5.234.1:46097): Illegal state: must be running to vote when last-logged opid is not known
I20260709 12:09:20.608680  7403 tablet_bootstrap.cc:654] T edb9721e1ee34e41afe73cbdcbe29bcd P 8010d8716b624624a8f03ba9f54ae8a1: Neither blocks nor log segments found. Creating new log.
I20260709 12:09:20.610451  7472 raft_consensus.cc:2749] T 903522f232d84e28857fd4498b34f688 P 647e24c077f94b978a922e2d9d9fae91 [term 0 FOLLOWER]: Leader pre-election lost for term 1. Reason: could not achieve majority
I20260709 12:09:20.610132  7454 raft_consensus.cc:697] T e8aabca411fb41bd89a63c59cbc59544 P 60f68c37ed9d44608581c2cd2938429e [term 1 LEADER]: Becoming Leader. State: Replica: 60f68c37ed9d44608581c2cd2938429e, State: Running, Role: LEADER
I20260709 12:09:20.616586  7454 consensus_queue.cc:237] T e8aabca411fb41bd89a63c59cbc59544 P 60f68c37ed9d44608581c2cd2938429e [LEADER]: Queue going to LEADER mode. State: All replicated index: 0, Majority replicated index: 0, Committed index: 0, Last appended: 0.0, Last appended by leader: 0, Current term: 1, Majority size: 2, State: 0, Mode: LEADER, active raft config: opid_index: -1 OBSOLETE_local: false peers { permanent_uuid: "60f68c37ed9d44608581c2cd2938429e" member_type: VOTER last_known_addr { host: "127.5.234.1" port: 46097 } } peers { permanent_uuid: "8010d8716b624624a8f03ba9f54ae8a1" member_type: VOTER last_known_addr { host: "127.5.234.2" port: 35705 } } peers { permanent_uuid: "647e24c077f94b978a922e2d9d9fae91" member_type: VOTER last_known_addr { host: "127.5.234.3" port: 41709 } }
I20260709 12:09:20.628710  7360 tablet_service.cc:1917] Received RequestConsensusVote() RPC: tablet_id: "c9bde287fe7c463392588b2ad3c5f3a5" candidate_uuid: "8010d8716b624624a8f03ba9f54ae8a1" candidate_term: 1 candidate_status { last_received { term: 0 index: 0 } } ignore_live_leader: false dest_uuid: "647e24c077f94b978a922e2d9d9fae91"
I20260709 12:09:20.629333  7360 raft_consensus.cc:3060] T c9bde287fe7c463392588b2ad3c5f3a5 P 647e24c077f94b978a922e2d9d9fae91 [term 0 FOLLOWER]: Advancing to term 1
I20260709 12:09:20.643682  7589 leader_election.cc:290] T c9bde287fe7c463392588b2ad3c5f3a5 P 8010d8716b624624a8f03ba9f54ae8a1 [CANDIDATE]: Term 1 election: Requested vote from peers 60f68c37ed9d44608581c2cd2938429e (127.5.234.1:46097), 647e24c077f94b978a922e2d9d9fae91 (127.5.234.3:41709)
I20260709 12:09:20.646091  7589 raft_consensus.cc:493] T dc4f5a2a1d3342bd867ce029a894d4ec P 8010d8716b624624a8f03ba9f54ae8a1 [term 0 FOLLOWER]: Starting pre-election (no leader contacted us within the election timeout)
I20260709 12:09:20.647294  7589 raft_consensus.cc:515] T dc4f5a2a1d3342bd867ce029a894d4ec P 8010d8716b624624a8f03ba9f54ae8a1 [term 0 FOLLOWER]: Starting pre-election with config: opid_index: -1 OBSOLETE_local: false peers { permanent_uuid: "60f68c37ed9d44608581c2cd2938429e" member_type: VOTER last_known_addr { host: "127.5.234.1" port: 46097 } } peers { permanent_uuid: "8010d8716b624624a8f03ba9f54ae8a1" member_type: VOTER last_known_addr { host: "127.5.234.2" port: 35705 } } peers { permanent_uuid: "647e24c077f94b978a922e2d9d9fae91" member_type: VOTER last_known_addr { host: "127.5.234.3" port: 41709 } }
I20260709 12:09:20.650027  7402 tablet_bootstrap.cc:492] T 099e7b8c2e494b7191015553af694ee6 P 647e24c077f94b978a922e2d9d9fae91: No bootstrap required, opened a new log
I20260709 12:09:20.649822  7213 tablet_service.cc:1917] Received RequestConsensusVote() RPC: tablet_id: "dc4f5a2a1d3342bd867ce029a894d4ec" candidate_uuid: "8010d8716b624624a8f03ba9f54ae8a1" candidate_term: 1 candidate_status { last_received { term: 0 index: 0 } } ignore_live_leader: false dest_uuid: "60f68c37ed9d44608581c2cd2938429e" is_pre_election: true
I20260709 12:09:20.650365  7404 tablet_bootstrap.cc:492] T a78b9d51b3644b938d1cae575b66443c P 60f68c37ed9d44608581c2cd2938429e: No bootstrap required, opened a new log
I20260709 12:09:20.650520  7402 ts_tablet_manager.cc:1403] T 099e7b8c2e494b7191015553af694ee6 P 647e24c077f94b978a922e2d9d9fae91: Time spent bootstrapping tablet: real 0.070s	user 0.026s	sys 0.028s
W20260709 12:09:20.651396  7253 leader_election.cc:343] T dc4f5a2a1d3342bd867ce029a894d4ec P 8010d8716b624624a8f03ba9f54ae8a1 [CANDIDATE]: Term 1 pre-election: Tablet error from VoteRequest() call to peer 60f68c37ed9d44608581c2cd2938429e (127.5.234.1:46097): Illegal state: must be running to vote when last-logged opid is not known
I20260709 12:09:20.651523  7359 tablet_service.cc:1917] Received RequestConsensusVote() RPC: tablet_id: "dc4f5a2a1d3342bd867ce029a894d4ec" candidate_uuid: "8010d8716b624624a8f03ba9f54ae8a1" candidate_term: 1 candidate_status { last_received { term: 0 index: 0 } } ignore_live_leader: false dest_uuid: "647e24c077f94b978a922e2d9d9fae91" is_pre_election: true
I20260709 12:09:20.652062  7404 ts_tablet_manager.cc:1403] T a78b9d51b3644b938d1cae575b66443c P 60f68c37ed9d44608581c2cd2938429e: Time spent bootstrapping tablet: real 0.105s	user 0.025s	sys 0.050s
W20260709 12:09:20.653386  7251 leader_election.cc:343] T dc4f5a2a1d3342bd867ce029a894d4ec P 8010d8716b624624a8f03ba9f54ae8a1 [CANDIDATE]: Term 1 pre-election: Tablet error from VoteRequest() call to peer 647e24c077f94b978a922e2d9d9fae91 (127.5.234.3:41709): Illegal state: must be running to vote when last-logged opid is not known
I20260709 12:09:20.653332  7402 raft_consensus.cc:359] T 099e7b8c2e494b7191015553af694ee6 P 647e24c077f94b978a922e2d9d9fae91 [term 0 FOLLOWER]: Replica starting. Triggering 0 pending ops. Active config: opid_index: -1 OBSOLETE_local: false peers { permanent_uuid: "60f68c37ed9d44608581c2cd2938429e" member_type: VOTER last_known_addr { host: "127.5.234.1" port: 46097 } } peers { permanent_uuid: "8010d8716b624624a8f03ba9f54ae8a1" member_type: VOTER last_known_addr { host: "127.5.234.2" port: 35705 } } peers { permanent_uuid: "647e24c077f94b978a922e2d9d9fae91" member_type: VOTER last_known_addr { host: "127.5.234.3" port: 41709 } }
I20260709 12:09:20.654060  7402 raft_consensus.cc:385] T 099e7b8c2e494b7191015553af694ee6 P 647e24c077f94b978a922e2d9d9fae91 [term 0 FOLLOWER]: Consensus starting up: Expiring failure detector timer to make a prompt election more likely
I20260709 12:09:20.653898  7251 leader_election.cc:304] T dc4f5a2a1d3342bd867ce029a894d4ec P 8010d8716b624624a8f03ba9f54ae8a1 [CANDIDATE]: Term 1 pre-election: Election decided. Result: candidate lost. Election summary: received 3 responses out of 3 voters: 1 yes votes; 2 no votes. yes voters: 8010d8716b624624a8f03ba9f54ae8a1; no voters: 60f68c37ed9d44608581c2cd2938429e, 647e24c077f94b978a922e2d9d9fae91
I20260709 12:09:20.654702  7602 raft_consensus.cc:2749] T dc4f5a2a1d3342bd867ce029a894d4ec P 8010d8716b624624a8f03ba9f54ae8a1 [term 0 FOLLOWER]: Leader pre-election lost for term 1. Reason: could not achieve majority
I20260709 12:09:20.655109  7404 raft_consensus.cc:359] T a78b9d51b3644b938d1cae575b66443c P 60f68c37ed9d44608581c2cd2938429e [term 0 FOLLOWER]: Replica starting. Triggering 0 pending ops. Active config: opid_index: -1 OBSOLETE_local: false peers { permanent_uuid: "60f68c37ed9d44608581c2cd2938429e" member_type: VOTER last_known_addr { host: "127.5.234.1" port: 46097 } } peers { permanent_uuid: "8010d8716b624624a8f03ba9f54ae8a1" member_type: VOTER last_known_addr { host: "127.5.234.2" port: 35705 } } peers { permanent_uuid: "647e24c077f94b978a922e2d9d9fae91" member_type: VOTER last_known_addr { host: "127.5.234.3" port: 41709 } }
I20260709 12:09:20.655678  7404 raft_consensus.cc:385] T a78b9d51b3644b938d1cae575b66443c P 60f68c37ed9d44608581c2cd2938429e [term 0 FOLLOWER]: Consensus starting up: Expiring failure detector timer to make a prompt election more likely
I20260709 12:09:20.655916  7404 raft_consensus.cc:740] T a78b9d51b3644b938d1cae575b66443c P 60f68c37ed9d44608581c2cd2938429e [term 0 FOLLOWER]: Becoming Follower/Learner. State: Replica: 60f68c37ed9d44608581c2cd2938429e, State: Initialized, Role: FOLLOWER
I20260709 12:09:20.655925  7402 raft_consensus.cc:740] T 099e7b8c2e494b7191015553af694ee6 P 647e24c077f94b978a922e2d9d9fae91 [term 0 FOLLOWER]: Becoming Follower/Learner. State: Replica: 647e24c077f94b978a922e2d9d9fae91, State: Initialized, Role: FOLLOWER
I20260709 12:09:20.656733  7404 consensus_queue.cc:260] T a78b9d51b3644b938d1cae575b66443c P 60f68c37ed9d44608581c2cd2938429e [NON_LEADER]: Queue going to NON_LEADER mode. State: All replicated index: 0, Majority replicated index: 0, Committed index: 0, Last appended: 0.0, Last appended by leader: 0, Current term: 0, Majority size: -1, State: 0, Mode: NON_LEADER, active raft config: opid_index: -1 OBSOLETE_local: false peers { permanent_uuid: "60f68c37ed9d44608581c2cd2938429e" member_type: VOTER last_known_addr { host: "127.5.234.1" port: 46097 } } peers { permanent_uuid: "8010d8716b624624a8f03ba9f54ae8a1" member_type: VOTER last_known_addr { host: "127.5.234.2" port: 35705 } } peers { permanent_uuid: "647e24c077f94b978a922e2d9d9fae91" member_type: VOTER last_known_addr { host: "127.5.234.3" port: 41709 } }
I20260709 12:09:20.656805  7402 consensus_queue.cc:260] T 099e7b8c2e494b7191015553af694ee6 P 647e24c077f94b978a922e2d9d9fae91 [NON_LEADER]: Queue going to NON_LEADER mode. State: All replicated index: 0, Majority replicated index: 0, Committed index: 0, Last appended: 0.0, Last appended by leader: 0, Current term: 0, Majority size: -1, State: 0, Mode: NON_LEADER, active raft config: opid_index: -1 OBSOLETE_local: false peers { permanent_uuid: "60f68c37ed9d44608581c2cd2938429e" member_type: VOTER last_known_addr { host: "127.5.234.1" port: 46097 } } peers { permanent_uuid: "8010d8716b624624a8f03ba9f54ae8a1" member_type: VOTER last_known_addr { host: "127.5.234.2" port: 35705 } } peers { permanent_uuid: "647e24c077f94b978a922e2d9d9fae91" member_type: VOTER last_known_addr { host: "127.5.234.3" port: 41709 } }
I20260709 12:09:20.659180  7402 ts_tablet_manager.cc:1434] T 099e7b8c2e494b7191015553af694ee6 P 647e24c077f94b978a922e2d9d9fae91: Time spent starting tablet: real 0.008s	user 0.005s	sys 0.001s
I20260709 12:09:20.659308  7404 ts_tablet_manager.cc:1434] T a78b9d51b3644b938d1cae575b66443c P 60f68c37ed9d44608581c2cd2938429e: Time spent starting tablet: real 0.007s	user 0.006s	sys 0.000s
I20260709 12:09:20.660322  7402 tablet_bootstrap.cc:492] T 02fa4d6529dd4b709488093fb9ce47bf P 647e24c077f94b978a922e2d9d9fae91: Bootstrap starting.
I20260709 12:09:20.660377  7404 tablet_bootstrap.cc:492] T 02fa4d6529dd4b709488093fb9ce47bf P 60f68c37ed9d44608581c2cd2938429e: Bootstrap starting.
I20260709 12:09:20.659188  7403 tablet_bootstrap.cc:492] T edb9721e1ee34e41afe73cbdcbe29bcd P 8010d8716b624624a8f03ba9f54ae8a1: No bootstrap required, opened a new log
I20260709 12:09:20.662819  7403 ts_tablet_manager.cc:1403] T edb9721e1ee34e41afe73cbdcbe29bcd P 8010d8716b624624a8f03ba9f54ae8a1: Time spent bootstrapping tablet: real 0.077s	user 0.010s	sys 0.008s
I20260709 12:09:20.649857  7360 raft_consensus.cc:2468] T c9bde287fe7c463392588b2ad3c5f3a5 P 647e24c077f94b978a922e2d9d9fae91 [term 1 FOLLOWER]: Leader election vote request: Granting yes vote for candidate 8010d8716b624624a8f03ba9f54ae8a1 in term 1.
I20260709 12:09:20.664964  7251 leader_election.cc:304] T c9bde287fe7c463392588b2ad3c5f3a5 P 8010d8716b624624a8f03ba9f54ae8a1 [CANDIDATE]: Term 1 election: Election decided. Result: candidate won. Election summary: received 3 responses out of 3 voters: 2 yes votes; 1 no votes. yes voters: 647e24c077f94b978a922e2d9d9fae91, 8010d8716b624624a8f03ba9f54ae8a1; no voters: 60f68c37ed9d44608581c2cd2938429e
I20260709 12:09:20.666076  7515 raft_consensus.cc:2804] T c9bde287fe7c463392588b2ad3c5f3a5 P 8010d8716b624624a8f03ba9f54ae8a1 [term 1 FOLLOWER]: Leader election won for term 1
I20260709 12:09:20.666548  7515 raft_consensus.cc:697] T c9bde287fe7c463392588b2ad3c5f3a5 P 8010d8716b624624a8f03ba9f54ae8a1 [term 1 LEADER]: Becoming Leader. State: Replica: 8010d8716b624624a8f03ba9f54ae8a1, State: Running, Role: LEADER
I20260709 12:09:20.665812  7589 leader_election.cc:290] T dc4f5a2a1d3342bd867ce029a894d4ec P 8010d8716b624624a8f03ba9f54ae8a1 [CANDIDATE]: Term 1 pre-election: Requested pre-vote from peers 60f68c37ed9d44608581c2cd2938429e (127.5.234.1:46097), 647e24c077f94b978a922e2d9d9fae91 (127.5.234.3:41709)
I20260709 12:09:20.671079  7515 consensus_queue.cc:237] T c9bde287fe7c463392588b2ad3c5f3a5 P 8010d8716b624624a8f03ba9f54ae8a1 [LEADER]: Queue going to LEADER mode. State: All replicated index: 0, Majority replicated index: 0, Committed index: 0, Last appended: 0.0, Last appended by leader: 0, Current term: 1, Majority size: 2, State: 0, Mode: LEADER, active raft config: opid_index: -1 OBSOLETE_local: false peers { permanent_uuid: "60f68c37ed9d44608581c2cd2938429e" member_type: VOTER last_known_addr { host: "127.5.234.1" port: 46097 } } peers { permanent_uuid: "8010d8716b624624a8f03ba9f54ae8a1" member_type: VOTER last_known_addr { host: "127.5.234.2" port: 35705 } } peers { permanent_uuid: "647e24c077f94b978a922e2d9d9fae91" member_type: VOTER last_known_addr { host: "127.5.234.3" port: 41709 } }
I20260709 12:09:20.673748  7403 raft_consensus.cc:359] T edb9721e1ee34e41afe73cbdcbe29bcd P 8010d8716b624624a8f03ba9f54ae8a1 [term 0 FOLLOWER]: Replica starting. Triggering 0 pending ops. Active config: opid_index: -1 OBSOLETE_local: false peers { permanent_uuid: "60f68c37ed9d44608581c2cd2938429e" member_type: VOTER last_known_addr { host: "127.5.234.1" port: 46097 } } peers { permanent_uuid: "8010d8716b624624a8f03ba9f54ae8a1" member_type: VOTER last_known_addr { host: "127.5.234.2" port: 35705 } } peers { permanent_uuid: "647e24c077f94b978a922e2d9d9fae91" member_type: VOTER last_known_addr { host: "127.5.234.3" port: 41709 } }
I20260709 12:09:20.675649  7403 raft_consensus.cc:385] T edb9721e1ee34e41afe73cbdcbe29bcd P 8010d8716b624624a8f03ba9f54ae8a1 [term 0 FOLLOWER]: Consensus starting up: Expiring failure detector timer to make a prompt election more likely
I20260709 12:09:20.675943  7403 raft_consensus.cc:740] T edb9721e1ee34e41afe73cbdcbe29bcd P 8010d8716b624624a8f03ba9f54ae8a1 [term 0 FOLLOWER]: Becoming Follower/Learner. State: Replica: 8010d8716b624624a8f03ba9f54ae8a1, State: Initialized, Role: FOLLOWER
I20260709 12:09:20.676571  7403 consensus_queue.cc:260] T edb9721e1ee34e41afe73cbdcbe29bcd P 8010d8716b624624a8f03ba9f54ae8a1 [NON_LEADER]: Queue going to NON_LEADER mode. State: All replicated index: 0, Majority replicated index: 0, Committed index: 0, Last appended: 0.0, Last appended by leader: 0, Current term: 0, Majority size: -1, State: 0, Mode: NON_LEADER, active raft config: opid_index: -1 OBSOLETE_local: false peers { permanent_uuid: "60f68c37ed9d44608581c2cd2938429e" member_type: VOTER last_known_addr { host: "127.5.234.1" port: 46097 } } peers { permanent_uuid: "8010d8716b624624a8f03ba9f54ae8a1" member_type: VOTER last_known_addr { host: "127.5.234.2" port: 35705 } } peers { permanent_uuid: "647e24c077f94b978a922e2d9d9fae91" member_type: VOTER last_known_addr { host: "127.5.234.3" port: 41709 } }
I20260709 12:09:20.677137  7402 tablet_bootstrap.cc:654] T 02fa4d6529dd4b709488093fb9ce47bf P 647e24c077f94b978a922e2d9d9fae91: Neither blocks nor log segments found. Creating new log.
I20260709 12:09:20.677460  7404 tablet_bootstrap.cc:654] T 02fa4d6529dd4b709488093fb9ce47bf P 60f68c37ed9d44608581c2cd2938429e: Neither blocks nor log segments found. Creating new log.
I20260709 12:09:20.683724  7403 ts_tablet_manager.cc:1434] T edb9721e1ee34e41afe73cbdcbe29bcd P 8010d8716b624624a8f03ba9f54ae8a1: Time spent starting tablet: real 0.021s	user 0.004s	sys 0.001s
I20260709 12:09:20.685079  7403 tablet_bootstrap.cc:492] T 9538576db9a541748d8628c5335257e7 P 8010d8716b624624a8f03ba9f54ae8a1: Bootstrap starting.
I20260709 12:09:20.687367  7110 catalog_manager.cc:5697] T e8aabca411fb41bd89a63c59cbc59544 P 60f68c37ed9d44608581c2cd2938429e reported cstate change: term changed from 0 to 1, leader changed from <none> to 60f68c37ed9d44608581c2cd2938429e (127.5.234.1). New cstate: current_term: 1 leader_uuid: "60f68c37ed9d44608581c2cd2938429e" committed_config { opid_index: -1 OBSOLETE_local: false peers { permanent_uuid: "60f68c37ed9d44608581c2cd2938429e" member_type: VOTER last_known_addr { host: "127.5.234.1" port: 46097 } health_report { overall_health: HEALTHY } } peers { permanent_uuid: "8010d8716b624624a8f03ba9f54ae8a1" member_type: VOTER last_known_addr { host: "127.5.234.2" port: 35705 } health_report { overall_health: UNKNOWN } } peers { permanent_uuid: "647e24c077f94b978a922e2d9d9fae91" member_type: VOTER last_known_addr { host: "127.5.234.3" port: 41709 } health_report { overall_health: UNKNOWN } } }
I20260709 12:09:20.690595  7403 tablet_bootstrap.cc:654] T 9538576db9a541748d8628c5335257e7 P 8010d8716b624624a8f03ba9f54ae8a1: Neither blocks nor log segments found. Creating new log.
I20260709 12:09:20.708180  7404 tablet_bootstrap.cc:492] T 02fa4d6529dd4b709488093fb9ce47bf P 60f68c37ed9d44608581c2cd2938429e: No bootstrap required, opened a new log
I20260709 12:09:20.709332  7404 ts_tablet_manager.cc:1403] T 02fa4d6529dd4b709488093fb9ce47bf P 60f68c37ed9d44608581c2cd2938429e: Time spent bootstrapping tablet: real 0.049s	user 0.016s	sys 0.004s
I20260709 12:09:20.712071  7404 raft_consensus.cc:359] T 02fa4d6529dd4b709488093fb9ce47bf P 60f68c37ed9d44608581c2cd2938429e [term 0 FOLLOWER]: Replica starting. Triggering 0 pending ops. Active config: opid_index: -1 OBSOLETE_local: false peers { permanent_uuid: "60f68c37ed9d44608581c2cd2938429e" member_type: VOTER last_known_addr { host: "127.5.234.1" port: 46097 } } peers { permanent_uuid: "8010d8716b624624a8f03ba9f54ae8a1" member_type: VOTER last_known_addr { host: "127.5.234.2" port: 35705 } } peers { permanent_uuid: "647e24c077f94b978a922e2d9d9fae91" member_type: VOTER last_known_addr { host: "127.5.234.3" port: 41709 } }
I20260709 12:09:20.713248  7404 raft_consensus.cc:385] T 02fa4d6529dd4b709488093fb9ce47bf P 60f68c37ed9d44608581c2cd2938429e [term 0 FOLLOWER]: Consensus starting up: Expiring failure detector timer to make a prompt election more likely
I20260709 12:09:20.713865  7404 raft_consensus.cc:740] T 02fa4d6529dd4b709488093fb9ce47bf P 60f68c37ed9d44608581c2cd2938429e [term 0 FOLLOWER]: Becoming Follower/Learner. State: Replica: 60f68c37ed9d44608581c2cd2938429e, State: Initialized, Role: FOLLOWER
I20260709 12:09:20.714879  7404 consensus_queue.cc:260] T 02fa4d6529dd4b709488093fb9ce47bf P 60f68c37ed9d44608581c2cd2938429e [NON_LEADER]: Queue going to NON_LEADER mode. State: All replicated index: 0, Majority replicated index: 0, Committed index: 0, Last appended: 0.0, Last appended by leader: 0, Current term: 0, Majority size: -1, State: 0, Mode: NON_LEADER, active raft config: opid_index: -1 OBSOLETE_local: false peers { permanent_uuid: "60f68c37ed9d44608581c2cd2938429e" member_type: VOTER last_known_addr { host: "127.5.234.1" port: 46097 } } peers { permanent_uuid: "8010d8716b624624a8f03ba9f54ae8a1" member_type: VOTER last_known_addr { host: "127.5.234.2" port: 35705 } } peers { permanent_uuid: "647e24c077f94b978a922e2d9d9fae91" member_type: VOTER last_known_addr { host: "127.5.234.3" port: 41709 } }
I20260709 12:09:20.717547  7404 ts_tablet_manager.cc:1434] T 02fa4d6529dd4b709488093fb9ce47bf P 60f68c37ed9d44608581c2cd2938429e: Time spent starting tablet: real 0.008s	user 0.005s	sys 0.000s
I20260709 12:09:20.719574  7404 tablet_bootstrap.cc:492] T 099e7b8c2e494b7191015553af694ee6 P 60f68c37ed9d44608581c2cd2938429e: Bootstrap starting.
W20260709 12:09:20.720500  7327 consensus_peers.cc:597] T d3e7e383f8ee42be821d2d74c30041f2 P 647e24c077f94b978a922e2d9d9fae91 -> Peer 60f68c37ed9d44608581c2cd2938429e (127.5.234.1:46097): Couldn't send request to peer 60f68c37ed9d44608581c2cd2938429e. Error code: TABLET_NOT_RUNNING (12). Status: Illegal state: Tablet not RUNNING: INITIALIZED. This is attempt 1: this message will repeat every 5th retry.
I20260709 12:09:20.727475  7404 tablet_bootstrap.cc:654] T 099e7b8c2e494b7191015553af694ee6 P 60f68c37ed9d44608581c2cd2938429e: Neither blocks nor log segments found. Creating new log.
I20260709 12:09:20.738253  7472 consensus_queue.cc:1048] T d3e7e383f8ee42be821d2d74c30041f2 P 647e24c077f94b978a922e2d9d9fae91 [LEADER]: Connected to new peer: Peer: permanent_uuid: "8010d8716b624624a8f03ba9f54ae8a1" member_type: VOTER last_known_addr { host: "127.5.234.2" port: 35705 }, Status: LMP_MISMATCH, Last received: 0.0, Next index: 1, Last known committed idx: 0, Time since last communication: 0.001s
I20260709 12:09:20.742973  7404 tablet_bootstrap.cc:492] T 099e7b8c2e494b7191015553af694ee6 P 60f68c37ed9d44608581c2cd2938429e: No bootstrap required, opened a new log
I20260709 12:09:20.744736  7404 ts_tablet_manager.cc:1403] T 099e7b8c2e494b7191015553af694ee6 P 60f68c37ed9d44608581c2cd2938429e: Time spent bootstrapping tablet: real 0.025s	user 0.012s	sys 0.000s
I20260709 12:09:20.751047  7404 raft_consensus.cc:359] T 099e7b8c2e494b7191015553af694ee6 P 60f68c37ed9d44608581c2cd2938429e [term 0 FOLLOWER]: Replica starting. Triggering 0 pending ops. Active config: opid_index: -1 OBSOLETE_local: false peers { permanent_uuid: "60f68c37ed9d44608581c2cd2938429e" member_type: VOTER last_known_addr { host: "127.5.234.1" port: 46097 } } peers { permanent_uuid: "8010d8716b624624a8f03ba9f54ae8a1" member_type: VOTER last_known_addr { host: "127.5.234.2" port: 35705 } } peers { permanent_uuid: "647e24c077f94b978a922e2d9d9fae91" member_type: VOTER last_known_addr { host: "127.5.234.3" port: 41709 } }
I20260709 12:09:20.754005  7402 tablet_bootstrap.cc:492] T 02fa4d6529dd4b709488093fb9ce47bf P 647e24c077f94b978a922e2d9d9fae91: No bootstrap required, opened a new log
I20260709 12:09:20.754635  7402 ts_tablet_manager.cc:1403] T 02fa4d6529dd4b709488093fb9ce47bf P 647e24c077f94b978a922e2d9d9fae91: Time spent bootstrapping tablet: real 0.095s	user 0.025s	sys 0.014s
I20260709 12:09:20.755313  7109 catalog_manager.cc:5697] T c9bde287fe7c463392588b2ad3c5f3a5 P 8010d8716b624624a8f03ba9f54ae8a1 reported cstate change: term changed from 0 to 1, leader changed from <none> to 8010d8716b624624a8f03ba9f54ae8a1 (127.5.234.2). New cstate: current_term: 1 leader_uuid: "8010d8716b624624a8f03ba9f54ae8a1" committed_config { opid_index: -1 OBSOLETE_local: false peers { permanent_uuid: "60f68c37ed9d44608581c2cd2938429e" member_type: VOTER last_known_addr { host: "127.5.234.1" port: 46097 } health_report { overall_health: UNKNOWN } } peers { permanent_uuid: "8010d8716b624624a8f03ba9f54ae8a1" member_type: VOTER last_known_addr { host: "127.5.234.2" port: 35705 } health_report { overall_health: HEALTHY } } peers { permanent_uuid: "647e24c077f94b978a922e2d9d9fae91" member_type: VOTER last_known_addr { host: "127.5.234.3" port: 41709 } health_report { overall_health: UNKNOWN } } }
I20260709 12:09:20.757413  7403 tablet_bootstrap.cc:492] T 9538576db9a541748d8628c5335257e7 P 8010d8716b624624a8f03ba9f54ae8a1: No bootstrap required, opened a new log
I20260709 12:09:20.752285  7404 raft_consensus.cc:385] T 099e7b8c2e494b7191015553af694ee6 P 60f68c37ed9d44608581c2cd2938429e [term 0 FOLLOWER]: Consensus starting up: Expiring failure detector timer to make a prompt election more likely
I20260709 12:09:20.757985  7403 ts_tablet_manager.cc:1403] T 9538576db9a541748d8628c5335257e7 P 8010d8716b624624a8f03ba9f54ae8a1: Time spent bootstrapping tablet: real 0.073s	user 0.012s	sys 0.042s
I20260709 12:09:20.758234  7404 raft_consensus.cc:740] T 099e7b8c2e494b7191015553af694ee6 P 60f68c37ed9d44608581c2cd2938429e [term 0 FOLLOWER]: Becoming Follower/Learner. State: Replica: 60f68c37ed9d44608581c2cd2938429e, State: Initialized, Role: FOLLOWER
I20260709 12:09:20.758973  7404 consensus_queue.cc:260] T 099e7b8c2e494b7191015553af694ee6 P 60f68c37ed9d44608581c2cd2938429e [NON_LEADER]: Queue going to NON_LEADER mode. State: All replicated index: 0, Majority replicated index: 0, Committed index: 0, Last appended: 0.0, Last appended by leader: 0, Current term: 0, Majority size: -1, State: 0, Mode: NON_LEADER, active raft config: opid_index: -1 OBSOLETE_local: false peers { permanent_uuid: "60f68c37ed9d44608581c2cd2938429e" member_type: VOTER last_known_addr { host: "127.5.234.1" port: 46097 } } peers { permanent_uuid: "8010d8716b624624a8f03ba9f54ae8a1" member_type: VOTER last_known_addr { host: "127.5.234.2" port: 35705 } } peers { permanent_uuid: "647e24c077f94b978a922e2d9d9fae91" member_type: VOTER last_known_addr { host: "127.5.234.3" port: 41709 } }
I20260709 12:09:20.760574  7403 raft_consensus.cc:359] T 9538576db9a541748d8628c5335257e7 P 8010d8716b624624a8f03ba9f54ae8a1 [term 0 FOLLOWER]: Replica starting. Triggering 0 pending ops. Active config: opid_index: -1 OBSOLETE_local: false peers { permanent_uuid: "60f68c37ed9d44608581c2cd2938429e" member_type: VOTER last_known_addr { host: "127.5.234.1" port: 46097 } } peers { permanent_uuid: "8010d8716b624624a8f03ba9f54ae8a1" member_type: VOTER last_known_addr { host: "127.5.234.2" port: 35705 } } peers { permanent_uuid: "647e24c077f94b978a922e2d9d9fae91" member_type: VOTER last_known_addr { host: "127.5.234.3" port: 41709 } }
I20260709 12:09:20.761107  7404 ts_tablet_manager.cc:1434] T 099e7b8c2e494b7191015553af694ee6 P 60f68c37ed9d44608581c2cd2938429e: Time spent starting tablet: real 0.015s	user 0.005s	sys 0.000s
I20260709 12:09:20.761240  7403 raft_consensus.cc:385] T 9538576db9a541748d8628c5335257e7 P 8010d8716b624624a8f03ba9f54ae8a1 [term 0 FOLLOWER]: Consensus starting up: Expiring failure detector timer to make a prompt election more likely
I20260709 12:09:20.761518  7403 raft_consensus.cc:740] T 9538576db9a541748d8628c5335257e7 P 8010d8716b624624a8f03ba9f54ae8a1 [term 0 FOLLOWER]: Becoming Follower/Learner. State: Replica: 8010d8716b624624a8f03ba9f54ae8a1, State: Initialized, Role: FOLLOWER
I20260709 12:09:20.762046  7404 tablet_bootstrap.cc:492] T c9bde287fe7c463392588b2ad3c5f3a5 P 60f68c37ed9d44608581c2cd2938429e: Bootstrap starting.
I20260709 12:09:20.762107  7403 consensus_queue.cc:260] T 9538576db9a541748d8628c5335257e7 P 8010d8716b624624a8f03ba9f54ae8a1 [NON_LEADER]: Queue going to NON_LEADER mode. State: All replicated index: 0, Majority replicated index: 0, Committed index: 0, Last appended: 0.0, Last appended by leader: 0, Current term: 0, Majority size: -1, State: 0, Mode: NON_LEADER, active raft config: opid_index: -1 OBSOLETE_local: false peers { permanent_uuid: "60f68c37ed9d44608581c2cd2938429e" member_type: VOTER last_known_addr { host: "127.5.234.1" port: 46097 } } peers { permanent_uuid: "8010d8716b624624a8f03ba9f54ae8a1" member_type: VOTER last_known_addr { host: "127.5.234.2" port: 35705 } } peers { permanent_uuid: "647e24c077f94b978a922e2d9d9fae91" member_type: VOTER last_known_addr { host: "127.5.234.3" port: 41709 } }
I20260709 12:09:20.764274  7403 ts_tablet_manager.cc:1434] T 9538576db9a541748d8628c5335257e7 P 8010d8716b624624a8f03ba9f54ae8a1: Time spent starting tablet: real 0.006s	user 0.005s	sys 0.000s
I20260709 12:09:20.757365  7402 raft_consensus.cc:359] T 02fa4d6529dd4b709488093fb9ce47bf P 647e24c077f94b978a922e2d9d9fae91 [term 0 FOLLOWER]: Replica starting. Triggering 0 pending ops. Active config: opid_index: -1 OBSOLETE_local: false peers { permanent_uuid: "60f68c37ed9d44608581c2cd2938429e" member_type: VOTER last_known_addr { host: "127.5.234.1" port: 46097 } } peers { permanent_uuid: "8010d8716b624624a8f03ba9f54ae8a1" member_type: VOTER last_known_addr { host: "127.5.234.2" port: 35705 } } peers { permanent_uuid: "647e24c077f94b978a922e2d9d9fae91" member_type: VOTER last_known_addr { host: "127.5.234.3" port: 41709 } }
I20260709 12:09:20.767419  7402 raft_consensus.cc:385] T 02fa4d6529dd4b709488093fb9ce47bf P 647e24c077f94b978a922e2d9d9fae91 [term 0 FOLLOWER]: Consensus starting up: Expiring failure detector timer to make a prompt election more likely
I20260709 12:09:20.767696  7402 raft_consensus.cc:740] T 02fa4d6529dd4b709488093fb9ce47bf P 647e24c077f94b978a922e2d9d9fae91 [term 0 FOLLOWER]: Becoming Follower/Learner. State: Replica: 647e24c077f94b978a922e2d9d9fae91, State: Initialized, Role: FOLLOWER
I20260709 12:09:20.768635  7404 tablet_bootstrap.cc:654] T c9bde287fe7c463392588b2ad3c5f3a5 P 60f68c37ed9d44608581c2cd2938429e: Neither blocks nor log segments found. Creating new log.
I20260709 12:09:20.768321  7402 consensus_queue.cc:260] T 02fa4d6529dd4b709488093fb9ce47bf P 647e24c077f94b978a922e2d9d9fae91 [NON_LEADER]: Queue going to NON_LEADER mode. State: All replicated index: 0, Majority replicated index: 0, Committed index: 0, Last appended: 0.0, Last appended by leader: 0, Current term: 0, Majority size: -1, State: 0, Mode: NON_LEADER, active raft config: opid_index: -1 OBSOLETE_local: false peers { permanent_uuid: "60f68c37ed9d44608581c2cd2938429e" member_type: VOTER last_known_addr { host: "127.5.234.1" port: 46097 } } peers { permanent_uuid: "8010d8716b624624a8f03ba9f54ae8a1" member_type: VOTER last_known_addr { host: "127.5.234.2" port: 35705 } } peers { permanent_uuid: "647e24c077f94b978a922e2d9d9fae91" member_type: VOTER last_known_addr { host: "127.5.234.3" port: 41709 } }
I20260709 12:09:20.770390  7402 ts_tablet_manager.cc:1434] T 02fa4d6529dd4b709488093fb9ce47bf P 647e24c077f94b978a922e2d9d9fae91: Time spent starting tablet: real 0.015s	user 0.003s	sys 0.002s
I20260709 12:09:20.771252  7402 tablet_bootstrap.cc:492] T dc4f5a2a1d3342bd867ce029a894d4ec P 647e24c077f94b978a922e2d9d9fae91: Bootstrap starting.
I20260709 12:09:20.777225  7402 tablet_bootstrap.cc:654] T dc4f5a2a1d3342bd867ce029a894d4ec P 647e24c077f94b978a922e2d9d9fae91: Neither blocks nor log segments found. Creating new log.
I20260709 12:09:20.783037  7403 tablet_bootstrap.cc:492] T 7713239e5faf4ec5b54bb74694b6690c P 8010d8716b624624a8f03ba9f54ae8a1: Bootstrap starting.
W20260709 12:09:20.785530  7253 consensus_peers.cc:597] T 317884f9be7a49389e33b0d468e80066 P 8010d8716b624624a8f03ba9f54ae8a1 -> Peer 60f68c37ed9d44608581c2cd2938429e (127.5.234.1:46097): Couldn't send request to peer 60f68c37ed9d44608581c2cd2938429e. Error code: TABLET_NOT_RUNNING (12). Status: Illegal state: Tablet not RUNNING: INITIALIZED. This is attempt 1: this message will repeat every 5th retry.
I20260709 12:09:20.789527  7516 consensus_queue.cc:1048] T 4ac94ad6f526459d976f18dcef7ada7b P 647e24c077f94b978a922e2d9d9fae91 [LEADER]: Connected to new peer: Peer: permanent_uuid: "60f68c37ed9d44608581c2cd2938429e" member_type: VOTER last_known_addr { host: "127.5.234.1" port: 46097 }, Status: LMP_MISMATCH, Last received: 0.0, Next index: 1, Last known committed idx: 0, Time since last communication: 0.001s
I20260709 12:09:20.791452  7403 tablet_bootstrap.cc:654] T 7713239e5faf4ec5b54bb74694b6690c P 8010d8716b624624a8f03ba9f54ae8a1: Neither blocks nor log segments found. Creating new log.
I20260709 12:09:20.793479  7404 tablet_bootstrap.cc:492] T c9bde287fe7c463392588b2ad3c5f3a5 P 60f68c37ed9d44608581c2cd2938429e: No bootstrap required, opened a new log
I20260709 12:09:20.793998  7404 ts_tablet_manager.cc:1403] T c9bde287fe7c463392588b2ad3c5f3a5 P 60f68c37ed9d44608581c2cd2938429e: Time spent bootstrapping tablet: real 0.032s	user 0.011s	sys 0.005s
I20260709 12:09:20.796694  7404 raft_consensus.cc:359] T c9bde287fe7c463392588b2ad3c5f3a5 P 60f68c37ed9d44608581c2cd2938429e [term 0 FOLLOWER]: Replica starting. Triggering 0 pending ops. Active config: opid_index: -1 OBSOLETE_local: false peers { permanent_uuid: "60f68c37ed9d44608581c2cd2938429e" member_type: VOTER last_known_addr { host: "127.5.234.1" port: 46097 } } peers { permanent_uuid: "8010d8716b624624a8f03ba9f54ae8a1" member_type: VOTER last_known_addr { host: "127.5.234.2" port: 35705 } } peers { permanent_uuid: "647e24c077f94b978a922e2d9d9fae91" member_type: VOTER last_known_addr { host: "127.5.234.3" port: 41709 } }
I20260709 12:09:20.797385  7404 raft_consensus.cc:385] T c9bde287fe7c463392588b2ad3c5f3a5 P 60f68c37ed9d44608581c2cd2938429e [term 0 FOLLOWER]: Consensus starting up: Expiring failure detector timer to make a prompt election more likely
I20260709 12:09:20.797652  7404 raft_consensus.cc:740] T c9bde287fe7c463392588b2ad3c5f3a5 P 60f68c37ed9d44608581c2cd2938429e [term 0 FOLLOWER]: Becoming Follower/Learner. State: Replica: 60f68c37ed9d44608581c2cd2938429e, State: Initialized, Role: FOLLOWER
I20260709 12:09:20.800768  7404 consensus_queue.cc:260] T c9bde287fe7c463392588b2ad3c5f3a5 P 60f68c37ed9d44608581c2cd2938429e [NON_LEADER]: Queue going to NON_LEADER mode. State: All replicated index: 0, Majority replicated index: 0, Committed index: 0, Last appended: 0.0, Last appended by leader: 0, Current term: 0, Majority size: -1, State: 0, Mode: NON_LEADER, active raft config: opid_index: -1 OBSOLETE_local: false peers { permanent_uuid: "60f68c37ed9d44608581c2cd2938429e" member_type: VOTER last_known_addr { host: "127.5.234.1" port: 46097 } } peers { permanent_uuid: "8010d8716b624624a8f03ba9f54ae8a1" member_type: VOTER last_known_addr { host: "127.5.234.2" port: 35705 } } peers { permanent_uuid: "647e24c077f94b978a922e2d9d9fae91" member_type: VOTER last_known_addr { host: "127.5.234.3" port: 41709 } }
I20260709 12:09:20.802206  7648 raft_consensus.cc:493] T ada578c81d11486fb4d14ff1bd326f13 P 60f68c37ed9d44608581c2cd2938429e [term 0 FOLLOWER]: Starting pre-election (no leader contacted us within the election timeout)
I20260709 12:09:20.802919  7404 ts_tablet_manager.cc:1434] T c9bde287fe7c463392588b2ad3c5f3a5 P 60f68c37ed9d44608581c2cd2938429e: Time spent starting tablet: real 0.009s	user 0.008s	sys 0.000s
I20260709 12:09:20.802649  7648 raft_consensus.cc:515] T ada578c81d11486fb4d14ff1bd326f13 P 60f68c37ed9d44608581c2cd2938429e [term 0 FOLLOWER]: Starting pre-election with config: opid_index: -1 OBSOLETE_local: false peers { permanent_uuid: "60f68c37ed9d44608581c2cd2938429e" member_type: VOTER last_known_addr { host: "127.5.234.1" port: 46097 } } peers { permanent_uuid: "8010d8716b624624a8f03ba9f54ae8a1" member_type: VOTER last_known_addr { host: "127.5.234.2" port: 35705 } } peers { permanent_uuid: "647e24c077f94b978a922e2d9d9fae91" member_type: VOTER last_known_addr { host: "127.5.234.3" port: 41709 } }
I20260709 12:09:20.803850  7404 tablet_bootstrap.cc:492] T d3e7e383f8ee42be821d2d74c30041f2 P 60f68c37ed9d44608581c2cd2938429e: Bootstrap starting.
I20260709 12:09:20.804600  7648 leader_election.cc:290] T ada578c81d11486fb4d14ff1bd326f13 P 60f68c37ed9d44608581c2cd2938429e [CANDIDATE]: Term 1 pre-election: Requested pre-vote from peers 8010d8716b624624a8f03ba9f54ae8a1 (127.5.234.2:35705), 647e24c077f94b978a922e2d9d9fae91 (127.5.234.3:41709)
I20260709 12:09:20.806298  7360 tablet_service.cc:1917] Received RequestConsensusVote() RPC: tablet_id: "ada578c81d11486fb4d14ff1bd326f13" candidate_uuid: "60f68c37ed9d44608581c2cd2938429e" candidate_term: 1 candidate_status { last_received { term: 0 index: 0 } } ignore_live_leader: false dest_uuid: "647e24c077f94b978a922e2d9d9fae91" is_pre_election: true
I20260709 12:09:20.806900  7360 raft_consensus.cc:2468] T ada578c81d11486fb4d14ff1bd326f13 P 647e24c077f94b978a922e2d9d9fae91 [term 0 FOLLOWER]: Leader pre-election vote request: Granting yes vote for candidate 60f68c37ed9d44608581c2cd2938429e in term 0.
I20260709 12:09:20.808084  7176 leader_election.cc:304] T ada578c81d11486fb4d14ff1bd326f13 P 60f68c37ed9d44608581c2cd2938429e [CANDIDATE]: Term 1 pre-election: Election decided. Result: candidate won. Election summary: received 2 responses out of 3 voters: 2 yes votes; 0 no votes. yes voters: 60f68c37ed9d44608581c2cd2938429e, 647e24c077f94b978a922e2d9d9fae91; no voters: 
I20260709 12:09:20.808915  7449 raft_consensus.cc:2804] T ada578c81d11486fb4d14ff1bd326f13 P 60f68c37ed9d44608581c2cd2938429e [term 0 FOLLOWER]: Leader pre-election won for term 1
I20260709 12:09:20.809253  7449 raft_consensus.cc:493] T ada578c81d11486fb4d14ff1bd326f13 P 60f68c37ed9d44608581c2cd2938429e [term 0 FOLLOWER]: Starting leader election (no leader contacted us within the election timeout)
I20260709 12:09:20.809549  7449 raft_consensus.cc:3060] T ada578c81d11486fb4d14ff1bd326f13 P 60f68c37ed9d44608581c2cd2938429e [term 0 FOLLOWER]: Advancing to term 1
I20260709 12:09:20.810154  7402 tablet_bootstrap.cc:492] T dc4f5a2a1d3342bd867ce029a894d4ec P 647e24c077f94b978a922e2d9d9fae91: No bootstrap required, opened a new log
I20260709 12:09:20.810592  7402 ts_tablet_manager.cc:1403] T dc4f5a2a1d3342bd867ce029a894d4ec P 647e24c077f94b978a922e2d9d9fae91: Time spent bootstrapping tablet: real 0.040s	user 0.022s	sys 0.012s
I20260709 12:09:20.811182  7515 raft_consensus.cc:493] T e5511eee7afe41b2b7b29b283b4c2af6 P 8010d8716b624624a8f03ba9f54ae8a1 [term 0 FOLLOWER]: Starting pre-election (no leader contacted us within the election timeout)
I20260709 12:09:20.811549  7403 tablet_bootstrap.cc:492] T 7713239e5faf4ec5b54bb74694b6690c P 8010d8716b624624a8f03ba9f54ae8a1: No bootstrap required, opened a new log
I20260709 12:09:20.812067  7403 ts_tablet_manager.cc:1403] T 7713239e5faf4ec5b54bb74694b6690c P 8010d8716b624624a8f03ba9f54ae8a1: Time spent bootstrapping tablet: real 0.029s	user 0.011s	sys 0.000s
I20260709 12:09:20.811648  7515 raft_consensus.cc:515] T e5511eee7afe41b2b7b29b283b4c2af6 P 8010d8716b624624a8f03ba9f54ae8a1 [term 0 FOLLOWER]: Starting pre-election with config: opid_index: -1 OBSOLETE_local: false peers { permanent_uuid: "60f68c37ed9d44608581c2cd2938429e" member_type: VOTER last_known_addr { host: "127.5.234.1" port: 46097 } } peers { permanent_uuid: "8010d8716b624624a8f03ba9f54ae8a1" member_type: VOTER last_known_addr { host: "127.5.234.2" port: 35705 } } peers { permanent_uuid: "647e24c077f94b978a922e2d9d9fae91" member_type: VOTER last_known_addr { host: "127.5.234.3" port: 41709 } }
I20260709 12:09:20.816210  7402 raft_consensus.cc:359] T dc4f5a2a1d3342bd867ce029a894d4ec P 647e24c077f94b978a922e2d9d9fae91 [term 0 FOLLOWER]: Replica starting. Triggering 0 pending ops. Active config: opid_index: -1 OBSOLETE_local: false peers { permanent_uuid: "60f68c37ed9d44608581c2cd2938429e" member_type: VOTER last_known_addr { host: "127.5.234.1" port: 46097 } } peers { permanent_uuid: "8010d8716b624624a8f03ba9f54ae8a1" member_type: VOTER last_known_addr { host: "127.5.234.2" port: 35705 } } peers { permanent_uuid: "647e24c077f94b978a922e2d9d9fae91" member_type: VOTER last_known_addr { host: "127.5.234.3" port: 41709 } }
I20260709 12:09:20.816581  7403 raft_consensus.cc:359] T 7713239e5faf4ec5b54bb74694b6690c P 8010d8716b624624a8f03ba9f54ae8a1 [term 0 FOLLOWER]: Replica starting. Triggering 0 pending ops. Active config: opid_index: -1 OBSOLETE_local: false peers { permanent_uuid: "60f68c37ed9d44608581c2cd2938429e" member_type: VOTER last_known_addr { host: "127.5.234.1" port: 46097 } } peers { permanent_uuid: "8010d8716b624624a8f03ba9f54ae8a1" member_type: VOTER last_known_addr { host: "127.5.234.2" port: 35705 } } peers { permanent_uuid: "647e24c077f94b978a922e2d9d9fae91" member_type: VOTER last_known_addr { host: "127.5.234.3" port: 41709 } }
I20260709 12:09:20.816908  7515 leader_election.cc:290] T e5511eee7afe41b2b7b29b283b4c2af6 P 8010d8716b624624a8f03ba9f54ae8a1 [CANDIDATE]: Term 1 pre-election: Requested pre-vote from peers 60f68c37ed9d44608581c2cd2938429e (127.5.234.1:46097), 647e24c077f94b978a922e2d9d9fae91 (127.5.234.3:41709)
I20260709 12:09:20.816943  7402 raft_consensus.cc:385] T dc4f5a2a1d3342bd867ce029a894d4ec P 647e24c077f94b978a922e2d9d9fae91 [term 0 FOLLOWER]: Consensus starting up: Expiring failure detector timer to make a prompt election more likely
I20260709 12:09:20.817516  7402 raft_consensus.cc:740] T dc4f5a2a1d3342bd867ce029a894d4ec P 647e24c077f94b978a922e2d9d9fae91 [term 0 FOLLOWER]: Becoming Follower/Learner. State: Replica: 647e24c077f94b978a922e2d9d9fae91, State: Initialized, Role: FOLLOWER
I20260709 12:09:20.817740  7404 tablet_bootstrap.cc:654] T d3e7e383f8ee42be821d2d74c30041f2 P 60f68c37ed9d44608581c2cd2938429e: Neither blocks nor log segments found. Creating new log.
I20260709 12:09:20.817546  7212 tablet_service.cc:1917] Received RequestConsensusVote() RPC: tablet_id: "e5511eee7afe41b2b7b29b283b4c2af6" candidate_uuid: "8010d8716b624624a8f03ba9f54ae8a1" candidate_term: 1 candidate_status { last_received { term: 0 index: 0 } } ignore_live_leader: false dest_uuid: "60f68c37ed9d44608581c2cd2938429e" is_pre_election: true
I20260709 12:09:20.819476  7360 tablet_service.cc:1917] Received RequestConsensusVote() RPC: tablet_id: "e5511eee7afe41b2b7b29b283b4c2af6" candidate_uuid: "8010d8716b624624a8f03ba9f54ae8a1" candidate_term: 1 candidate_status { last_received { term: 0 index: 0 } } ignore_live_leader: false dest_uuid: "647e24c077f94b978a922e2d9d9fae91" is_pre_election: true
I20260709 12:09:20.819847  7286 tablet_service.cc:1917] Received RequestConsensusVote() RPC: tablet_id: "ada578c81d11486fb4d14ff1bd326f13" candidate_uuid: "60f68c37ed9d44608581c2cd2938429e" candidate_term: 1 candidate_status { last_received { term: 0 index: 0 } } ignore_live_leader: false dest_uuid: "8010d8716b624624a8f03ba9f54ae8a1" is_pre_election: true
I20260709 12:09:20.818347  7212 raft_consensus.cc:2393] T e5511eee7afe41b2b7b29b283b4c2af6 P 60f68c37ed9d44608581c2cd2938429e [term 1 FOLLOWER]: Leader pre-election vote request: Denying vote to candidate 8010d8716b624624a8f03ba9f54ae8a1 in current term 1: Already voted for candidate 60f68c37ed9d44608581c2cd2938429e in this term.
I20260709 12:09:20.820286  7403 raft_consensus.cc:385] T 7713239e5faf4ec5b54bb74694b6690c P 8010d8716b624624a8f03ba9f54ae8a1 [term 0 FOLLOWER]: Consensus starting up: Expiring failure detector timer to make a prompt election more likely
I20260709 12:09:20.820597  7403 raft_consensus.cc:740] T 7713239e5faf4ec5b54bb74694b6690c P 8010d8716b624624a8f03ba9f54ae8a1 [term 0 FOLLOWER]: Becoming Follower/Learner. State: Replica: 8010d8716b624624a8f03ba9f54ae8a1, State: Initialized, Role: FOLLOWER
W20260709 12:09:20.821523  7176 leader_election.cc:343] T ada578c81d11486fb4d14ff1bd326f13 P 60f68c37ed9d44608581c2cd2938429e [CANDIDATE]: Term 1 pre-election: Tablet error from VoteRequest() call to peer 8010d8716b624624a8f03ba9f54ae8a1 (127.5.234.2:35705): Illegal state: must be running to vote when last-logged opid is not known
I20260709 12:09:20.821247  7403 consensus_queue.cc:260] T 7713239e5faf4ec5b54bb74694b6690c P 8010d8716b624624a8f03ba9f54ae8a1 [NON_LEADER]: Queue going to NON_LEADER mode. State: All replicated index: 0, Majority replicated index: 0, Committed index: 0, Last appended: 0.0, Last appended by leader: 0, Current term: 0, Majority size: -1, State: 0, Mode: NON_LEADER, active raft config: opid_index: -1 OBSOLETE_local: false peers { permanent_uuid: "60f68c37ed9d44608581c2cd2938429e" member_type: VOTER last_known_addr { host: "127.5.234.1" port: 46097 } } peers { permanent_uuid: "8010d8716b624624a8f03ba9f54ae8a1" member_type: VOTER last_known_addr { host: "127.5.234.2" port: 35705 } } peers { permanent_uuid: "647e24c077f94b978a922e2d9d9fae91" member_type: VOTER last_known_addr { host: "127.5.234.3" port: 41709 } }
I20260709 12:09:20.822244  7449 raft_consensus.cc:515] T ada578c81d11486fb4d14ff1bd326f13 P 60f68c37ed9d44608581c2cd2938429e [term 1 FOLLOWER]: Starting leader election with config: opid_index: -1 OBSOLETE_local: false peers { permanent_uuid: "60f68c37ed9d44608581c2cd2938429e" member_type: VOTER last_known_addr { host: "127.5.234.1" port: 46097 } } peers { permanent_uuid: "8010d8716b624624a8f03ba9f54ae8a1" member_type: VOTER last_known_addr { host: "127.5.234.2" port: 35705 } } peers { permanent_uuid: "647e24c077f94b978a922e2d9d9fae91" member_type: VOTER last_known_addr { host: "127.5.234.3" port: 41709 } }
I20260709 12:09:20.820163  7360 raft_consensus.cc:2393] T e5511eee7afe41b2b7b29b283b4c2af6 P 647e24c077f94b978a922e2d9d9fae91 [term 1 FOLLOWER]: Leader pre-election vote request: Denying vote to candidate 8010d8716b624624a8f03ba9f54ae8a1 in current term 1: Already voted for candidate 647e24c077f94b978a922e2d9d9fae91 in this term.
I20260709 12:09:20.822777  7403 ts_tablet_manager.cc:1434] T 7713239e5faf4ec5b54bb74694b6690c P 8010d8716b624624a8f03ba9f54ae8a1: Time spent starting tablet: real 0.010s	user 0.006s	sys 0.000s
I20260709 12:09:20.823925  7403 tablet_bootstrap.cc:492] T 3bdb6b0b9f0b405fa3ea7b1c7e5a9678 P 8010d8716b624624a8f03ba9f54ae8a1: Bootstrap starting.
I20260709 12:09:20.823954  7251 leader_election.cc:304] T e5511eee7afe41b2b7b29b283b4c2af6 P 8010d8716b624624a8f03ba9f54ae8a1 [CANDIDATE]: Term 1 pre-election: Election decided. Result: candidate lost. Election summary: received 3 responses out of 3 voters: 1 yes votes; 2 no votes. yes voters: 8010d8716b624624a8f03ba9f54ae8a1; no voters: 60f68c37ed9d44608581c2cd2938429e, 647e24c077f94b978a922e2d9d9fae91
I20260709 12:09:20.824756  7515 raft_consensus.cc:3060] T e5511eee7afe41b2b7b29b283b4c2af6 P 8010d8716b624624a8f03ba9f54ae8a1 [term 0 FOLLOWER]: Advancing to term 1
I20260709 12:09:20.818379  7402 consensus_queue.cc:260] T dc4f5a2a1d3342bd867ce029a894d4ec P 647e24c077f94b978a922e2d9d9fae91 [NON_LEADER]: Queue going to NON_LEADER mode. State: All replicated index: 0, Majority replicated index: 0, Committed index: 0, Last appended: 0.0, Last appended by leader: 0, Current term: 0, Majority size: -1, State: 0, Mode: NON_LEADER, active raft config: opid_index: -1 OBSOLETE_local: false peers { permanent_uuid: "60f68c37ed9d44608581c2cd2938429e" member_type: VOTER last_known_addr { host: "127.5.234.1" port: 46097 } } peers { permanent_uuid: "8010d8716b624624a8f03ba9f54ae8a1" member_type: VOTER last_known_addr { host: "127.5.234.2" port: 35705 } } peers { permanent_uuid: "647e24c077f94b978a922e2d9d9fae91" member_type: VOTER last_known_addr { host: "127.5.234.3" port: 41709 } }
I20260709 12:09:20.827092  7402 ts_tablet_manager.cc:1434] T dc4f5a2a1d3342bd867ce029a894d4ec P 647e24c077f94b978a922e2d9d9fae91: Time spent starting tablet: real 0.016s	user 0.006s	sys 0.001s
I20260709 12:09:20.827591  7286 tablet_service.cc:1917] Received RequestConsensusVote() RPC: tablet_id: "ada578c81d11486fb4d14ff1bd326f13" candidate_uuid: "60f68c37ed9d44608581c2cd2938429e" candidate_term: 1 candidate_status { last_received { term: 0 index: 0 } } ignore_live_leader: false dest_uuid: "8010d8716b624624a8f03ba9f54ae8a1"
I20260709 12:09:20.828068  7402 tablet_bootstrap.cc:492] T b632da705f084e0bae93f55a51d21e3f P 647e24c077f94b978a922e2d9d9fae91: Bootstrap starting.
W20260709 12:09:20.828891  7176 leader_election.cc:343] T ada578c81d11486fb4d14ff1bd326f13 P 60f68c37ed9d44608581c2cd2938429e [CANDIDATE]: Term 1 election: Tablet error from VoteRequest() call to peer 8010d8716b624624a8f03ba9f54ae8a1 (127.5.234.2:35705): Illegal state: must be running to vote when last-logged opid is not known
