I20260709 12:26:15.876317 13908 consensus_queue.cc:260] T d7c83d7f70f84ee29e7a48394eeac7d7 P f03b3d74262347349eff38d239bee041 [NON_LEADER]: Queue going to NON_LEADER mode. State: All replicated index: 0, Majority replicated index: 0, Committed index: 0, Last appended: 0.0, Last appended by leader: 0, Current term: 0, Majority size: -1, State: 0, Mode: NON_LEADER, active raft config: opid_index: -1 OBSOLETE_local: false peers { permanent_uuid: "f03b3d74262347349eff38d239bee041" member_type: VOTER last_known_addr { host: "127.12.66.1" port: 33403 } } peers { permanent_uuid: "f375a99d653b4058b2a9a4b10a6ad820" member_type: VOTER last_known_addr { host: "127.12.66.2" port: 44867 } } peers { permanent_uuid: "dae66c3a3386465f908ff99264dac1ce" member_type: VOTER last_known_addr { host: "127.12.66.3" port: 44963 } }
I20260709 12:26:15.866271 13909 tablet_bootstrap.cc:492] T 83288233ff9849c7ae21b21d530d0d20 P f375a99d653b4058b2a9a4b10a6ad820: No bootstrap required, opened a new log
I20260709 12:26:15.878433 13909 ts_tablet_manager.cc:1403] T 83288233ff9849c7ae21b21d530d0d20 P f375a99d653b4058b2a9a4b10a6ad820: Time spent bootstrapping tablet: real 0.094s	user 0.014s	sys 0.004s
I20260709 12:26:15.878520 13908 ts_tablet_manager.cc:1434] T d7c83d7f70f84ee29e7a48394eeac7d7 P f03b3d74262347349eff38d239bee041: Time spent starting tablet: real 0.033s	user 0.008s	sys 0.000s
I20260709 12:26:15.879601 13908 tablet_bootstrap.cc:492] T 137f56b2c8f94e22b9dba332d3bfaa97 P f03b3d74262347349eff38d239bee041: Bootstrap starting.
I20260709 12:26:15.885695 13908 tablet_bootstrap.cc:654] T 137f56b2c8f94e22b9dba332d3bfaa97 P f03b3d74262347349eff38d239bee041: Neither blocks nor log segments found. Creating new log.
I20260709 12:26:15.886013 13906 tablet_bootstrap.cc:654] T d7c83d7f70f84ee29e7a48394eeac7d7 P dae66c3a3386465f908ff99264dac1ce: Neither blocks nor log segments found. Creating new log.
I20260709 12:26:15.881650 13909 raft_consensus.cc:359] T 83288233ff9849c7ae21b21d530d0d20 P f375a99d653b4058b2a9a4b10a6ad820 [term 0 FOLLOWER]: Replica starting. Triggering 0 pending ops. Active config: opid_index: -1 OBSOLETE_local: false peers { permanent_uuid: "f03b3d74262347349eff38d239bee041" member_type: VOTER last_known_addr { host: "127.12.66.1" port: 33403 } } peers { permanent_uuid: "f375a99d653b4058b2a9a4b10a6ad820" member_type: VOTER last_known_addr { host: "127.12.66.2" port: 44867 } } peers { permanent_uuid: "dae66c3a3386465f908ff99264dac1ce" member_type: VOTER last_known_addr { host: "127.12.66.3" port: 44963 } }
I20260709 12:26:15.889048 13909 raft_consensus.cc:385] T 83288233ff9849c7ae21b21d530d0d20 P f375a99d653b4058b2a9a4b10a6ad820 [term 0 FOLLOWER]: Consensus starting up: Expiring failure detector timer to make a prompt election more likely
I20260709 12:26:15.889400 13909 raft_consensus.cc:740] T 83288233ff9849c7ae21b21d530d0d20 P f375a99d653b4058b2a9a4b10a6ad820 [term 0 FOLLOWER]: Becoming Follower/Learner. State: Replica: f375a99d653b4058b2a9a4b10a6ad820, State: Initialized, Role: FOLLOWER
I20260709 12:26:15.890131 13909 consensus_queue.cc:260] T 83288233ff9849c7ae21b21d530d0d20 P f375a99d653b4058b2a9a4b10a6ad820 [NON_LEADER]: Queue going to NON_LEADER mode. State: All replicated index: 0, Majority replicated index: 0, Committed index: 0, Last appended: 0.0, Last appended by leader: 0, Current term: 0, Majority size: -1, State: 0, Mode: NON_LEADER, active raft config: opid_index: -1 OBSOLETE_local: false peers { permanent_uuid: "f03b3d74262347349eff38d239bee041" member_type: VOTER last_known_addr { host: "127.12.66.1" port: 33403 } } peers { permanent_uuid: "f375a99d653b4058b2a9a4b10a6ad820" member_type: VOTER last_known_addr { host: "127.12.66.2" port: 44867 } } peers { permanent_uuid: "dae66c3a3386465f908ff99264dac1ce" member_type: VOTER last_known_addr { host: "127.12.66.3" port: 44963 } }
I20260709 12:26:15.892382 13909 ts_tablet_manager.cc:1434] T 83288233ff9849c7ae21b21d530d0d20 P f375a99d653b4058b2a9a4b10a6ad820: Time spent starting tablet: real 0.014s	user 0.006s	sys 0.000s
I20260709 12:26:15.895191 13909 tablet_bootstrap.cc:492] T 0e2d19523ba24eb9adbd1feb0b0ad4dc P f375a99d653b4058b2a9a4b10a6ad820: Bootstrap starting.
I20260709 12:26:15.901966 13909 tablet_bootstrap.cc:654] T 0e2d19523ba24eb9adbd1feb0b0ad4dc P f375a99d653b4058b2a9a4b10a6ad820: Neither blocks nor log segments found. Creating new log.
I20260709 12:26:15.902352 13970 consensus_queue.cc:1048] T 40e20b6c087040d88e51d51f535a0840 P f375a99d653b4058b2a9a4b10a6ad820 [LEADER]: Connected to new peer: Peer: permanent_uuid: "dae66c3a3386465f908ff99264dac1ce" member_type: VOTER last_known_addr { host: "127.12.66.3" port: 44963 }, Status: LMP_MISMATCH, Last received: 0.0, Next index: 1, Last known committed idx: 0, Time since last communication: 0.000s
I20260709 12:26:15.912578 13906 tablet_bootstrap.cc:492] T d7c83d7f70f84ee29e7a48394eeac7d7 P dae66c3a3386465f908ff99264dac1ce: No bootstrap required, opened a new log
I20260709 12:26:15.913671 13906 ts_tablet_manager.cc:1403] T d7c83d7f70f84ee29e7a48394eeac7d7 P dae66c3a3386465f908ff99264dac1ce: Time spent bootstrapping tablet: real 0.038s	user 0.009s	sys 0.003s
I20260709 12:26:15.918889 13906 raft_consensus.cc:359] T d7c83d7f70f84ee29e7a48394eeac7d7 P dae66c3a3386465f908ff99264dac1ce [term 0 FOLLOWER]: Replica starting. Triggering 0 pending ops. Active config: opid_index: -1 OBSOLETE_local: false peers { permanent_uuid: "f03b3d74262347349eff38d239bee041" member_type: VOTER last_known_addr { host: "127.12.66.1" port: 33403 } } peers { permanent_uuid: "f375a99d653b4058b2a9a4b10a6ad820" member_type: VOTER last_known_addr { host: "127.12.66.2" port: 44867 } } peers { permanent_uuid: "dae66c3a3386465f908ff99264dac1ce" member_type: VOTER last_known_addr { host: "127.12.66.3" port: 44963 } }
I20260709 12:26:15.920284 13906 raft_consensus.cc:385] T d7c83d7f70f84ee29e7a48394eeac7d7 P dae66c3a3386465f908ff99264dac1ce [term 0 FOLLOWER]: Consensus starting up: Expiring failure detector timer to make a prompt election more likely
I20260709 12:26:15.921870 13906 raft_consensus.cc:740] T d7c83d7f70f84ee29e7a48394eeac7d7 P dae66c3a3386465f908ff99264dac1ce [term 0 FOLLOWER]: Becoming Follower/Learner. State: Replica: dae66c3a3386465f908ff99264dac1ce, State: Initialized, Role: FOLLOWER
I20260709 12:26:15.922595 13906 consensus_queue.cc:260] T d7c83d7f70f84ee29e7a48394eeac7d7 P dae66c3a3386465f908ff99264dac1ce [NON_LEADER]: Queue going to NON_LEADER mode. State: All replicated index: 0, Majority replicated index: 0, Committed index: 0, Last appended: 0.0, Last appended by leader: 0, Current term: 0, Majority size: -1, State: 0, Mode: NON_LEADER, active raft config: opid_index: -1 OBSOLETE_local: false peers { permanent_uuid: "f03b3d74262347349eff38d239bee041" member_type: VOTER last_known_addr { host: "127.12.66.1" port: 33403 } } peers { permanent_uuid: "f375a99d653b4058b2a9a4b10a6ad820" member_type: VOTER last_known_addr { host: "127.12.66.2" port: 44867 } } peers { permanent_uuid: "dae66c3a3386465f908ff99264dac1ce" member_type: VOTER last_known_addr { host: "127.12.66.3" port: 44963 } }
I20260709 12:26:15.929327 13956 consensus_queue.cc:1048] T 9579046adef341ab9e50c5ebac3242aa P dae66c3a3386465f908ff99264dac1ce [LEADER]: Connected to new peer: Peer: permanent_uuid: "f03b3d74262347349eff38d239bee041" member_type: VOTER last_known_addr { host: "127.12.66.1" port: 33403 }, Status: LMP_MISMATCH, Last received: 0.0, Next index: 1, Last known committed idx: 0, Time since last communication: 0.000s
I20260709 12:26:15.931310 13909 tablet_bootstrap.cc:492] T 0e2d19523ba24eb9adbd1feb0b0ad4dc P f375a99d653b4058b2a9a4b10a6ad820: No bootstrap required, opened a new log
I20260709 12:26:15.931862 13909 ts_tablet_manager.cc:1403] T 0e2d19523ba24eb9adbd1feb0b0ad4dc P f375a99d653b4058b2a9a4b10a6ad820: Time spent bootstrapping tablet: real 0.037s	user 0.010s	sys 0.006s
I20260709 12:26:15.932539 13906 ts_tablet_manager.cc:1434] T d7c83d7f70f84ee29e7a48394eeac7d7 P dae66c3a3386465f908ff99264dac1ce: Time spent starting tablet: real 0.018s	user 0.007s	sys 0.000s
I20260709 12:26:15.933483 13906 tablet_bootstrap.cc:492] T 7f4fc0fedd624774beb415c2c0973837 P dae66c3a3386465f908ff99264dac1ce: Bootstrap starting.
I20260709 12:26:15.939095 13956 raft_consensus.cc:493] T 674673a41ffd494fa6f744cc8341dfa7 P dae66c3a3386465f908ff99264dac1ce [term 0 FOLLOWER]: Starting pre-election (no leader contacted us within the election timeout)
I20260709 12:26:15.939599 13956 raft_consensus.cc:515] T 674673a41ffd494fa6f744cc8341dfa7 P dae66c3a3386465f908ff99264dac1ce [term 0 FOLLOWER]: Starting pre-election with config: opid_index: -1 OBSOLETE_local: false peers { permanent_uuid: "f03b3d74262347349eff38d239bee041" member_type: VOTER last_known_addr { host: "127.12.66.1" port: 33403 } } peers { permanent_uuid: "f375a99d653b4058b2a9a4b10a6ad820" member_type: VOTER last_known_addr { host: "127.12.66.2" port: 44867 } } peers { permanent_uuid: "dae66c3a3386465f908ff99264dac1ce" member_type: VOTER last_known_addr { host: "127.12.66.3" port: 44963 } }
I20260709 12:26:15.940284 13906 tablet_bootstrap.cc:654] T 7f4fc0fedd624774beb415c2c0973837 P dae66c3a3386465f908ff99264dac1ce: Neither blocks nor log segments found. Creating new log.
I20260709 12:26:15.941715 13956 leader_election.cc:290] T 674673a41ffd494fa6f744cc8341dfa7 P dae66c3a3386465f908ff99264dac1ce [CANDIDATE]: Term 1 pre-election: Requested pre-vote from peers f03b3d74262347349eff38d239bee041 (127.12.66.1:33403), f375a99d653b4058b2a9a4b10a6ad820 (127.12.66.2:44867)
I20260709 12:26:15.943761 13788 tablet_service.cc:1917] Received RequestConsensusVote() RPC: tablet_id: "674673a41ffd494fa6f744cc8341dfa7" candidate_uuid: "dae66c3a3386465f908ff99264dac1ce" candidate_term: 1 candidate_status { last_received { term: 0 index: 0 } } ignore_live_leader: false dest_uuid: "f375a99d653b4058b2a9a4b10a6ad820" is_pre_election: true
I20260709 12:26:15.944217 13717 tablet_service.cc:1917] Received RequestConsensusVote() RPC: tablet_id: "674673a41ffd494fa6f744cc8341dfa7" candidate_uuid: "dae66c3a3386465f908ff99264dac1ce" candidate_term: 1 candidate_status { last_received { term: 0 index: 0 } } ignore_live_leader: false dest_uuid: "f03b3d74262347349eff38d239bee041" is_pre_election: true
I20260709 12:26:15.944614 13788 raft_consensus.cc:2393] T 674673a41ffd494fa6f744cc8341dfa7 P f375a99d653b4058b2a9a4b10a6ad820 [term 1 FOLLOWER]: Leader pre-election vote request: Denying vote to candidate dae66c3a3386465f908ff99264dac1ce in current term 1: Already voted for candidate f03b3d74262347349eff38d239bee041 in this term.
I20260709 12:26:15.945619 13909 raft_consensus.cc:359] T 0e2d19523ba24eb9adbd1feb0b0ad4dc P f375a99d653b4058b2a9a4b10a6ad820 [term 0 FOLLOWER]: Replica starting. Triggering 0 pending ops. Active config: opid_index: -1 OBSOLETE_local: false peers { permanent_uuid: "f03b3d74262347349eff38d239bee041" member_type: VOTER last_known_addr { host: "127.12.66.1" port: 33403 } } peers { permanent_uuid: "f375a99d653b4058b2a9a4b10a6ad820" member_type: VOTER last_known_addr { host: "127.12.66.2" port: 44867 } } peers { permanent_uuid: "dae66c3a3386465f908ff99264dac1ce" member_type: VOTER last_known_addr { host: "127.12.66.3" port: 44963 } }
I20260709 12:26:15.946055 13975 raft_consensus.cc:493] T d7c83d7f70f84ee29e7a48394eeac7d7 P f03b3d74262347349eff38d239bee041 [term 0 FOLLOWER]: Starting pre-election (no leader contacted us within the election timeout)
I20260709 12:26:15.946506 13909 raft_consensus.cc:385] T 0e2d19523ba24eb9adbd1feb0b0ad4dc P f375a99d653b4058b2a9a4b10a6ad820 [term 0 FOLLOWER]: Consensus starting up: Expiring failure detector timer to make a prompt election more likely
I20260709 12:26:15.946887 13909 raft_consensus.cc:740] T 0e2d19523ba24eb9adbd1feb0b0ad4dc P f375a99d653b4058b2a9a4b10a6ad820 [term 0 FOLLOWER]: Becoming Follower/Learner. State: Replica: f375a99d653b4058b2a9a4b10a6ad820, State: Initialized, Role: FOLLOWER
I20260709 12:26:15.946609 13975 raft_consensus.cc:515] T d7c83d7f70f84ee29e7a48394eeac7d7 P f03b3d74262347349eff38d239bee041 [term 0 FOLLOWER]: Starting pre-election with config: opid_index: -1 OBSOLETE_local: false peers { permanent_uuid: "f03b3d74262347349eff38d239bee041" member_type: VOTER last_known_addr { host: "127.12.66.1" port: 33403 } } peers { permanent_uuid: "f375a99d653b4058b2a9a4b10a6ad820" member_type: VOTER last_known_addr { host: "127.12.66.2" port: 44867 } } peers { permanent_uuid: "dae66c3a3386465f908ff99264dac1ce" member_type: VOTER last_known_addr { host: "127.12.66.3" port: 44963 } }
I20260709 12:26:15.947727 13909 consensus_queue.cc:260] T 0e2d19523ba24eb9adbd1feb0b0ad4dc P f375a99d653b4058b2a9a4b10a6ad820 [NON_LEADER]: Queue going to NON_LEADER mode. State: All replicated index: 0, Majority replicated index: 0, Committed index: 0, Last appended: 0.0, Last appended by leader: 0, Current term: 0, Majority size: -1, State: 0, Mode: NON_LEADER, active raft config: opid_index: -1 OBSOLETE_local: false peers { permanent_uuid: "f03b3d74262347349eff38d239bee041" member_type: VOTER last_known_addr { host: "127.12.66.1" port: 33403 } } peers { permanent_uuid: "f375a99d653b4058b2a9a4b10a6ad820" member_type: VOTER last_known_addr { host: "127.12.66.2" port: 44867 } } peers { permanent_uuid: "dae66c3a3386465f908ff99264dac1ce" member_type: VOTER last_known_addr { host: "127.12.66.3" port: 44963 } }
I20260709 12:26:15.948720 13975 leader_election.cc:290] T d7c83d7f70f84ee29e7a48394eeac7d7 P f03b3d74262347349eff38d239bee041 [CANDIDATE]: Term 1 pre-election: Requested pre-vote from peers f375a99d653b4058b2a9a4b10a6ad820 (127.12.66.2:44867), dae66c3a3386465f908ff99264dac1ce (127.12.66.3:44963)
I20260709 12:26:15.950155 13909 ts_tablet_manager.cc:1434] T 0e2d19523ba24eb9adbd1feb0b0ad4dc P f375a99d653b4058b2a9a4b10a6ad820: Time spent starting tablet: real 0.018s	user 0.006s	sys 0.000s
I20260709 12:26:15.950476 13906 tablet_bootstrap.cc:492] T 7f4fc0fedd624774beb415c2c0973837 P dae66c3a3386465f908ff99264dac1ce: No bootstrap required, opened a new log
I20260709 12:26:15.951023 13906 ts_tablet_manager.cc:1403] T 7f4fc0fedd624774beb415c2c0973837 P dae66c3a3386465f908ff99264dac1ce: Time spent bootstrapping tablet: real 0.018s	user 0.011s	sys 0.000s
I20260709 12:26:15.951465 13831 leader_election.cc:304] T 674673a41ffd494fa6f744cc8341dfa7 P dae66c3a3386465f908ff99264dac1ce [CANDIDATE]: Term 1 pre-election: Election decided. Result: candidate lost. Election summary: received 3 responses out of 3 voters: 1 yes votes; 2 no votes. yes voters: dae66c3a3386465f908ff99264dac1ce; no voters: f03b3d74262347349eff38d239bee041, f375a99d653b4058b2a9a4b10a6ad820
I20260709 12:26:15.952131 13956 raft_consensus.cc:3060] T 674673a41ffd494fa6f744cc8341dfa7 P dae66c3a3386465f908ff99264dac1ce [term 0 FOLLOWER]: Advancing to term 1
I20260709 12:26:15.953943 13906 raft_consensus.cc:359] T 7f4fc0fedd624774beb415c2c0973837 P dae66c3a3386465f908ff99264dac1ce [term 0 FOLLOWER]: Replica starting. Triggering 0 pending ops. Active config: opid_index: -1 OBSOLETE_local: false peers { permanent_uuid: "f03b3d74262347349eff38d239bee041" member_type: VOTER last_known_addr { host: "127.12.66.1" port: 33403 } } peers { permanent_uuid: "f375a99d653b4058b2a9a4b10a6ad820" member_type: VOTER last_known_addr { host: "127.12.66.2" port: 44867 } } peers { permanent_uuid: "dae66c3a3386465f908ff99264dac1ce" member_type: VOTER last_known_addr { host: "127.12.66.3" port: 44963 } }
I20260709 12:26:15.954931 13906 raft_consensus.cc:385] T 7f4fc0fedd624774beb415c2c0973837 P dae66c3a3386465f908ff99264dac1ce [term 0 FOLLOWER]: Consensus starting up: Expiring failure detector timer to make a prompt election more likely
I20260709 12:26:15.955219 13906 raft_consensus.cc:740] T 7f4fc0fedd624774beb415c2c0973837 P dae66c3a3386465f908ff99264dac1ce [term 0 FOLLOWER]: Becoming Follower/Learner. State: Replica: dae66c3a3386465f908ff99264dac1ce, State: Initialized, Role: FOLLOWER
I20260709 12:26:15.955935 13906 consensus_queue.cc:260] T 7f4fc0fedd624774beb415c2c0973837 P dae66c3a3386465f908ff99264dac1ce [NON_LEADER]: Queue going to NON_LEADER mode. State: All replicated index: 0, Majority replicated index: 0, Committed index: 0, Last appended: 0.0, Last appended by leader: 0, Current term: 0, Majority size: -1, State: 0, Mode: NON_LEADER, active raft config: opid_index: -1 OBSOLETE_local: false peers { permanent_uuid: "f03b3d74262347349eff38d239bee041" member_type: VOTER last_known_addr { host: "127.12.66.1" port: 33403 } } peers { permanent_uuid: "f375a99d653b4058b2a9a4b10a6ad820" member_type: VOTER last_known_addr { host: "127.12.66.2" port: 44867 } } peers { permanent_uuid: "dae66c3a3386465f908ff99264dac1ce" member_type: VOTER last_known_addr { host: "127.12.66.3" port: 44963 } }
I20260709 12:26:15.958500 13909 tablet_bootstrap.cc:492] T 137f56b2c8f94e22b9dba332d3bfaa97 P f375a99d653b4058b2a9a4b10a6ad820: Bootstrap starting.
I20260709 12:26:15.962355 13906 ts_tablet_manager.cc:1434] T 7f4fc0fedd624774beb415c2c0973837 P dae66c3a3386465f908ff99264dac1ce: Time spent starting tablet: real 0.011s	user 0.008s	sys 0.000s
I20260709 12:26:15.963366 13906 tablet_bootstrap.cc:492] T b2a8e312b2de45458e211a36ac17bd1f P dae66c3a3386465f908ff99264dac1ce: Bootstrap starting.
I20260709 12:26:15.963418 13788 tablet_service.cc:1917] Received RequestConsensusVote() RPC: tablet_id: "d7c83d7f70f84ee29e7a48394eeac7d7" candidate_uuid: "f03b3d74262347349eff38d239bee041" candidate_term: 1 candidate_status { last_received { term: 0 index: 0 } } ignore_live_leader: false dest_uuid: "f375a99d653b4058b2a9a4b10a6ad820" is_pre_election: true
I20260709 12:26:15.964152 13788 raft_consensus.cc:2468] T d7c83d7f70f84ee29e7a48394eeac7d7 P f375a99d653b4058b2a9a4b10a6ad820 [term 0 FOLLOWER]: Leader pre-election vote request: Granting yes vote for candidate f03b3d74262347349eff38d239bee041 in term 0.
I20260709 12:26:15.965498 13864 tablet_service.cc:1917] Received RequestConsensusVote() RPC: tablet_id: "d7c83d7f70f84ee29e7a48394eeac7d7" candidate_uuid: "f03b3d74262347349eff38d239bee041" candidate_term: 1 candidate_status { last_received { term: 0 index: 0 } } ignore_live_leader: false dest_uuid: "dae66c3a3386465f908ff99264dac1ce" is_pre_election: true
I20260709 12:26:15.966158 13864 raft_consensus.cc:2468] T d7c83d7f70f84ee29e7a48394eeac7d7 P dae66c3a3386465f908ff99264dac1ce [term 0 FOLLOWER]: Leader pre-election vote request: Granting yes vote for candidate f03b3d74262347349eff38d239bee041 in term 0.
I20260709 12:26:15.967407 13682 leader_election.cc:304] T d7c83d7f70f84ee29e7a48394eeac7d7 P f03b3d74262347349eff38d239bee041 [CANDIDATE]: Term 1 pre-election: Election decided. Result: candidate won. Election summary: received 2 responses out of 3 voters: 2 yes votes; 0 no votes. yes voters: dae66c3a3386465f908ff99264dac1ce, f03b3d74262347349eff38d239bee041; no voters: 
I20260709 12:26:15.970026 13906 tablet_bootstrap.cc:654] T b2a8e312b2de45458e211a36ac17bd1f P dae66c3a3386465f908ff99264dac1ce: Neither blocks nor log segments found. Creating new log.
I20260709 12:26:15.972288 13956 raft_consensus.cc:2749] T 674673a41ffd494fa6f744cc8341dfa7 P dae66c3a3386465f908ff99264dac1ce [term 1 FOLLOWER]: Leader pre-election lost for term 1. Reason: could not achieve majority
I20260709 12:26:15.977078 13909 tablet_bootstrap.cc:654] T 137f56b2c8f94e22b9dba332d3bfaa97 P f375a99d653b4058b2a9a4b10a6ad820: Neither blocks nor log segments found. Creating new log.
I20260709 12:26:15.978719 13956 consensus_queue.cc:1048] T 9579046adef341ab9e50c5ebac3242aa P dae66c3a3386465f908ff99264dac1ce [LEADER]: Connected to new peer: Peer: permanent_uuid: "f375a99d653b4058b2a9a4b10a6ad820" member_type: VOTER last_known_addr { host: "127.12.66.2" port: 44867 }, Status: LMP_MISMATCH, Last received: 0.0, Next index: 1, Last known committed idx: 0, Time since last communication: 0.001s
I20260709 12:26:15.970152 13975 raft_consensus.cc:2804] T d7c83d7f70f84ee29e7a48394eeac7d7 P f03b3d74262347349eff38d239bee041 [term 0 FOLLOWER]: Leader pre-election won for term 1
I20260709 12:26:15.984063 13975 raft_consensus.cc:493] T d7c83d7f70f84ee29e7a48394eeac7d7 P f03b3d74262347349eff38d239bee041 [term 0 FOLLOWER]: Starting leader election (no leader contacted us within the election timeout)
I20260709 12:26:15.984470 13975 raft_consensus.cc:3060] T d7c83d7f70f84ee29e7a48394eeac7d7 P f03b3d74262347349eff38d239bee041 [term 0 FOLLOWER]: Advancing to term 1
I20260709 12:26:16.003945 13906 tablet_bootstrap.cc:492] T b2a8e312b2de45458e211a36ac17bd1f P dae66c3a3386465f908ff99264dac1ce: No bootstrap required, opened a new log
I20260709 12:26:16.004462 13906 ts_tablet_manager.cc:1403] T b2a8e312b2de45458e211a36ac17bd1f P dae66c3a3386465f908ff99264dac1ce: Time spent bootstrapping tablet: real 0.041s	user 0.021s	sys 0.018s
I20260709 12:26:16.004802 13909 tablet_bootstrap.cc:492] T 137f56b2c8f94e22b9dba332d3bfaa97 P f375a99d653b4058b2a9a4b10a6ad820: No bootstrap required, opened a new log
I20260709 12:26:16.007818 13909 ts_tablet_manager.cc:1403] T 137f56b2c8f94e22b9dba332d3bfaa97 P f375a99d653b4058b2a9a4b10a6ad820: Time spent bootstrapping tablet: real 0.050s	user 0.011s	sys 0.006s
I20260709 12:26:16.007135 13906 raft_consensus.cc:359] T b2a8e312b2de45458e211a36ac17bd1f P dae66c3a3386465f908ff99264dac1ce [term 0 FOLLOWER]: Replica starting. Triggering 0 pending ops. Active config: opid_index: -1 OBSOLETE_local: false peers { permanent_uuid: "f03b3d74262347349eff38d239bee041" member_type: VOTER last_known_addr { host: "127.12.66.1" port: 33403 } } peers { permanent_uuid: "f375a99d653b4058b2a9a4b10a6ad820" member_type: VOTER last_known_addr { host: "127.12.66.2" port: 44867 } } peers { permanent_uuid: "dae66c3a3386465f908ff99264dac1ce" member_type: VOTER last_known_addr { host: "127.12.66.3" port: 44963 } }
I20260709 12:26:16.008460 13906 raft_consensus.cc:385] T b2a8e312b2de45458e211a36ac17bd1f P dae66c3a3386465f908ff99264dac1ce [term 0 FOLLOWER]: Consensus starting up: Expiring failure detector timer to make a prompt election more likely
I20260709 12:26:16.008765 13906 raft_consensus.cc:740] T b2a8e312b2de45458e211a36ac17bd1f P dae66c3a3386465f908ff99264dac1ce [term 0 FOLLOWER]: Becoming Follower/Learner. State: Replica: dae66c3a3386465f908ff99264dac1ce, State: Initialized, Role: FOLLOWER
W20260709 12:26:16.009644 13663 auto_rebalancer.cc:288] Could not retrieve cluster info: Service unavailable: Tablet not running
I20260709 12:26:16.009406 13906 consensus_queue.cc:260] T b2a8e312b2de45458e211a36ac17bd1f P dae66c3a3386465f908ff99264dac1ce [NON_LEADER]: Queue going to NON_LEADER mode. State: All replicated index: 0, Majority replicated index: 0, Committed index: 0, Last appended: 0.0, Last appended by leader: 0, Current term: 0, Majority size: -1, State: 0, Mode: NON_LEADER, active raft config: opid_index: -1 OBSOLETE_local: false peers { permanent_uuid: "f03b3d74262347349eff38d239bee041" member_type: VOTER last_known_addr { host: "127.12.66.1" port: 33403 } } peers { permanent_uuid: "f375a99d653b4058b2a9a4b10a6ad820" member_type: VOTER last_known_addr { host: "127.12.66.2" port: 44867 } } peers { permanent_uuid: "dae66c3a3386465f908ff99264dac1ce" member_type: VOTER last_known_addr { host: "127.12.66.3" port: 44963 } }
I20260709 12:26:16.011469 13906 ts_tablet_manager.cc:1434] T b2a8e312b2de45458e211a36ac17bd1f P dae66c3a3386465f908ff99264dac1ce: Time spent starting tablet: real 0.007s	user 0.004s	sys 0.004s
I20260709 12:26:16.012420 13906 tablet_bootstrap.cc:492] T 544d1350ef4540829c3d70a3f873872b P dae66c3a3386465f908ff99264dac1ce: Bootstrap starting.
I20260709 12:26:16.012748 13908 tablet_bootstrap.cc:492] T 137f56b2c8f94e22b9dba332d3bfaa97 P f03b3d74262347349eff38d239bee041: No bootstrap required, opened a new log
I20260709 12:26:16.011303 13909 raft_consensus.cc:359] T 137f56b2c8f94e22b9dba332d3bfaa97 P f375a99d653b4058b2a9a4b10a6ad820 [term 0 FOLLOWER]: Replica starting. Triggering 0 pending ops. Active config: opid_index: -1 OBSOLETE_local: false peers { permanent_uuid: "f03b3d74262347349eff38d239bee041" member_type: VOTER last_known_addr { host: "127.12.66.1" port: 33403 } } peers { permanent_uuid: "f375a99d653b4058b2a9a4b10a6ad820" member_type: VOTER last_known_addr { host: "127.12.66.2" port: 44867 } } peers { permanent_uuid: "dae66c3a3386465f908ff99264dac1ce" member_type: VOTER last_known_addr { host: "127.12.66.3" port: 44963 } }
I20260709 12:26:16.014014 13909 raft_consensus.cc:385] T 137f56b2c8f94e22b9dba332d3bfaa97 P f375a99d653b4058b2a9a4b10a6ad820 [term 0 FOLLOWER]: Consensus starting up: Expiring failure detector timer to make a prompt election more likely
I20260709 12:26:16.015687 13909 raft_consensus.cc:740] T 137f56b2c8f94e22b9dba332d3bfaa97 P f375a99d653b4058b2a9a4b10a6ad820 [term 0 FOLLOWER]: Becoming Follower/Learner. State: Replica: f375a99d653b4058b2a9a4b10a6ad820, State: Initialized, Role: FOLLOWER
I20260709 12:26:16.014943 13975 raft_consensus.cc:515] T d7c83d7f70f84ee29e7a48394eeac7d7 P f03b3d74262347349eff38d239bee041 [term 1 FOLLOWER]: Starting leader election with config: opid_index: -1 OBSOLETE_local: false peers { permanent_uuid: "f03b3d74262347349eff38d239bee041" member_type: VOTER last_known_addr { host: "127.12.66.1" port: 33403 } } peers { permanent_uuid: "f375a99d653b4058b2a9a4b10a6ad820" member_type: VOTER last_known_addr { host: "127.12.66.2" port: 44867 } } peers { permanent_uuid: "dae66c3a3386465f908ff99264dac1ce" member_type: VOTER last_known_addr { host: "127.12.66.3" port: 44963 } }
I20260709 12:26:16.017894 13975 leader_election.cc:290] T d7c83d7f70f84ee29e7a48394eeac7d7 P f03b3d74262347349eff38d239bee041 [CANDIDATE]: Term 1 election: Requested vote from peers f375a99d653b4058b2a9a4b10a6ad820 (127.12.66.2:44867), dae66c3a3386465f908ff99264dac1ce (127.12.66.3:44963)
I20260709 12:26:16.013240 13908 ts_tablet_manager.cc:1403] T 137f56b2c8f94e22b9dba332d3bfaa97 P f03b3d74262347349eff38d239bee041: Time spent bootstrapping tablet: real 0.134s	user 0.036s	sys 0.033s
I20260709 12:26:16.018888 13906 tablet_bootstrap.cc:654] T 544d1350ef4540829c3d70a3f873872b P dae66c3a3386465f908ff99264dac1ce: Neither blocks nor log segments found. Creating new log.
I20260709 12:26:16.018838 13788 tablet_service.cc:1917] Received RequestConsensusVote() RPC: tablet_id: "d7c83d7f70f84ee29e7a48394eeac7d7" candidate_uuid: "f03b3d74262347349eff38d239bee041" candidate_term: 1 candidate_status { last_received { term: 0 index: 0 } } ignore_live_leader: false dest_uuid: "f375a99d653b4058b2a9a4b10a6ad820"
I20260709 12:26:16.019591 13788 raft_consensus.cc:3060] T d7c83d7f70f84ee29e7a48394eeac7d7 P f375a99d653b4058b2a9a4b10a6ad820 [term 0 FOLLOWER]: Advancing to term 1
I20260709 12:26:16.020929 13908 raft_consensus.cc:359] T 137f56b2c8f94e22b9dba332d3bfaa97 P f03b3d74262347349eff38d239bee041 [term 0 FOLLOWER]: Replica starting. Triggering 0 pending ops. Active config: opid_index: -1 OBSOLETE_local: false peers { permanent_uuid: "f03b3d74262347349eff38d239bee041" member_type: VOTER last_known_addr { host: "127.12.66.1" port: 33403 } } peers { permanent_uuid: "f375a99d653b4058b2a9a4b10a6ad820" member_type: VOTER last_known_addr { host: "127.12.66.2" port: 44867 } } peers { permanent_uuid: "dae66c3a3386465f908ff99264dac1ce" member_type: VOTER last_known_addr { host: "127.12.66.3" port: 44963 } }
I20260709 12:26:16.021608 13908 raft_consensus.cc:385] T 137f56b2c8f94e22b9dba332d3bfaa97 P f03b3d74262347349eff38d239bee041 [term 0 FOLLOWER]: Consensus starting up: Expiring failure detector timer to make a prompt election more likely
I20260709 12:26:16.021889 13908 raft_consensus.cc:740] T 137f56b2c8f94e22b9dba332d3bfaa97 P f03b3d74262347349eff38d239bee041 [term 0 FOLLOWER]: Becoming Follower/Learner. State: Replica: f03b3d74262347349eff38d239bee041, State: Initialized, Role: FOLLOWER
I20260709 12:26:16.022641 13908 consensus_queue.cc:260] T 137f56b2c8f94e22b9dba332d3bfaa97 P f03b3d74262347349eff38d239bee041 [NON_LEADER]: Queue going to NON_LEADER mode. State: All replicated index: 0, Majority replicated index: 0, Committed index: 0, Last appended: 0.0, Last appended by leader: 0, Current term: 0, Majority size: -1, State: 0, Mode: NON_LEADER, active raft config: opid_index: -1 OBSOLETE_local: false peers { permanent_uuid: "f03b3d74262347349eff38d239bee041" member_type: VOTER last_known_addr { host: "127.12.66.1" port: 33403 } } peers { permanent_uuid: "f375a99d653b4058b2a9a4b10a6ad820" member_type: VOTER last_known_addr { host: "127.12.66.2" port: 44867 } } peers { permanent_uuid: "dae66c3a3386465f908ff99264dac1ce" member_type: VOTER last_known_addr { host: "127.12.66.3" port: 44963 } }
I20260709 12:26:16.023761 13909 consensus_queue.cc:260] T 137f56b2c8f94e22b9dba332d3bfaa97 P f375a99d653b4058b2a9a4b10a6ad820 [NON_LEADER]: Queue going to NON_LEADER mode. State: All replicated index: 0, Majority replicated index: 0, Committed index: 0, Last appended: 0.0, Last appended by leader: 0, Current term: 0, Majority size: -1, State: 0, Mode: NON_LEADER, active raft config: opid_index: -1 OBSOLETE_local: false peers { permanent_uuid: "f03b3d74262347349eff38d239bee041" member_type: VOTER last_known_addr { host: "127.12.66.1" port: 33403 } } peers { permanent_uuid: "f375a99d653b4058b2a9a4b10a6ad820" member_type: VOTER last_known_addr { host: "127.12.66.2" port: 44867 } } peers { permanent_uuid: "dae66c3a3386465f908ff99264dac1ce" member_type: VOTER last_known_addr { host: "127.12.66.3" port: 44963 } }
I20260709 12:26:16.026408 13909 ts_tablet_manager.cc:1434] T 137f56b2c8f94e22b9dba332d3bfaa97 P f375a99d653b4058b2a9a4b10a6ad820: Time spent starting tablet: real 0.018s	user 0.005s	sys 0.002s
I20260709 12:26:16.027493 13909 tablet_bootstrap.cc:492] T 544d1350ef4540829c3d70a3f873872b P f375a99d653b4058b2a9a4b10a6ad820: Bootstrap starting.
I20260709 12:26:16.029402 13788 raft_consensus.cc:2468] T d7c83d7f70f84ee29e7a48394eeac7d7 P f375a99d653b4058b2a9a4b10a6ad820 [term 1 FOLLOWER]: Leader election vote request: Granting yes vote for candidate f03b3d74262347349eff38d239bee041 in term 1.
I20260709 12:26:16.026535 13864 tablet_service.cc:1917] Received RequestConsensusVote() RPC: tablet_id: "d7c83d7f70f84ee29e7a48394eeac7d7" candidate_uuid: "f03b3d74262347349eff38d239bee041" candidate_term: 1 candidate_status { last_received { term: 0 index: 0 } } ignore_live_leader: false dest_uuid: "dae66c3a3386465f908ff99264dac1ce"
I20260709 12:26:16.031075 13864 raft_consensus.cc:3060] T d7c83d7f70f84ee29e7a48394eeac7d7 P dae66c3a3386465f908ff99264dac1ce [term 0 FOLLOWER]: Advancing to term 1
I20260709 12:26:16.033794 13909 tablet_bootstrap.cc:654] T 544d1350ef4540829c3d70a3f873872b P f375a99d653b4058b2a9a4b10a6ad820: Neither blocks nor log segments found. Creating new log.
I20260709 12:26:16.034525 13985 raft_consensus.cc:493] T 0e2d19523ba24eb9adbd1feb0b0ad4dc P dae66c3a3386465f908ff99264dac1ce [term 0 FOLLOWER]: Starting pre-election (no leader contacted us within the election timeout)
I20260709 12:26:16.035002 13985 raft_consensus.cc:515] T 0e2d19523ba24eb9adbd1feb0b0ad4dc P dae66c3a3386465f908ff99264dac1ce [term 0 FOLLOWER]: Starting pre-election with config: opid_index: -1 OBSOLETE_local: false peers { permanent_uuid: "f03b3d74262347349eff38d239bee041" member_type: VOTER last_known_addr { host: "127.12.66.1" port: 33403 } } peers { permanent_uuid: "f375a99d653b4058b2a9a4b10a6ad820" member_type: VOTER last_known_addr { host: "127.12.66.2" port: 44867 } } peers { permanent_uuid: "dae66c3a3386465f908ff99264dac1ce" member_type: VOTER last_known_addr { host: "127.12.66.3" port: 44963 } }
I20260709 12:26:16.037118 13985 leader_election.cc:290] T 0e2d19523ba24eb9adbd1feb0b0ad4dc P dae66c3a3386465f908ff99264dac1ce [CANDIDATE]: Term 1 pre-election: Requested pre-vote from peers f03b3d74262347349eff38d239bee041 (127.12.66.1:33403), f375a99d653b4058b2a9a4b10a6ad820 (127.12.66.2:44867)
I20260709 12:26:16.037273 13908 ts_tablet_manager.cc:1434] T 137f56b2c8f94e22b9dba332d3bfaa97 P f03b3d74262347349eff38d239bee041: Time spent starting tablet: real 0.019s	user 0.005s	sys 0.001s
I20260709 12:26:16.038412 13908 tablet_bootstrap.cc:492] T 7f4fc0fedd624774beb415c2c0973837 P f03b3d74262347349eff38d239bee041: Bootstrap starting.
I20260709 12:26:16.040318 13682 leader_election.cc:304] T d7c83d7f70f84ee29e7a48394eeac7d7 P f03b3d74262347349eff38d239bee041 [CANDIDATE]: Term 1 election: Election decided. Result: candidate won. Election summary: received 2 responses out of 3 voters: 2 yes votes; 0 no votes. yes voters: f03b3d74262347349eff38d239bee041, f375a99d653b4058b2a9a4b10a6ad820; no voters: 
I20260709 12:26:16.042183 13716 tablet_service.cc:1917] Received RequestConsensusVote() RPC: tablet_id: "0e2d19523ba24eb9adbd1feb0b0ad4dc" candidate_uuid: "dae66c3a3386465f908ff99264dac1ce" candidate_term: 1 candidate_status { last_received { term: 0 index: 0 } } ignore_live_leader: false dest_uuid: "f03b3d74262347349eff38d239bee041" is_pre_election: true
I20260709 12:26:16.042892 13716 raft_consensus.cc:2468] T 0e2d19523ba24eb9adbd1feb0b0ad4dc P f03b3d74262347349eff38d239bee041 [term 0 FOLLOWER]: Leader pre-election vote request: Granting yes vote for candidate dae66c3a3386465f908ff99264dac1ce in term 0.
I20260709 12:26:16.044077 13975 raft_consensus.cc:2804] T d7c83d7f70f84ee29e7a48394eeac7d7 P f03b3d74262347349eff38d239bee041 [term 1 FOLLOWER]: Leader election won for term 1
I20260709 12:26:16.044553 13908 tablet_bootstrap.cc:654] T 7f4fc0fedd624774beb415c2c0973837 P f03b3d74262347349eff38d239bee041: Neither blocks nor log segments found. Creating new log.
I20260709 12:26:16.044742 13975 raft_consensus.cc:697] T d7c83d7f70f84ee29e7a48394eeac7d7 P f03b3d74262347349eff38d239bee041 [term 1 LEADER]: Becoming Leader. State: Replica: f03b3d74262347349eff38d239bee041, State: Running, Role: LEADER
I20260709 12:26:16.045611 13975 consensus_queue.cc:237] T d7c83d7f70f84ee29e7a48394eeac7d7 P f03b3d74262347349eff38d239bee041 [LEADER]: Queue going to LEADER mode. State: All replicated index: 0, Majority replicated index: 0, Committed index: 0, Last appended: 0.0, Last appended by leader: 0, Current term: 1, Majority size: 2, State: 0, Mode: LEADER, active raft config: opid_index: -1 OBSOLETE_local: false peers { permanent_uuid: "f03b3d74262347349eff38d239bee041" member_type: VOTER last_known_addr { host: "127.12.66.1" port: 33403 } } peers { permanent_uuid: "f375a99d653b4058b2a9a4b10a6ad820" member_type: VOTER last_known_addr { host: "127.12.66.2" port: 44867 } } peers { permanent_uuid: "dae66c3a3386465f908ff99264dac1ce" member_type: VOTER last_known_addr { host: "127.12.66.3" port: 44963 } }
I20260709 12:26:16.052021 13923 consensus_queue.cc:1048] T 674673a41ffd494fa6f744cc8341dfa7 P f03b3d74262347349eff38d239bee041 [LEADER]: Connected to new peer: Peer: permanent_uuid: "dae66c3a3386465f908ff99264dac1ce" member_type: VOTER last_known_addr { host: "127.12.66.3" port: 44963 }, Status: LMP_MISMATCH, Last received: 0.0, Next index: 1, Last known committed idx: 0, Time since last communication: 0.000s
I20260709 12:26:16.056329 13789 tablet_service.cc:1917] Received RequestConsensusVote() RPC: tablet_id: "0e2d19523ba24eb9adbd1feb0b0ad4dc" candidate_uuid: "dae66c3a3386465f908ff99264dac1ce" candidate_term: 1 candidate_status { last_received { term: 0 index: 0 } } ignore_live_leader: false dest_uuid: "f375a99d653b4058b2a9a4b10a6ad820" is_pre_election: true
I20260709 12:26:16.057009 13789 raft_consensus.cc:2468] T 0e2d19523ba24eb9adbd1feb0b0ad4dc P f375a99d653b4058b2a9a4b10a6ad820 [term 0 FOLLOWER]: Leader pre-election vote request: Granting yes vote for candidate dae66c3a3386465f908ff99264dac1ce in term 0.
I20260709 12:26:16.059098 13923 raft_consensus.cc:493] T 137f56b2c8f94e22b9dba332d3bfaa97 P f03b3d74262347349eff38d239bee041 [term 0 FOLLOWER]: Starting pre-election (no leader contacted us within the election timeout)
I20260709 12:26:16.059695 13923 raft_consensus.cc:515] T 137f56b2c8f94e22b9dba332d3bfaa97 P f03b3d74262347349eff38d239bee041 [term 0 FOLLOWER]: Starting pre-election with config: opid_index: -1 OBSOLETE_local: false peers { permanent_uuid: "f03b3d74262347349eff38d239bee041" member_type: VOTER last_known_addr { host: "127.12.66.1" port: 33403 } } peers { permanent_uuid: "f375a99d653b4058b2a9a4b10a6ad820" member_type: VOTER last_known_addr { host: "127.12.66.2" port: 44867 } } peers { permanent_uuid: "dae66c3a3386465f908ff99264dac1ce" member_type: VOTER last_known_addr { host: "127.12.66.3" port: 44963 } }
I20260709 12:26:16.061566 13923 leader_election.cc:290] T 137f56b2c8f94e22b9dba332d3bfaa97 P f03b3d74262347349eff38d239bee041 [CANDIDATE]: Term 1 pre-election: Requested pre-vote from peers f375a99d653b4058b2a9a4b10a6ad820 (127.12.66.2:44867), dae66c3a3386465f908ff99264dac1ce (127.12.66.3:44963)
I20260709 12:26:16.064958 13970 raft_consensus.cc:493] T 83288233ff9849c7ae21b21d530d0d20 P f375a99d653b4058b2a9a4b10a6ad820 [term 0 FOLLOWER]: Starting pre-election (no leader contacted us within the election timeout)
I20260709 12:26:16.065480 13970 raft_consensus.cc:515] T 83288233ff9849c7ae21b21d530d0d20 P f375a99d653b4058b2a9a4b10a6ad820 [term 0 FOLLOWER]: Starting pre-election with config: opid_index: -1 OBSOLETE_local: false peers { permanent_uuid: "f03b3d74262347349eff38d239bee041" member_type: VOTER last_known_addr { host: "127.12.66.1" port: 33403 } } peers { permanent_uuid: "f375a99d653b4058b2a9a4b10a6ad820" member_type: VOTER last_known_addr { host: "127.12.66.2" port: 44867 } } peers { permanent_uuid: "dae66c3a3386465f908ff99264dac1ce" member_type: VOTER last_known_addr { host: "127.12.66.3" port: 44963 } }
I20260709 12:26:16.068986 13970 leader_election.cc:290] T 83288233ff9849c7ae21b21d530d0d20 P f375a99d653b4058b2a9a4b10a6ad820 [CANDIDATE]: Term 1 pre-election: Requested pre-vote from peers f03b3d74262347349eff38d239bee041 (127.12.66.1:33403), dae66c3a3386465f908ff99264dac1ce (127.12.66.3:44963)
I20260709 12:26:16.072336 13789 tablet_service.cc:1917] Received RequestConsensusVote() RPC: tablet_id: "137f56b2c8f94e22b9dba332d3bfaa97" candidate_uuid: "f03b3d74262347349eff38d239bee041" candidate_term: 1 candidate_status { last_received { term: 0 index: 0 } } ignore_live_leader: false dest_uuid: "f375a99d653b4058b2a9a4b10a6ad820" is_pre_election: true
I20260709 12:26:16.072918 13789 raft_consensus.cc:2468] T 137f56b2c8f94e22b9dba332d3bfaa97 P f375a99d653b4058b2a9a4b10a6ad820 [term 0 FOLLOWER]: Leader pre-election vote request: Granting yes vote for candidate f03b3d74262347349eff38d239bee041 in term 0.
I20260709 12:26:16.079186 13906 tablet_bootstrap.cc:492] T 544d1350ef4540829c3d70a3f873872b P dae66c3a3386465f908ff99264dac1ce: No bootstrap required, opened a new log
I20260709 12:26:16.079757 13906 ts_tablet_manager.cc:1403] T 544d1350ef4540829c3d70a3f873872b P dae66c3a3386465f908ff99264dac1ce: Time spent bootstrapping tablet: real 0.068s	user 0.031s	sys 0.024s
I20260709 12:26:16.082422 13906 raft_consensus.cc:359] T 544d1350ef4540829c3d70a3f873872b P dae66c3a3386465f908ff99264dac1ce [term 0 FOLLOWER]: Replica starting. Triggering 0 pending ops. Active config: opid_index: -1 OBSOLETE_local: false peers { permanent_uuid: "f03b3d74262347349eff38d239bee041" member_type: VOTER last_known_addr { host: "127.12.66.1" port: 33403 } } peers { permanent_uuid: "f375a99d653b4058b2a9a4b10a6ad820" member_type: VOTER last_known_addr { host: "127.12.66.2" port: 44867 } } peers { permanent_uuid: "dae66c3a3386465f908ff99264dac1ce" member_type: VOTER last_known_addr { host: "127.12.66.3" port: 44963 } }
I20260709 12:26:16.083148 13906 raft_consensus.cc:385] T 544d1350ef4540829c3d70a3f873872b P dae66c3a3386465f908ff99264dac1ce [term 0 FOLLOWER]: Consensus starting up: Expiring failure detector timer to make a prompt election more likely
I20260709 12:26:16.083541 13906 raft_consensus.cc:740] T 544d1350ef4540829c3d70a3f873872b P dae66c3a3386465f908ff99264dac1ce [term 0 FOLLOWER]: Becoming Follower/Learner. State: Replica: dae66c3a3386465f908ff99264dac1ce, State: Initialized, Role: FOLLOWER
I20260709 12:26:16.084203 13906 consensus_queue.cc:260] T 544d1350ef4540829c3d70a3f873872b P dae66c3a3386465f908ff99264dac1ce [NON_LEADER]: Queue going to NON_LEADER mode. State: All replicated index: 0, Majority replicated index: 0, Committed index: 0, Last appended: 0.0, Last appended by leader: 0, Current term: 0, Majority size: -1, State: 0, Mode: NON_LEADER, active raft config: opid_index: -1 OBSOLETE_local: false peers { permanent_uuid: "f03b3d74262347349eff38d239bee041" member_type: VOTER last_known_addr { host: "127.12.66.1" port: 33403 } } peers { permanent_uuid: "f375a99d653b4058b2a9a4b10a6ad820" member_type: VOTER last_known_addr { host: "127.12.66.2" port: 44867 } } peers { permanent_uuid: "dae66c3a3386465f908ff99264dac1ce" member_type: VOTER last_known_addr { host: "127.12.66.3" port: 44963 } }
I20260709 12:26:16.086249 13866 tablet_service.cc:1917] Received RequestConsensusVote() RPC: tablet_id: "137f56b2c8f94e22b9dba332d3bfaa97" candidate_uuid: "f03b3d74262347349eff38d239bee041" candidate_term: 1 candidate_status { last_received { term: 0 index: 0 } } ignore_live_leader: false dest_uuid: "dae66c3a3386465f908ff99264dac1ce" is_pre_election: true
I20260709 12:26:16.087357 13923 raft_consensus.cc:493] T 6d19d153e6ba4e538b2b22f9c38de5a3 P f03b3d74262347349eff38d239bee041 [term 0 FOLLOWER]: Starting pre-election (no leader contacted us within the election timeout)
I20260709 12:26:16.087956 13923 raft_consensus.cc:515] T 6d19d153e6ba4e538b2b22f9c38de5a3 P f03b3d74262347349eff38d239bee041 [term 0 FOLLOWER]: Starting pre-election with config: opid_index: -1 OBSOLETE_local: false peers { permanent_uuid: "f03b3d74262347349eff38d239bee041" member_type: VOTER last_known_addr { host: "127.12.66.1" port: 33403 } } peers { permanent_uuid: "f375a99d653b4058b2a9a4b10a6ad820" member_type: VOTER last_known_addr { host: "127.12.66.2" port: 44867 } } peers { permanent_uuid: "dae66c3a3386465f908ff99264dac1ce" member_type: VOTER last_known_addr { host: "127.12.66.3" port: 44963 } }
I20260709 12:26:16.090163 13923 leader_election.cc:290] T 6d19d153e6ba4e538b2b22f9c38de5a3 P f03b3d74262347349eff38d239bee041 [CANDIDATE]: Term 1 pre-election: Requested pre-vote from peers f375a99d653b4058b2a9a4b10a6ad820 (127.12.66.2:44867), dae66c3a3386465f908ff99264dac1ce (127.12.66.3:44963)
I20260709 12:26:16.083097 13831 leader_election.cc:304] T 0e2d19523ba24eb9adbd1feb0b0ad4dc P dae66c3a3386465f908ff99264dac1ce [CANDIDATE]: Term 1 pre-election: Election decided. Result: candidate won. Election summary: received 2 responses out of 3 voters: 2 yes votes; 0 no votes. yes voters: dae66c3a3386465f908ff99264dac1ce, f375a99d653b4058b2a9a4b10a6ad820; no voters: 
I20260709 12:26:16.091178 13985 raft_consensus.cc:2804] T 0e2d19523ba24eb9adbd1feb0b0ad4dc P dae66c3a3386465f908ff99264dac1ce [term 0 FOLLOWER]: Leader pre-election won for term 1
I20260709 12:26:16.091524 13985 raft_consensus.cc:493] T 0e2d19523ba24eb9adbd1feb0b0ad4dc P dae66c3a3386465f908ff99264dac1ce [term 0 FOLLOWER]: Starting leader election (no leader contacted us within the election timeout)
I20260709 12:26:16.091854 13985 raft_consensus.cc:3060] T 0e2d19523ba24eb9adbd1feb0b0ad4dc P dae66c3a3386465f908ff99264dac1ce [term 0 FOLLOWER]: Advancing to term 1
I20260709 12:26:16.092301 13866 tablet_service.cc:1917] Received RequestConsensusVote() RPC: tablet_id: "83288233ff9849c7ae21b21d530d0d20" candidate_uuid: "f375a99d653b4058b2a9a4b10a6ad820" candidate_term: 1 candidate_status { last_received { term: 0 index: 0 } } ignore_live_leader: false dest_uuid: "dae66c3a3386465f908ff99264dac1ce" is_pre_election: true
I20260709 12:26:16.090008 13716 tablet_service.cc:1917] Received RequestConsensusVote() RPC: tablet_id: "83288233ff9849c7ae21b21d530d0d20" candidate_uuid: "f375a99d653b4058b2a9a4b10a6ad820" candidate_term: 1 candidate_status { last_received { term: 0 index: 0 } } ignore_live_leader: false dest_uuid: "f03b3d74262347349eff38d239bee041" is_pre_election: true
W20260709 12:26:16.094799 13682 leader_election.cc:343] T 137f56b2c8f94e22b9dba332d3bfaa97 P f03b3d74262347349eff38d239bee041 [CANDIDATE]: Term 1 pre-election: Tablet error from VoteRequest() call to peer dae66c3a3386465f908ff99264dac1ce (127.12.66.3:44963): Illegal state: must be running to vote when last-logged opid is not known
I20260709 12:26:16.095366 13906 ts_tablet_manager.cc:1434] T 544d1350ef4540829c3d70a3f873872b P dae66c3a3386465f908ff99264dac1ce: Time spent starting tablet: real 0.015s	user 0.004s	sys 0.003s
I20260709 12:26:16.099252 13985 raft_consensus.cc:515] T 0e2d19523ba24eb9adbd1feb0b0ad4dc P dae66c3a3386465f908ff99264dac1ce [term 1 FOLLOWER]: Starting leader election with config: opid_index: -1 OBSOLETE_local: false peers { permanent_uuid: "f03b3d74262347349eff38d239bee041" member_type: VOTER last_known_addr { host: "127.12.66.1" port: 33403 } } peers { permanent_uuid: "f375a99d653b4058b2a9a4b10a6ad820" member_type: VOTER last_known_addr { host: "127.12.66.2" port: 44867 } } peers { permanent_uuid: "dae66c3a3386465f908ff99264dac1ce" member_type: VOTER last_known_addr { host: "127.12.66.3" port: 44963 } }
I20260709 12:26:16.101342 13985 leader_election.cc:290] T 0e2d19523ba24eb9adbd1feb0b0ad4dc P dae66c3a3386465f908ff99264dac1ce [CANDIDATE]: Term 1 election: Requested vote from peers f03b3d74262347349eff38d239bee041 (127.12.66.1:33403), f375a99d653b4058b2a9a4b10a6ad820 (127.12.66.2:44867)
I20260709 12:26:16.104027 13906 tablet_bootstrap.cc:492] T 9276b33cffb7417f8dfcdb503fa93ea1 P dae66c3a3386465f908ff99264dac1ce: Bootstrap starting.
W20260709 12:26:16.107098 13757 leader_election.cc:343] T 83288233ff9849c7ae21b21d530d0d20 P f375a99d653b4058b2a9a4b10a6ad820 [CANDIDATE]: Term 1 pre-election: Tablet error from VoteRequest() call to peer dae66c3a3386465f908ff99264dac1ce (127.12.66.3:44963): Illegal state: must be running to vote when last-logged opid is not known
I20260709 12:26:16.106148 13612 catalog_manager.cc:5697] T d7c83d7f70f84ee29e7a48394eeac7d7 P f03b3d74262347349eff38d239bee041 reported cstate change: term changed from 0 to 1, leader changed from <none> to f03b3d74262347349eff38d239bee041 (127.12.66.1). New cstate: current_term: 1 leader_uuid: "f03b3d74262347349eff38d239bee041" committed_config { opid_index: -1 OBSOLETE_local: false peers { permanent_uuid: "f03b3d74262347349eff38d239bee041" member_type: VOTER last_known_addr { host: "127.12.66.1" port: 33403 } health_report { overall_health: HEALTHY } } peers { permanent_uuid: "f375a99d653b4058b2a9a4b10a6ad820" member_type: VOTER last_known_addr { host: "127.12.66.2" port: 44867 } health_report { overall_health: UNKNOWN } } peers { permanent_uuid: "dae66c3a3386465f908ff99264dac1ce" member_type: VOTER last_known_addr { host: "127.12.66.3" port: 44963 } health_report { overall_health: UNKNOWN } } }
I20260709 12:26:16.110468 13682 leader_election.cc:304] T 137f56b2c8f94e22b9dba332d3bfaa97 P f03b3d74262347349eff38d239bee041 [CANDIDATE]: Term 1 pre-election: Election decided. Result: candidate won. Election summary: received 3 responses out of 3 voters: 2 yes votes; 1 no votes. yes voters: f03b3d74262347349eff38d239bee041, f375a99d653b4058b2a9a4b10a6ad820; no voters: dae66c3a3386465f908ff99264dac1ce
I20260709 12:26:16.111366 13935 raft_consensus.cc:2804] T 137f56b2c8f94e22b9dba332d3bfaa97 P f03b3d74262347349eff38d239bee041 [term 0 FOLLOWER]: Leader pre-election won for term 1
I20260709 12:26:16.111769 13935 raft_consensus.cc:493] T 137f56b2c8f94e22b9dba332d3bfaa97 P f03b3d74262347349eff38d239bee041 [term 0 FOLLOWER]: Starting leader election (no leader contacted us within the election timeout)
I20260709 12:26:16.112178 13935 raft_consensus.cc:3060] T 137f56b2c8f94e22b9dba332d3bfaa97 P f03b3d74262347349eff38d239bee041 [term 0 FOLLOWER]: Advancing to term 1
I20260709 12:26:16.118559 13866 tablet_service.cc:1917] Received RequestConsensusVote() RPC: tablet_id: "6d19d153e6ba4e538b2b22f9c38de5a3" candidate_uuid: "f03b3d74262347349eff38d239bee041" candidate_term: 1 candidate_status { last_received { term: 0 index: 0 } } ignore_live_leader: false dest_uuid: "dae66c3a3386465f908ff99264dac1ce" is_pre_election: true
I20260709 12:26:16.121639 13935 raft_consensus.cc:515] T 137f56b2c8f94e22b9dba332d3bfaa97 P f03b3d74262347349eff38d239bee041 [term 1 FOLLOWER]: Starting leader election with config: opid_index: -1 OBSOLETE_local: false peers { permanent_uuid: "f03b3d74262347349eff38d239bee041" member_type: VOTER last_known_addr { host: "127.12.66.1" port: 33403 } } peers { permanent_uuid: "f375a99d653b4058b2a9a4b10a6ad820" member_type: VOTER last_known_addr { host: "127.12.66.2" port: 44867 } } peers { permanent_uuid: "dae66c3a3386465f908ff99264dac1ce" member_type: VOTER last_known_addr { host: "127.12.66.3" port: 44963 } }
I20260709 12:26:16.118638 13788 tablet_service.cc:1917] Received RequestConsensusVote() RPC: tablet_id: "6d19d153e6ba4e538b2b22f9c38de5a3" candidate_uuid: "f03b3d74262347349eff38d239bee041" candidate_term: 1 candidate_status { last_received { term: 0 index: 0 } } ignore_live_leader: false dest_uuid: "f375a99d653b4058b2a9a4b10a6ad820" is_pre_election: true
I20260709 12:26:16.125941 13716 tablet_service.cc:1917] Received RequestConsensusVote() RPC: tablet_id: "0e2d19523ba24eb9adbd1feb0b0ad4dc" candidate_uuid: "dae66c3a3386465f908ff99264dac1ce" candidate_term: 1 candidate_status { last_received { term: 0 index: 0 } } ignore_live_leader: false dest_uuid: "f03b3d74262347349eff38d239bee041"
I20260709 12:26:16.126602 13935 leader_election.cc:290] T 137f56b2c8f94e22b9dba332d3bfaa97 P f03b3d74262347349eff38d239bee041 [CANDIDATE]: Term 1 election: Requested vote from peers f375a99d653b4058b2a9a4b10a6ad820 (127.12.66.2:44867), dae66c3a3386465f908ff99264dac1ce (127.12.66.3:44963)
I20260709 12:26:16.123268 13789 tablet_service.cc:1917] Received RequestConsensusVote() RPC: tablet_id: "0e2d19523ba24eb9adbd1feb0b0ad4dc" candidate_uuid: "dae66c3a3386465f908ff99264dac1ce" candidate_term: 1 candidate_status { last_received { term: 0 index: 0 } } ignore_live_leader: false dest_uuid: "f375a99d653b4058b2a9a4b10a6ad820"
