I20260709 12:25:39.742807  8772 raft_consensus.cc:606] T 7e11edea716f42afbb944052162b0831 P 1f5ea1b6de7d4edc986d3142307a2cf2 [term 1 LEADER]: Received request to transfer leadership to TS 06a4188e8bf04f5f8a768218d9deff5f
I20260709 12:25:39.752226  8772 tablet_service.cc:2072] Received LeaderStepDown RPC: tablet_id: "90eaca2c903d4f7e897d0440ce3521c8"
dest_uuid: "1f5ea1b6de7d4edc986d3142307a2cf2"
mode: GRACEFUL
new_leader_uuid: "1768b42c34ad422c99bfac52e7ac4c59"
 from {username='slave'} at 127.0.0.1:50512
I20260709 12:25:39.752774  8772 raft_consensus.cc:606] T 90eaca2c903d4f7e897d0440ce3521c8 P 1f5ea1b6de7d4edc986d3142307a2cf2 [term 1 LEADER]: Received request to transfer leadership to TS 1768b42c34ad422c99bfac52e7ac4c59
I20260709 12:25:39.757364  8772 tablet_service.cc:2072] Received LeaderStepDown RPC: tablet_id: "31583fb538134db2ab1abe62afa0aeef"
dest_uuid: "1f5ea1b6de7d4edc986d3142307a2cf2"
mode: GRACEFUL
new_leader_uuid: "1768b42c34ad422c99bfac52e7ac4c59"
 from {username='slave'} at 127.0.0.1:50512
I20260709 12:25:39.757827  8772 raft_consensus.cc:606] T 31583fb538134db2ab1abe62afa0aeef P 1f5ea1b6de7d4edc986d3142307a2cf2 [term 1 LEADER]: Received request to transfer leadership to TS 1768b42c34ad422c99bfac52e7ac4c59
I20260709 12:25:39.774256  8623 tablet_service.cc:2072] Received LeaderStepDown RPC: tablet_id: "6cb010ee99534a05ac52a44e6587f9e9"
dest_uuid: "06a4188e8bf04f5f8a768218d9deff5f"
mode: GRACEFUL
new_leader_uuid: "1f5ea1b6de7d4edc986d3142307a2cf2"
 from {username='slave'} at 127.0.0.1:55060
I20260709 12:25:39.774760  8623 raft_consensus.cc:606] T 6cb010ee99534a05ac52a44e6587f9e9 P 06a4188e8bf04f5f8a768218d9deff5f [term 1 LEADER]: Received request to transfer leadership to TS 1f5ea1b6de7d4edc986d3142307a2cf2
I20260709 12:25:39.783226  8696 raft_consensus.cc:3060] T 7f1f505e9a9d486d81f627e9d49bf3a4 P 1768b42c34ad422c99bfac52e7ac4c59 [term 0 FOLLOWER]: Advancing to term 1
I20260709 12:25:39.788828  8841 consensus_queue.cc:1048] T 7f1f505e9a9d486d81f627e9d49bf3a4 P 1f5ea1b6de7d4edc986d3142307a2cf2 [LEADER]: Connected to new peer: Peer: permanent_uuid: "1768b42c34ad422c99bfac52e7ac4c59" member_type: VOTER last_known_addr { host: "127.7.201.66" port: 40855 }, Status: LMP_MISMATCH, Last received: 0.0, Next index: 1, Last known committed idx: 0, Time since last communication: 0.000s
I20260709 12:25:39.801254  8860 consensus_queue.cc:1048] T 67fdb025b5f64075a6977f9ef61a1857 P 06a4188e8bf04f5f8a768218d9deff5f [LEADER]: Connected to new peer: Peer: permanent_uuid: "1f5ea1b6de7d4edc986d3142307a2cf2" member_type: VOTER last_known_addr { host: "127.7.201.67" port: 38215 }, Status: LMP_MISMATCH, Last received: 0.0, Next index: 1, Last known committed idx: 0, Time since last communication: 0.000s
I20260709 12:25:39.802503  8887 consensus_queue.cc:1048] T 7f1f505e9a9d486d81f627e9d49bf3a4 P 1f5ea1b6de7d4edc986d3142307a2cf2 [LEADER]: Connected to new peer: Peer: permanent_uuid: "06a4188e8bf04f5f8a768218d9deff5f" member_type: VOTER last_known_addr { host: "127.7.201.65" port: 37345 }, Status: LMP_MISMATCH, Last received: 0.0, Next index: 1, Last known committed idx: 0, Time since last communication: 0.001s
I20260709 12:25:39.811728  8819 raft_consensus.cc:993] T 7f1f505e9a9d486d81f627e9d49bf3a4 P 1f5ea1b6de7d4edc986d3142307a2cf2: : Instructing follower 06a4188e8bf04f5f8a768218d9deff5f to start an election
I20260709 12:25:39.812175  8887 raft_consensus.cc:1081] T 7f1f505e9a9d486d81f627e9d49bf3a4 P 1f5ea1b6de7d4edc986d3142307a2cf2 [term 1 LEADER]: Signalling peer 06a4188e8bf04f5f8a768218d9deff5f to start an election
I20260709 12:25:39.814067  8623 tablet_service.cc:2044] Received Run Leader Election RPC: tablet_id: "7f1f505e9a9d486d81f627e9d49bf3a4"
dest_uuid: "06a4188e8bf04f5f8a768218d9deff5f"
 from {username='slave'} at 127.0.0.1:55038
I20260709 12:25:39.814723  8623 raft_consensus.cc:493] T 7f1f505e9a9d486d81f627e9d49bf3a4 P 06a4188e8bf04f5f8a768218d9deff5f [term 1 FOLLOWER]: Starting forced leader election (received explicit request)
I20260709 12:25:39.815065  8623 raft_consensus.cc:3060] T 7f1f505e9a9d486d81f627e9d49bf3a4 P 06a4188e8bf04f5f8a768218d9deff5f [term 1 FOLLOWER]: Advancing to term 2
I20260709 12:25:39.821066  8859 consensus_queue.cc:1048] T 67fdb025b5f64075a6977f9ef61a1857 P 06a4188e8bf04f5f8a768218d9deff5f [LEADER]: Connected to new peer: Peer: permanent_uuid: "1768b42c34ad422c99bfac52e7ac4c59" member_type: VOTER last_known_addr { host: "127.7.201.66" port: 40855 }, Status: LMP_MISMATCH, Last received: 0.0, Next index: 1, Last known committed idx: 0, Time since last communication: 0.000s
I20260709 12:25:39.822044  8623 raft_consensus.cc:515] T 7f1f505e9a9d486d81f627e9d49bf3a4 P 06a4188e8bf04f5f8a768218d9deff5f [term 2 FOLLOWER]: Starting forced leader election with config: opid_index: -1 OBSOLETE_local: false peers { permanent_uuid: "06a4188e8bf04f5f8a768218d9deff5f" member_type: VOTER last_known_addr { host: "127.7.201.65" port: 37345 } } peers { permanent_uuid: "1768b42c34ad422c99bfac52e7ac4c59" member_type: VOTER last_known_addr { host: "127.7.201.66" port: 40855 } } peers { permanent_uuid: "1f5ea1b6de7d4edc986d3142307a2cf2" member_type: VOTER last_known_addr { host: "127.7.201.67" port: 38215 } }
I20260709 12:25:39.827419  8623 leader_election.cc:290] T 7f1f505e9a9d486d81f627e9d49bf3a4 P 06a4188e8bf04f5f8a768218d9deff5f [CANDIDATE]: Term 2 election: Requested vote from peers 1768b42c34ad422c99bfac52e7ac4c59 (127.7.201.66:40855), 1f5ea1b6de7d4edc986d3142307a2cf2 (127.7.201.67:38215)
I20260709 12:25:39.828006  8698 tablet_service.cc:1917] Received RequestConsensusVote() RPC: tablet_id: "7f1f505e9a9d486d81f627e9d49bf3a4" candidate_uuid: "06a4188e8bf04f5f8a768218d9deff5f" candidate_term: 2 candidate_status { last_received { term: 1 index: 1 } } ignore_live_leader: true dest_uuid: "1768b42c34ad422c99bfac52e7ac4c59"
I20260709 12:25:39.828644  8698 raft_consensus.cc:3060] T 7f1f505e9a9d486d81f627e9d49bf3a4 P 1768b42c34ad422c99bfac52e7ac4c59 [term 1 FOLLOWER]: Advancing to term 2
I20260709 12:25:39.832334  8772 tablet_service.cc:1917] Received RequestConsensusVote() RPC: tablet_id: "7f1f505e9a9d486d81f627e9d49bf3a4" candidate_uuid: "06a4188e8bf04f5f8a768218d9deff5f" candidate_term: 2 candidate_status { last_received { term: 1 index: 1 } } ignore_live_leader: true dest_uuid: "1f5ea1b6de7d4edc986d3142307a2cf2"
I20260709 12:25:39.833002  8772 raft_consensus.cc:3055] T 7f1f505e9a9d486d81f627e9d49bf3a4 P 1f5ea1b6de7d4edc986d3142307a2cf2 [term 1 LEADER]: Stepping down as leader of term 1
I20260709 12:25:39.835614  8772 raft_consensus.cc:740] T 7f1f505e9a9d486d81f627e9d49bf3a4 P 1f5ea1b6de7d4edc986d3142307a2cf2 [term 1 LEADER]: Becoming Follower/Learner. State: Replica: 1f5ea1b6de7d4edc986d3142307a2cf2, State: Running, Role: LEADER
I20260709 12:25:39.835644  8698 raft_consensus.cc:2468] T 7f1f505e9a9d486d81f627e9d49bf3a4 P 1768b42c34ad422c99bfac52e7ac4c59 [term 2 FOLLOWER]: Leader election vote request: Granting yes vote for candidate 06a4188e8bf04f5f8a768218d9deff5f in term 2.
I20260709 12:25:39.836650  8772 consensus_queue.cc:260] T 7f1f505e9a9d486d81f627e9d49bf3a4 P 1f5ea1b6de7d4edc986d3142307a2cf2 [NON_LEADER]: Queue going to NON_LEADER mode. State: All replicated index: 0, Majority replicated index: 1, Committed index: 1, Last appended: 1.1, Last appended by leader: 1, Current term: 1, Majority size: -1, State: 0, Mode: NON_LEADER, active raft config: opid_index: -1 OBSOLETE_local: false peers { permanent_uuid: "06a4188e8bf04f5f8a768218d9deff5f" member_type: VOTER last_known_addr { host: "127.7.201.65" port: 37345 } } peers { permanent_uuid: "1768b42c34ad422c99bfac52e7ac4c59" member_type: VOTER last_known_addr { host: "127.7.201.66" port: 40855 } } peers { permanent_uuid: "1f5ea1b6de7d4edc986d3142307a2cf2" member_type: VOTER last_known_addr { host: "127.7.201.67" port: 38215 } }
I20260709 12:25:39.837014  8589 leader_election.cc:304] T 7f1f505e9a9d486d81f627e9d49bf3a4 P 06a4188e8bf04f5f8a768218d9deff5f [CANDIDATE]: Term 2 election: Election decided. Result: candidate won. Election summary: received 2 responses out of 3 voters: 2 yes votes; 0 no votes. yes voters: 06a4188e8bf04f5f8a768218d9deff5f, 1768b42c34ad422c99bfac52e7ac4c59; no voters: 
I20260709 12:25:39.837761  8859 raft_consensus.cc:2804] T 7f1f505e9a9d486d81f627e9d49bf3a4 P 06a4188e8bf04f5f8a768218d9deff5f [term 2 FOLLOWER]: Leader election won for term 2
I20260709 12:25:39.838263  8859 raft_consensus.cc:697] T 7f1f505e9a9d486d81f627e9d49bf3a4 P 06a4188e8bf04f5f8a768218d9deff5f [term 2 LEADER]: Becoming Leader. State: Replica: 06a4188e8bf04f5f8a768218d9deff5f, State: Running, Role: LEADER
I20260709 12:25:39.838984  8859 consensus_queue.cc:237] T 7f1f505e9a9d486d81f627e9d49bf3a4 P 06a4188e8bf04f5f8a768218d9deff5f [LEADER]: Queue going to LEADER mode. State: All replicated index: 0, Majority replicated index: 1, Committed index: 1, Last appended: 1.1, Last appended by leader: 1, Current term: 2, Majority size: 2, State: 0, Mode: LEADER, active raft config: opid_index: -1 OBSOLETE_local: false peers { permanent_uuid: "06a4188e8bf04f5f8a768218d9deff5f" member_type: VOTER last_known_addr { host: "127.7.201.65" port: 37345 } } peers { permanent_uuid: "1768b42c34ad422c99bfac52e7ac4c59" member_type: VOTER last_known_addr { host: "127.7.201.66" port: 40855 } } peers { permanent_uuid: "1f5ea1b6de7d4edc986d3142307a2cf2" member_type: VOTER last_known_addr { host: "127.7.201.67" port: 38215 } }
I20260709 12:25:39.841789  8772 raft_consensus.cc:3060] T 7f1f505e9a9d486d81f627e9d49bf3a4 P 1f5ea1b6de7d4edc986d3142307a2cf2 [term 1 FOLLOWER]: Advancing to term 2
I20260709 12:25:39.847350  8772 raft_consensus.cc:2468] T 7f1f505e9a9d486d81f627e9d49bf3a4 P 1f5ea1b6de7d4edc986d3142307a2cf2 [term 2 FOLLOWER]: Leader election vote request: Granting yes vote for candidate 06a4188e8bf04f5f8a768218d9deff5f in term 2.
I20260709 12:25:39.847685  8522 catalog_manager.cc:5697] T 7f1f505e9a9d486d81f627e9d49bf3a4 P 06a4188e8bf04f5f8a768218d9deff5f reported cstate change: term changed from 1 to 2, leader changed from 1f5ea1b6de7d4edc986d3142307a2cf2 (127.7.201.67) to 06a4188e8bf04f5f8a768218d9deff5f (127.7.201.65). New cstate: current_term: 2 leader_uuid: "06a4188e8bf04f5f8a768218d9deff5f" committed_config { opid_index: -1 OBSOLETE_local: false peers { permanent_uuid: "06a4188e8bf04f5f8a768218d9deff5f" member_type: VOTER last_known_addr { host: "127.7.201.65" port: 37345 } health_report { overall_health: HEALTHY } } peers { permanent_uuid: "1768b42c34ad422c99bfac52e7ac4c59" member_type: VOTER last_known_addr { host: "127.7.201.66" port: 40855 } health_report { overall_health: UNKNOWN } } peers { permanent_uuid: "1f5ea1b6de7d4edc986d3142307a2cf2" member_type: VOTER last_known_addr { host: "127.7.201.67" port: 38215 } health_report { overall_health: UNKNOWN } } }
I20260709 12:25:39.848426  8859 raft_consensus.cc:493] T 31583fb538134db2ab1abe62afa0aeef P 06a4188e8bf04f5f8a768218d9deff5f [term 0 FOLLOWER]: Starting pre-election (no leader contacted us within the election timeout)
I20260709 12:25:39.848572  8698 raft_consensus.cc:3060] T 7e11edea716f42afbb944052162b0831 P 1768b42c34ad422c99bfac52e7ac4c59 [term 0 FOLLOWER]: Advancing to term 1
I20260709 12:25:39.849040  8859 raft_consensus.cc:515] T 31583fb538134db2ab1abe62afa0aeef P 06a4188e8bf04f5f8a768218d9deff5f [term 0 FOLLOWER]: Starting pre-election with config: opid_index: -1 OBSOLETE_local: false peers { permanent_uuid: "06a4188e8bf04f5f8a768218d9deff5f" member_type: VOTER last_known_addr { host: "127.7.201.65" port: 37345 } } peers { permanent_uuid: "1768b42c34ad422c99bfac52e7ac4c59" member_type: VOTER last_known_addr { host: "127.7.201.66" port: 40855 } } peers { permanent_uuid: "1f5ea1b6de7d4edc986d3142307a2cf2" member_type: VOTER last_known_addr { host: "127.7.201.67" port: 38215 } }
I20260709 12:25:39.851089  8859 leader_election.cc:290] T 31583fb538134db2ab1abe62afa0aeef P 06a4188e8bf04f5f8a768218d9deff5f [CANDIDATE]: Term 1 pre-election: Requested pre-vote from peers 1768b42c34ad422c99bfac52e7ac4c59 (127.7.201.66:40855), 1f5ea1b6de7d4edc986d3142307a2cf2 (127.7.201.67:38215)
I20260709 12:25:39.851671  8696 tablet_service.cc:1917] Received RequestConsensusVote() RPC: tablet_id: "31583fb538134db2ab1abe62afa0aeef" candidate_uuid: "06a4188e8bf04f5f8a768218d9deff5f" candidate_term: 1 candidate_status { last_received { term: 0 index: 0 } } ignore_live_leader: false dest_uuid: "1768b42c34ad422c99bfac52e7ac4c59" is_pre_election: true
I20260709 12:25:39.852407  8696 raft_consensus.cc:2393] T 31583fb538134db2ab1abe62afa0aeef P 1768b42c34ad422c99bfac52e7ac4c59 [term 1 FOLLOWER]: Leader pre-election vote request: Denying vote to candidate 06a4188e8bf04f5f8a768218d9deff5f in current term 1: Already voted for candidate 1f5ea1b6de7d4edc986d3142307a2cf2 in this term.
I20260709 12:25:39.853837  8772 tablet_service.cc:1917] Received RequestConsensusVote() RPC: tablet_id: "31583fb538134db2ab1abe62afa0aeef" candidate_uuid: "06a4188e8bf04f5f8a768218d9deff5f" candidate_term: 1 candidate_status { last_received { term: 0 index: 0 } } ignore_live_leader: false dest_uuid: "1f5ea1b6de7d4edc986d3142307a2cf2" is_pre_election: true
I20260709 12:25:39.854943  8588 leader_election.cc:304] T 31583fb538134db2ab1abe62afa0aeef P 06a4188e8bf04f5f8a768218d9deff5f [CANDIDATE]: Term 1 pre-election: Election decided. Result: candidate lost. Election summary: received 3 responses out of 3 voters: 1 yes votes; 2 no votes. yes voters: 06a4188e8bf04f5f8a768218d9deff5f; no voters: 1768b42c34ad422c99bfac52e7ac4c59, 1f5ea1b6de7d4edc986d3142307a2cf2
I20260709 12:25:39.856518  8859 raft_consensus.cc:3060] T 31583fb538134db2ab1abe62afa0aeef P 06a4188e8bf04f5f8a768218d9deff5f [term 0 FOLLOWER]: Advancing to term 1
I20260709 12:25:39.857939  8887 consensus_queue.cc:1048] T 7e11edea716f42afbb944052162b0831 P 1f5ea1b6de7d4edc986d3142307a2cf2 [LEADER]: Connected to new peer: Peer: permanent_uuid: "1768b42c34ad422c99bfac52e7ac4c59" member_type: VOTER last_known_addr { host: "127.7.201.66" port: 40855 }, Status: LMP_MISMATCH, Last received: 0.0, Next index: 1, Last known committed idx: 0, Time since last communication: 0.000s
I20260709 12:25:39.858554  8819 consensus_queue.cc:1048] T 7e11edea716f42afbb944052162b0831 P 1f5ea1b6de7d4edc986d3142307a2cf2 [LEADER]: Connected to new peer: Peer: permanent_uuid: "06a4188e8bf04f5f8a768218d9deff5f" member_type: VOTER last_known_addr { host: "127.7.201.65" port: 37345 }, Status: LMP_MISMATCH, Last received: 0.0, Next index: 1, Last known committed idx: 0, Time since last communication: 0.000s
I20260709 12:25:39.863020  8859 raft_consensus.cc:2749] T 31583fb538134db2ab1abe62afa0aeef P 06a4188e8bf04f5f8a768218d9deff5f [term 1 FOLLOWER]: Leader pre-election lost for term 1. Reason: could not achieve majority
I20260709 12:25:39.869676  8841 raft_consensus.cc:993] T 7e11edea716f42afbb944052162b0831 P 1f5ea1b6de7d4edc986d3142307a2cf2: : Instructing follower 06a4188e8bf04f5f8a768218d9deff5f to start an election
I20260709 12:25:39.870105  8841 raft_consensus.cc:1081] T 7e11edea716f42afbb944052162b0831 P 1f5ea1b6de7d4edc986d3142307a2cf2 [term 1 LEADER]: Signalling peer 06a4188e8bf04f5f8a768218d9deff5f to start an election
I20260709 12:25:39.871850  8624 tablet_service.cc:2044] Received Run Leader Election RPC: tablet_id: "7e11edea716f42afbb944052162b0831"
dest_uuid: "06a4188e8bf04f5f8a768218d9deff5f"
 from {username='slave'} at 127.0.0.1:55038
I20260709 12:25:39.872802  8624 raft_consensus.cc:493] T 7e11edea716f42afbb944052162b0831 P 06a4188e8bf04f5f8a768218d9deff5f [term 1 FOLLOWER]: Starting forced leader election (received explicit request)
I20260709 12:25:39.873199  8624 raft_consensus.cc:3060] T 7e11edea716f42afbb944052162b0831 P 06a4188e8bf04f5f8a768218d9deff5f [term 1 FOLLOWER]: Advancing to term 2
I20260709 12:25:39.880918  8624 raft_consensus.cc:515] T 7e11edea716f42afbb944052162b0831 P 06a4188e8bf04f5f8a768218d9deff5f [term 2 FOLLOWER]: Starting forced leader election with config: opid_index: -1 OBSOLETE_local: false peers { permanent_uuid: "06a4188e8bf04f5f8a768218d9deff5f" member_type: VOTER last_known_addr { host: "127.7.201.65" port: 37345 } } peers { permanent_uuid: "1768b42c34ad422c99bfac52e7ac4c59" member_type: VOTER last_known_addr { host: "127.7.201.66" port: 40855 } } peers { permanent_uuid: "1f5ea1b6de7d4edc986d3142307a2cf2" member_type: VOTER last_known_addr { host: "127.7.201.67" port: 38215 } }
I20260709 12:25:39.882933  8624 leader_election.cc:290] T 7e11edea716f42afbb944052162b0831 P 06a4188e8bf04f5f8a768218d9deff5f [CANDIDATE]: Term 2 election: Requested vote from peers 1768b42c34ad422c99bfac52e7ac4c59 (127.7.201.66:40855), 1f5ea1b6de7d4edc986d3142307a2cf2 (127.7.201.67:38215)
I20260709 12:25:39.883301  8696 tablet_service.cc:1917] Received RequestConsensusVote() RPC: tablet_id: "7e11edea716f42afbb944052162b0831" candidate_uuid: "06a4188e8bf04f5f8a768218d9deff5f" candidate_term: 2 candidate_status { last_received { term: 1 index: 1 } } ignore_live_leader: true dest_uuid: "1768b42c34ad422c99bfac52e7ac4c59"
I20260709 12:25:39.883891  8696 raft_consensus.cc:3060] T 7e11edea716f42afbb944052162b0831 P 1768b42c34ad422c99bfac52e7ac4c59 [term 1 FOLLOWER]: Advancing to term 2
I20260709 12:25:39.883999  8772 tablet_service.cc:1917] Received RequestConsensusVote() RPC: tablet_id: "7e11edea716f42afbb944052162b0831" candidate_uuid: "06a4188e8bf04f5f8a768218d9deff5f" candidate_term: 2 candidate_status { last_received { term: 1 index: 1 } } ignore_live_leader: true dest_uuid: "1f5ea1b6de7d4edc986d3142307a2cf2"
I20260709 12:25:39.884625  8772 raft_consensus.cc:3055] T 7e11edea716f42afbb944052162b0831 P 1f5ea1b6de7d4edc986d3142307a2cf2 [term 1 LEADER]: Stepping down as leader of term 1
I20260709 12:25:39.884999  8772 raft_consensus.cc:740] T 7e11edea716f42afbb944052162b0831 P 1f5ea1b6de7d4edc986d3142307a2cf2 [term 1 LEADER]: Becoming Follower/Learner. State: Replica: 1f5ea1b6de7d4edc986d3142307a2cf2, State: Running, Role: LEADER
I20260709 12:25:39.885879  8772 consensus_queue.cc:260] T 7e11edea716f42afbb944052162b0831 P 1f5ea1b6de7d4edc986d3142307a2cf2 [NON_LEADER]: Queue going to NON_LEADER mode. State: All replicated index: 0, Majority replicated index: 1, Committed index: 1, Last appended: 1.1, Last appended by leader: 1, Current term: 1, Majority size: -1, State: 0, Mode: NON_LEADER, active raft config: opid_index: -1 OBSOLETE_local: false peers { permanent_uuid: "06a4188e8bf04f5f8a768218d9deff5f" member_type: VOTER last_known_addr { host: "127.7.201.65" port: 37345 } } peers { permanent_uuid: "1768b42c34ad422c99bfac52e7ac4c59" member_type: VOTER last_known_addr { host: "127.7.201.66" port: 40855 } } peers { permanent_uuid: "1f5ea1b6de7d4edc986d3142307a2cf2" member_type: VOTER last_known_addr { host: "127.7.201.67" port: 38215 } }
I20260709 12:25:39.887180  8772 raft_consensus.cc:3060] T 7e11edea716f42afbb944052162b0831 P 1f5ea1b6de7d4edc986d3142307a2cf2 [term 1 FOLLOWER]: Advancing to term 2
I20260709 12:25:39.889766  8696 raft_consensus.cc:2468] T 7e11edea716f42afbb944052162b0831 P 1768b42c34ad422c99bfac52e7ac4c59 [term 2 FOLLOWER]: Leader election vote request: Granting yes vote for candidate 06a4188e8bf04f5f8a768218d9deff5f in term 2.
I20260709 12:25:39.890812  8589 leader_election.cc:304] T 7e11edea716f42afbb944052162b0831 P 06a4188e8bf04f5f8a768218d9deff5f [CANDIDATE]: Term 2 election: Election decided. Result: candidate won. Election summary: received 2 responses out of 3 voters: 2 yes votes; 0 no votes. yes voters: 06a4188e8bf04f5f8a768218d9deff5f, 1768b42c34ad422c99bfac52e7ac4c59; no voters: 
I20260709 12:25:39.891611  8859 raft_consensus.cc:2804] T 7e11edea716f42afbb944052162b0831 P 06a4188e8bf04f5f8a768218d9deff5f [term 2 FOLLOWER]: Leader election won for term 2
I20260709 12:25:39.891983  8859 raft_consensus.cc:697] T 7e11edea716f42afbb944052162b0831 P 06a4188e8bf04f5f8a768218d9deff5f [term 2 LEADER]: Becoming Leader. State: Replica: 06a4188e8bf04f5f8a768218d9deff5f, State: Running, Role: LEADER
I20260709 12:25:39.892746  8859 consensus_queue.cc:237] T 7e11edea716f42afbb944052162b0831 P 06a4188e8bf04f5f8a768218d9deff5f [LEADER]: Queue going to LEADER mode. State: All replicated index: 0, Majority replicated index: 1, Committed index: 1, Last appended: 1.1, Last appended by leader: 1, Current term: 2, Majority size: 2, State: 0, Mode: LEADER, active raft config: opid_index: -1 OBSOLETE_local: false peers { permanent_uuid: "06a4188e8bf04f5f8a768218d9deff5f" member_type: VOTER last_known_addr { host: "127.7.201.65" port: 37345 } } peers { permanent_uuid: "1768b42c34ad422c99bfac52e7ac4c59" member_type: VOTER last_known_addr { host: "127.7.201.66" port: 40855 } } peers { permanent_uuid: "1f5ea1b6de7d4edc986d3142307a2cf2" member_type: VOTER last_known_addr { host: "127.7.201.67" port: 38215 } }
I20260709 12:25:39.893126  8772 raft_consensus.cc:2468] T 7e11edea716f42afbb944052162b0831 P 1f5ea1b6de7d4edc986d3142307a2cf2 [term 2 FOLLOWER]: Leader election vote request: Granting yes vote for candidate 06a4188e8bf04f5f8a768218d9deff5f in term 2.
I20260709 12:25:39.898505  8519 catalog_manager.cc:5697] T 7e11edea716f42afbb944052162b0831 P 06a4188e8bf04f5f8a768218d9deff5f reported cstate change: term changed from 1 to 2, leader changed from 1f5ea1b6de7d4edc986d3142307a2cf2 (127.7.201.67) to 06a4188e8bf04f5f8a768218d9deff5f (127.7.201.65). New cstate: current_term: 2 leader_uuid: "06a4188e8bf04f5f8a768218d9deff5f" committed_config { opid_index: -1 OBSOLETE_local: false peers { permanent_uuid: "06a4188e8bf04f5f8a768218d9deff5f" member_type: VOTER last_known_addr { host: "127.7.201.65" port: 37345 } health_report { overall_health: HEALTHY } } peers { permanent_uuid: "1768b42c34ad422c99bfac52e7ac4c59" member_type: VOTER last_known_addr { host: "127.7.201.66" port: 40855 } health_report { overall_health: UNKNOWN } } peers { permanent_uuid: "1f5ea1b6de7d4edc986d3142307a2cf2" member_type: VOTER last_known_addr { host: "127.7.201.67" port: 38215 } health_report { overall_health: UNKNOWN } } }
I20260709 12:25:39.941695  8887 consensus_queue.cc:1048] T 31583fb538134db2ab1abe62afa0aeef P 1f5ea1b6de7d4edc986d3142307a2cf2 [LEADER]: Connected to new peer: Peer: permanent_uuid: "06a4188e8bf04f5f8a768218d9deff5f" member_type: VOTER last_known_addr { host: "127.7.201.65" port: 37345 }, Status: LMP_MISMATCH, Last received: 0.0, Next index: 1, Last known committed idx: 0, Time since last communication: 0.000s
I20260709 12:25:39.951095  8842 consensus_queue.cc:1048] T 31583fb538134db2ab1abe62afa0aeef P 1f5ea1b6de7d4edc986d3142307a2cf2 [LEADER]: Connected to new peer: Peer: permanent_uuid: "1768b42c34ad422c99bfac52e7ac4c59" member_type: VOTER last_known_addr { host: "127.7.201.66" port: 40855 }, Status: LMP_MISMATCH, Last received: 0.0, Next index: 1, Last known committed idx: 0, Time since last communication: 0.000s
I20260709 12:25:39.959748  8819 raft_consensus.cc:993] T 31583fb538134db2ab1abe62afa0aeef P 1f5ea1b6de7d4edc986d3142307a2cf2: : Instructing follower 1768b42c34ad422c99bfac52e7ac4c59 to start an election
I20260709 12:25:39.960126  8842 raft_consensus.cc:1081] T 31583fb538134db2ab1abe62afa0aeef P 1f5ea1b6de7d4edc986d3142307a2cf2 [term 1 LEADER]: Signalling peer 1768b42c34ad422c99bfac52e7ac4c59 to start an election
I20260709 12:25:39.961699  8696 tablet_service.cc:2044] Received Run Leader Election RPC: tablet_id: "31583fb538134db2ab1abe62afa0aeef"
dest_uuid: "1768b42c34ad422c99bfac52e7ac4c59"
 from {username='slave'} at 127.0.0.1:60092
I20260709 12:25:39.962154  8696 raft_consensus.cc:493] T 31583fb538134db2ab1abe62afa0aeef P 1768b42c34ad422c99bfac52e7ac4c59 [term 1 FOLLOWER]: Starting forced leader election (received explicit request)
I20260709 12:25:39.962451  8696 raft_consensus.cc:3060] T 31583fb538134db2ab1abe62afa0aeef P 1768b42c34ad422c99bfac52e7ac4c59 [term 1 FOLLOWER]: Advancing to term 2
I20260709 12:25:39.965127  8823 consensus_queue.cc:1048] T 343bd37087f74b5886acc5ae03502824 P 1768b42c34ad422c99bfac52e7ac4c59 [LEADER]: Connected to new peer: Peer: permanent_uuid: "1f5ea1b6de7d4edc986d3142307a2cf2" member_type: VOTER last_known_addr { host: "127.7.201.67" port: 38215 }, Status: LMP_MISMATCH, Last received: 0.0, Next index: 1, Last known committed idx: 0, Time since last communication: 0.000s
I20260709 12:25:39.967576  8696 raft_consensus.cc:515] T 31583fb538134db2ab1abe62afa0aeef P 1768b42c34ad422c99bfac52e7ac4c59 [term 2 FOLLOWER]: Starting forced leader election with config: opid_index: -1 OBSOLETE_local: false peers { permanent_uuid: "06a4188e8bf04f5f8a768218d9deff5f" member_type: VOTER last_known_addr { host: "127.7.201.65" port: 37345 } } peers { permanent_uuid: "1768b42c34ad422c99bfac52e7ac4c59" member_type: VOTER last_known_addr { host: "127.7.201.66" port: 40855 } } peers { permanent_uuid: "1f5ea1b6de7d4edc986d3142307a2cf2" member_type: VOTER last_known_addr { host: "127.7.201.67" port: 38215 } }
I20260709 12:25:39.969890  8696 leader_election.cc:290] T 31583fb538134db2ab1abe62afa0aeef P 1768b42c34ad422c99bfac52e7ac4c59 [CANDIDATE]: Term 2 election: Requested vote from peers 06a4188e8bf04f5f8a768218d9deff5f (127.7.201.65:37345), 1f5ea1b6de7d4edc986d3142307a2cf2 (127.7.201.67:38215)
I20260709 12:25:39.970238  8624 tablet_service.cc:1917] Received RequestConsensusVote() RPC: tablet_id: "31583fb538134db2ab1abe62afa0aeef" candidate_uuid: "1768b42c34ad422c99bfac52e7ac4c59" candidate_term: 2 candidate_status { last_received { term: 1 index: 1 } } ignore_live_leader: true dest_uuid: "06a4188e8bf04f5f8a768218d9deff5f"
I20260709 12:25:39.970798  8624 raft_consensus.cc:3060] T 31583fb538134db2ab1abe62afa0aeef P 06a4188e8bf04f5f8a768218d9deff5f [term 1 FOLLOWER]: Advancing to term 2
I20260709 12:25:39.971630  8772 tablet_service.cc:1917] Received RequestConsensusVote() RPC: tablet_id: "31583fb538134db2ab1abe62afa0aeef" candidate_uuid: "1768b42c34ad422c99bfac52e7ac4c59" candidate_term: 2 candidate_status { last_received { term: 1 index: 1 } } ignore_live_leader: true dest_uuid: "1f5ea1b6de7d4edc986d3142307a2cf2"
I20260709 12:25:39.972160  8772 raft_consensus.cc:3055] T 31583fb538134db2ab1abe62afa0aeef P 1f5ea1b6de7d4edc986d3142307a2cf2 [term 1 LEADER]: Stepping down as leader of term 1
I20260709 12:25:39.972493  8772 raft_consensus.cc:740] T 31583fb538134db2ab1abe62afa0aeef P 1f5ea1b6de7d4edc986d3142307a2cf2 [term 1 LEADER]: Becoming Follower/Learner. State: Replica: 1f5ea1b6de7d4edc986d3142307a2cf2, State: Running, Role: LEADER
I20260709 12:25:39.973272  8772 consensus_queue.cc:260] T 31583fb538134db2ab1abe62afa0aeef P 1f5ea1b6de7d4edc986d3142307a2cf2 [NON_LEADER]: Queue going to NON_LEADER mode. State: All replicated index: 0, Majority replicated index: 1, Committed index: 1, Last appended: 1.1, Last appended by leader: 1, Current term: 1, Majority size: -1, State: 0, Mode: NON_LEADER, active raft config: opid_index: -1 OBSOLETE_local: false peers { permanent_uuid: "06a4188e8bf04f5f8a768218d9deff5f" member_type: VOTER last_known_addr { host: "127.7.201.65" port: 37345 } } peers { permanent_uuid: "1768b42c34ad422c99bfac52e7ac4c59" member_type: VOTER last_known_addr { host: "127.7.201.66" port: 40855 } } peers { permanent_uuid: "1f5ea1b6de7d4edc986d3142307a2cf2" member_type: VOTER last_known_addr { host: "127.7.201.67" port: 38215 } }
I20260709 12:25:39.974557  8772 raft_consensus.cc:3060] T 31583fb538134db2ab1abe62afa0aeef P 1f5ea1b6de7d4edc986d3142307a2cf2 [term 1 FOLLOWER]: Advancing to term 2
I20260709 12:25:39.976688  8870 consensus_queue.cc:1048] T 343bd37087f74b5886acc5ae03502824 P 1768b42c34ad422c99bfac52e7ac4c59 [LEADER]: Connected to new peer: Peer: permanent_uuid: "06a4188e8bf04f5f8a768218d9deff5f" member_type: VOTER last_known_addr { host: "127.7.201.65" port: 37345 }, Status: LMP_MISMATCH, Last received: 0.0, Next index: 1, Last known committed idx: 0, Time since last communication: 0.000s
I20260709 12:25:39.977408  8624 raft_consensus.cc:2468] T 31583fb538134db2ab1abe62afa0aeef P 06a4188e8bf04f5f8a768218d9deff5f [term 2 FOLLOWER]: Leader election vote request: Granting yes vote for candidate 1768b42c34ad422c99bfac52e7ac4c59 in term 2.
I20260709 12:25:39.978684  8664 leader_election.cc:304] T 31583fb538134db2ab1abe62afa0aeef P 1768b42c34ad422c99bfac52e7ac4c59 [CANDIDATE]: Term 2 election: Election decided. Result: candidate won. Election summary: received 2 responses out of 3 voters: 2 yes votes; 0 no votes. yes voters: 06a4188e8bf04f5f8a768218d9deff5f, 1768b42c34ad422c99bfac52e7ac4c59; no voters: 
I20260709 12:25:39.979549  8865 raft_consensus.cc:2804] T 31583fb538134db2ab1abe62afa0aeef P 1768b42c34ad422c99bfac52e7ac4c59 [term 2 FOLLOWER]: Leader election won for term 2
I20260709 12:25:39.979984  8865 raft_consensus.cc:697] T 31583fb538134db2ab1abe62afa0aeef P 1768b42c34ad422c99bfac52e7ac4c59 [term 2 LEADER]: Becoming Leader. State: Replica: 1768b42c34ad422c99bfac52e7ac4c59, State: Running, Role: LEADER
I20260709 12:25:39.980816  8865 consensus_queue.cc:237] T 31583fb538134db2ab1abe62afa0aeef P 1768b42c34ad422c99bfac52e7ac4c59 [LEADER]: Queue going to LEADER mode. State: All replicated index: 0, Majority replicated index: 1, Committed index: 1, Last appended: 1.1, Last appended by leader: 1, Current term: 2, Majority size: 2, State: 0, Mode: LEADER, active raft config: opid_index: -1 OBSOLETE_local: false peers { permanent_uuid: "06a4188e8bf04f5f8a768218d9deff5f" member_type: VOTER last_known_addr { host: "127.7.201.65" port: 37345 } } peers { permanent_uuid: "1768b42c34ad422c99bfac52e7ac4c59" member_type: VOTER last_known_addr { host: "127.7.201.66" port: 40855 } } peers { permanent_uuid: "1f5ea1b6de7d4edc986d3142307a2cf2" member_type: VOTER last_known_addr { host: "127.7.201.67" port: 38215 } }
I20260709 12:25:39.981273  8772 raft_consensus.cc:2468] T 31583fb538134db2ab1abe62afa0aeef P 1f5ea1b6de7d4edc986d3142307a2cf2 [term 2 FOLLOWER]: Leader election vote request: Granting yes vote for candidate 1768b42c34ad422c99bfac52e7ac4c59 in term 2.
I20260709 12:25:39.992974  8521 catalog_manager.cc:5697] T 31583fb538134db2ab1abe62afa0aeef P 1768b42c34ad422c99bfac52e7ac4c59 reported cstate change: term changed from 1 to 2, leader changed from 1f5ea1b6de7d4edc986d3142307a2cf2 (127.7.201.67) to 1768b42c34ad422c99bfac52e7ac4c59 (127.7.201.66). New cstate: current_term: 2 leader_uuid: "1768b42c34ad422c99bfac52e7ac4c59" committed_config { opid_index: -1 OBSOLETE_local: false peers { permanent_uuid: "06a4188e8bf04f5f8a768218d9deff5f" member_type: VOTER last_known_addr { host: "127.7.201.65" port: 37345 } health_report { overall_health: UNKNOWN } } peers { permanent_uuid: "1768b42c34ad422c99bfac52e7ac4c59" member_type: VOTER last_known_addr { host: "127.7.201.66" port: 40855 } health_report { overall_health: HEALTHY } } peers { permanent_uuid: "1f5ea1b6de7d4edc986d3142307a2cf2" member_type: VOTER last_known_addr { host: "127.7.201.67" port: 38215 } health_report { overall_health: UNKNOWN } } }
I20260709 12:25:40.020999  8842 consensus_queue.cc:1048] T d1e48d1a1248408daf92ebbfce74cd70 P 1f5ea1b6de7d4edc986d3142307a2cf2 [LEADER]: Connected to new peer: Peer: permanent_uuid: "06a4188e8bf04f5f8a768218d9deff5f" member_type: VOTER last_known_addr { host: "127.7.201.65" port: 37345 }, Status: LMP_MISMATCH, Last received: 0.0, Next index: 1, Last known committed idx: 0, Time since last communication: 0.000s
I20260709 12:25:40.027213  8819 raft_consensus.cc:993] T d1e48d1a1248408daf92ebbfce74cd70 P 1f5ea1b6de7d4edc986d3142307a2cf2: : Instructing follower 06a4188e8bf04f5f8a768218d9deff5f to start an election
I20260709 12:25:40.027643  8819 raft_consensus.cc:1081] T d1e48d1a1248408daf92ebbfce74cd70 P 1f5ea1b6de7d4edc986d3142307a2cf2 [term 1 LEADER]: Signalling peer 06a4188e8bf04f5f8a768218d9deff5f to start an election
I20260709 12:25:40.029421  8623 tablet_service.cc:2044] Received Run Leader Election RPC: tablet_id: "d1e48d1a1248408daf92ebbfce74cd70"
dest_uuid: "06a4188e8bf04f5f8a768218d9deff5f"
 from {username='slave'} at 127.0.0.1:55038
I20260709 12:25:40.029983  8623 raft_consensus.cc:493] T d1e48d1a1248408daf92ebbfce74cd70 P 06a4188e8bf04f5f8a768218d9deff5f [term 1 FOLLOWER]: Starting forced leader election (received explicit request)
I20260709 12:25:40.030342  8623 raft_consensus.cc:3060] T d1e48d1a1248408daf92ebbfce74cd70 P 06a4188e8bf04f5f8a768218d9deff5f [term 1 FOLLOWER]: Advancing to term 2
I20260709 12:25:40.032440  8887 consensus_queue.cc:1048] T d1e48d1a1248408daf92ebbfce74cd70 P 1f5ea1b6de7d4edc986d3142307a2cf2 [LEADER]: Connected to new peer: Peer: permanent_uuid: "1768b42c34ad422c99bfac52e7ac4c59" member_type: VOTER last_known_addr { host: "127.7.201.66" port: 40855 }, Status: LMP_MISMATCH, Last received: 0.0, Next index: 1, Last known committed idx: 0, Time since last communication: 0.000s
I20260709 12:25:40.037840  8623 raft_consensus.cc:515] T d1e48d1a1248408daf92ebbfce74cd70 P 06a4188e8bf04f5f8a768218d9deff5f [term 2 FOLLOWER]: Starting forced leader election with config: opid_index: -1 OBSOLETE_local: false peers { permanent_uuid: "06a4188e8bf04f5f8a768218d9deff5f" member_type: VOTER last_known_addr { host: "127.7.201.65" port: 37345 } } peers { permanent_uuid: "1f5ea1b6de7d4edc986d3142307a2cf2" member_type: VOTER last_known_addr { host: "127.7.201.67" port: 38215 } } peers { permanent_uuid: "1768b42c34ad422c99bfac52e7ac4c59" member_type: VOTER last_known_addr { host: "127.7.201.66" port: 40855 } }
I20260709 12:25:40.040628  8772 tablet_service.cc:1917] Received RequestConsensusVote() RPC: tablet_id: "d1e48d1a1248408daf92ebbfce74cd70" candidate_uuid: "06a4188e8bf04f5f8a768218d9deff5f" candidate_term: 2 candidate_status { last_received { term: 1 index: 1 } } ignore_live_leader: true dest_uuid: "1f5ea1b6de7d4edc986d3142307a2cf2"
I20260709 12:25:40.041177  8772 raft_consensus.cc:3055] T d1e48d1a1248408daf92ebbfce74cd70 P 1f5ea1b6de7d4edc986d3142307a2cf2 [term 1 LEADER]: Stepping down as leader of term 1
I20260709 12:25:40.041497  8772 raft_consensus.cc:740] T d1e48d1a1248408daf92ebbfce74cd70 P 1f5ea1b6de7d4edc986d3142307a2cf2 [term 1 LEADER]: Becoming Follower/Learner. State: Replica: 1f5ea1b6de7d4edc986d3142307a2cf2, State: Running, Role: LEADER
I20260709 12:25:40.041826  8696 tablet_service.cc:1917] Received RequestConsensusVote() RPC: tablet_id: "d1e48d1a1248408daf92ebbfce74cd70" candidate_uuid: "06a4188e8bf04f5f8a768218d9deff5f" candidate_term: 2 candidate_status { last_received { term: 1 index: 1 } } ignore_live_leader: true dest_uuid: "1768b42c34ad422c99bfac52e7ac4c59"
I20260709 12:25:40.042447  8696 raft_consensus.cc:3060] T d1e48d1a1248408daf92ebbfce74cd70 P 1768b42c34ad422c99bfac52e7ac4c59 [term 1 FOLLOWER]: Advancing to term 2
I20260709 12:25:40.042255  8772 consensus_queue.cc:260] T d1e48d1a1248408daf92ebbfce74cd70 P 1f5ea1b6de7d4edc986d3142307a2cf2 [NON_LEADER]: Queue going to NON_LEADER mode. State: All replicated index: 0, Majority replicated index: 1, Committed index: 1, Last appended: 1.1, Last appended by leader: 1, Current term: 1, Majority size: -1, State: 0, Mode: NON_LEADER, active raft config: opid_index: -1 OBSOLETE_local: false peers { permanent_uuid: "06a4188e8bf04f5f8a768218d9deff5f" member_type: VOTER last_known_addr { host: "127.7.201.65" port: 37345 } } peers { permanent_uuid: "1f5ea1b6de7d4edc986d3142307a2cf2" member_type: VOTER last_known_addr { host: "127.7.201.67" port: 38215 } } peers { permanent_uuid: "1768b42c34ad422c99bfac52e7ac4c59" member_type: VOTER last_known_addr { host: "127.7.201.66" port: 40855 } }
I20260709 12:25:40.043339  8772 raft_consensus.cc:3060] T d1e48d1a1248408daf92ebbfce74cd70 P 1f5ea1b6de7d4edc986d3142307a2cf2 [term 1 FOLLOWER]: Advancing to term 2
I20260709 12:25:40.043933  8623 leader_election.cc:290] T d1e48d1a1248408daf92ebbfce74cd70 P 06a4188e8bf04f5f8a768218d9deff5f [CANDIDATE]: Term 2 election: Requested vote from peers 1f5ea1b6de7d4edc986d3142307a2cf2 (127.7.201.67:38215), 1768b42c34ad422c99bfac52e7ac4c59 (127.7.201.66:40855)
I20260709 12:25:40.050092  8772 raft_consensus.cc:2468] T d1e48d1a1248408daf92ebbfce74cd70 P 1f5ea1b6de7d4edc986d3142307a2cf2 [term 2 FOLLOWER]: Leader election vote request: Granting yes vote for candidate 06a4188e8bf04f5f8a768218d9deff5f in term 2.
I20260709 12:25:40.051226  8588 leader_election.cc:304] T d1e48d1a1248408daf92ebbfce74cd70 P 06a4188e8bf04f5f8a768218d9deff5f [CANDIDATE]: Term 2 election: Election decided. Result: candidate won. Election summary: received 2 responses out of 3 voters: 2 yes votes; 0 no votes. yes voters: 06a4188e8bf04f5f8a768218d9deff5f, 1f5ea1b6de7d4edc986d3142307a2cf2; no voters: 
I20260709 12:25:40.052141  8859 raft_consensus.cc:2804] T d1e48d1a1248408daf92ebbfce74cd70 P 06a4188e8bf04f5f8a768218d9deff5f [term 2 FOLLOWER]: Leader election won for term 2
I20260709 12:25:40.052624  8859 raft_consensus.cc:697] T d1e48d1a1248408daf92ebbfce74cd70 P 06a4188e8bf04f5f8a768218d9deff5f [term 2 LEADER]: Becoming Leader. State: Replica: 06a4188e8bf04f5f8a768218d9deff5f, State: Running, Role: LEADER
I20260709 12:25:40.051276  8696 raft_consensus.cc:2468] T d1e48d1a1248408daf92ebbfce74cd70 P 1768b42c34ad422c99bfac52e7ac4c59 [term 2 FOLLOWER]: Leader election vote request: Granting yes vote for candidate 06a4188e8bf04f5f8a768218d9deff5f in term 2.
I20260709 12:25:40.053813  8819 raft_consensus.cc:993] T 90eaca2c903d4f7e897d0440ce3521c8 P 1f5ea1b6de7d4edc986d3142307a2cf2: : Instructing follower 1768b42c34ad422c99bfac52e7ac4c59 to start an election
I20260709 12:25:40.053452  8859 consensus_queue.cc:237] T d1e48d1a1248408daf92ebbfce74cd70 P 06a4188e8bf04f5f8a768218d9deff5f [LEADER]: Queue going to LEADER mode. State: All replicated index: 0, Majority replicated index: 1, Committed index: 1, Last appended: 1.1, Last appended by leader: 1, Current term: 2, Majority size: 2, State: 0, Mode: LEADER, active raft config: opid_index: -1 OBSOLETE_local: false peers { permanent_uuid: "06a4188e8bf04f5f8a768218d9deff5f" member_type: VOTER last_known_addr { host: "127.7.201.65" port: 37345 } } peers { permanent_uuid: "1f5ea1b6de7d4edc986d3142307a2cf2" member_type: VOTER last_known_addr { host: "127.7.201.67" port: 38215 } } peers { permanent_uuid: "1768b42c34ad422c99bfac52e7ac4c59" member_type: VOTER last_known_addr { host: "127.7.201.66" port: 40855 } }
I20260709 12:25:40.054246  8819 raft_consensus.cc:1081] T 90eaca2c903d4f7e897d0440ce3521c8 P 1f5ea1b6de7d4edc986d3142307a2cf2 [term 1 LEADER]: Signalling peer 1768b42c34ad422c99bfac52e7ac4c59 to start an election
I20260709 12:25:40.056290  8698 tablet_service.cc:2044] Received Run Leader Election RPC: tablet_id: "90eaca2c903d4f7e897d0440ce3521c8"
dest_uuid: "1768b42c34ad422c99bfac52e7ac4c59"
 from {username='slave'} at 127.0.0.1:60092
I20260709 12:25:40.056865  8698 raft_consensus.cc:493] T 90eaca2c903d4f7e897d0440ce3521c8 P 1768b42c34ad422c99bfac52e7ac4c59 [term 1 FOLLOWER]: Starting forced leader election (received explicit request)
I20260709 12:25:40.057217  8698 raft_consensus.cc:3060] T 90eaca2c903d4f7e897d0440ce3521c8 P 1768b42c34ad422c99bfac52e7ac4c59 [term 1 FOLLOWER]: Advancing to term 2
I20260709 12:25:40.061008  8522 catalog_manager.cc:5697] T d1e48d1a1248408daf92ebbfce74cd70 P 06a4188e8bf04f5f8a768218d9deff5f reported cstate change: term changed from 1 to 2, leader changed from 1f5ea1b6de7d4edc986d3142307a2cf2 (127.7.201.67) to 06a4188e8bf04f5f8a768218d9deff5f (127.7.201.65). New cstate: current_term: 2 leader_uuid: "06a4188e8bf04f5f8a768218d9deff5f" committed_config { opid_index: -1 OBSOLETE_local: false peers { permanent_uuid: "06a4188e8bf04f5f8a768218d9deff5f" member_type: VOTER last_known_addr { host: "127.7.201.65" port: 37345 } health_report { overall_health: HEALTHY } } peers { permanent_uuid: "1f5ea1b6de7d4edc986d3142307a2cf2" member_type: VOTER last_known_addr { host: "127.7.201.67" port: 38215 } health_report { overall_health: UNKNOWN } } peers { permanent_uuid: "1768b42c34ad422c99bfac52e7ac4c59" member_type: VOTER last_known_addr { host: "127.7.201.66" port: 40855 } health_report { overall_health: UNKNOWN } } }
I20260709 12:25:40.062862  8698 raft_consensus.cc:515] T 90eaca2c903d4f7e897d0440ce3521c8 P 1768b42c34ad422c99bfac52e7ac4c59 [term 2 FOLLOWER]: Starting forced leader election with config: opid_index: -1 OBSOLETE_local: false peers { permanent_uuid: "06a4188e8bf04f5f8a768218d9deff5f" member_type: VOTER last_known_addr { host: "127.7.201.65" port: 37345 } } peers { permanent_uuid: "1768b42c34ad422c99bfac52e7ac4c59" member_type: VOTER last_known_addr { host: "127.7.201.66" port: 40855 } } peers { permanent_uuid: "1f5ea1b6de7d4edc986d3142307a2cf2" member_type: VOTER last_known_addr { host: "127.7.201.67" port: 38215 } }
I20260709 12:25:40.064020  8859 consensus_queue.cc:1048] T 3af1743f6e3a449e9418b46e87ca4a9c P 06a4188e8bf04f5f8a768218d9deff5f [LEADER]: Connected to new peer: Peer: permanent_uuid: "1768b42c34ad422c99bfac52e7ac4c59" member_type: VOTER last_known_addr { host: "127.7.201.66" port: 40855 }, Status: LMP_MISMATCH, Last received: 0.0, Next index: 1, Last known committed idx: 0, Time since last communication: 0.000s
I20260709 12:25:40.065874  8623 tablet_service.cc:1917] Received RequestConsensusVote() RPC: tablet_id: "90eaca2c903d4f7e897d0440ce3521c8" candidate_uuid: "1768b42c34ad422c99bfac52e7ac4c59" candidate_term: 2 candidate_status { last_received { term: 1 index: 1 } } ignore_live_leader: true dest_uuid: "06a4188e8bf04f5f8a768218d9deff5f"
I20260709 12:25:40.066491  8623 raft_consensus.cc:3060] T 90eaca2c903d4f7e897d0440ce3521c8 P 06a4188e8bf04f5f8a768218d9deff5f [term 1 FOLLOWER]: Advancing to term 2
I20260709 12:25:40.066193  8772 tablet_service.cc:1917] Received RequestConsensusVote() RPC: tablet_id: "90eaca2c903d4f7e897d0440ce3521c8" candidate_uuid: "1768b42c34ad422c99bfac52e7ac4c59" candidate_term: 2 candidate_status { last_received { term: 1 index: 1 } } ignore_live_leader: true dest_uuid: "1f5ea1b6de7d4edc986d3142307a2cf2"
I20260709 12:25:40.069011  8772 raft_consensus.cc:3055] T 90eaca2c903d4f7e897d0440ce3521c8 P 1f5ea1b6de7d4edc986d3142307a2cf2 [term 1 LEADER]: Stepping down as leader of term 1
I20260709 12:25:40.069288  8772 raft_consensus.cc:740] T 90eaca2c903d4f7e897d0440ce3521c8 P 1f5ea1b6de7d4edc986d3142307a2cf2 [term 1 LEADER]: Becoming Follower/Learner. State: Replica: 1f5ea1b6de7d4edc986d3142307a2cf2, State: Running, Role: LEADER
I20260709 12:25:40.073755  8623 raft_consensus.cc:2468] T 90eaca2c903d4f7e897d0440ce3521c8 P 06a4188e8bf04f5f8a768218d9deff5f [term 2 FOLLOWER]: Leader election vote request: Granting yes vote for candidate 1768b42c34ad422c99bfac52e7ac4c59 in term 2.
I20260709 12:25:40.066852  8698 leader_election.cc:290] T 90eaca2c903d4f7e897d0440ce3521c8 P 1768b42c34ad422c99bfac52e7ac4c59 [CANDIDATE]: Term 2 election: Requested vote from peers 06a4188e8bf04f5f8a768218d9deff5f (127.7.201.65:37345), 1f5ea1b6de7d4edc986d3142307a2cf2 (127.7.201.67:38215)
I20260709 12:25:40.074195  8772 consensus_queue.cc:260] T 90eaca2c903d4f7e897d0440ce3521c8 P 1f5ea1b6de7d4edc986d3142307a2cf2 [NON_LEADER]: Queue going to NON_LEADER mode. State: All replicated index: 0, Majority replicated index: 1, Committed index: 1, Last appended: 1.1, Last appended by leader: 1, Current term: 1, Majority size: -1, State: 0, Mode: NON_LEADER, active raft config: opid_index: -1 OBSOLETE_local: false peers { permanent_uuid: "06a4188e8bf04f5f8a768218d9deff5f" member_type: VOTER last_known_addr { host: "127.7.201.65" port: 37345 } } peers { permanent_uuid: "1768b42c34ad422c99bfac52e7ac4c59" member_type: VOTER last_known_addr { host: "127.7.201.66" port: 40855 } } peers { permanent_uuid: "1f5ea1b6de7d4edc986d3142307a2cf2" member_type: VOTER last_known_addr { host: "127.7.201.67" port: 38215 } }
I20260709 12:25:40.075737  8772 raft_consensus.cc:3060] T 90eaca2c903d4f7e897d0440ce3521c8 P 1f5ea1b6de7d4edc986d3142307a2cf2 [term 1 FOLLOWER]: Advancing to term 2
I20260709 12:25:40.075727  8664 leader_election.cc:304] T 90eaca2c903d4f7e897d0440ce3521c8 P 1768b42c34ad422c99bfac52e7ac4c59 [CANDIDATE]: Term 2 election: Election decided. Result: candidate won. Election summary: received 2 responses out of 3 voters: 2 yes votes; 0 no votes. yes voters: 06a4188e8bf04f5f8a768218d9deff5f, 1768b42c34ad422c99bfac52e7ac4c59; no voters: 
I20260709 12:25:40.076683  8870 raft_consensus.cc:2804] T 90eaca2c903d4f7e897d0440ce3521c8 P 1768b42c34ad422c99bfac52e7ac4c59 [term 2 FOLLOWER]: Leader election won for term 2
I20260709 12:25:40.076498  8865 consensus_queue.cc:1048] T 3c9a72008dc44e01b878dd1f30a4efc8 P 1768b42c34ad422c99bfac52e7ac4c59 [LEADER]: Connected to new peer: Peer: permanent_uuid: "1f5ea1b6de7d4edc986d3142307a2cf2" member_type: VOTER last_known_addr { host: "127.7.201.67" port: 38215 }, Status: LMP_MISMATCH, Last received: 0.0, Next index: 1, Last known committed idx: 0, Time since last communication: 0.000s
I20260709 12:25:40.077178  8870 raft_consensus.cc:697] T 90eaca2c903d4f7e897d0440ce3521c8 P 1768b42c34ad422c99bfac52e7ac4c59 [term 2 LEADER]: Becoming Leader. State: Replica: 1768b42c34ad422c99bfac52e7ac4c59, State: Running, Role: LEADER
I20260709 12:25:40.077977  8870 consensus_queue.cc:237] T 90eaca2c903d4f7e897d0440ce3521c8 P 1768b42c34ad422c99bfac52e7ac4c59 [LEADER]: Queue going to LEADER mode. State: All replicated index: 0, Majority replicated index: 1, Committed index: 1, Last appended: 1.1, Last appended by leader: 1, Current term: 2, Majority size: 2, State: 0, Mode: LEADER, active raft config: opid_index: -1 OBSOLETE_local: false peers { permanent_uuid: "06a4188e8bf04f5f8a768218d9deff5f" member_type: VOTER last_known_addr { host: "127.7.201.65" port: 37345 } } peers { permanent_uuid: "1768b42c34ad422c99bfac52e7ac4c59" member_type: VOTER last_known_addr { host: "127.7.201.66" port: 40855 } } peers { permanent_uuid: "1f5ea1b6de7d4edc986d3142307a2cf2" member_type: VOTER last_known_addr { host: "127.7.201.67" port: 38215 } }
I20260709 12:25:40.083873  8866 consensus_queue.cc:1048] T 3af1743f6e3a449e9418b46e87ca4a9c P 06a4188e8bf04f5f8a768218d9deff5f [LEADER]: Connected to new peer: Peer: permanent_uuid: "1f5ea1b6de7d4edc986d3142307a2cf2" member_type: VOTER last_known_addr { host: "127.7.201.67" port: 38215 }, Status: LMP_MISMATCH, Last received: 0.0, Next index: 1, Last known committed idx: 0, Time since last communication: 0.000s
I20260709 12:25:40.089679  8521 catalog_manager.cc:5697] T 90eaca2c903d4f7e897d0440ce3521c8 P 1768b42c34ad422c99bfac52e7ac4c59 reported cstate change: term changed from 1 to 2, leader changed from 1f5ea1b6de7d4edc986d3142307a2cf2 (127.7.201.67) to 1768b42c34ad422c99bfac52e7ac4c59 (127.7.201.66). New cstate: current_term: 2 leader_uuid: "1768b42c34ad422c99bfac52e7ac4c59" committed_config { opid_index: -1 OBSOLETE_local: false peers { permanent_uuid: "06a4188e8bf04f5f8a768218d9deff5f" member_type: VOTER last_known_addr { host: "127.7.201.65" port: 37345 } health_report { overall_health: UNKNOWN } } peers { permanent_uuid: "1768b42c34ad422c99bfac52e7ac4c59" member_type: VOTER last_known_addr { host: "127.7.201.66" port: 40855 } health_report { overall_health: HEALTHY } } peers { permanent_uuid: "1f5ea1b6de7d4edc986d3142307a2cf2" member_type: VOTER last_known_addr { host: "127.7.201.67" port: 38215 } health_report { overall_health: UNKNOWN } } }
I20260709 12:25:40.091974  8868 consensus_queue.cc:1048] T 3c9a72008dc44e01b878dd1f30a4efc8 P 1768b42c34ad422c99bfac52e7ac4c59 [LEADER]: Connected to new peer: Peer: permanent_uuid: "06a4188e8bf04f5f8a768218d9deff5f" member_type: VOTER last_known_addr { host: "127.7.201.65" port: 37345 }, Status: LMP_MISMATCH, Last received: 0.0, Next index: 1, Last known committed idx: 0, Time since last communication: 0.000s
I20260709 12:25:40.103368  8772 raft_consensus.cc:2468] T 90eaca2c903d4f7e897d0440ce3521c8 P 1f5ea1b6de7d4edc986d3142307a2cf2 [term 2 FOLLOWER]: Leader election vote request: Granting yes vote for candidate 1768b42c34ad422c99bfac52e7ac4c59 in term 2.
I20260709 12:25:40.135766  8866 consensus_queue.cc:1048] T 6cb010ee99534a05ac52a44e6587f9e9 P 06a4188e8bf04f5f8a768218d9deff5f [LEADER]: Connected to new peer: Peer: permanent_uuid: "1768b42c34ad422c99bfac52e7ac4c59" member_type: VOTER last_known_addr { host: "127.7.201.66" port: 40855 }, Status: LMP_MISMATCH, Last received: 0.0, Next index: 1, Last known committed idx: 0, Time since last communication: 0.000s
I20260709 12:25:40.147037  8860 consensus_queue.cc:1048] T 6cb010ee99534a05ac52a44e6587f9e9 P 06a4188e8bf04f5f8a768218d9deff5f [LEADER]: Connected to new peer: Peer: permanent_uuid: "1f5ea1b6de7d4edc986d3142307a2cf2" member_type: VOTER last_known_addr { host: "127.7.201.67" port: 38215 }, Status: LMP_MISMATCH, Last received: 0.0, Next index: 1, Last known committed idx: 0, Time since last communication: 0.000s
I20260709 12:25:40.156474  8866 raft_consensus.cc:993] T 6cb010ee99534a05ac52a44e6587f9e9 P 06a4188e8bf04f5f8a768218d9deff5f: : Instructing follower 1f5ea1b6de7d4edc986d3142307a2cf2 to start an election
I20260709 12:25:40.156994  8860 raft_consensus.cc:1081] T 6cb010ee99534a05ac52a44e6587f9e9 P 06a4188e8bf04f5f8a768218d9deff5f [term 1 LEADER]: Signalling peer 1f5ea1b6de7d4edc986d3142307a2cf2 to start an election
I20260709 12:25:40.160164  8772 tablet_service.cc:2044] Received Run Leader Election RPC: tablet_id: "6cb010ee99534a05ac52a44e6587f9e9"
dest_uuid: "1f5ea1b6de7d4edc986d3142307a2cf2"
 from {username='slave'} at 127.0.0.1:50490
I20260709 12:25:40.160748  8772 raft_consensus.cc:493] T 6cb010ee99534a05ac52a44e6587f9e9 P 1f5ea1b6de7d4edc986d3142307a2cf2 [term 1 FOLLOWER]: Starting forced leader election (received explicit request)
I20260709 12:25:40.161139  8772 raft_consensus.cc:3060] T 6cb010ee99534a05ac52a44e6587f9e9 P 1f5ea1b6de7d4edc986d3142307a2cf2 [term 1 FOLLOWER]: Advancing to term 2
