I20260709 12:25:25.158037  8256 raft_consensus.cc:1275] T f169e742b54c46a189e5eabe0e74f271 P 5ee1b3f4049d44ad9665e17df5e95647 [term 4 FOLLOWER]: Refusing update from remote peer cb3432690ce742708bfb41f38b2a9414: Log matching property violated. Preceding OpId in replica: term: 3 index: 3. Preceding OpId from leader: term: 4 index: 4. (index mismatch)
I20260709 12:25:25.159330  8399 consensus_queue.cc:1048] T f169e742b54c46a189e5eabe0e74f271 P cb3432690ce742708bfb41f38b2a9414 [LEADER]: Connected to new peer: Peer: permanent_uuid: "5ee1b3f4049d44ad9665e17df5e95647" member_type: VOTER last_known_addr { host: "127.7.201.67" port: 32969 }, Status: LMP_MISMATCH, Last received: 0.0, Next index: 4, Last known committed idx: 3, Time since last communication: 0.000s
I20260709 12:25:27.306571  7973 auto_leader_rebalancer-test.cc:328] The leader distribution is 
I20260709 12:25:27.307426  7973 auto_leader_rebalancer.cc:141] leader rebalance for table test-workload
I20260709 12:25:27.315253  8182 tablet_service.cc:2072] Received LeaderStepDown RPC: tablet_id: "1d841bfdc9cd497dac6de14f6296a439"
dest_uuid: "cb3432690ce742708bfb41f38b2a9414"
mode: GRACEFUL
new_leader_uuid: "ea9013949c194e4ea3a7f7712c387615"
 from {username='slave'} at 127.0.0.1:47448
I20260709 12:25:27.316340  8182 raft_consensus.cc:606] T 1d841bfdc9cd497dac6de14f6296a439 P cb3432690ce742708bfb41f38b2a9414 [term 3 LEADER]: Received request to transfer leadership to TS ea9013949c194e4ea3a7f7712c387615
I20260709 12:25:27.319221  8182 tablet_service.cc:2072] Received LeaderStepDown RPC: tablet_id: "4f29b4ed11924392838d075737988d30"
dest_uuid: "cb3432690ce742708bfb41f38b2a9414"
mode: GRACEFUL
new_leader_uuid: "ea9013949c194e4ea3a7f7712c387615"
 from {username='slave'} at 127.0.0.1:47448
I20260709 12:25:27.319672  8182 raft_consensus.cc:606] T 4f29b4ed11924392838d075737988d30 P cb3432690ce742708bfb41f38b2a9414 [term 2 LEADER]: Received request to transfer leadership to TS ea9013949c194e4ea3a7f7712c387615
I20260709 12:25:27.321676  8182 tablet_service.cc:2072] Received LeaderStepDown RPC: tablet_id: "6554b62909d94525a33227b7fd951576"
dest_uuid: "cb3432690ce742708bfb41f38b2a9414"
mode: GRACEFUL
new_leader_uuid: "5ee1b3f4049d44ad9665e17df5e95647"
 from {username='slave'} at 127.0.0.1:47448
I20260709 12:25:27.322103  8182 raft_consensus.cc:606] T 6554b62909d94525a33227b7fd951576 P cb3432690ce742708bfb41f38b2a9414 [term 3 LEADER]: Received request to transfer leadership to TS 5ee1b3f4049d44ad9665e17df5e95647
I20260709 12:25:27.324059  8182 tablet_service.cc:2072] Received LeaderStepDown RPC: tablet_id: "ab2bb0509d9d4463a05a5629c116dad6"
dest_uuid: "cb3432690ce742708bfb41f38b2a9414"
mode: GRACEFUL
new_leader_uuid: "ea9013949c194e4ea3a7f7712c387615"
 from {username='slave'} at 127.0.0.1:47448
I20260709 12:25:27.324594  8182 raft_consensus.cc:606] T ab2bb0509d9d4463a05a5629c116dad6 P cb3432690ce742708bfb41f38b2a9414 [term 2 LEADER]: Received request to transfer leadership to TS ea9013949c194e4ea3a7f7712c387615
I20260709 12:25:27.327210  8182 tablet_service.cc:2072] Received LeaderStepDown RPC: tablet_id: "fb06c563793142d397f4e054cd08dd9f"
dest_uuid: "cb3432690ce742708bfb41f38b2a9414"
mode: GRACEFUL
new_leader_uuid: "5ee1b3f4049d44ad9665e17df5e95647"
 from {username='slave'} at 127.0.0.1:47448
I20260709 12:25:27.327664  8182 raft_consensus.cc:606] T fb06c563793142d397f4e054cd08dd9f P cb3432690ce742708bfb41f38b2a9414 [term 2 LEADER]: Received request to transfer leadership to TS 5ee1b3f4049d44ad9665e17df5e95647
I20260709 12:25:27.328737  7973 auto_leader_rebalancer.cc:440] table: test-workload, leader rebalance finish, leader transfer count: 5
I20260709 12:25:27.329195  7973 auto_leader_rebalancer.cc:515] All tables' leader rebalancing finished this round
I20260709 12:25:27.546702  8454 raft_consensus.cc:993] T ab2bb0509d9d4463a05a5629c116dad6 P cb3432690ce742708bfb41f38b2a9414: : Instructing follower ea9013949c194e4ea3a7f7712c387615 to start an election
I20260709 12:25:27.547238  8455 raft_consensus.cc:1081] T ab2bb0509d9d4463a05a5629c116dad6 P cb3432690ce742708bfb41f38b2a9414 [term 2 LEADER]: Signalling peer ea9013949c194e4ea3a7f7712c387615 to start an election
I20260709 12:25:27.548696  8105 tablet_service.cc:2044] Received Run Leader Election RPC: tablet_id: "ab2bb0509d9d4463a05a5629c116dad6"
dest_uuid: "ea9013949c194e4ea3a7f7712c387615"
 from {username='slave'} at 127.0.0.1:60190
I20260709 12:25:27.549126  8105 raft_consensus.cc:493] T ab2bb0509d9d4463a05a5629c116dad6 P ea9013949c194e4ea3a7f7712c387615 [term 2 FOLLOWER]: Starting forced leader election (received explicit request)
I20260709 12:25:27.549413  8105 raft_consensus.cc:3060] T ab2bb0509d9d4463a05a5629c116dad6 P ea9013949c194e4ea3a7f7712c387615 [term 2 FOLLOWER]: Advancing to term 3
I20260709 12:25:27.554735  8105 raft_consensus.cc:515] T ab2bb0509d9d4463a05a5629c116dad6 P ea9013949c194e4ea3a7f7712c387615 [term 3 FOLLOWER]: Starting forced leader election with config: opid_index: -1 OBSOLETE_local: false peers { permanent_uuid: "ea9013949c194e4ea3a7f7712c387615" member_type: VOTER last_known_addr { host: "127.7.201.65" port: 45255 } } peers { permanent_uuid: "cb3432690ce742708bfb41f38b2a9414" member_type: VOTER last_known_addr { host: "127.7.201.66" port: 33391 } } peers { permanent_uuid: "5ee1b3f4049d44ad9665e17df5e95647" member_type: VOTER last_known_addr { host: "127.7.201.67" port: 32969 } }
I20260709 12:25:27.557123  8105 leader_election.cc:290] T ab2bb0509d9d4463a05a5629c116dad6 P ea9013949c194e4ea3a7f7712c387615 [CANDIDATE]: Term 3 election: Requested vote from peers cb3432690ce742708bfb41f38b2a9414 (127.7.201.66:33391), 5ee1b3f4049d44ad9665e17df5e95647 (127.7.201.67:32969)
I20260709 12:25:27.558037  8182 tablet_service.cc:1917] Received RequestConsensusVote() RPC: tablet_id: "ab2bb0509d9d4463a05a5629c116dad6" candidate_uuid: "ea9013949c194e4ea3a7f7712c387615" candidate_term: 3 candidate_status { last_received { term: 2 index: 2 } } ignore_live_leader: true dest_uuid: "cb3432690ce742708bfb41f38b2a9414"
I20260709 12:25:27.558844  8182 raft_consensus.cc:3055] T ab2bb0509d9d4463a05a5629c116dad6 P cb3432690ce742708bfb41f38b2a9414 [term 2 LEADER]: Stepping down as leader of term 2
I20260709 12:25:27.558961  8256 tablet_service.cc:1917] Received RequestConsensusVote() RPC: tablet_id: "ab2bb0509d9d4463a05a5629c116dad6" candidate_uuid: "ea9013949c194e4ea3a7f7712c387615" candidate_term: 3 candidate_status { last_received { term: 2 index: 2 } } ignore_live_leader: true dest_uuid: "5ee1b3f4049d44ad9665e17df5e95647"
I20260709 12:25:27.559166  8182 raft_consensus.cc:740] T ab2bb0509d9d4463a05a5629c116dad6 P cb3432690ce742708bfb41f38b2a9414 [term 2 LEADER]: Becoming Follower/Learner. State: Replica: cb3432690ce742708bfb41f38b2a9414, State: Running, Role: LEADER
I20260709 12:25:27.559587  8256 raft_consensus.cc:3060] T ab2bb0509d9d4463a05a5629c116dad6 P 5ee1b3f4049d44ad9665e17df5e95647 [term 2 FOLLOWER]: Advancing to term 3
I20260709 12:25:27.559859  8182 consensus_queue.cc:260] T ab2bb0509d9d4463a05a5629c116dad6 P cb3432690ce742708bfb41f38b2a9414 [NON_LEADER]: Queue going to NON_LEADER mode. State: All replicated index: 0, Majority replicated index: 2, Committed index: 2, Last appended: 2.2, Last appended by leader: 2, Current term: 2, Majority size: -1, State: 0, Mode: NON_LEADER, active raft config: opid_index: -1 OBSOLETE_local: false peers { permanent_uuid: "ea9013949c194e4ea3a7f7712c387615" member_type: VOTER last_known_addr { host: "127.7.201.65" port: 45255 } } peers { permanent_uuid: "cb3432690ce742708bfb41f38b2a9414" member_type: VOTER last_known_addr { host: "127.7.201.66" port: 33391 } } peers { permanent_uuid: "5ee1b3f4049d44ad9665e17df5e95647" member_type: VOTER last_known_addr { host: "127.7.201.67" port: 32969 } }
I20260709 12:25:27.560848  8182 raft_consensus.cc:3060] T ab2bb0509d9d4463a05a5629c116dad6 P cb3432690ce742708bfb41f38b2a9414 [term 2 FOLLOWER]: Advancing to term 3
I20260709 12:25:27.564121  8256 raft_consensus.cc:2468] T ab2bb0509d9d4463a05a5629c116dad6 P 5ee1b3f4049d44ad9665e17df5e95647 [term 3 FOLLOWER]: Leader election vote request: Granting yes vote for candidate ea9013949c194e4ea3a7f7712c387615 in term 3.
I20260709 12:25:27.565137  8182 raft_consensus.cc:2468] T ab2bb0509d9d4463a05a5629c116dad6 P cb3432690ce742708bfb41f38b2a9414 [term 3 FOLLOWER]: Leader election vote request: Granting yes vote for candidate ea9013949c194e4ea3a7f7712c387615 in term 3.
I20260709 12:25:27.565467  8074 leader_election.cc:304] T ab2bb0509d9d4463a05a5629c116dad6 P ea9013949c194e4ea3a7f7712c387615 [CANDIDATE]: Term 3 election: Election decided. Result: candidate won. Election summary: received 2 responses out of 3 voters: 2 yes votes; 0 no votes. yes voters: 5ee1b3f4049d44ad9665e17df5e95647, ea9013949c194e4ea3a7f7712c387615; no voters: 
I20260709 12:25:27.567452  8457 raft_consensus.cc:2804] T ab2bb0509d9d4463a05a5629c116dad6 P ea9013949c194e4ea3a7f7712c387615 [term 3 FOLLOWER]: Leader election won for term 3
I20260709 12:25:27.568347  8457 raft_consensus.cc:697] T ab2bb0509d9d4463a05a5629c116dad6 P ea9013949c194e4ea3a7f7712c387615 [term 3 LEADER]: Becoming Leader. State: Replica: ea9013949c194e4ea3a7f7712c387615, State: Running, Role: LEADER
I20260709 12:25:27.569221  8457 consensus_queue.cc:237] T ab2bb0509d9d4463a05a5629c116dad6 P ea9013949c194e4ea3a7f7712c387615 [LEADER]: Queue going to LEADER mode. State: All replicated index: 0, Majority replicated index: 2, Committed index: 2, Last appended: 2.2, Last appended by leader: 2, Current term: 3, Majority size: 2, State: 0, Mode: LEADER, active raft config: opid_index: -1 OBSOLETE_local: false peers { permanent_uuid: "ea9013949c194e4ea3a7f7712c387615" member_type: VOTER last_known_addr { host: "127.7.201.65" port: 45255 } } peers { permanent_uuid: "cb3432690ce742708bfb41f38b2a9414" member_type: VOTER last_known_addr { host: "127.7.201.66" port: 33391 } } peers { permanent_uuid: "5ee1b3f4049d44ad9665e17df5e95647" member_type: VOTER last_known_addr { host: "127.7.201.67" port: 32969 } }
I20260709 12:25:27.576532  8002 catalog_manager.cc:5697] T ab2bb0509d9d4463a05a5629c116dad6 P ea9013949c194e4ea3a7f7712c387615 reported cstate change: term changed from 2 to 3, leader changed from cb3432690ce742708bfb41f38b2a9414 (127.7.201.66) to ea9013949c194e4ea3a7f7712c387615 (127.7.201.65). New cstate: current_term: 3 leader_uuid: "ea9013949c194e4ea3a7f7712c387615" committed_config { opid_index: -1 OBSOLETE_local: false peers { permanent_uuid: "ea9013949c194e4ea3a7f7712c387615" member_type: VOTER last_known_addr { host: "127.7.201.65" port: 45255 } health_report { overall_health: HEALTHY } } peers { permanent_uuid: "cb3432690ce742708bfb41f38b2a9414" member_type: VOTER last_known_addr { host: "127.7.201.66" port: 33391 } health_report { overall_health: UNKNOWN } } peers { permanent_uuid: "5ee1b3f4049d44ad9665e17df5e95647" member_type: VOTER last_known_addr { host: "127.7.201.67" port: 32969 } health_report { overall_health: UNKNOWN } } }
I20260709 12:25:27.701988  8455 raft_consensus.cc:993] T 4f29b4ed11924392838d075737988d30 P cb3432690ce742708bfb41f38b2a9414: : Instructing follower ea9013949c194e4ea3a7f7712c387615 to start an election
I20260709 12:25:27.702448  8454 raft_consensus.cc:1081] T 4f29b4ed11924392838d075737988d30 P cb3432690ce742708bfb41f38b2a9414 [term 2 LEADER]: Signalling peer ea9013949c194e4ea3a7f7712c387615 to start an election
I20260709 12:25:27.703899  8105 tablet_service.cc:2044] Received Run Leader Election RPC: tablet_id: "4f29b4ed11924392838d075737988d30"
dest_uuid: "ea9013949c194e4ea3a7f7712c387615"
 from {username='slave'} at 127.0.0.1:60190
I20260709 12:25:27.704293  8105 raft_consensus.cc:493] T 4f29b4ed11924392838d075737988d30 P ea9013949c194e4ea3a7f7712c387615 [term 2 FOLLOWER]: Starting forced leader election (received explicit request)
I20260709 12:25:27.704557  8105 raft_consensus.cc:3060] T 4f29b4ed11924392838d075737988d30 P ea9013949c194e4ea3a7f7712c387615 [term 2 FOLLOWER]: Advancing to term 3
I20260709 12:25:27.708704  8105 raft_consensus.cc:515] T 4f29b4ed11924392838d075737988d30 P ea9013949c194e4ea3a7f7712c387615 [term 3 FOLLOWER]: Starting forced leader election with config: opid_index: -1 OBSOLETE_local: false peers { permanent_uuid: "ea9013949c194e4ea3a7f7712c387615" member_type: VOTER last_known_addr { host: "127.7.201.65" port: 45255 } } peers { permanent_uuid: "cb3432690ce742708bfb41f38b2a9414" member_type: VOTER last_known_addr { host: "127.7.201.66" port: 33391 } } peers { permanent_uuid: "5ee1b3f4049d44ad9665e17df5e95647" member_type: VOTER last_known_addr { host: "127.7.201.67" port: 32969 } }
I20260709 12:25:27.710095  8105 leader_election.cc:290] T 4f29b4ed11924392838d075737988d30 P ea9013949c194e4ea3a7f7712c387615 [CANDIDATE]: Term 3 election: Requested vote from peers cb3432690ce742708bfb41f38b2a9414 (127.7.201.66:33391), 5ee1b3f4049d44ad9665e17df5e95647 (127.7.201.67:32969)
I20260709 12:25:27.710855  8182 tablet_service.cc:1917] Received RequestConsensusVote() RPC: tablet_id: "4f29b4ed11924392838d075737988d30" candidate_uuid: "ea9013949c194e4ea3a7f7712c387615" candidate_term: 3 candidate_status { last_received { term: 2 index: 2 } } ignore_live_leader: true dest_uuid: "cb3432690ce742708bfb41f38b2a9414"
I20260709 12:25:27.711028  8256 tablet_service.cc:1917] Received RequestConsensusVote() RPC: tablet_id: "4f29b4ed11924392838d075737988d30" candidate_uuid: "ea9013949c194e4ea3a7f7712c387615" candidate_term: 3 candidate_status { last_received { term: 2 index: 2 } } ignore_live_leader: true dest_uuid: "5ee1b3f4049d44ad9665e17df5e95647"
I20260709 12:25:27.711293  8182 raft_consensus.cc:3055] T 4f29b4ed11924392838d075737988d30 P cb3432690ce742708bfb41f38b2a9414 [term 2 LEADER]: Stepping down as leader of term 2
I20260709 12:25:27.711515  8256 raft_consensus.cc:3060] T 4f29b4ed11924392838d075737988d30 P 5ee1b3f4049d44ad9665e17df5e95647 [term 2 FOLLOWER]: Advancing to term 3
I20260709 12:25:27.711633  8182 raft_consensus.cc:740] T 4f29b4ed11924392838d075737988d30 P cb3432690ce742708bfb41f38b2a9414 [term 2 LEADER]: Becoming Follower/Learner. State: Replica: cb3432690ce742708bfb41f38b2a9414, State: Running, Role: LEADER
I20260709 12:25:27.712366  8182 consensus_queue.cc:260] T 4f29b4ed11924392838d075737988d30 P cb3432690ce742708bfb41f38b2a9414 [NON_LEADER]: Queue going to NON_LEADER mode. State: All replicated index: 0, Majority replicated index: 2, Committed index: 2, Last appended: 2.2, Last appended by leader: 2, Current term: 2, Majority size: -1, State: 0, Mode: NON_LEADER, active raft config: opid_index: -1 OBSOLETE_local: false peers { permanent_uuid: "ea9013949c194e4ea3a7f7712c387615" member_type: VOTER last_known_addr { host: "127.7.201.65" port: 45255 } } peers { permanent_uuid: "cb3432690ce742708bfb41f38b2a9414" member_type: VOTER last_known_addr { host: "127.7.201.66" port: 33391 } } peers { permanent_uuid: "5ee1b3f4049d44ad9665e17df5e95647" member_type: VOTER last_known_addr { host: "127.7.201.67" port: 32969 } }
I20260709 12:25:27.713296  8182 raft_consensus.cc:3060] T 4f29b4ed11924392838d075737988d30 P cb3432690ce742708bfb41f38b2a9414 [term 2 FOLLOWER]: Advancing to term 3
I20260709 12:25:27.715619  8256 raft_consensus.cc:2468] T 4f29b4ed11924392838d075737988d30 P 5ee1b3f4049d44ad9665e17df5e95647 [term 3 FOLLOWER]: Leader election vote request: Granting yes vote for candidate ea9013949c194e4ea3a7f7712c387615 in term 3.
I20260709 12:25:27.716485  8074 leader_election.cc:304] T 4f29b4ed11924392838d075737988d30 P ea9013949c194e4ea3a7f7712c387615 [CANDIDATE]: Term 3 election: Election decided. Result: candidate won. Election summary: received 2 responses out of 3 voters: 2 yes votes; 0 no votes. yes voters: 5ee1b3f4049d44ad9665e17df5e95647, ea9013949c194e4ea3a7f7712c387615; no voters: 
I20260709 12:25:27.717192  8457 raft_consensus.cc:2804] T 4f29b4ed11924392838d075737988d30 P ea9013949c194e4ea3a7f7712c387615 [term 3 FOLLOWER]: Leader election won for term 3
I20260709 12:25:27.717255  8182 raft_consensus.cc:2468] T 4f29b4ed11924392838d075737988d30 P cb3432690ce742708bfb41f38b2a9414 [term 3 FOLLOWER]: Leader election vote request: Granting yes vote for candidate ea9013949c194e4ea3a7f7712c387615 in term 3.
I20260709 12:25:27.717645  8457 raft_consensus.cc:697] T 4f29b4ed11924392838d075737988d30 P ea9013949c194e4ea3a7f7712c387615 [term 3 LEADER]: Becoming Leader. State: Replica: ea9013949c194e4ea3a7f7712c387615, State: Running, Role: LEADER
I20260709 12:25:27.718458  8457 consensus_queue.cc:237] T 4f29b4ed11924392838d075737988d30 P ea9013949c194e4ea3a7f7712c387615 [LEADER]: Queue going to LEADER mode. State: All replicated index: 0, Majority replicated index: 2, Committed index: 2, Last appended: 2.2, Last appended by leader: 2, Current term: 3, Majority size: 2, State: 0, Mode: LEADER, active raft config: opid_index: -1 OBSOLETE_local: false peers { permanent_uuid: "ea9013949c194e4ea3a7f7712c387615" member_type: VOTER last_known_addr { host: "127.7.201.65" port: 45255 } } peers { permanent_uuid: "cb3432690ce742708bfb41f38b2a9414" member_type: VOTER last_known_addr { host: "127.7.201.66" port: 33391 } } peers { permanent_uuid: "5ee1b3f4049d44ad9665e17df5e95647" member_type: VOTER last_known_addr { host: "127.7.201.67" port: 32969 } }
I20260709 12:25:27.724831  8002 catalog_manager.cc:5697] T 4f29b4ed11924392838d075737988d30 P ea9013949c194e4ea3a7f7712c387615 reported cstate change: term changed from 2 to 3, leader changed from cb3432690ce742708bfb41f38b2a9414 (127.7.201.66) to ea9013949c194e4ea3a7f7712c387615 (127.7.201.65). New cstate: current_term: 3 leader_uuid: "ea9013949c194e4ea3a7f7712c387615" committed_config { opid_index: -1 OBSOLETE_local: false peers { permanent_uuid: "ea9013949c194e4ea3a7f7712c387615" member_type: VOTER last_known_addr { host: "127.7.201.65" port: 45255 } health_report { overall_health: HEALTHY } } peers { permanent_uuid: "cb3432690ce742708bfb41f38b2a9414" member_type: VOTER last_known_addr { host: "127.7.201.66" port: 33391 } health_report { overall_health: UNKNOWN } } peers { permanent_uuid: "5ee1b3f4049d44ad9665e17df5e95647" member_type: VOTER last_known_addr { host: "127.7.201.67" port: 32969 } health_report { overall_health: UNKNOWN } } }
I20260709 12:25:27.753057  8454 raft_consensus.cc:993] T 1d841bfdc9cd497dac6de14f6296a439 P cb3432690ce742708bfb41f38b2a9414: : Instructing follower ea9013949c194e4ea3a7f7712c387615 to start an election
I20260709 12:25:27.753607  8455 raft_consensus.cc:1081] T 1d841bfdc9cd497dac6de14f6296a439 P cb3432690ce742708bfb41f38b2a9414 [term 3 LEADER]: Signalling peer ea9013949c194e4ea3a7f7712c387615 to start an election
I20260709 12:25:27.754910  8105 tablet_service.cc:2044] Received Run Leader Election RPC: tablet_id: "1d841bfdc9cd497dac6de14f6296a439"
dest_uuid: "ea9013949c194e4ea3a7f7712c387615"
 from {username='slave'} at 127.0.0.1:60190
I20260709 12:25:27.755330  8105 raft_consensus.cc:493] T 1d841bfdc9cd497dac6de14f6296a439 P ea9013949c194e4ea3a7f7712c387615 [term 3 FOLLOWER]: Starting forced leader election (received explicit request)
I20260709 12:25:27.755570  8105 raft_consensus.cc:3060] T 1d841bfdc9cd497dac6de14f6296a439 P ea9013949c194e4ea3a7f7712c387615 [term 3 FOLLOWER]: Advancing to term 4
I20260709 12:25:27.759289  8105 raft_consensus.cc:515] T 1d841bfdc9cd497dac6de14f6296a439 P ea9013949c194e4ea3a7f7712c387615 [term 4 FOLLOWER]: Starting forced leader election with config: opid_index: -1 OBSOLETE_local: false peers { permanent_uuid: "ea9013949c194e4ea3a7f7712c387615" member_type: VOTER last_known_addr { host: "127.7.201.65" port: 45255 } } peers { permanent_uuid: "5ee1b3f4049d44ad9665e17df5e95647" member_type: VOTER last_known_addr { host: "127.7.201.67" port: 32969 } } peers { permanent_uuid: "cb3432690ce742708bfb41f38b2a9414" member_type: VOTER last_known_addr { host: "127.7.201.66" port: 33391 } }
I20260709 12:25:27.760697  8105 leader_election.cc:290] T 1d841bfdc9cd497dac6de14f6296a439 P ea9013949c194e4ea3a7f7712c387615 [CANDIDATE]: Term 4 election: Requested vote from peers 5ee1b3f4049d44ad9665e17df5e95647 (127.7.201.67:32969), cb3432690ce742708bfb41f38b2a9414 (127.7.201.66:33391)
I20260709 12:25:27.761657  8256 tablet_service.cc:1917] Received RequestConsensusVote() RPC: tablet_id: "1d841bfdc9cd497dac6de14f6296a439" candidate_uuid: "ea9013949c194e4ea3a7f7712c387615" candidate_term: 4 candidate_status { last_received { term: 3 index: 3 } } ignore_live_leader: true dest_uuid: "5ee1b3f4049d44ad9665e17df5e95647"
I20260709 12:25:27.761713  8182 tablet_service.cc:1917] Received RequestConsensusVote() RPC: tablet_id: "1d841bfdc9cd497dac6de14f6296a439" candidate_uuid: "ea9013949c194e4ea3a7f7712c387615" candidate_term: 4 candidate_status { last_received { term: 3 index: 3 } } ignore_live_leader: true dest_uuid: "cb3432690ce742708bfb41f38b2a9414"
I20260709 12:25:27.762218  8256 raft_consensus.cc:3060] T 1d841bfdc9cd497dac6de14f6296a439 P 5ee1b3f4049d44ad9665e17df5e95647 [term 3 FOLLOWER]: Advancing to term 4
I20260709 12:25:27.762297  8182 raft_consensus.cc:3055] T 1d841bfdc9cd497dac6de14f6296a439 P cb3432690ce742708bfb41f38b2a9414 [term 3 LEADER]: Stepping down as leader of term 3
I20260709 12:25:27.762639  8182 raft_consensus.cc:740] T 1d841bfdc9cd497dac6de14f6296a439 P cb3432690ce742708bfb41f38b2a9414 [term 3 LEADER]: Becoming Follower/Learner. State: Replica: cb3432690ce742708bfb41f38b2a9414, State: Running, Role: LEADER
I20260709 12:25:27.763295  8182 consensus_queue.cc:260] T 1d841bfdc9cd497dac6de14f6296a439 P cb3432690ce742708bfb41f38b2a9414 [NON_LEADER]: Queue going to NON_LEADER mode. State: All replicated index: 0, Majority replicated index: 3, Committed index: 3, Last appended: 3.3, Last appended by leader: 3, Current term: 3, Majority size: -1, State: 0, Mode: NON_LEADER, active raft config: opid_index: -1 OBSOLETE_local: false peers { permanent_uuid: "ea9013949c194e4ea3a7f7712c387615" member_type: VOTER last_known_addr { host: "127.7.201.65" port: 45255 } } peers { permanent_uuid: "5ee1b3f4049d44ad9665e17df5e95647" member_type: VOTER last_known_addr { host: "127.7.201.67" port: 32969 } } peers { permanent_uuid: "cb3432690ce742708bfb41f38b2a9414" member_type: VOTER last_known_addr { host: "127.7.201.66" port: 33391 } }
I20260709 12:25:27.764107  8182 raft_consensus.cc:3060] T 1d841bfdc9cd497dac6de14f6296a439 P cb3432690ce742708bfb41f38b2a9414 [term 3 FOLLOWER]: Advancing to term 4
I20260709 12:25:27.766888  8256 raft_consensus.cc:2468] T 1d841bfdc9cd497dac6de14f6296a439 P 5ee1b3f4049d44ad9665e17df5e95647 [term 4 FOLLOWER]: Leader election vote request: Granting yes vote for candidate ea9013949c194e4ea3a7f7712c387615 in term 4.
I20260709 12:25:27.767917  8074 leader_election.cc:304] T 1d841bfdc9cd497dac6de14f6296a439 P ea9013949c194e4ea3a7f7712c387615 [CANDIDATE]: Term 4 election: Election decided. Result: candidate won. Election summary: received 2 responses out of 3 voters: 2 yes votes; 0 no votes. yes voters: 5ee1b3f4049d44ad9665e17df5e95647, ea9013949c194e4ea3a7f7712c387615; no voters: 
I20260709 12:25:27.768061  8182 raft_consensus.cc:2468] T 1d841bfdc9cd497dac6de14f6296a439 P cb3432690ce742708bfb41f38b2a9414 [term 4 FOLLOWER]: Leader election vote request: Granting yes vote for candidate ea9013949c194e4ea3a7f7712c387615 in term 4.
I20260709 12:25:27.768846  8457 raft_consensus.cc:2804] T 1d841bfdc9cd497dac6de14f6296a439 P ea9013949c194e4ea3a7f7712c387615 [term 4 FOLLOWER]: Leader election won for term 4
I20260709 12:25:27.769313  8457 raft_consensus.cc:697] T 1d841bfdc9cd497dac6de14f6296a439 P ea9013949c194e4ea3a7f7712c387615 [term 4 LEADER]: Becoming Leader. State: Replica: ea9013949c194e4ea3a7f7712c387615, State: Running, Role: LEADER
I20260709 12:25:27.770161  8457 consensus_queue.cc:237] T 1d841bfdc9cd497dac6de14f6296a439 P ea9013949c194e4ea3a7f7712c387615 [LEADER]: Queue going to LEADER mode. State: All replicated index: 0, Majority replicated index: 3, Committed index: 3, Last appended: 3.3, Last appended by leader: 3, Current term: 4, Majority size: 2, State: 0, Mode: LEADER, active raft config: opid_index: -1 OBSOLETE_local: false peers { permanent_uuid: "ea9013949c194e4ea3a7f7712c387615" member_type: VOTER last_known_addr { host: "127.7.201.65" port: 45255 } } peers { permanent_uuid: "5ee1b3f4049d44ad9665e17df5e95647" member_type: VOTER last_known_addr { host: "127.7.201.67" port: 32969 } } peers { permanent_uuid: "cb3432690ce742708bfb41f38b2a9414" member_type: VOTER last_known_addr { host: "127.7.201.66" port: 33391 } }
I20260709 12:25:27.777016  8002 catalog_manager.cc:5697] T 1d841bfdc9cd497dac6de14f6296a439 P ea9013949c194e4ea3a7f7712c387615 reported cstate change: term changed from 3 to 4, leader changed from cb3432690ce742708bfb41f38b2a9414 (127.7.201.66) to ea9013949c194e4ea3a7f7712c387615 (127.7.201.65). New cstate: current_term: 4 leader_uuid: "ea9013949c194e4ea3a7f7712c387615" committed_config { opid_index: -1 OBSOLETE_local: false peers { permanent_uuid: "ea9013949c194e4ea3a7f7712c387615" member_type: VOTER last_known_addr { host: "127.7.201.65" port: 45255 } health_report { overall_health: HEALTHY } } peers { permanent_uuid: "5ee1b3f4049d44ad9665e17df5e95647" member_type: VOTER last_known_addr { host: "127.7.201.67" port: 32969 } health_report { overall_health: UNKNOWN } } peers { permanent_uuid: "cb3432690ce742708bfb41f38b2a9414" member_type: VOTER last_known_addr { host: "127.7.201.66" port: 33391 } health_report { overall_health: UNKNOWN } } }
I20260709 12:25:27.783617  8454 raft_consensus.cc:993] T fb06c563793142d397f4e054cd08dd9f P cb3432690ce742708bfb41f38b2a9414: : Instructing follower 5ee1b3f4049d44ad9665e17df5e95647 to start an election
I20260709 12:25:27.784062  8455 raft_consensus.cc:1081] T fb06c563793142d397f4e054cd08dd9f P cb3432690ce742708bfb41f38b2a9414 [term 2 LEADER]: Signalling peer 5ee1b3f4049d44ad9665e17df5e95647 to start an election
I20260709 12:25:27.785674  8256 tablet_service.cc:2044] Received Run Leader Election RPC: tablet_id: "fb06c563793142d397f4e054cd08dd9f"
dest_uuid: "5ee1b3f4049d44ad9665e17df5e95647"
 from {username='slave'} at 127.0.0.1:45504
I20260709 12:25:27.786121  8256 raft_consensus.cc:493] T fb06c563793142d397f4e054cd08dd9f P 5ee1b3f4049d44ad9665e17df5e95647 [term 2 FOLLOWER]: Starting forced leader election (received explicit request)
I20260709 12:25:27.786388  8256 raft_consensus.cc:3060] T fb06c563793142d397f4e054cd08dd9f P 5ee1b3f4049d44ad9665e17df5e95647 [term 2 FOLLOWER]: Advancing to term 3
I20260709 12:25:27.790150  8256 raft_consensus.cc:515] T fb06c563793142d397f4e054cd08dd9f P 5ee1b3f4049d44ad9665e17df5e95647 [term 3 FOLLOWER]: Starting forced leader election with config: opid_index: -1 OBSOLETE_local: false peers { permanent_uuid: "ea9013949c194e4ea3a7f7712c387615" member_type: VOTER last_known_addr { host: "127.7.201.65" port: 45255 } } peers { permanent_uuid: "cb3432690ce742708bfb41f38b2a9414" member_type: VOTER last_known_addr { host: "127.7.201.66" port: 33391 } } peers { permanent_uuid: "5ee1b3f4049d44ad9665e17df5e95647" member_type: VOTER last_known_addr { host: "127.7.201.67" port: 32969 } }
I20260709 12:25:27.792161  8256 leader_election.cc:290] T fb06c563793142d397f4e054cd08dd9f P 5ee1b3f4049d44ad9665e17df5e95647 [CANDIDATE]: Term 3 election: Requested vote from peers ea9013949c194e4ea3a7f7712c387615 (127.7.201.65:45255), cb3432690ce742708bfb41f38b2a9414 (127.7.201.66:33391)
I20260709 12:25:27.792822  8105 tablet_service.cc:1917] Received RequestConsensusVote() RPC: tablet_id: "fb06c563793142d397f4e054cd08dd9f" candidate_uuid: "5ee1b3f4049d44ad9665e17df5e95647" candidate_term: 3 candidate_status { last_received { term: 2 index: 2 } } ignore_live_leader: true dest_uuid: "ea9013949c194e4ea3a7f7712c387615"
I20260709 12:25:27.793383  8105 raft_consensus.cc:3060] T fb06c563793142d397f4e054cd08dd9f P ea9013949c194e4ea3a7f7712c387615 [term 2 FOLLOWER]: Advancing to term 3
I20260709 12:25:27.793442  8181 tablet_service.cc:1917] Received RequestConsensusVote() RPC: tablet_id: "fb06c563793142d397f4e054cd08dd9f" candidate_uuid: "5ee1b3f4049d44ad9665e17df5e95647" candidate_term: 3 candidate_status { last_received { term: 2 index: 2 } } ignore_live_leader: true dest_uuid: "cb3432690ce742708bfb41f38b2a9414"
I20260709 12:25:27.794052  8181 raft_consensus.cc:3055] T fb06c563793142d397f4e054cd08dd9f P cb3432690ce742708bfb41f38b2a9414 [term 2 LEADER]: Stepping down as leader of term 2
I20260709 12:25:27.794385  8181 raft_consensus.cc:740] T fb06c563793142d397f4e054cd08dd9f P cb3432690ce742708bfb41f38b2a9414 [term 2 LEADER]: Becoming Follower/Learner. State: Replica: cb3432690ce742708bfb41f38b2a9414, State: Running, Role: LEADER
I20260709 12:25:27.795161  8181 consensus_queue.cc:260] T fb06c563793142d397f4e054cd08dd9f P cb3432690ce742708bfb41f38b2a9414 [NON_LEADER]: Queue going to NON_LEADER mode. State: All replicated index: 0, Majority replicated index: 2, Committed index: 2, Last appended: 2.2, Last appended by leader: 2, Current term: 2, Majority size: -1, State: 0, Mode: NON_LEADER, active raft config: opid_index: -1 OBSOLETE_local: false peers { permanent_uuid: "ea9013949c194e4ea3a7f7712c387615" member_type: VOTER last_known_addr { host: "127.7.201.65" port: 45255 } } peers { permanent_uuid: "cb3432690ce742708bfb41f38b2a9414" member_type: VOTER last_known_addr { host: "127.7.201.66" port: 33391 } } peers { permanent_uuid: "5ee1b3f4049d44ad9665e17df5e95647" member_type: VOTER last_known_addr { host: "127.7.201.67" port: 32969 } }
I20260709 12:25:27.796128  8181 raft_consensus.cc:3060] T fb06c563793142d397f4e054cd08dd9f P cb3432690ce742708bfb41f38b2a9414 [term 2 FOLLOWER]: Advancing to term 3
I20260709 12:25:27.797780  8105 raft_consensus.cc:2468] T fb06c563793142d397f4e054cd08dd9f P ea9013949c194e4ea3a7f7712c387615 [term 3 FOLLOWER]: Leader election vote request: Granting yes vote for candidate 5ee1b3f4049d44ad9665e17df5e95647 in term 3.
I20260709 12:25:27.798799  8221 leader_election.cc:304] T fb06c563793142d397f4e054cd08dd9f P 5ee1b3f4049d44ad9665e17df5e95647 [CANDIDATE]: Term 3 election: Election decided. Result: candidate won. Election summary: received 2 responses out of 3 voters: 2 yes votes; 0 no votes. yes voters: 5ee1b3f4049d44ad9665e17df5e95647, ea9013949c194e4ea3a7f7712c387615; no voters: 
I20260709 12:25:27.799569  8438 raft_consensus.cc:2804] T fb06c563793142d397f4e054cd08dd9f P 5ee1b3f4049d44ad9665e17df5e95647 [term 3 FOLLOWER]: Leader election won for term 3
I20260709 12:25:27.800881  8438 raft_consensus.cc:697] T fb06c563793142d397f4e054cd08dd9f P 5ee1b3f4049d44ad9665e17df5e95647 [term 3 LEADER]: Becoming Leader. State: Replica: 5ee1b3f4049d44ad9665e17df5e95647, State: Running, Role: LEADER
I20260709 12:25:27.801697  8181 raft_consensus.cc:2468] T fb06c563793142d397f4e054cd08dd9f P cb3432690ce742708bfb41f38b2a9414 [term 3 FOLLOWER]: Leader election vote request: Granting yes vote for candidate 5ee1b3f4049d44ad9665e17df5e95647 in term 3.
I20260709 12:25:27.801890  8438 consensus_queue.cc:237] T fb06c563793142d397f4e054cd08dd9f P 5ee1b3f4049d44ad9665e17df5e95647 [LEADER]: Queue going to LEADER mode. State: All replicated index: 0, Majority replicated index: 2, Committed index: 2, Last appended: 2.2, Last appended by leader: 2, Current term: 3, Majority size: 2, State: 0, Mode: LEADER, active raft config: opid_index: -1 OBSOLETE_local: false peers { permanent_uuid: "ea9013949c194e4ea3a7f7712c387615" member_type: VOTER last_known_addr { host: "127.7.201.65" port: 45255 } } peers { permanent_uuid: "cb3432690ce742708bfb41f38b2a9414" member_type: VOTER last_known_addr { host: "127.7.201.66" port: 33391 } } peers { permanent_uuid: "5ee1b3f4049d44ad9665e17df5e95647" member_type: VOTER last_known_addr { host: "127.7.201.67" port: 32969 } }
I20260709 12:25:27.808847  8002 catalog_manager.cc:5697] T fb06c563793142d397f4e054cd08dd9f P 5ee1b3f4049d44ad9665e17df5e95647 reported cstate change: term changed from 2 to 3, leader changed from cb3432690ce742708bfb41f38b2a9414 (127.7.201.66) to 5ee1b3f4049d44ad9665e17df5e95647 (127.7.201.67). New cstate: current_term: 3 leader_uuid: "5ee1b3f4049d44ad9665e17df5e95647" committed_config { opid_index: -1 OBSOLETE_local: false peers { permanent_uuid: "ea9013949c194e4ea3a7f7712c387615" member_type: VOTER last_known_addr { host: "127.7.201.65" port: 45255 } health_report { overall_health: UNKNOWN } } peers { permanent_uuid: "cb3432690ce742708bfb41f38b2a9414" member_type: VOTER last_known_addr { host: "127.7.201.66" port: 33391 } health_report { overall_health: UNKNOWN } } peers { permanent_uuid: "5ee1b3f4049d44ad9665e17df5e95647" member_type: VOTER last_known_addr { host: "127.7.201.67" port: 32969 } health_report { overall_health: HEALTHY } } }
I20260709 12:25:27.883904  8454 raft_consensus.cc:993] T 6554b62909d94525a33227b7fd951576 P cb3432690ce742708bfb41f38b2a9414: : Instructing follower 5ee1b3f4049d44ad9665e17df5e95647 to start an election
I20260709 12:25:27.884357  8455 raft_consensus.cc:1081] T 6554b62909d94525a33227b7fd951576 P cb3432690ce742708bfb41f38b2a9414 [term 3 LEADER]: Signalling peer 5ee1b3f4049d44ad9665e17df5e95647 to start an election
I20260709 12:25:27.885710  8256 tablet_service.cc:2044] Received Run Leader Election RPC: tablet_id: "6554b62909d94525a33227b7fd951576"
dest_uuid: "5ee1b3f4049d44ad9665e17df5e95647"
 from {username='slave'} at 127.0.0.1:45504
I20260709 12:25:27.886094  8256 raft_consensus.cc:493] T 6554b62909d94525a33227b7fd951576 P 5ee1b3f4049d44ad9665e17df5e95647 [term 3 FOLLOWER]: Starting forced leader election (received explicit request)
I20260709 12:25:27.886307  8256 raft_consensus.cc:3060] T 6554b62909d94525a33227b7fd951576 P 5ee1b3f4049d44ad9665e17df5e95647 [term 3 FOLLOWER]: Advancing to term 4
I20260709 12:25:27.890148  8256 raft_consensus.cc:515] T 6554b62909d94525a33227b7fd951576 P 5ee1b3f4049d44ad9665e17df5e95647 [term 4 FOLLOWER]: Starting forced leader election with config: opid_index: -1 OBSOLETE_local: false peers { permanent_uuid: "ea9013949c194e4ea3a7f7712c387615" member_type: VOTER last_known_addr { host: "127.7.201.65" port: 45255 } } peers { permanent_uuid: "cb3432690ce742708bfb41f38b2a9414" member_type: VOTER last_known_addr { host: "127.7.201.66" port: 33391 } } peers { permanent_uuid: "5ee1b3f4049d44ad9665e17df5e95647" member_type: VOTER last_known_addr { host: "127.7.201.67" port: 32969 } }
I20260709 12:25:27.891693  8256 leader_election.cc:290] T 6554b62909d94525a33227b7fd951576 P 5ee1b3f4049d44ad9665e17df5e95647 [CANDIDATE]: Term 4 election: Requested vote from peers ea9013949c194e4ea3a7f7712c387615 (127.7.201.65:45255), cb3432690ce742708bfb41f38b2a9414 (127.7.201.66:33391)
I20260709 12:25:27.892459  8105 tablet_service.cc:1917] Received RequestConsensusVote() RPC: tablet_id: "6554b62909d94525a33227b7fd951576" candidate_uuid: "5ee1b3f4049d44ad9665e17df5e95647" candidate_term: 4 candidate_status { last_received { term: 3 index: 3 } } ignore_live_leader: true dest_uuid: "ea9013949c194e4ea3a7f7712c387615"
I20260709 12:25:27.893024  8105 raft_consensus.cc:3060] T 6554b62909d94525a33227b7fd951576 P ea9013949c194e4ea3a7f7712c387615 [term 3 FOLLOWER]: Advancing to term 4
I20260709 12:25:27.893152  8181 tablet_service.cc:1917] Received RequestConsensusVote() RPC: tablet_id: "6554b62909d94525a33227b7fd951576" candidate_uuid: "5ee1b3f4049d44ad9665e17df5e95647" candidate_term: 4 candidate_status { last_received { term: 3 index: 3 } } ignore_live_leader: true dest_uuid: "cb3432690ce742708bfb41f38b2a9414"
I20260709 12:25:27.893757  8181 raft_consensus.cc:3055] T 6554b62909d94525a33227b7fd951576 P cb3432690ce742708bfb41f38b2a9414 [term 3 LEADER]: Stepping down as leader of term 3
I20260709 12:25:27.894002  8181 raft_consensus.cc:740] T 6554b62909d94525a33227b7fd951576 P cb3432690ce742708bfb41f38b2a9414 [term 3 LEADER]: Becoming Follower/Learner. State: Replica: cb3432690ce742708bfb41f38b2a9414, State: Running, Role: LEADER
I20260709 12:25:27.894649  8181 consensus_queue.cc:260] T 6554b62909d94525a33227b7fd951576 P cb3432690ce742708bfb41f38b2a9414 [NON_LEADER]: Queue going to NON_LEADER mode. State: All replicated index: 0, Majority replicated index: 3, Committed index: 3, Last appended: 3.3, Last appended by leader: 3, Current term: 3, Majority size: -1, State: 0, Mode: NON_LEADER, active raft config: opid_index: -1 OBSOLETE_local: false peers { permanent_uuid: "ea9013949c194e4ea3a7f7712c387615" member_type: VOTER last_known_addr { host: "127.7.201.65" port: 45255 } } peers { permanent_uuid: "cb3432690ce742708bfb41f38b2a9414" member_type: VOTER last_known_addr { host: "127.7.201.66" port: 33391 } } peers { permanent_uuid: "5ee1b3f4049d44ad9665e17df5e95647" member_type: VOTER last_known_addr { host: "127.7.201.67" port: 32969 } }
I20260709 12:25:27.895566  8181 raft_consensus.cc:3060] T 6554b62909d94525a33227b7fd951576 P cb3432690ce742708bfb41f38b2a9414 [term 3 FOLLOWER]: Advancing to term 4
I20260709 12:25:27.897392  8105 raft_consensus.cc:2468] T 6554b62909d94525a33227b7fd951576 P ea9013949c194e4ea3a7f7712c387615 [term 4 FOLLOWER]: Leader election vote request: Granting yes vote for candidate 5ee1b3f4049d44ad9665e17df5e95647 in term 4.
I20260709 12:25:27.898345  8221 leader_election.cc:304] T 6554b62909d94525a33227b7fd951576 P 5ee1b3f4049d44ad9665e17df5e95647 [CANDIDATE]: Term 4 election: Election decided. Result: candidate won. Election summary: received 2 responses out of 3 voters: 2 yes votes; 0 no votes. yes voters: 5ee1b3f4049d44ad9665e17df5e95647, ea9013949c194e4ea3a7f7712c387615; no voters: 
I20260709 12:25:27.899132  8438 raft_consensus.cc:2804] T 6554b62909d94525a33227b7fd951576 P 5ee1b3f4049d44ad9665e17df5e95647 [term 4 FOLLOWER]: Leader election won for term 4
I20260709 12:25:27.899542  8438 raft_consensus.cc:697] T 6554b62909d94525a33227b7fd951576 P 5ee1b3f4049d44ad9665e17df5e95647 [term 4 LEADER]: Becoming Leader. State: Replica: 5ee1b3f4049d44ad9665e17df5e95647, State: Running, Role: LEADER
I20260709 12:25:27.900347  8438 consensus_queue.cc:237] T 6554b62909d94525a33227b7fd951576 P 5ee1b3f4049d44ad9665e17df5e95647 [LEADER]: Queue going to LEADER mode. State: All replicated index: 0, Majority replicated index: 3, Committed index: 3, Last appended: 3.3, Last appended by leader: 3, Current term: 4, Majority size: 2, State: 0, Mode: LEADER, active raft config: opid_index: -1 OBSOLETE_local: false peers { permanent_uuid: "ea9013949c194e4ea3a7f7712c387615" member_type: VOTER last_known_addr { host: "127.7.201.65" port: 45255 } } peers { permanent_uuid: "cb3432690ce742708bfb41f38b2a9414" member_type: VOTER last_known_addr { host: "127.7.201.66" port: 33391 } } peers { permanent_uuid: "5ee1b3f4049d44ad9665e17df5e95647" member_type: VOTER last_known_addr { host: "127.7.201.67" port: 32969 } }
I20260709 12:25:27.900700  8181 raft_consensus.cc:2468] T 6554b62909d94525a33227b7fd951576 P cb3432690ce742708bfb41f38b2a9414 [term 4 FOLLOWER]: Leader election vote request: Granting yes vote for candidate 5ee1b3f4049d44ad9665e17df5e95647 in term 4.
I20260709 12:25:27.906741  8002 catalog_manager.cc:5697] T 6554b62909d94525a33227b7fd951576 P 5ee1b3f4049d44ad9665e17df5e95647 reported cstate change: term changed from 3 to 4, leader changed from cb3432690ce742708bfb41f38b2a9414 (127.7.201.66) to 5ee1b3f4049d44ad9665e17df5e95647 (127.7.201.67). New cstate: current_term: 4 leader_uuid: "5ee1b3f4049d44ad9665e17df5e95647" committed_config { opid_index: -1 OBSOLETE_local: false peers { permanent_uuid: "ea9013949c194e4ea3a7f7712c387615" member_type: VOTER last_known_addr { host: "127.7.201.65" port: 45255 } health_report { overall_health: UNKNOWN } } peers { permanent_uuid: "cb3432690ce742708bfb41f38b2a9414" member_type: VOTER last_known_addr { host: "127.7.201.66" port: 33391 } health_report { overall_health: UNKNOWN } } peers { permanent_uuid: "5ee1b3f4049d44ad9665e17df5e95647" member_type: VOTER last_known_addr { host: "127.7.201.67" port: 32969 } health_report { overall_health: HEALTHY } } }
I20260709 12:25:27.993005  8181 raft_consensus.cc:1275] T ab2bb0509d9d4463a05a5629c116dad6 P cb3432690ce742708bfb41f38b2a9414 [term 3 FOLLOWER]: Refusing update from remote peer ea9013949c194e4ea3a7f7712c387615: Log matching property violated. Preceding OpId in replica: term: 2 index: 2. Preceding OpId from leader: term: 3 index: 3. (index mismatch)
I20260709 12:25:27.994237  8457 consensus_queue.cc:1048] T ab2bb0509d9d4463a05a5629c116dad6 P ea9013949c194e4ea3a7f7712c387615 [LEADER]: Connected to new peer: Peer: permanent_uuid: "cb3432690ce742708bfb41f38b2a9414" member_type: VOTER last_known_addr { host: "127.7.201.66" port: 33391 }, Status: LMP_MISMATCH, Last received: 0.0, Next index: 3, Last known committed idx: 2, Time since last communication: 0.000s
I20260709 12:25:28.003734  8256 raft_consensus.cc:1275] T ab2bb0509d9d4463a05a5629c116dad6 P 5ee1b3f4049d44ad9665e17df5e95647 [term 3 FOLLOWER]: Refusing update from remote peer ea9013949c194e4ea3a7f7712c387615: Log matching property violated. Preceding OpId in replica: term: 2 index: 2. Preceding OpId from leader: term: 3 index: 3. (index mismatch)
I20260709 12:25:28.005260  8457 consensus_queue.cc:1048] T ab2bb0509d9d4463a05a5629c116dad6 P ea9013949c194e4ea3a7f7712c387615 [LEADER]: Connected to new peer: Peer: permanent_uuid: "5ee1b3f4049d44ad9665e17df5e95647" member_type: VOTER last_known_addr { host: "127.7.201.67" port: 32969 }, Status: LMP_MISMATCH, Last received: 0.0, Next index: 3, Last known committed idx: 2, Time since last communication: 0.000s
I20260709 12:25:28.170450  8256 raft_consensus.cc:1275] T 4f29b4ed11924392838d075737988d30 P 5ee1b3f4049d44ad9665e17df5e95647 [term 3 FOLLOWER]: Refusing update from remote peer ea9013949c194e4ea3a7f7712c387615: Log matching property violated. Preceding OpId in replica: term: 2 index: 2. Preceding OpId from leader: term: 3 index: 3. (index mismatch)
I20260709 12:25:28.171698  8457 consensus_queue.cc:1048] T 4f29b4ed11924392838d075737988d30 P ea9013949c194e4ea3a7f7712c387615 [LEADER]: Connected to new peer: Peer: permanent_uuid: "5ee1b3f4049d44ad9665e17df5e95647" member_type: VOTER last_known_addr { host: "127.7.201.67" port: 32969 }, Status: LMP_MISMATCH, Last received: 0.0, Next index: 3, Last known committed idx: 2, Time since last communication: 0.000s
I20260709 12:25:28.182430  8181 raft_consensus.cc:1275] T 4f29b4ed11924392838d075737988d30 P cb3432690ce742708bfb41f38b2a9414 [term 3 FOLLOWER]: Refusing update from remote peer ea9013949c194e4ea3a7f7712c387615: Log matching property violated. Preceding OpId in replica: term: 2 index: 2. Preceding OpId from leader: term: 3 index: 3. (index mismatch)
I20260709 12:25:28.183728  8457 consensus_queue.cc:1048] T 4f29b4ed11924392838d075737988d30 P ea9013949c194e4ea3a7f7712c387615 [LEADER]: Connected to new peer: Peer: permanent_uuid: "cb3432690ce742708bfb41f38b2a9414" member_type: VOTER last_known_addr { host: "127.7.201.66" port: 33391 }, Status: LMP_MISMATCH, Last received: 0.0, Next index: 3, Last known committed idx: 2, Time since last communication: 0.000s
I20260709 12:25:28.188038  8182 raft_consensus.cc:1275] T 1d841bfdc9cd497dac6de14f6296a439 P cb3432690ce742708bfb41f38b2a9414 [term 4 FOLLOWER]: Refusing update from remote peer ea9013949c194e4ea3a7f7712c387615: Log matching property violated. Preceding OpId in replica: term: 3 index: 3. Preceding OpId from leader: term: 4 index: 4. (index mismatch)
I20260709 12:25:28.189411  8457 consensus_queue.cc:1048] T 1d841bfdc9cd497dac6de14f6296a439 P ea9013949c194e4ea3a7f7712c387615 [LEADER]: Connected to new peer: Peer: permanent_uuid: "cb3432690ce742708bfb41f38b2a9414" member_type: VOTER last_known_addr { host: "127.7.201.66" port: 33391 }, Status: LMP_MISMATCH, Last received: 0.0, Next index: 4, Last known committed idx: 3, Time since last communication: 0.000s
I20260709 12:25:28.199003  8256 raft_consensus.cc:1275] T 1d841bfdc9cd497dac6de14f6296a439 P 5ee1b3f4049d44ad9665e17df5e95647 [term 4 FOLLOWER]: Refusing update from remote peer ea9013949c194e4ea3a7f7712c387615: Log matching property violated. Preceding OpId in replica: term: 3 index: 3. Preceding OpId from leader: term: 4 index: 4. (index mismatch)
I20260709 12:25:28.200598  8475 consensus_queue.cc:1048] T 1d841bfdc9cd497dac6de14f6296a439 P ea9013949c194e4ea3a7f7712c387615 [LEADER]: Connected to new peer: Peer: permanent_uuid: "5ee1b3f4049d44ad9665e17df5e95647" member_type: VOTER last_known_addr { host: "127.7.201.67" port: 32969 }, Status: LMP_MISMATCH, Last received: 0.0, Next index: 4, Last known committed idx: 3, Time since last communication: 0.000s
I20260709 12:25:28.269711  8182 raft_consensus.cc:1275] T fb06c563793142d397f4e054cd08dd9f P cb3432690ce742708bfb41f38b2a9414 [term 3 FOLLOWER]: Refusing update from remote peer 5ee1b3f4049d44ad9665e17df5e95647: Log matching property violated. Preceding OpId in replica: term: 2 index: 2. Preceding OpId from leader: term: 3 index: 3. (index mismatch)
I20260709 12:25:28.270967  8438 consensus_queue.cc:1048] T fb06c563793142d397f4e054cd08dd9f P 5ee1b3f4049d44ad9665e17df5e95647 [LEADER]: Connected to new peer: Peer: permanent_uuid: "cb3432690ce742708bfb41f38b2a9414" member_type: VOTER last_known_addr { host: "127.7.201.66" port: 33391 }, Status: LMP_MISMATCH, Last received: 0.0, Next index: 3, Last known committed idx: 2, Time since last communication: 0.000s
I20260709 12:25:28.279573  8105 raft_consensus.cc:1275] T fb06c563793142d397f4e054cd08dd9f P ea9013949c194e4ea3a7f7712c387615 [term 3 FOLLOWER]: Refusing update from remote peer 5ee1b3f4049d44ad9665e17df5e95647: Log matching property violated. Preceding OpId in replica: term: 2 index: 2. Preceding OpId from leader: term: 3 index: 3. (index mismatch)
I20260709 12:25:28.289170  8481 consensus_queue.cc:1048] T fb06c563793142d397f4e054cd08dd9f P 5ee1b3f4049d44ad9665e17df5e95647 [LEADER]: Connected to new peer: Peer: permanent_uuid: "ea9013949c194e4ea3a7f7712c387615" member_type: VOTER last_known_addr { host: "127.7.201.65" port: 45255 }, Status: LMP_MISMATCH, Last received: 0.0, Next index: 3, Last known committed idx: 2, Time since last communication: 0.001s
I20260709 12:25:28.330359  7973 auto_leader_rebalancer.cc:141] leader rebalance for table test-workload
I20260709 12:25:28.332873  8182 raft_consensus.cc:1275] T 6554b62909d94525a33227b7fd951576 P cb3432690ce742708bfb41f38b2a9414 [term 4 FOLLOWER]: Refusing update from remote peer 5ee1b3f4049d44ad9665e17df5e95647: Log matching property violated. Preceding OpId in replica: term: 3 index: 3. Preceding OpId from leader: term: 4 index: 4. (index mismatch)
I20260709 12:25:28.334071  8438 consensus_queue.cc:1048] T 6554b62909d94525a33227b7fd951576 P 5ee1b3f4049d44ad9665e17df5e95647 [LEADER]: Connected to new peer: Peer: permanent_uuid: "cb3432690ce742708bfb41f38b2a9414" member_type: VOTER last_known_addr { host: "127.7.201.66" port: 33391 }, Status: LMP_MISMATCH, Last received: 0.0, Next index: 4, Last known committed idx: 3, Time since last communication: 0.000s
I20260709 12:25:28.336093  7973 auto_leader_rebalancer.cc:440] table: test-workload, leader rebalance finish, leader transfer count: 0
I20260709 12:25:28.336584  7973 auto_leader_rebalancer.cc:515] All tables' leader rebalancing finished this round
I20260709 12:25:28.342633  8105 raft_consensus.cc:1275] T 6554b62909d94525a33227b7fd951576 P ea9013949c194e4ea3a7f7712c387615 [term 4 FOLLOWER]: Refusing update from remote peer 5ee1b3f4049d44ad9665e17df5e95647: Log matching property violated. Preceding OpId in replica: term: 3 index: 3. Preceding OpId from leader: term: 4 index: 4. (index mismatch)
I20260709 12:25:28.343964  8481 consensus_queue.cc:1048] T 6554b62909d94525a33227b7fd951576 P 5ee1b3f4049d44ad9665e17df5e95647 [LEADER]: Connected to new peer: Peer: permanent_uuid: "ea9013949c194e4ea3a7f7712c387615" member_type: VOTER last_known_addr { host: "127.7.201.65" port: 45255 }, Status: LMP_MISMATCH, Last received: 0.0, Next index: 4, Last known committed idx: 3, Time since last communication: 0.000s
I20260709 12:25:29.337731  7973 auto_leader_rebalancer.cc:141] leader rebalance for table test-workload
I20260709 12:25:29.343081  7973 auto_leader_rebalancer.cc:440] table: test-workload, leader rebalance finish, leader transfer count: 0
I20260709 12:25:29.343520  7973 auto_leader_rebalancer.cc:515] All tables' leader rebalancing finished this round
I20260709 12:25:30.344636  7973 auto_leader_rebalancer.cc:141] leader rebalance for table test-workload
I20260709 12:25:30.349612  7973 auto_leader_rebalancer.cc:440] table: test-workload, leader rebalance finish, leader transfer count: 0
I20260709 12:25:30.350016  7973 auto_leader_rebalancer.cc:515] All tables' leader rebalancing finished this round
I20260709 12:25:31.350921  7973 auto_leader_rebalancer.cc:141] leader rebalance for table test-workload
I20260709 12:25:31.355664  7973 auto_leader_rebalancer.cc:440] table: test-workload, leader rebalance finish, leader transfer count: 0
I20260709 12:25:31.356108  7973 auto_leader_rebalancer.cc:515] All tables' leader rebalancing finished this round
I20260709 12:25:32.357134  7973 auto_leader_rebalancer.cc:141] leader rebalance for table test-workload
I20260709 12:25:32.362841  7973 auto_leader_rebalancer.cc:440] table: test-workload, leader rebalance finish, leader transfer count: 0
I20260709 12:25:32.363397  7973 auto_leader_rebalancer.cc:515] All tables' leader rebalancing finished this round
I20260709 12:25:33.364519  7973 auto_leader_rebalancer.cc:141] leader rebalance for table test-workload
I20260709 12:25:33.370428  7973 auto_leader_rebalancer.cc:440] table: test-workload, leader rebalance finish, leader transfer count: 0
I20260709 12:25:33.370783  7973 auto_leader_rebalancer.cc:515] All tables' leader rebalancing finished this round
I20260709 12:25:34.371644  7973 auto_leader_rebalancer.cc:141] leader rebalance for table test-workload
I20260709 12:25:34.377169  7973 auto_leader_rebalancer.cc:440] table: test-workload, leader rebalance finish, leader transfer count: 0
