I20260709 12:26:10.872699 20236 leader_election.cc:290] T 14e8ca0dc01c41f997b0100c8205126a P 4e22afdf425d47d4a0d257ba48aa1852 [CANDIDATE]: Term 1 election: Requested vote from peers 7334fd1b77ff4c16946bf54fe68cafdf (127.18.96.193:44507), 8f08251241e2476291da01726b4f21da (127.18.96.195:36443)
I20260709 12:26:10.883323 20221 leader_election.cc:290] T a8109e61f8a642ffa7036a1017f638b5 P 7334fd1b77ff4c16946bf54fe68cafdf [CANDIDATE]: Term 1 pre-election: Requested pre-vote from peers 4e22afdf425d47d4a0d257ba48aa1852 (127.18.96.194:32951), 8f08251241e2476291da01726b4f21da (127.18.96.195:36443)
I20260709 12:26:10.890280 20069 tablet_service.cc:1917] Received RequestConsensusVote() RPC: tablet_id: "6401f2fecf5844aaa87962f1614370e0" candidate_uuid: "7334fd1b77ff4c16946bf54fe68cafdf" candidate_term: 1 candidate_status { last_received { term: 0 index: 0 } } ignore_live_leader: false dest_uuid: "4e22afdf425d47d4a0d257ba48aa1852" is_pre_election: true
I20260709 12:26:10.921916 20144 tablet_service.cc:1917] Received RequestConsensusVote() RPC: tablet_id: "a8109e61f8a642ffa7036a1017f638b5" candidate_uuid: "7334fd1b77ff4c16946bf54fe68cafdf" candidate_term: 1 candidate_status { last_received { term: 0 index: 0 } } ignore_live_leader: false dest_uuid: "8f08251241e2476291da01726b4f21da" is_pre_election: true
I20260709 12:26:10.924161 20071 tablet_service.cc:1917] Received RequestConsensusVote() RPC: tablet_id: "1dd4d4e5e4574c848931f848c80175ab" candidate_uuid: "7334fd1b77ff4c16946bf54fe68cafdf" candidate_term: 1 candidate_status { last_received { term: 0 index: 0 } } ignore_live_leader: false dest_uuid: "4e22afdf425d47d4a0d257ba48aa1852" is_pre_election: true
I20260709 12:26:10.929276 20068 tablet_service.cc:1917] Received RequestConsensusVote() RPC: tablet_id: "a8109e61f8a642ffa7036a1017f638b5" candidate_uuid: "7334fd1b77ff4c16946bf54fe68cafdf" candidate_term: 1 candidate_status { last_received { term: 0 index: 0 } } ignore_live_leader: false dest_uuid: "4e22afdf425d47d4a0d257ba48aa1852" is_pre_election: true
I20260709 12:26:10.930485 20068 raft_consensus.cc:2468] T a8109e61f8a642ffa7036a1017f638b5 P 4e22afdf425d47d4a0d257ba48aa1852 [term 0 FOLLOWER]: Leader pre-election vote request: Granting yes vote for candidate 7334fd1b77ff4c16946bf54fe68cafdf in term 0.
I20260709 12:26:10.936775 20071 raft_consensus.cc:2393] T 1dd4d4e5e4574c848931f848c80175ab P 4e22afdf425d47d4a0d257ba48aa1852 [term 1 FOLLOWER]: Leader pre-election vote request: Denying vote to candidate 7334fd1b77ff4c16946bf54fe68cafdf in current term 1: Already voted for candidate 8f08251241e2476291da01726b4f21da in this term.
W20260709 12:26:10.927865 20036 leader_election.cc:343] T c7f73cafa962449391eb81f3a8d04c81 P 4e22afdf425d47d4a0d257ba48aa1852 [CANDIDATE]: Term 1 pre-election: Tablet error from VoteRequest() call to peer 8f08251241e2476291da01726b4f21da (127.18.96.195:36443): Illegal state: must be running to vote when last-logged opid is not known
W20260709 12:26:10.937652 19961 leader_election.cc:343] T a8109e61f8a642ffa7036a1017f638b5 P 7334fd1b77ff4c16946bf54fe68cafdf [CANDIDATE]: Term 1 pre-election: Tablet error from VoteRequest() call to peer 8f08251241e2476291da01726b4f21da (127.18.96.195:36443): Illegal state: must be running to vote when last-logged opid is not known
I20260709 12:26:10.939976 20186 tablet_bootstrap.cc:654] T a8109e61f8a642ffa7036a1017f638b5 P 8f08251241e2476291da01726b4f21da: Neither blocks nor log segments found. Creating new log.
I20260709 12:26:10.943979 20283 consensus_queue.cc:1048] T 59e6b281f347466e928985967c38d7e4 P 7334fd1b77ff4c16946bf54fe68cafdf [LEADER]: Connected to new peer: Peer: permanent_uuid: "4e22afdf425d47d4a0d257ba48aa1852" member_type: VOTER last_known_addr { host: "127.18.96.194" port: 32951 }, Status: LMP_MISMATCH, Last received: 0.0, Next index: 1, Last known committed idx: 0, Time since last communication: 0.000s
I20260709 12:26:10.946524 20144 tablet_service.cc:1917] Received RequestConsensusVote() RPC: tablet_id: "0703b2c04bc84f158324d7422742ee17" candidate_uuid: "4e22afdf425d47d4a0d257ba48aa1852" candidate_term: 1 candidate_status { last_received { term: 0 index: 0 } } ignore_live_leader: false dest_uuid: "8f08251241e2476291da01726b4f21da" is_pre_election: true
I20260709 12:26:10.947954 20187 tablet_bootstrap.cc:492] T 6401f2fecf5844aaa87962f1614370e0 P 4e22afdf425d47d4a0d257ba48aa1852: Bootstrap starting.
I20260709 12:26:10.949796 20277 consensus_queue.cc:1048] T 24d5e69d4df8466caf2339b79fe843dc P 4e22afdf425d47d4a0d257ba48aa1852 [LEADER]: Connected to new peer: Peer: permanent_uuid: "7334fd1b77ff4c16946bf54fe68cafdf" member_type: VOTER last_known_addr { host: "127.18.96.193" port: 44507 }, Status: LMP_MISMATCH, Last received: 0.0, Next index: 1, Last known committed idx: 0, Time since last communication: 0.000s
I20260709 12:26:10.958531 19993 raft_consensus.cc:2468] T 1dd4d4e5e4574c848931f848c80175ab P 7334fd1b77ff4c16946bf54fe68cafdf [term 1 FOLLOWER]: Leader election vote request: Granting yes vote for candidate 8f08251241e2476291da01726b4f21da in term 1.
I20260709 12:26:10.958799 20144 tablet_service.cc:1917] Received RequestConsensusVote() RPC: tablet_id: "14e8ca0dc01c41f997b0100c8205126a" candidate_uuid: "4e22afdf425d47d4a0d257ba48aa1852" candidate_term: 1 candidate_status { last_received { term: 0 index: 0 } } ignore_live_leader: false dest_uuid: "8f08251241e2476291da01726b4f21da"
I20260709 12:26:10.959757 20283 consensus_queue.cc:1048] T 1a9200ebc7e2450294d33e8092bf46f6 P 7334fd1b77ff4c16946bf54fe68cafdf [LEADER]: Connected to new peer: Peer: permanent_uuid: "4e22afdf425d47d4a0d257ba48aa1852" member_type: VOTER last_known_addr { host: "127.18.96.194" port: 32951 }, Status: LMP_MISMATCH, Last received: 0.0, Next index: 1, Last known committed idx: 0, Time since last communication: 0.003s
I20260709 12:26:10.965881 20185 tablet_bootstrap.cc:492] T 8a27e12f325f49c2822e2e3b07d91c4d P 7334fd1b77ff4c16946bf54fe68cafdf: No bootstrap required, opened a new log
I20260709 12:26:10.966333 20185 ts_tablet_manager.cc:1403] T 8a27e12f325f49c2822e2e3b07d91c4d P 7334fd1b77ff4c16946bf54fe68cafdf: Time spent bootstrapping tablet: real 0.283s	user 0.017s	sys 0.014s
W20260709 12:26:10.966455 19962 leader_election.cc:343] T 6401f2fecf5844aaa87962f1614370e0 P 7334fd1b77ff4c16946bf54fe68cafdf [CANDIDATE]: Term 1 pre-election: Tablet error from VoteRequest() call to peer 4e22afdf425d47d4a0d257ba48aa1852 (127.18.96.194:32951): Illegal state: must be running to vote when last-logged opid is not known
I20260709 12:26:10.966905 19962 leader_election.cc:304] T 6401f2fecf5844aaa87962f1614370e0 P 7334fd1b77ff4c16946bf54fe68cafdf [CANDIDATE]: Term 1 pre-election: Election decided. Result: candidate lost. Election summary: received 3 responses out of 3 voters: 1 yes votes; 2 no votes. yes voters: 7334fd1b77ff4c16946bf54fe68cafdf; no voters: 4e22afdf425d47d4a0d257ba48aa1852, 8f08251241e2476291da01726b4f21da
I20260709 12:26:10.967625 20283 raft_consensus.cc:2749] T 6401f2fecf5844aaa87962f1614370e0 P 7334fd1b77ff4c16946bf54fe68cafdf [term 0 FOLLOWER]: Leader pre-election lost for term 1. Reason: could not achieve majority
I20260709 12:26:10.967988 19962 leader_election.cc:304] T a8109e61f8a642ffa7036a1017f638b5 P 7334fd1b77ff4c16946bf54fe68cafdf [CANDIDATE]: Term 1 pre-election: Election decided. Result: candidate won. Election summary: received 3 responses out of 3 voters: 2 yes votes; 1 no votes. yes voters: 4e22afdf425d47d4a0d257ba48aa1852, 7334fd1b77ff4c16946bf54fe68cafdf; no voters: 8f08251241e2476291da01726b4f21da
I20260709 12:26:10.968647 20283 raft_consensus.cc:2804] T a8109e61f8a642ffa7036a1017f638b5 P 7334fd1b77ff4c16946bf54fe68cafdf [term 0 FOLLOWER]: Leader pre-election won for term 1
I20260709 12:26:10.969038 20283 raft_consensus.cc:493] T a8109e61f8a642ffa7036a1017f638b5 P 7334fd1b77ff4c16946bf54fe68cafdf [term 0 FOLLOWER]: Starting leader election (no leader contacted us within the election timeout)
I20260709 12:26:10.970636 20283 raft_consensus.cc:3060] T a8109e61f8a642ffa7036a1017f638b5 P 7334fd1b77ff4c16946bf54fe68cafdf [term 0 FOLLOWER]: Advancing to term 1
I20260709 12:26:10.974483 20186 tablet_bootstrap.cc:492] T a8109e61f8a642ffa7036a1017f638b5 P 8f08251241e2476291da01726b4f21da: No bootstrap required, opened a new log
I20260709 12:26:10.974888 20186 ts_tablet_manager.cc:1403] T a8109e61f8a642ffa7036a1017f638b5 P 8f08251241e2476291da01726b4f21da: Time spent bootstrapping tablet: real 0.284s	user 0.021s	sys 0.025s
I20260709 12:26:10.976115 20187 tablet_bootstrap.cc:654] T 6401f2fecf5844aaa87962f1614370e0 P 4e22afdf425d47d4a0d257ba48aa1852: Neither blocks nor log segments found. Creating new log.
I20260709 12:26:10.977268 20186 raft_consensus.cc:359] T a8109e61f8a642ffa7036a1017f638b5 P 8f08251241e2476291da01726b4f21da [term 0 FOLLOWER]: Replica starting. Triggering 0 pending ops. Active config: opid_index: -1 OBSOLETE_local: false peers { permanent_uuid: "7334fd1b77ff4c16946bf54fe68cafdf" member_type: VOTER last_known_addr { host: "127.18.96.193" port: 44507 } } peers { permanent_uuid: "4e22afdf425d47d4a0d257ba48aa1852" member_type: VOTER last_known_addr { host: "127.18.96.194" port: 32951 } } peers { permanent_uuid: "8f08251241e2476291da01726b4f21da" member_type: VOTER last_known_addr { host: "127.18.96.195" port: 36443 } }
I20260709 12:26:10.977927 20186 raft_consensus.cc:385] T a8109e61f8a642ffa7036a1017f638b5 P 8f08251241e2476291da01726b4f21da [term 0 FOLLOWER]: Consensus starting up: Expiring failure detector timer to make a prompt election more likely
I20260709 12:26:10.978190 20186 raft_consensus.cc:740] T a8109e61f8a642ffa7036a1017f638b5 P 8f08251241e2476291da01726b4f21da [term 0 FOLLOWER]: Becoming Follower/Learner. State: Replica: 8f08251241e2476291da01726b4f21da, State: Initialized, Role: FOLLOWER
W20260709 12:26:10.979069 20036 leader_election.cc:343] T 0703b2c04bc84f158324d7422742ee17 P 4e22afdf425d47d4a0d257ba48aa1852 [CANDIDATE]: Term 1 pre-election: Tablet error from VoteRequest() call to peer 8f08251241e2476291da01726b4f21da (127.18.96.195:36443): Illegal state: must be running to vote when last-logged opid is not known
I20260709 12:26:10.979499 20036 leader_election.cc:304] T 0703b2c04bc84f158324d7422742ee17 P 4e22afdf425d47d4a0d257ba48aa1852 [CANDIDATE]: Term 1 pre-election: Election decided. Result: candidate lost. Election summary: received 3 responses out of 3 voters: 1 yes votes; 2 no votes. yes voters: 4e22afdf425d47d4a0d257ba48aa1852; no voters: 7334fd1b77ff4c16946bf54fe68cafdf, 8f08251241e2476291da01726b4f21da
I20260709 12:26:10.968900 20185 raft_consensus.cc:359] T 8a27e12f325f49c2822e2e3b07d91c4d P 7334fd1b77ff4c16946bf54fe68cafdf [term 0 FOLLOWER]: Replica starting. Triggering 0 pending ops. Active config: opid_index: -1 OBSOLETE_local: false peers { permanent_uuid: "7334fd1b77ff4c16946bf54fe68cafdf" member_type: VOTER last_known_addr { host: "127.18.96.193" port: 44507 } } peers { permanent_uuid: "4e22afdf425d47d4a0d257ba48aa1852" member_type: VOTER last_known_addr { host: "127.18.96.194" port: 32951 } } peers { permanent_uuid: "8f08251241e2476291da01726b4f21da" member_type: VOTER last_known_addr { host: "127.18.96.195" port: 36443 } }
I20260709 12:26:10.980572 20185 raft_consensus.cc:385] T 8a27e12f325f49c2822e2e3b07d91c4d P 7334fd1b77ff4c16946bf54fe68cafdf [term 0 FOLLOWER]: Consensus starting up: Expiring failure detector timer to make a prompt election more likely
I20260709 12:26:10.980402 20186 consensus_queue.cc:260] T a8109e61f8a642ffa7036a1017f638b5 P 8f08251241e2476291da01726b4f21da [NON_LEADER]: Queue going to NON_LEADER mode. State: All replicated index: 0, Majority replicated index: 0, Committed index: 0, Last appended: 0.0, Last appended by leader: 0, Current term: 0, Majority size: -1, State: 0, Mode: NON_LEADER, active raft config: opid_index: -1 OBSOLETE_local: false peers { permanent_uuid: "7334fd1b77ff4c16946bf54fe68cafdf" member_type: VOTER last_known_addr { host: "127.18.96.193" port: 44507 } } peers { permanent_uuid: "4e22afdf425d47d4a0d257ba48aa1852" member_type: VOTER last_known_addr { host: "127.18.96.194" port: 32951 } } peers { permanent_uuid: "8f08251241e2476291da01726b4f21da" member_type: VOTER last_known_addr { host: "127.18.96.195" port: 36443 } }
I20260709 12:26:10.980830 20185 raft_consensus.cc:740] T 8a27e12f325f49c2822e2e3b07d91c4d P 7334fd1b77ff4c16946bf54fe68cafdf [term 0 FOLLOWER]: Becoming Follower/Learner. State: Replica: 7334fd1b77ff4c16946bf54fe68cafdf, State: Initialized, Role: FOLLOWER
I20260709 12:26:10.980444 20290 raft_consensus.cc:2749] T 0703b2c04bc84f158324d7422742ee17 P 4e22afdf425d47d4a0d257ba48aa1852 [term 0 FOLLOWER]: Leader pre-election lost for term 1. Reason: could not achieve majority
I20260709 12:26:10.981555 20185 consensus_queue.cc:260] T 8a27e12f325f49c2822e2e3b07d91c4d P 7334fd1b77ff4c16946bf54fe68cafdf [NON_LEADER]: Queue going to NON_LEADER mode. State: All replicated index: 0, Majority replicated index: 0, Committed index: 0, Last appended: 0.0, Last appended by leader: 0, Current term: 0, Majority size: -1, State: 0, Mode: NON_LEADER, active raft config: opid_index: -1 OBSOLETE_local: false peers { permanent_uuid: "7334fd1b77ff4c16946bf54fe68cafdf" member_type: VOTER last_known_addr { host: "127.18.96.193" port: 44507 } } peers { permanent_uuid: "4e22afdf425d47d4a0d257ba48aa1852" member_type: VOTER last_known_addr { host: "127.18.96.194" port: 32951 } } peers { permanent_uuid: "8f08251241e2476291da01726b4f21da" member_type: VOTER last_known_addr { host: "127.18.96.195" port: 36443 } }
I20260709 12:26:10.982813 20186 ts_tablet_manager.cc:1434] T a8109e61f8a642ffa7036a1017f638b5 P 8f08251241e2476291da01726b4f21da: Time spent starting tablet: real 0.008s	user 0.007s	sys 0.000s
I20260709 12:26:10.983508 20185 ts_tablet_manager.cc:1434] T 8a27e12f325f49c2822e2e3b07d91c4d P 7334fd1b77ff4c16946bf54fe68cafdf: Time spent starting tablet: real 0.017s	user 0.005s	sys 0.000s
I20260709 12:26:10.983646 20186 tablet_bootstrap.cc:492] T 14e8ca0dc01c41f997b0100c8205126a P 8f08251241e2476291da01726b4f21da: Bootstrap starting.
I20260709 12:26:10.984330 20185 tablet_bootstrap.cc:492] T 8542c585b09d436da5000b2dd0fb020d P 7334fd1b77ff4c16946bf54fe68cafdf: Bootstrap starting.
I20260709 12:26:10.969027 19962 leader_election.cc:304] T 1dd4d4e5e4574c848931f848c80175ab P 7334fd1b77ff4c16946bf54fe68cafdf [CANDIDATE]: Term 1 pre-election: Election decided. Result: candidate lost. Election summary: received 3 responses out of 3 voters: 1 yes votes; 2 no votes. yes voters: 7334fd1b77ff4c16946bf54fe68cafdf; no voters: 4e22afdf425d47d4a0d257ba48aa1852, 8f08251241e2476291da01726b4f21da
I20260709 12:26:10.988929 20284 raft_consensus.cc:2749] T 1dd4d4e5e4574c848931f848c80175ab P 7334fd1b77ff4c16946bf54fe68cafdf [term 1 FOLLOWER]: Leader pre-election lost for term 1. Reason: could not achieve majority
W20260709 12:26:10.988538 20036 leader_election.cc:343] T 14e8ca0dc01c41f997b0100c8205126a P 4e22afdf425d47d4a0d257ba48aa1852 [CANDIDATE]: Term 1 election: Tablet error from VoteRequest() call to peer 8f08251241e2476291da01726b4f21da (127.18.96.195:36443): Illegal state: must be running to vote when last-logged opid is not known
I20260709 12:26:10.986250 20145 tablet_service.cc:1917] Received RequestConsensusVote() RPC: tablet_id: "14e8ca0dc01c41f997b0100c8205126a" candidate_uuid: "4e22afdf425d47d4a0d257ba48aa1852" candidate_term: 1 candidate_status { last_received { term: 0 index: 0 } } ignore_live_leader: false dest_uuid: "8f08251241e2476291da01726b4f21da" is_pre_election: true
I20260709 12:26:10.997231 20237 consensus_queue.cc:1048] T 49693b611bff4373a79409b0fa5981ad P 4e22afdf425d47d4a0d257ba48aa1852 [LEADER]: Connected to new peer: Peer: permanent_uuid: "8f08251241e2476291da01726b4f21da" member_type: VOTER last_known_addr { host: "127.18.96.195" port: 36443 }, Status: LMP_MISMATCH, Last received: 0.0, Next index: 1, Last known committed idx: 0, Time since last communication: 0.000s
I20260709 12:26:10.999049 20185 tablet_bootstrap.cc:654] T 8542c585b09d436da5000b2dd0fb020d P 7334fd1b77ff4c16946bf54fe68cafdf: Neither blocks nor log segments found. Creating new log.
I20260709 12:26:11.000533 20290 consensus_queue.cc:1048] T 49693b611bff4373a79409b0fa5981ad P 4e22afdf425d47d4a0d257ba48aa1852 [LEADER]: Connected to new peer: Peer: permanent_uuid: "7334fd1b77ff4c16946bf54fe68cafdf" member_type: VOTER last_known_addr { host: "127.18.96.193" port: 44507 }, Status: LMP_MISMATCH, Last received: 0.0, Next index: 1, Last known committed idx: 0, Time since last communication: 0.000s
W20260709 12:26:11.002876 20036 leader_election.cc:343] T 14e8ca0dc01c41f997b0100c8205126a P 4e22afdf425d47d4a0d257ba48aa1852 [CANDIDATE]: Term 1 pre-election: Tablet error from VoteRequest() call to peer 8f08251241e2476291da01726b4f21da (127.18.96.195:36443): Illegal state: must be running to vote when last-logged opid is not known
I20260709 12:26:11.021911 20186 tablet_bootstrap.cc:654] T 14e8ca0dc01c41f997b0100c8205126a P 8f08251241e2476291da01726b4f21da: Neither blocks nor log segments found. Creating new log.
I20260709 12:26:11.021790 20290 consensus_queue.cc:1048] T 13611111b49b40f585b3edbdec5d2314 P 4e22afdf425d47d4a0d257ba48aa1852 [LEADER]: Connected to new peer: Peer: permanent_uuid: "7334fd1b77ff4c16946bf54fe68cafdf" member_type: VOTER last_known_addr { host: "127.18.96.193" port: 44507 }, Status: LMP_MISMATCH, Last received: 0.0, Next index: 1, Last known committed idx: 0, Time since last communication: 0.000s
I20260709 12:26:11.022882 20283 raft_consensus.cc:515] T a8109e61f8a642ffa7036a1017f638b5 P 7334fd1b77ff4c16946bf54fe68cafdf [term 1 FOLLOWER]: Starting leader election with config: opid_index: -1 OBSOLETE_local: false peers { permanent_uuid: "7334fd1b77ff4c16946bf54fe68cafdf" member_type: VOTER last_known_addr { host: "127.18.96.193" port: 44507 } } peers { permanent_uuid: "4e22afdf425d47d4a0d257ba48aa1852" member_type: VOTER last_known_addr { host: "127.18.96.194" port: 32951 } } peers { permanent_uuid: "8f08251241e2476291da01726b4f21da" member_type: VOTER last_known_addr { host: "127.18.96.195" port: 36443 } }
I20260709 12:26:11.026903 20187 tablet_bootstrap.cc:492] T 6401f2fecf5844aaa87962f1614370e0 P 4e22afdf425d47d4a0d257ba48aa1852: No bootstrap required, opened a new log
I20260709 12:26:11.027384 20187 ts_tablet_manager.cc:1403] T 6401f2fecf5844aaa87962f1614370e0 P 4e22afdf425d47d4a0d257ba48aa1852: Time spent bootstrapping tablet: real 0.080s	user 0.009s	sys 0.016s
I20260709 12:26:11.028384 20283 leader_election.cc:290] T a8109e61f8a642ffa7036a1017f638b5 P 7334fd1b77ff4c16946bf54fe68cafdf [CANDIDATE]: Term 1 election: Requested vote from peers 4e22afdf425d47d4a0d257ba48aa1852 (127.18.96.194:32951), 8f08251241e2476291da01726b4f21da (127.18.96.195:36443)
I20260709 12:26:11.030543 20187 raft_consensus.cc:359] T 6401f2fecf5844aaa87962f1614370e0 P 4e22afdf425d47d4a0d257ba48aa1852 [term 0 FOLLOWER]: Replica starting. Triggering 0 pending ops. Active config: opid_index: -1 OBSOLETE_local: false peers { permanent_uuid: "7334fd1b77ff4c16946bf54fe68cafdf" member_type: VOTER last_known_addr { host: "127.18.96.193" port: 44507 } } peers { permanent_uuid: "4e22afdf425d47d4a0d257ba48aa1852" member_type: VOTER last_known_addr { host: "127.18.96.194" port: 32951 } } peers { permanent_uuid: "8f08251241e2476291da01726b4f21da" member_type: VOTER last_known_addr { host: "127.18.96.195" port: 36443 } }
I20260709 12:26:11.031055 20187 raft_consensus.cc:385] T 6401f2fecf5844aaa87962f1614370e0 P 4e22afdf425d47d4a0d257ba48aa1852 [term 0 FOLLOWER]: Consensus starting up: Expiring failure detector timer to make a prompt election more likely
I20260709 12:26:11.031275 20187 raft_consensus.cc:740] T 6401f2fecf5844aaa87962f1614370e0 P 4e22afdf425d47d4a0d257ba48aa1852 [term 0 FOLLOWER]: Becoming Follower/Learner. State: Replica: 4e22afdf425d47d4a0d257ba48aa1852, State: Initialized, Role: FOLLOWER
I20260709 12:26:11.028581 20145 tablet_service.cc:1917] Received RequestConsensusVote() RPC: tablet_id: "a8109e61f8a642ffa7036a1017f638b5" candidate_uuid: "7334fd1b77ff4c16946bf54fe68cafdf" candidate_term: 1 candidate_status { last_received { term: 0 index: 0 } } ignore_live_leader: false dest_uuid: "8f08251241e2476291da01726b4f21da"
I20260709 12:26:11.033445 20187 consensus_queue.cc:260] T 6401f2fecf5844aaa87962f1614370e0 P 4e22afdf425d47d4a0d257ba48aa1852 [NON_LEADER]: Queue going to NON_LEADER mode. State: All replicated index: 0, Majority replicated index: 0, Committed index: 0, Last appended: 0.0, Last appended by leader: 0, Current term: 0, Majority size: -1, State: 0, Mode: NON_LEADER, active raft config: opid_index: -1 OBSOLETE_local: false peers { permanent_uuid: "7334fd1b77ff4c16946bf54fe68cafdf" member_type: VOTER last_known_addr { host: "127.18.96.193" port: 44507 } } peers { permanent_uuid: "4e22afdf425d47d4a0d257ba48aa1852" member_type: VOTER last_known_addr { host: "127.18.96.194" port: 32951 } } peers { permanent_uuid: "8f08251241e2476291da01726b4f21da" member_type: VOTER last_known_addr { host: "127.18.96.195" port: 36443 } }
I20260709 12:26:11.032526 20290 consensus_queue.cc:1048] T 24d5e69d4df8466caf2339b79fe843dc P 4e22afdf425d47d4a0d257ba48aa1852 [LEADER]: Connected to new peer: Peer: permanent_uuid: "8f08251241e2476291da01726b4f21da" member_type: VOTER last_known_addr { host: "127.18.96.195" port: 36443 }, Status: LMP_MISMATCH, Last received: 0.0, Next index: 1, Last known committed idx: 0, Time since last communication: 0.002s
I20260709 12:26:11.034291 20145 raft_consensus.cc:3060] T a8109e61f8a642ffa7036a1017f638b5 P 8f08251241e2476291da01726b4f21da [term 0 FOLLOWER]: Advancing to term 1
I20260709 12:26:11.038481 20187 ts_tablet_manager.cc:1434] T 6401f2fecf5844aaa87962f1614370e0 P 4e22afdf425d47d4a0d257ba48aa1852: Time spent starting tablet: real 0.011s	user 0.005s	sys 0.000s
I20260709 12:26:11.039361 20187 tablet_bootstrap.cc:492] T 9a7893659c8a45d69feec69058ac5c27 P 4e22afdf425d47d4a0d257ba48aa1852: Bootstrap starting.
I20260709 12:26:11.046245 20187 tablet_bootstrap.cc:654] T 9a7893659c8a45d69feec69058ac5c27 P 4e22afdf425d47d4a0d257ba48aa1852: Neither blocks nor log segments found. Creating new log.
I20260709 12:26:11.049654 20070 tablet_service.cc:1917] Received RequestConsensusVote() RPC: tablet_id: "a8109e61f8a642ffa7036a1017f638b5" candidate_uuid: "7334fd1b77ff4c16946bf54fe68cafdf" candidate_term: 1 candidate_status { last_received { term: 0 index: 0 } } ignore_live_leader: false dest_uuid: "4e22afdf425d47d4a0d257ba48aa1852"
I20260709 12:26:11.050280 20070 raft_consensus.cc:3060] T a8109e61f8a642ffa7036a1017f638b5 P 4e22afdf425d47d4a0d257ba48aa1852 [term 0 FOLLOWER]: Advancing to term 1
I20260709 12:26:11.054685 20186 tablet_bootstrap.cc:492] T 14e8ca0dc01c41f997b0100c8205126a P 8f08251241e2476291da01726b4f21da: No bootstrap required, opened a new log
I20260709 12:26:11.055136 20186 ts_tablet_manager.cc:1403] T 14e8ca0dc01c41f997b0100c8205126a P 8f08251241e2476291da01726b4f21da: Time spent bootstrapping tablet: real 0.072s	user 0.012s	sys 0.004s
I20260709 12:26:11.057947 20070 raft_consensus.cc:2468] T a8109e61f8a642ffa7036a1017f638b5 P 4e22afdf425d47d4a0d257ba48aa1852 [term 1 FOLLOWER]: Leader election vote request: Granting yes vote for candidate 7334fd1b77ff4c16946bf54fe68cafdf in term 1.
I20260709 12:26:11.057687 20186 raft_consensus.cc:359] T 14e8ca0dc01c41f997b0100c8205126a P 8f08251241e2476291da01726b4f21da [term 0 FOLLOWER]: Replica starting. Triggering 0 pending ops. Active config: opid_index: -1 OBSOLETE_local: false peers { permanent_uuid: "7334fd1b77ff4c16946bf54fe68cafdf" member_type: VOTER last_known_addr { host: "127.18.96.193" port: 44507 } } peers { permanent_uuid: "4e22afdf425d47d4a0d257ba48aa1852" member_type: VOTER last_known_addr { host: "127.18.96.194" port: 32951 } } peers { permanent_uuid: "8f08251241e2476291da01726b4f21da" member_type: VOTER last_known_addr { host: "127.18.96.195" port: 36443 } }
I20260709 12:26:11.066956 20185 tablet_bootstrap.cc:492] T 8542c585b09d436da5000b2dd0fb020d P 7334fd1b77ff4c16946bf54fe68cafdf: No bootstrap required, opened a new log
I20260709 12:26:11.068154 20221 raft_consensus.cc:493] T c22141b3ceee45c0ab57037d8c2ab689 P 7334fd1b77ff4c16946bf54fe68cafdf [term 0 FOLLOWER]: Starting pre-election (no leader contacted us within the election timeout)
I20260709 12:26:11.080925 20186 raft_consensus.cc:385] T 14e8ca0dc01c41f997b0100c8205126a P 8f08251241e2476291da01726b4f21da [term 0 FOLLOWER]: Consensus starting up: Expiring failure detector timer to make a prompt election more likely
I20260709 12:26:11.070367 20191 consensus_queue.cc:1048] T 6c6fc739f85748c4a84724eead2151b3 P 7334fd1b77ff4c16946bf54fe68cafdf [LEADER]: Connected to new peer: Peer: permanent_uuid: "8f08251241e2476291da01726b4f21da" member_type: VOTER last_known_addr { host: "127.18.96.195" port: 36443 }, Status: LMP_MISMATCH, Last received: 0.0, Next index: 1, Last known committed idx: 0, Time since last communication: 0.000s
I20260709 12:26:11.081153 20185 ts_tablet_manager.cc:1403] T 8542c585b09d436da5000b2dd0fb020d P 7334fd1b77ff4c16946bf54fe68cafdf: Time spent bootstrapping tablet: real 0.097s	user 0.016s	sys 0.002s
I20260709 12:26:11.081236 20186 raft_consensus.cc:740] T 14e8ca0dc01c41f997b0100c8205126a P 8f08251241e2476291da01726b4f21da [term 0 FOLLOWER]: Becoming Follower/Learner. State: Replica: 8f08251241e2476291da01726b4f21da, State: Initialized, Role: FOLLOWER
I20260709 12:26:11.082315 20186 consensus_queue.cc:260] T 14e8ca0dc01c41f997b0100c8205126a P 8f08251241e2476291da01726b4f21da [NON_LEADER]: Queue going to NON_LEADER mode. State: All replicated index: 0, Majority replicated index: 0, Committed index: 0, Last appended: 0.0, Last appended by leader: 0, Current term: 0, Majority size: -1, State: 0, Mode: NON_LEADER, active raft config: opid_index: -1 OBSOLETE_local: false peers { permanent_uuid: "7334fd1b77ff4c16946bf54fe68cafdf" member_type: VOTER last_known_addr { host: "127.18.96.193" port: 44507 } } peers { permanent_uuid: "4e22afdf425d47d4a0d257ba48aa1852" member_type: VOTER last_known_addr { host: "127.18.96.194" port: 32951 } } peers { permanent_uuid: "8f08251241e2476291da01726b4f21da" member_type: VOTER last_known_addr { host: "127.18.96.195" port: 36443 } }
I20260709 12:26:11.081183 20221 raft_consensus.cc:515] T c22141b3ceee45c0ab57037d8c2ab689 P 7334fd1b77ff4c16946bf54fe68cafdf [term 0 FOLLOWER]: Starting pre-election with config: opid_index: -1 OBSOLETE_local: false peers { permanent_uuid: "7334fd1b77ff4c16946bf54fe68cafdf" member_type: VOTER last_known_addr { host: "127.18.96.193" port: 44507 } } peers { permanent_uuid: "4e22afdf425d47d4a0d257ba48aa1852" member_type: VOTER last_known_addr { host: "127.18.96.194" port: 32951 } } peers { permanent_uuid: "8f08251241e2476291da01726b4f21da" member_type: VOTER last_known_addr { host: "127.18.96.195" port: 36443 } }
I20260709 12:26:11.083869 20185 raft_consensus.cc:359] T 8542c585b09d436da5000b2dd0fb020d P 7334fd1b77ff4c16946bf54fe68cafdf [term 0 FOLLOWER]: Replica starting. Triggering 0 pending ops. Active config: opid_index: -1 OBSOLETE_local: false peers { permanent_uuid: "7334fd1b77ff4c16946bf54fe68cafdf" member_type: VOTER last_known_addr { host: "127.18.96.193" port: 44507 } } peers { permanent_uuid: "4e22afdf425d47d4a0d257ba48aa1852" member_type: VOTER last_known_addr { host: "127.18.96.194" port: 32951 } } peers { permanent_uuid: "8f08251241e2476291da01726b4f21da" member_type: VOTER last_known_addr { host: "127.18.96.195" port: 36443 } }
I20260709 12:26:11.084486 20185 raft_consensus.cc:385] T 8542c585b09d436da5000b2dd0fb020d P 7334fd1b77ff4c16946bf54fe68cafdf [term 0 FOLLOWER]: Consensus starting up: Expiring failure detector timer to make a prompt election more likely
I20260709 12:26:11.084649 20186 ts_tablet_manager.cc:1434] T 14e8ca0dc01c41f997b0100c8205126a P 8f08251241e2476291da01726b4f21da: Time spent starting tablet: real 0.029s	user 0.005s	sys 0.002s
I20260709 12:26:11.084739 20185 raft_consensus.cc:740] T 8542c585b09d436da5000b2dd0fb020d P 7334fd1b77ff4c16946bf54fe68cafdf [term 0 FOLLOWER]: Becoming Follower/Learner. State: Replica: 7334fd1b77ff4c16946bf54fe68cafdf, State: Initialized, Role: FOLLOWER
I20260709 12:26:11.085048 20221 leader_election.cc:290] T c22141b3ceee45c0ab57037d8c2ab689 P 7334fd1b77ff4c16946bf54fe68cafdf [CANDIDATE]: Term 1 pre-election: Requested pre-vote from peers 4e22afdf425d47d4a0d257ba48aa1852 (127.18.96.194:32951), 8f08251241e2476291da01726b4f21da (127.18.96.195:36443)
I20260709 12:26:11.085750 20186 tablet_bootstrap.cc:492] T 6401f2fecf5844aaa87962f1614370e0 P 8f08251241e2476291da01726b4f21da: Bootstrap starting.
I20260709 12:26:11.085403 20185 consensus_queue.cc:260] T 8542c585b09d436da5000b2dd0fb020d P 7334fd1b77ff4c16946bf54fe68cafdf [NON_LEADER]: Queue going to NON_LEADER mode. State: All replicated index: 0, Majority replicated index: 0, Committed index: 0, Last appended: 0.0, Last appended by leader: 0, Current term: 0, Majority size: -1, State: 0, Mode: NON_LEADER, active raft config: opid_index: -1 OBSOLETE_local: false peers { permanent_uuid: "7334fd1b77ff4c16946bf54fe68cafdf" member_type: VOTER last_known_addr { host: "127.18.96.193" port: 44507 } } peers { permanent_uuid: "4e22afdf425d47d4a0d257ba48aa1852" member_type: VOTER last_known_addr { host: "127.18.96.194" port: 32951 } } peers { permanent_uuid: "8f08251241e2476291da01726b4f21da" member_type: VOTER last_known_addr { host: "127.18.96.195" port: 36443 } }
I20260709 12:26:11.071101 19891 catalog_manager.cc:5697] T 24d5e69d4df8466caf2339b79fe843dc P 4e22afdf425d47d4a0d257ba48aa1852 reported cstate change: term changed from 0 to 1, leader changed from <none> to 4e22afdf425d47d4a0d257ba48aa1852 (127.18.96.194). New cstate: current_term: 1 leader_uuid: "4e22afdf425d47d4a0d257ba48aa1852" committed_config { opid_index: -1 OBSOLETE_local: false peers { permanent_uuid: "7334fd1b77ff4c16946bf54fe68cafdf" member_type: VOTER last_known_addr { host: "127.18.96.193" port: 44507 } health_report { overall_health: UNKNOWN } } peers { permanent_uuid: "4e22afdf425d47d4a0d257ba48aa1852" member_type: VOTER last_known_addr { host: "127.18.96.194" port: 32951 } health_report { overall_health: HEALTHY } } peers { permanent_uuid: "8f08251241e2476291da01726b4f21da" member_type: VOTER last_known_addr { host: "127.18.96.195" port: 36443 } health_report { overall_health: UNKNOWN } } }
I20260709 12:26:11.086583 20142 tablet_service.cc:1917] Received RequestConsensusVote() RPC: tablet_id: "c22141b3ceee45c0ab57037d8c2ab689" candidate_uuid: "7334fd1b77ff4c16946bf54fe68cafdf" candidate_term: 1 candidate_status { last_received { term: 0 index: 0 } } ignore_live_leader: false dest_uuid: "8f08251241e2476291da01726b4f21da" is_pre_election: true
W20260709 12:26:11.087852 19961 leader_election.cc:343] T c22141b3ceee45c0ab57037d8c2ab689 P 7334fd1b77ff4c16946bf54fe68cafdf [CANDIDATE]: Term 1 pre-election: Tablet error from VoteRequest() call to peer 8f08251241e2476291da01726b4f21da (127.18.96.195:36443): Illegal state: must be running to vote when last-logged opid is not known
I20260709 12:26:11.087642 19891 catalog_manager.cc:5697] T 14e8ca0dc01c41f997b0100c8205126a P 4e22afdf425d47d4a0d257ba48aa1852 reported cstate change: term changed from 0 to 1, leader changed from <none> to 4e22afdf425d47d4a0d257ba48aa1852 (127.18.96.194). New cstate: current_term: 1 leader_uuid: "4e22afdf425d47d4a0d257ba48aa1852" committed_config { opid_index: -1 OBSOLETE_local: false peers { permanent_uuid: "7334fd1b77ff4c16946bf54fe68cafdf" member_type: VOTER last_known_addr { host: "127.18.96.193" port: 44507 } health_report { overall_health: UNKNOWN } } peers { permanent_uuid: "4e22afdf425d47d4a0d257ba48aa1852" member_type: VOTER last_known_addr { host: "127.18.96.194" port: 32951 } health_report { overall_health: HEALTHY } } peers { permanent_uuid: "8f08251241e2476291da01726b4f21da" member_type: VOTER last_known_addr { host: "127.18.96.195" port: 36443 } health_report { overall_health: UNKNOWN } } }
I20260709 12:26:11.048813 20145 raft_consensus.cc:2468] T a8109e61f8a642ffa7036a1017f638b5 P 8f08251241e2476291da01726b4f21da [term 1 FOLLOWER]: Leader election vote request: Granting yes vote for candidate 7334fd1b77ff4c16946bf54fe68cafdf in term 1.
I20260709 12:26:11.076401 20187 tablet_bootstrap.cc:492] T 9a7893659c8a45d69feec69058ac5c27 P 4e22afdf425d47d4a0d257ba48aa1852: No bootstrap required, opened a new log
I20260709 12:26:11.090847 20187 ts_tablet_manager.cc:1403] T 9a7893659c8a45d69feec69058ac5c27 P 4e22afdf425d47d4a0d257ba48aa1852: Time spent bootstrapping tablet: real 0.052s	user 0.021s	sys 0.010s
I20260709 12:26:11.092047 20186 tablet_bootstrap.cc:654] T 6401f2fecf5844aaa87962f1614370e0 P 8f08251241e2476291da01726b4f21da: Neither blocks nor log segments found. Creating new log.
I20260709 12:26:11.093786 20187 raft_consensus.cc:359] T 9a7893659c8a45d69feec69058ac5c27 P 4e22afdf425d47d4a0d257ba48aa1852 [term 0 FOLLOWER]: Replica starting. Triggering 0 pending ops. Active config: opid_index: -1 OBSOLETE_local: false peers { permanent_uuid: "7334fd1b77ff4c16946bf54fe68cafdf" member_type: VOTER last_known_addr { host: "127.18.96.193" port: 44507 } } peers { permanent_uuid: "4e22afdf425d47d4a0d257ba48aa1852" member_type: VOTER last_known_addr { host: "127.18.96.194" port: 32951 } } peers { permanent_uuid: "8f08251241e2476291da01726b4f21da" member_type: VOTER last_known_addr { host: "127.18.96.195" port: 36443 } }
I20260709 12:26:11.094411 20187 raft_consensus.cc:385] T 9a7893659c8a45d69feec69058ac5c27 P 4e22afdf425d47d4a0d257ba48aa1852 [term 0 FOLLOWER]: Consensus starting up: Expiring failure detector timer to make a prompt election more likely
I20260709 12:26:11.094658 20187 raft_consensus.cc:740] T 9a7893659c8a45d69feec69058ac5c27 P 4e22afdf425d47d4a0d257ba48aa1852 [term 0 FOLLOWER]: Becoming Follower/Learner. State: Replica: 4e22afdf425d47d4a0d257ba48aa1852, State: Initialized, Role: FOLLOWER
I20260709 12:26:11.095245 20187 consensus_queue.cc:260] T 9a7893659c8a45d69feec69058ac5c27 P 4e22afdf425d47d4a0d257ba48aa1852 [NON_LEADER]: Queue going to NON_LEADER mode. State: All replicated index: 0, Majority replicated index: 0, Committed index: 0, Last appended: 0.0, Last appended by leader: 0, Current term: 0, Majority size: -1, State: 0, Mode: NON_LEADER, active raft config: opid_index: -1 OBSOLETE_local: false peers { permanent_uuid: "7334fd1b77ff4c16946bf54fe68cafdf" member_type: VOTER last_known_addr { host: "127.18.96.193" port: 44507 } } peers { permanent_uuid: "4e22afdf425d47d4a0d257ba48aa1852" member_type: VOTER last_known_addr { host: "127.18.96.194" port: 32951 } } peers { permanent_uuid: "8f08251241e2476291da01726b4f21da" member_type: VOTER last_known_addr { host: "127.18.96.195" port: 36443 } }
I20260709 12:26:11.095624 19961 leader_election.cc:304] T a8109e61f8a642ffa7036a1017f638b5 P 7334fd1b77ff4c16946bf54fe68cafdf [CANDIDATE]: Term 1 election: Election decided. Result: candidate won. Election summary: received 2 responses out of 3 voters: 2 yes votes; 0 no votes. yes voters: 7334fd1b77ff4c16946bf54fe68cafdf, 8f08251241e2476291da01726b4f21da; no voters: 
I20260709 12:26:11.097101 20187 ts_tablet_manager.cc:1434] T 9a7893659c8a45d69feec69058ac5c27 P 4e22afdf425d47d4a0d257ba48aa1852: Time spent starting tablet: real 0.006s	user 0.003s	sys 0.000s
I20260709 12:26:11.097929 20187 tablet_bootstrap.cc:492] T 8542c585b09d436da5000b2dd0fb020d P 4e22afdf425d47d4a0d257ba48aa1852: Bootstrap starting.
I20260709 12:26:11.099972 20191 raft_consensus.cc:2804] T a8109e61f8a642ffa7036a1017f638b5 P 7334fd1b77ff4c16946bf54fe68cafdf [term 1 FOLLOWER]: Leader election won for term 1
I20260709 12:26:11.100421 20191 raft_consensus.cc:697] T a8109e61f8a642ffa7036a1017f638b5 P 7334fd1b77ff4c16946bf54fe68cafdf [term 1 LEADER]: Becoming Leader. State: Replica: 7334fd1b77ff4c16946bf54fe68cafdf, State: Running, Role: LEADER
I20260709 12:26:11.089525 19891 catalog_manager.cc:5697] T c7f73cafa962449391eb81f3a8d04c81 P 4e22afdf425d47d4a0d257ba48aa1852 reported cstate change: term changed from 0 to 1, leader changed from <none> to 4e22afdf425d47d4a0d257ba48aa1852 (127.18.96.194). New cstate: current_term: 1 leader_uuid: "4e22afdf425d47d4a0d257ba48aa1852" committed_config { opid_index: -1 OBSOLETE_local: false peers { permanent_uuid: "7334fd1b77ff4c16946bf54fe68cafdf" member_type: VOTER last_known_addr { host: "127.18.96.193" port: 44507 } health_report { overall_health: UNKNOWN } } peers { permanent_uuid: "4e22afdf425d47d4a0d257ba48aa1852" member_type: VOTER last_known_addr { host: "127.18.96.194" port: 32951 } health_report { overall_health: HEALTHY } } peers { permanent_uuid: "8f08251241e2476291da01726b4f21da" member_type: VOTER last_known_addr { host: "127.18.96.195" port: 36443 } health_report { overall_health: UNKNOWN } } }
I20260709 12:26:11.101984 19891 catalog_manager.cc:5697] T 13611111b49b40f585b3edbdec5d2314 P 4e22afdf425d47d4a0d257ba48aa1852 reported cstate change: term changed from 0 to 1, leader changed from <none> to 4e22afdf425d47d4a0d257ba48aa1852 (127.18.96.194). New cstate: current_term: 1 leader_uuid: "4e22afdf425d47d4a0d257ba48aa1852" committed_config { opid_index: -1 OBSOLETE_local: false peers { permanent_uuid: "7334fd1b77ff4c16946bf54fe68cafdf" member_type: VOTER last_known_addr { host: "127.18.96.193" port: 44507 } health_report { overall_health: UNKNOWN } } peers { permanent_uuid: "4e22afdf425d47d4a0d257ba48aa1852" member_type: VOTER last_known_addr { host: "127.18.96.194" port: 32951 } health_report { overall_health: HEALTHY } } peers { permanent_uuid: "8f08251241e2476291da01726b4f21da" member_type: VOTER last_known_addr { host: "127.18.96.195" port: 36443 } health_report { overall_health: UNKNOWN } } }
I20260709 12:26:11.103569 19891 catalog_manager.cc:5697] T 49693b611bff4373a79409b0fa5981ad P 4e22afdf425d47d4a0d257ba48aa1852 reported cstate change: term changed from 0 to 1, leader changed from <none> to 4e22afdf425d47d4a0d257ba48aa1852 (127.18.96.194). New cstate: current_term: 1 leader_uuid: "4e22afdf425d47d4a0d257ba48aa1852" committed_config { opid_index: -1 OBSOLETE_local: false peers { permanent_uuid: "7334fd1b77ff4c16946bf54fe68cafdf" member_type: VOTER last_known_addr { host: "127.18.96.193" port: 44507 } health_report { overall_health: UNKNOWN } } peers { permanent_uuid: "4e22afdf425d47d4a0d257ba48aa1852" member_type: VOTER last_known_addr { host: "127.18.96.194" port: 32951 } health_report { overall_health: HEALTHY } } peers { permanent_uuid: "8f08251241e2476291da01726b4f21da" member_type: VOTER last_known_addr { host: "127.18.96.195" port: 36443 } health_report { overall_health: UNKNOWN } } }
I20260709 12:26:11.101188 20191 consensus_queue.cc:237] T a8109e61f8a642ffa7036a1017f638b5 P 7334fd1b77ff4c16946bf54fe68cafdf [LEADER]: Queue going to LEADER mode. State: All replicated index: 0, Majority replicated index: 0, Committed index: 0, Last appended: 0.0, Last appended by leader: 0, Current term: 1, Majority size: 2, State: 0, Mode: LEADER, active raft config: opid_index: -1 OBSOLETE_local: false peers { permanent_uuid: "7334fd1b77ff4c16946bf54fe68cafdf" member_type: VOTER last_known_addr { host: "127.18.96.193" port: 44507 } } peers { permanent_uuid: "4e22afdf425d47d4a0d257ba48aa1852" member_type: VOTER last_known_addr { host: "127.18.96.194" port: 32951 } } peers { permanent_uuid: "8f08251241e2476291da01726b4f21da" member_type: VOTER last_known_addr { host: "127.18.96.195" port: 36443 } }
I20260709 12:26:11.089425 20185 ts_tablet_manager.cc:1434] T 8542c585b09d436da5000b2dd0fb020d P 7334fd1b77ff4c16946bf54fe68cafdf: Time spent starting tablet: real 0.008s	user 0.006s	sys 0.000s
I20260709 12:26:11.106540 20185 tablet_bootstrap.cc:492] T 9a7893659c8a45d69feec69058ac5c27 P 7334fd1b77ff4c16946bf54fe68cafdf: Bootstrap starting.
I20260709 12:26:11.108431 20068 tablet_service.cc:1917] Received RequestConsensusVote() RPC: tablet_id: "c22141b3ceee45c0ab57037d8c2ab689" candidate_uuid: "7334fd1b77ff4c16946bf54fe68cafdf" candidate_term: 1 candidate_status { last_received { term: 0 index: 0 } } ignore_live_leader: false dest_uuid: "4e22afdf425d47d4a0d257ba48aa1852" is_pre_election: true
I20260709 12:26:11.111788 20185 tablet_bootstrap.cc:654] T 9a7893659c8a45d69feec69058ac5c27 P 7334fd1b77ff4c16946bf54fe68cafdf: Neither blocks nor log segments found. Creating new log.
I20260709 12:26:11.113013 20192 consensus_queue.cc:1048] T 13611111b49b40f585b3edbdec5d2314 P 4e22afdf425d47d4a0d257ba48aa1852 [LEADER]: Connected to new peer: Peer: permanent_uuid: "8f08251241e2476291da01726b4f21da" member_type: VOTER last_known_addr { host: "127.18.96.195" port: 36443 }, Status: LMP_MISMATCH, Last received: 0.0, Next index: 1, Last known committed idx: 0, Time since last communication: 0.000s
I20260709 12:26:11.117226 20186 tablet_bootstrap.cc:492] T 6401f2fecf5844aaa87962f1614370e0 P 8f08251241e2476291da01726b4f21da: No bootstrap required, opened a new log
I20260709 12:26:11.117642 20186 ts_tablet_manager.cc:1403] T 6401f2fecf5844aaa87962f1614370e0 P 8f08251241e2476291da01726b4f21da: Time spent bootstrapping tablet: real 0.032s	user 0.017s	sys 0.006s
W20260709 12:26:11.119381 19962 leader_election.cc:343] T c22141b3ceee45c0ab57037d8c2ab689 P 7334fd1b77ff4c16946bf54fe68cafdf [CANDIDATE]: Term 1 pre-election: Tablet error from VoteRequest() call to peer 4e22afdf425d47d4a0d257ba48aa1852 (127.18.96.194:32951): Illegal state: must be running to vote when last-logged opid is not known
I20260709 12:26:11.119817 19962 leader_election.cc:304] T c22141b3ceee45c0ab57037d8c2ab689 P 7334fd1b77ff4c16946bf54fe68cafdf [CANDIDATE]: Term 1 pre-election: Election decided. Result: candidate lost. Election summary: received 3 responses out of 3 voters: 1 yes votes; 2 no votes. yes voters: 7334fd1b77ff4c16946bf54fe68cafdf; no voters: 4e22afdf425d47d4a0d257ba48aa1852, 8f08251241e2476291da01726b4f21da
I20260709 12:26:11.120473 20221 raft_consensus.cc:2749] T c22141b3ceee45c0ab57037d8c2ab689 P 7334fd1b77ff4c16946bf54fe68cafdf [term 0 FOLLOWER]: Leader pre-election lost for term 1. Reason: could not achieve majority
I20260709 12:26:11.120199 20186 raft_consensus.cc:359] T 6401f2fecf5844aaa87962f1614370e0 P 8f08251241e2476291da01726b4f21da [term 0 FOLLOWER]: Replica starting. Triggering 0 pending ops. Active config: opid_index: -1 OBSOLETE_local: false peers { permanent_uuid: "7334fd1b77ff4c16946bf54fe68cafdf" member_type: VOTER last_known_addr { host: "127.18.96.193" port: 44507 } } peers { permanent_uuid: "4e22afdf425d47d4a0d257ba48aa1852" member_type: VOTER last_known_addr { host: "127.18.96.194" port: 32951 } } peers { permanent_uuid: "8f08251241e2476291da01726b4f21da" member_type: VOTER last_known_addr { host: "127.18.96.195" port: 36443 } }
I20260709 12:26:11.120865 20186 raft_consensus.cc:385] T 6401f2fecf5844aaa87962f1614370e0 P 8f08251241e2476291da01726b4f21da [term 0 FOLLOWER]: Consensus starting up: Expiring failure detector timer to make a prompt election more likely
I20260709 12:26:11.121131 20186 raft_consensus.cc:740] T 6401f2fecf5844aaa87962f1614370e0 P 8f08251241e2476291da01726b4f21da [term 0 FOLLOWER]: Becoming Follower/Learner. State: Replica: 8f08251241e2476291da01726b4f21da, State: Initialized, Role: FOLLOWER
I20260709 12:26:11.124245 20221 consensus_queue.cc:1048] T 6c6fc739f85748c4a84724eead2151b3 P 7334fd1b77ff4c16946bf54fe68cafdf [LEADER]: Connected to new peer: Peer: permanent_uuid: "4e22afdf425d47d4a0d257ba48aa1852" member_type: VOTER last_known_addr { host: "127.18.96.194" port: 32951 }, Status: LMP_MISMATCH, Last received: 0.0, Next index: 1, Last known committed idx: 0, Time since last communication: 0.000s
I20260709 12:26:11.123914 20186 consensus_queue.cc:260] T 6401f2fecf5844aaa87962f1614370e0 P 8f08251241e2476291da01726b4f21da [NON_LEADER]: Queue going to NON_LEADER mode. State: All replicated index: 0, Majority replicated index: 0, Committed index: 0, Last appended: 0.0, Last appended by leader: 0, Current term: 0, Majority size: -1, State: 0, Mode: NON_LEADER, active raft config: opid_index: -1 OBSOLETE_local: false peers { permanent_uuid: "7334fd1b77ff4c16946bf54fe68cafdf" member_type: VOTER last_known_addr { host: "127.18.96.193" port: 44507 } } peers { permanent_uuid: "4e22afdf425d47d4a0d257ba48aa1852" member_type: VOTER last_known_addr { host: "127.18.96.194" port: 32951 } } peers { permanent_uuid: "8f08251241e2476291da01726b4f21da" member_type: VOTER last_known_addr { host: "127.18.96.195" port: 36443 } }
I20260709 12:26:11.129465 20186 ts_tablet_manager.cc:1434] T 6401f2fecf5844aaa87962f1614370e0 P 8f08251241e2476291da01726b4f21da: Time spent starting tablet: real 0.012s	user 0.004s	sys 0.001s
I20260709 12:26:11.130290 20186 tablet_bootstrap.cc:492] T 0703b2c04bc84f158324d7422742ee17 P 8f08251241e2476291da01726b4f21da: Bootstrap starting.
I20260709 12:26:11.129877 19894 catalog_manager.cc:5697] T 1dd4d4e5e4574c848931f848c80175ab P 8f08251241e2476291da01726b4f21da reported cstate change: term changed from 0 to 1, leader changed from <none> to 8f08251241e2476291da01726b4f21da (127.18.96.195). New cstate: current_term: 1 leader_uuid: "8f08251241e2476291da01726b4f21da" committed_config { opid_index: -1 OBSOLETE_local: false peers { permanent_uuid: "7334fd1b77ff4c16946bf54fe68cafdf" member_type: VOTER last_known_addr { host: "127.18.96.193" port: 44507 } health_report { overall_health: UNKNOWN } } peers { permanent_uuid: "4e22afdf425d47d4a0d257ba48aa1852" member_type: VOTER last_known_addr { host: "127.18.96.194" port: 32951 } health_report { overall_health: UNKNOWN } } peers { permanent_uuid: "8f08251241e2476291da01726b4f21da" member_type: VOTER last_known_addr { host: "127.18.96.195" port: 36443 } health_report { overall_health: HEALTHY } } }
I20260709 12:26:11.132814 20185 tablet_bootstrap.cc:492] T 9a7893659c8a45d69feec69058ac5c27 P 7334fd1b77ff4c16946bf54fe68cafdf: No bootstrap required, opened a new log
I20260709 12:26:11.133212 20185 ts_tablet_manager.cc:1403] T 9a7893659c8a45d69feec69058ac5c27 P 7334fd1b77ff4c16946bf54fe68cafdf: Time spent bootstrapping tablet: real 0.027s	user 0.006s	sys 0.010s
I20260709 12:26:11.134763 20187 tablet_bootstrap.cc:654] T 8542c585b09d436da5000b2dd0fb020d P 4e22afdf425d47d4a0d257ba48aa1852: Neither blocks nor log segments found. Creating new log.
I20260709 12:26:11.135541 20185 raft_consensus.cc:359] T 9a7893659c8a45d69feec69058ac5c27 P 7334fd1b77ff4c16946bf54fe68cafdf [term 0 FOLLOWER]: Replica starting. Triggering 0 pending ops. Active config: opid_index: -1 OBSOLETE_local: false peers { permanent_uuid: "7334fd1b77ff4c16946bf54fe68cafdf" member_type: VOTER last_known_addr { host: "127.18.96.193" port: 44507 } } peers { permanent_uuid: "4e22afdf425d47d4a0d257ba48aa1852" member_type: VOTER last_known_addr { host: "127.18.96.194" port: 32951 } } peers { permanent_uuid: "8f08251241e2476291da01726b4f21da" member_type: VOTER last_known_addr { host: "127.18.96.195" port: 36443 } }
I20260709 12:26:11.136143 20185 raft_consensus.cc:385] T 9a7893659c8a45d69feec69058ac5c27 P 7334fd1b77ff4c16946bf54fe68cafdf [term 0 FOLLOWER]: Consensus starting up: Expiring failure detector timer to make a prompt election more likely
I20260709 12:26:11.136386 20185 raft_consensus.cc:740] T 9a7893659c8a45d69feec69058ac5c27 P 7334fd1b77ff4c16946bf54fe68cafdf [term 0 FOLLOWER]: Becoming Follower/Learner. State: Replica: 7334fd1b77ff4c16946bf54fe68cafdf, State: Initialized, Role: FOLLOWER
I20260709 12:26:11.137089 20185 consensus_queue.cc:260] T 9a7893659c8a45d69feec69058ac5c27 P 7334fd1b77ff4c16946bf54fe68cafdf [NON_LEADER]: Queue going to NON_LEADER mode. State: All replicated index: 0, Majority replicated index: 0, Committed index: 0, Last appended: 0.0, Last appended by leader: 0, Current term: 0, Majority size: -1, State: 0, Mode: NON_LEADER, active raft config: opid_index: -1 OBSOLETE_local: false peers { permanent_uuid: "7334fd1b77ff4c16946bf54fe68cafdf" member_type: VOTER last_known_addr { host: "127.18.96.193" port: 44507 } } peers { permanent_uuid: "4e22afdf425d47d4a0d257ba48aa1852" member_type: VOTER last_known_addr { host: "127.18.96.194" port: 32951 } } peers { permanent_uuid: "8f08251241e2476291da01726b4f21da" member_type: VOTER last_known_addr { host: "127.18.96.195" port: 36443 } }
I20260709 12:26:11.138512 20185 ts_tablet_manager.cc:1434] T 9a7893659c8a45d69feec69058ac5c27 P 7334fd1b77ff4c16946bf54fe68cafdf: Time spent starting tablet: real 0.005s	user 0.003s	sys 0.003s
I20260709 12:26:11.139268 20185 tablet_bootstrap.cc:492] T 0703b2c04bc84f158324d7422742ee17 P 7334fd1b77ff4c16946bf54fe68cafdf: Bootstrap starting.
I20260709 12:26:11.142470 20186 tablet_bootstrap.cc:654] T 0703b2c04bc84f158324d7422742ee17 P 8f08251241e2476291da01726b4f21da: Neither blocks nor log segments found. Creating new log.
I20260709 12:26:11.145162 20185 tablet_bootstrap.cc:654] T 0703b2c04bc84f158324d7422742ee17 P 7334fd1b77ff4c16946bf54fe68cafdf: Neither blocks nor log segments found. Creating new log.
I20260709 12:26:11.153496 20186 tablet_bootstrap.cc:492] T 0703b2c04bc84f158324d7422742ee17 P 8f08251241e2476291da01726b4f21da: No bootstrap required, opened a new log
I20260709 12:26:11.153488 20187 tablet_bootstrap.cc:492] T 8542c585b09d436da5000b2dd0fb020d P 4e22afdf425d47d4a0d257ba48aa1852: No bootstrap required, opened a new log
I20260709 12:26:11.153995 20186 ts_tablet_manager.cc:1403] T 0703b2c04bc84f158324d7422742ee17 P 8f08251241e2476291da01726b4f21da: Time spent bootstrapping tablet: real 0.024s	user 0.008s	sys 0.010s
I20260709 12:26:11.154003 20187 ts_tablet_manager.cc:1403] T 8542c585b09d436da5000b2dd0fb020d P 4e22afdf425d47d4a0d257ba48aa1852: Time spent bootstrapping tablet: real 0.056s	user 0.011s	sys 0.002s
I20260709 12:26:11.156181 20185 tablet_bootstrap.cc:492] T 0703b2c04bc84f158324d7422742ee17 P 7334fd1b77ff4c16946bf54fe68cafdf: No bootstrap required, opened a new log
