I20260709 12:25:30.682760  3923 raft_consensus.cc:515] T 9298a304597c4951a7d8fd7b2027a891 P db1b3d1ecc3347dfa4cc1764b5ad7629 [term 0 FOLLOWER]: Starting pre-election with config: opid_index: -1 OBSOLETE_local: false peers { permanent_uuid: "db1b3d1ecc3347dfa4cc1764b5ad7629" member_type: VOTER last_known_addr { host: "127.2.253.1" port: 46541 } } peers { permanent_uuid: "36056cdbc3d44b45b05c11b725fb9fa1" member_type: VOTER last_known_addr { host: "127.2.253.2" port: 33019 } } peers { permanent_uuid: "5f5df84c89a14fd98c44fa6fce44b93b" member_type: VOTER last_known_addr { host: "127.2.253.3" port: 43511 } }
W20260709 12:25:30.683890  3762 leader_election.cc:343] T d1fa483aec1d40138addd4c88830e322 P 36056cdbc3d44b45b05c11b725fb9fa1 [CANDIDATE]: Term 1 election: Tablet error from VoteRequest() call to peer 5f5df84c89a14fd98c44fa6fce44b93b (127.2.253.3:43511): Illegal state: must be running to vote when last-logged opid is not known
I20260709 12:25:30.683929  3833 leader_election.cc:304] T 329c7eeef293454090353dd364c1b06d P 5f5df84c89a14fd98c44fa6fce44b93b [CANDIDATE]: Term 1 pre-election: Election decided. Result: candidate won. Election summary: received 2 responses out of 3 voters: 2 yes votes; 0 no votes. yes voters: 36056cdbc3d44b45b05c11b725fb9fa1, 5f5df84c89a14fd98c44fa6fce44b93b; no voters: 
I20260709 12:25:30.684847  3911 ts_tablet_manager.cc:1434] T b8c83023b9654bdb9a9140da07627e01 P 5f5df84c89a14fd98c44fa6fce44b93b: Time spent starting tablet: real 0.044s	user 0.008s	sys 0.000s
I20260709 12:25:30.685174  3917 raft_consensus.cc:2804] T 329c7eeef293454090353dd364c1b06d P 5f5df84c89a14fd98c44fa6fce44b93b [term 0 FOLLOWER]: Leader pre-election won for term 1
I20260709 12:25:30.685537  3917 raft_consensus.cc:493] T 329c7eeef293454090353dd364c1b06d P 5f5df84c89a14fd98c44fa6fce44b93b [term 0 FOLLOWER]: Starting leader election (no leader contacted us within the election timeout)
I20260709 12:25:30.685878  3917 raft_consensus.cc:3060] T 329c7eeef293454090353dd364c1b06d P 5f5df84c89a14fd98c44fa6fce44b93b [term 0 FOLLOWER]: Advancing to term 1
I20260709 12:25:30.687177  3943 leader_election.cc:290] T b8c83023b9654bdb9a9140da07627e01 P 36056cdbc3d44b45b05c11b725fb9fa1 [CANDIDATE]: Term 1 election: Requested vote from peers db1b3d1ecc3347dfa4cc1764b5ad7629 (127.2.253.1:46541), 5f5df84c89a14fd98c44fa6fce44b93b (127.2.253.3:43511)
I20260709 12:25:30.688375  3721 tablet_service.cc:1917] Received RequestConsensusVote() RPC: tablet_id: "b8c83023b9654bdb9a9140da07627e01" candidate_uuid: "36056cdbc3d44b45b05c11b725fb9fa1" candidate_term: 1 candidate_status { last_received { term: 0 index: 0 } } ignore_live_leader: false dest_uuid: "db1b3d1ecc3347dfa4cc1764b5ad7629"
I20260709 12:25:30.688982  3721 raft_consensus.cc:3060] T b8c83023b9654bdb9a9140da07627e01 P db1b3d1ecc3347dfa4cc1764b5ad7629 [term 0 FOLLOWER]: Advancing to term 1
I20260709 12:25:30.689966  3869 tablet_service.cc:1917] Received RequestConsensusVote() RPC: tablet_id: "b8c83023b9654bdb9a9140da07627e01" candidate_uuid: "36056cdbc3d44b45b05c11b725fb9fa1" candidate_term: 1 candidate_status { last_received { term: 0 index: 0 } } ignore_live_leader: false dest_uuid: "5f5df84c89a14fd98c44fa6fce44b93b"
I20260709 12:25:30.680287  3720 raft_consensus.cc:2468] T d1fa483aec1d40138addd4c88830e322 P db1b3d1ecc3347dfa4cc1764b5ad7629 [term 1 FOLLOWER]: Leader election vote request: Granting yes vote for candidate 36056cdbc3d44b45b05c11b725fb9fa1 in term 1.
I20260709 12:25:30.689966  3719 tablet_service.cc:1917] Received RequestConsensusVote() RPC: tablet_id: "329c7eeef293454090353dd364c1b06d" candidate_uuid: "5f5df84c89a14fd98c44fa6fce44b93b" candidate_term: 1 candidate_status { last_received { term: 0 index: 0 } } ignore_live_leader: false dest_uuid: "db1b3d1ecc3347dfa4cc1764b5ad7629" is_pre_election: true
I20260709 12:25:30.684748  3923 leader_election.cc:290] T 9298a304597c4951a7d8fd7b2027a891 P db1b3d1ecc3347dfa4cc1764b5ad7629 [CANDIDATE]: Term 1 pre-election: Requested pre-vote from peers 36056cdbc3d44b45b05c11b725fb9fa1 (127.2.253.2:33019), 5f5df84c89a14fd98c44fa6fce44b93b (127.2.253.3:43511)
I20260709 12:25:30.690552  3911 tablet_bootstrap.cc:492] T d1fa483aec1d40138addd4c88830e322 P 5f5df84c89a14fd98c44fa6fce44b93b: Bootstrap starting.
W20260709 12:25:30.694497  3835 leader_election.cc:343] T 329c7eeef293454090353dd364c1b06d P 5f5df84c89a14fd98c44fa6fce44b93b [CANDIDATE]: Term 1 pre-election: Tablet error from VoteRequest() call to peer db1b3d1ecc3347dfa4cc1764b5ad7629 (127.2.253.1:46541): Illegal state: must be running to vote when last-logged opid is not known
I20260709 12:25:30.695638  3869 raft_consensus.cc:3060] T b8c83023b9654bdb9a9140da07627e01 P 5f5df84c89a14fd98c44fa6fce44b93b [term 0 FOLLOWER]: Advancing to term 1
I20260709 12:25:30.702780  3761 leader_election.cc:304] T d1fa483aec1d40138addd4c88830e322 P 36056cdbc3d44b45b05c11b725fb9fa1 [CANDIDATE]: Term 1 election: Election decided. Result: candidate won. Election summary: received 3 responses out of 3 voters: 2 yes votes; 1 no votes. yes voters: 36056cdbc3d44b45b05c11b725fb9fa1, db1b3d1ecc3347dfa4cc1764b5ad7629; no voters: 5f5df84c89a14fd98c44fa6fce44b93b
I20260709 12:25:30.703719  3943 raft_consensus.cc:2804] T d1fa483aec1d40138addd4c88830e322 P 36056cdbc3d44b45b05c11b725fb9fa1 [term 1 FOLLOWER]: Leader election won for term 1
I20260709 12:25:30.707572  3917 raft_consensus.cc:515] T 329c7eeef293454090353dd364c1b06d P 5f5df84c89a14fd98c44fa6fce44b93b [term 1 FOLLOWER]: Starting leader election with config: opid_index: -1 OBSOLETE_local: false peers { permanent_uuid: "db1b3d1ecc3347dfa4cc1764b5ad7629" member_type: VOTER last_known_addr { host: "127.2.253.1" port: 46541 } } peers { permanent_uuid: "36056cdbc3d44b45b05c11b725fb9fa1" member_type: VOTER last_known_addr { host: "127.2.253.2" port: 33019 } } peers { permanent_uuid: "5f5df84c89a14fd98c44fa6fce44b93b" member_type: VOTER last_known_addr { host: "127.2.253.3" port: 43511 } }
I20260709 12:25:30.708403  3943 raft_consensus.cc:697] T d1fa483aec1d40138addd4c88830e322 P 36056cdbc3d44b45b05c11b725fb9fa1 [term 1 LEADER]: Becoming Leader. State: Replica: 36056cdbc3d44b45b05c11b725fb9fa1, State: Running, Role: LEADER
I20260709 12:25:30.709625  3917 leader_election.cc:290] T 329c7eeef293454090353dd364c1b06d P 5f5df84c89a14fd98c44fa6fce44b93b [CANDIDATE]: Term 1 election: Requested vote from peers db1b3d1ecc3347dfa4cc1764b5ad7629 (127.2.253.1:46541), 36056cdbc3d44b45b05c11b725fb9fa1 (127.2.253.2:33019)
I20260709 12:25:30.711277  3720 tablet_service.cc:1917] Received RequestConsensusVote() RPC: tablet_id: "329c7eeef293454090353dd364c1b06d" candidate_uuid: "5f5df84c89a14fd98c44fa6fce44b93b" candidate_term: 1 candidate_status { last_received { term: 0 index: 0 } } ignore_live_leader: false dest_uuid: "db1b3d1ecc3347dfa4cc1764b5ad7629"
I20260709 12:25:30.714602  3796 tablet_service.cc:1917] Received RequestConsensusVote() RPC: tablet_id: "329c7eeef293454090353dd364c1b06d" candidate_uuid: "5f5df84c89a14fd98c44fa6fce44b93b" candidate_term: 1 candidate_status { last_received { term: 0 index: 0 } } ignore_live_leader: false dest_uuid: "36056cdbc3d44b45b05c11b725fb9fa1"
W20260709 12:25:30.714783  3835 leader_election.cc:343] T 329c7eeef293454090353dd364c1b06d P 5f5df84c89a14fd98c44fa6fce44b93b [CANDIDATE]: Term 1 election: Tablet error from VoteRequest() call to peer db1b3d1ecc3347dfa4cc1764b5ad7629 (127.2.253.1:46541): Illegal state: must be running to vote when last-logged opid is not known
I20260709 12:25:30.715163  3796 raft_consensus.cc:3060] T 329c7eeef293454090353dd364c1b06d P 36056cdbc3d44b45b05c11b725fb9fa1 [term 0 FOLLOWER]: Advancing to term 1
I20260709 12:25:30.713300  3721 raft_consensus.cc:2468] T b8c83023b9654bdb9a9140da07627e01 P db1b3d1ecc3347dfa4cc1764b5ad7629 [term 1 FOLLOWER]: Leader election vote request: Granting yes vote for candidate 36056cdbc3d44b45b05c11b725fb9fa1 in term 1.
I20260709 12:25:30.720113  3868 tablet_service.cc:1917] Received RequestConsensusVote() RPC: tablet_id: "9298a304597c4951a7d8fd7b2027a891" candidate_uuid: "db1b3d1ecc3347dfa4cc1764b5ad7629" candidate_term: 1 candidate_status { last_received { term: 0 index: 0 } } ignore_live_leader: false dest_uuid: "5f5df84c89a14fd98c44fa6fce44b93b" is_pre_election: true
I20260709 12:25:30.720252  3761 leader_election.cc:304] T b8c83023b9654bdb9a9140da07627e01 P 36056cdbc3d44b45b05c11b725fb9fa1 [CANDIDATE]: Term 1 election: Election decided. Result: candidate won. Election summary: received 2 responses out of 3 voters: 2 yes votes; 0 no votes. yes voters: 36056cdbc3d44b45b05c11b725fb9fa1, db1b3d1ecc3347dfa4cc1764b5ad7629; no voters: 
I20260709 12:25:30.720769  3868 raft_consensus.cc:2468] T 9298a304597c4951a7d8fd7b2027a891 P 5f5df84c89a14fd98c44fa6fce44b93b [term 0 FOLLOWER]: Leader pre-election vote request: Granting yes vote for candidate db1b3d1ecc3347dfa4cc1764b5ad7629 in term 0.
I20260709 12:25:30.721908  3941 raft_consensus.cc:2804] T b8c83023b9654bdb9a9140da07627e01 P 36056cdbc3d44b45b05c11b725fb9fa1 [term 1 FOLLOWER]: Leader election won for term 1
I20260709 12:25:30.709273  3943 consensus_queue.cc:237] T d1fa483aec1d40138addd4c88830e322 P 36056cdbc3d44b45b05c11b725fb9fa1 [LEADER]: Queue going to LEADER mode. State: All replicated index: 0, Majority replicated index: 0, Committed index: 0, Last appended: 0.0, Last appended by leader: 0, Current term: 1, Majority size: 2, State: 0, Mode: LEADER, active raft config: opid_index: -1 OBSOLETE_local: false peers { permanent_uuid: "db1b3d1ecc3347dfa4cc1764b5ad7629" member_type: VOTER last_known_addr { host: "127.2.253.1" port: 46541 } } peers { permanent_uuid: "36056cdbc3d44b45b05c11b725fb9fa1" member_type: VOTER last_known_addr { host: "127.2.253.2" port: 33019 } } peers { permanent_uuid: "5f5df84c89a14fd98c44fa6fce44b93b" member_type: VOTER last_known_addr { host: "127.2.253.3" port: 43511 } }
I20260709 12:25:30.722373  3941 raft_consensus.cc:697] T b8c83023b9654bdb9a9140da07627e01 P 36056cdbc3d44b45b05c11b725fb9fa1 [term 1 LEADER]: Becoming Leader. State: Replica: 36056cdbc3d44b45b05c11b725fb9fa1, State: Running, Role: LEADER
I20260709 12:25:30.723209  3941 consensus_queue.cc:237] T b8c83023b9654bdb9a9140da07627e01 P 36056cdbc3d44b45b05c11b725fb9fa1 [LEADER]: Queue going to LEADER mode. State: All replicated index: 0, Majority replicated index: 0, Committed index: 0, Last appended: 0.0, Last appended by leader: 0, Current term: 1, Majority size: 2, State: 0, Mode: LEADER, active raft config: opid_index: -1 OBSOLETE_local: false peers { permanent_uuid: "db1b3d1ecc3347dfa4cc1764b5ad7629" member_type: VOTER last_known_addr { host: "127.2.253.1" port: 46541 } } peers { permanent_uuid: "36056cdbc3d44b45b05c11b725fb9fa1" member_type: VOTER last_known_addr { host: "127.2.253.2" port: 33019 } } peers { permanent_uuid: "5f5df84c89a14fd98c44fa6fce44b93b" member_type: VOTER last_known_addr { host: "127.2.253.3" port: 43511 } }
I20260709 12:25:30.717344  3619 catalog_manager.cc:5697] T 45b6f8aefd4040d78503b0a1e7db9627 P 36056cdbc3d44b45b05c11b725fb9fa1 reported cstate change: term changed from 0 to 1, leader changed from <none> to 36056cdbc3d44b45b05c11b725fb9fa1 (127.2.253.2). New cstate: current_term: 1 leader_uuid: "36056cdbc3d44b45b05c11b725fb9fa1" committed_config { opid_index: -1 OBSOLETE_local: false peers { permanent_uuid: "5f5df84c89a14fd98c44fa6fce44b93b" member_type: VOTER last_known_addr { host: "127.2.253.3" port: 43511 } health_report { overall_health: UNKNOWN } } peers { permanent_uuid: "36056cdbc3d44b45b05c11b725fb9fa1" member_type: VOTER last_known_addr { host: "127.2.253.2" port: 33019 } health_report { overall_health: HEALTHY } } peers { permanent_uuid: "db1b3d1ecc3347dfa4cc1764b5ad7629" member_type: VOTER last_known_addr { host: "127.2.253.1" port: 46541 } health_report { overall_health: UNKNOWN } } }
I20260709 12:25:30.718766  3870 tablet_service.cc:1917] Received RequestConsensusVote() RPC: tablet_id: "a006c0547d3445ed88e7a652c1fba25a" candidate_uuid: "db1b3d1ecc3347dfa4cc1764b5ad7629" candidate_term: 1 candidate_status { last_received { term: 0 index: 0 } } ignore_live_leader: false dest_uuid: "5f5df84c89a14fd98c44fa6fce44b93b" is_pre_election: true
I20260709 12:25:30.726305  3913 raft_consensus.cc:493] T 921e961e020e44dbb72155426488b247 P 36056cdbc3d44b45b05c11b725fb9fa1 [term 0 FOLLOWER]: Starting pre-election (no leader contacted us within the election timeout)
I20260709 12:25:30.726822  3913 raft_consensus.cc:515] T 921e961e020e44dbb72155426488b247 P 36056cdbc3d44b45b05c11b725fb9fa1 [term 0 FOLLOWER]: Starting pre-election with config: opid_index: -1 OBSOLETE_local: false peers { permanent_uuid: "db1b3d1ecc3347dfa4cc1764b5ad7629" member_type: VOTER last_known_addr { host: "127.2.253.1" port: 46541 } } peers { permanent_uuid: "36056cdbc3d44b45b05c11b725fb9fa1" member_type: VOTER last_known_addr { host: "127.2.253.2" port: 33019 } } peers { permanent_uuid: "5f5df84c89a14fd98c44fa6fce44b93b" member_type: VOTER last_known_addr { host: "127.2.253.3" port: 43511 } }
I20260709 12:25:30.727532  3869 raft_consensus.cc:2468] T b8c83023b9654bdb9a9140da07627e01 P 5f5df84c89a14fd98c44fa6fce44b93b [term 1 FOLLOWER]: Leader election vote request: Granting yes vote for candidate 36056cdbc3d44b45b05c11b725fb9fa1 in term 1.
I20260709 12:25:30.726051  3917 raft_consensus.cc:493] T a006c0547d3445ed88e7a652c1fba25a P 5f5df84c89a14fd98c44fa6fce44b93b [term 0 FOLLOWER]: Starting pre-election (no leader contacted us within the election timeout)
I20260709 12:25:30.732198  3913 leader_election.cc:290] T 921e961e020e44dbb72155426488b247 P 36056cdbc3d44b45b05c11b725fb9fa1 [CANDIDATE]: Term 1 pre-election: Requested pre-vote from peers db1b3d1ecc3347dfa4cc1764b5ad7629 (127.2.253.1:46541), 5f5df84c89a14fd98c44fa6fce44b93b (127.2.253.3:43511)
I20260709 12:25:30.734932  3687 leader_election.cc:304] T 9298a304597c4951a7d8fd7b2027a891 P db1b3d1ecc3347dfa4cc1764b5ad7629 [CANDIDATE]: Term 1 pre-election: Election decided. Result: candidate won. Election summary: received 2 responses out of 3 voters: 2 yes votes; 0 no votes. yes voters: 5f5df84c89a14fd98c44fa6fce44b93b, db1b3d1ecc3347dfa4cc1764b5ad7629; no voters: 
I20260709 12:25:30.735486  3911 tablet_bootstrap.cc:654] T d1fa483aec1d40138addd4c88830e322 P 5f5df84c89a14fd98c44fa6fce44b93b: Neither blocks nor log segments found. Creating new log.
I20260709 12:25:30.735726  3923 raft_consensus.cc:2804] T 9298a304597c4951a7d8fd7b2027a891 P db1b3d1ecc3347dfa4cc1764b5ad7629 [term 0 FOLLOWER]: Leader pre-election won for term 1
I20260709 12:25:30.736109  3923 raft_consensus.cc:493] T 9298a304597c4951a7d8fd7b2027a891 P db1b3d1ecc3347dfa4cc1764b5ad7629 [term 0 FOLLOWER]: Starting leader election (no leader contacted us within the election timeout)
I20260709 12:25:30.736277  3796 raft_consensus.cc:2468] T 329c7eeef293454090353dd364c1b06d P 36056cdbc3d44b45b05c11b725fb9fa1 [term 1 FOLLOWER]: Leader election vote request: Granting yes vote for candidate 5f5df84c89a14fd98c44fa6fce44b93b in term 1.
I20260709 12:25:30.736469  3923 raft_consensus.cc:3060] T 9298a304597c4951a7d8fd7b2027a891 P db1b3d1ecc3347dfa4cc1764b5ad7629 [term 0 FOLLOWER]: Advancing to term 1
I20260709 12:25:30.736734  3869 tablet_service.cc:1917] Received RequestConsensusVote() RPC: tablet_id: "921e961e020e44dbb72155426488b247" candidate_uuid: "36056cdbc3d44b45b05c11b725fb9fa1" candidate_term: 1 candidate_status { last_received { term: 0 index: 0 } } ignore_live_leader: false dest_uuid: "5f5df84c89a14fd98c44fa6fce44b93b" is_pre_election: true
W20260709 12:25:30.737957  3762 leader_election.cc:343] T 921e961e020e44dbb72155426488b247 P 36056cdbc3d44b45b05c11b725fb9fa1 [CANDIDATE]: Term 1 pre-election: Tablet error from VoteRequest() call to peer 5f5df84c89a14fd98c44fa6fce44b93b (127.2.253.3:43511): Illegal state: must be running to vote when last-logged opid is not known
I20260709 12:25:30.739161  3910 tablet_bootstrap.cc:492] T 256f0d37052644afabfc054342ed7a58 P 36056cdbc3d44b45b05c11b725fb9fa1: No bootstrap required, opened a new log
I20260709 12:25:30.739583  3910 ts_tablet_manager.cc:1403] T 256f0d37052644afabfc054342ed7a58 P 36056cdbc3d44b45b05c11b725fb9fa1: Time spent bootstrapping tablet: real 0.111s	user 0.013s	sys 0.002s
I20260709 12:25:30.739531  3721 tablet_service.cc:1917] Received RequestConsensusVote() RPC: tablet_id: "921e961e020e44dbb72155426488b247" candidate_uuid: "36056cdbc3d44b45b05c11b725fb9fa1" candidate_term: 1 candidate_status { last_received { term: 0 index: 0 } } ignore_live_leader: false dest_uuid: "db1b3d1ecc3347dfa4cc1764b5ad7629" is_pre_election: true
W20260709 12:25:30.741025  3761 leader_election.cc:343] T 921e961e020e44dbb72155426488b247 P 36056cdbc3d44b45b05c11b725fb9fa1 [CANDIDATE]: Term 1 pre-election: Tablet error from VoteRequest() call to peer db1b3d1ecc3347dfa4cc1764b5ad7629 (127.2.253.1:46541): Illegal state: must be running to vote when last-logged opid is not known
I20260709 12:25:30.741436  3761 leader_election.cc:304] T 921e961e020e44dbb72155426488b247 P 36056cdbc3d44b45b05c11b725fb9fa1 [CANDIDATE]: Term 1 pre-election: Election decided. Result: candidate lost. Election summary: received 3 responses out of 3 voters: 1 yes votes; 2 no votes. yes voters: 36056cdbc3d44b45b05c11b725fb9fa1; no voters: 5f5df84c89a14fd98c44fa6fce44b93b, db1b3d1ecc3347dfa4cc1764b5ad7629
I20260709 12:25:30.747061  3910 raft_consensus.cc:359] T 256f0d37052644afabfc054342ed7a58 P 36056cdbc3d44b45b05c11b725fb9fa1 [term 0 FOLLOWER]: Replica starting. Triggering 0 pending ops. Active config: opid_index: -1 OBSOLETE_local: false peers { permanent_uuid: "db1b3d1ecc3347dfa4cc1764b5ad7629" member_type: VOTER last_known_addr { host: "127.2.253.1" port: 46541 } } peers { permanent_uuid: "36056cdbc3d44b45b05c11b725fb9fa1" member_type: VOTER last_known_addr { host: "127.2.253.2" port: 33019 } } peers { permanent_uuid: "5f5df84c89a14fd98c44fa6fce44b93b" member_type: VOTER last_known_addr { host: "127.2.253.3" port: 43511 } }
I20260709 12:25:30.747890  3910 raft_consensus.cc:385] T 256f0d37052644afabfc054342ed7a58 P 36056cdbc3d44b45b05c11b725fb9fa1 [term 0 FOLLOWER]: Consensus starting up: Expiring failure detector timer to make a prompt election more likely
I20260709 12:25:30.748163  3910 raft_consensus.cc:740] T 256f0d37052644afabfc054342ed7a58 P 36056cdbc3d44b45b05c11b725fb9fa1 [term 0 FOLLOWER]: Becoming Follower/Learner. State: Replica: 36056cdbc3d44b45b05c11b725fb9fa1, State: Initialized, Role: FOLLOWER
I20260709 12:25:30.751324  3910 consensus_queue.cc:260] T 256f0d37052644afabfc054342ed7a58 P 36056cdbc3d44b45b05c11b725fb9fa1 [NON_LEADER]: Queue going to NON_LEADER mode. State: All replicated index: 0, Majority replicated index: 0, Committed index: 0, Last appended: 0.0, Last appended by leader: 0, Current term: 0, Majority size: -1, State: 0, Mode: NON_LEADER, active raft config: opid_index: -1 OBSOLETE_local: false peers { permanent_uuid: "db1b3d1ecc3347dfa4cc1764b5ad7629" member_type: VOTER last_known_addr { host: "127.2.253.1" port: 46541 } } peers { permanent_uuid: "36056cdbc3d44b45b05c11b725fb9fa1" member_type: VOTER last_known_addr { host: "127.2.253.2" port: 33019 } } peers { permanent_uuid: "5f5df84c89a14fd98c44fa6fce44b93b" member_type: VOTER last_known_addr { host: "127.2.253.3" port: 43511 } }
I20260709 12:25:30.752036  3833 leader_election.cc:304] T 329c7eeef293454090353dd364c1b06d P 5f5df84c89a14fd98c44fa6fce44b93b [CANDIDATE]: Term 1 election: Election decided. Result: candidate won. Election summary: received 3 responses out of 3 voters: 2 yes votes; 1 no votes. yes voters: 36056cdbc3d44b45b05c11b725fb9fa1, 5f5df84c89a14fd98c44fa6fce44b93b; no voters: db1b3d1ecc3347dfa4cc1764b5ad7629
I20260709 12:25:30.752935  3915 tablet_bootstrap.cc:492] T 0ffe297989724892b643296b87860f97 P db1b3d1ecc3347dfa4cc1764b5ad7629: No bootstrap required, opened a new log
I20260709 12:25:30.753443  3915 ts_tablet_manager.cc:1403] T 0ffe297989724892b643296b87860f97 P db1b3d1ecc3347dfa4cc1764b5ad7629: Time spent bootstrapping tablet: real 0.115s	user 0.013s	sys 0.003s
I20260709 12:25:30.746908  3913 raft_consensus.cc:2749] T 921e961e020e44dbb72155426488b247 P 36056cdbc3d44b45b05c11b725fb9fa1 [term 0 FOLLOWER]: Leader pre-election lost for term 1. Reason: could not achieve majority
I20260709 12:25:30.755853  3910 ts_tablet_manager.cc:1434] T 256f0d37052644afabfc054342ed7a58 P 36056cdbc3d44b45b05c11b725fb9fa1: Time spent starting tablet: real 0.016s	user 0.007s	sys 0.000s
I20260709 12:25:30.756603  3910 tablet_bootstrap.cc:492] T 0ffe297989724892b643296b87860f97 P 36056cdbc3d44b45b05c11b725fb9fa1: Bootstrap starting.
I20260709 12:25:30.732985  3917 raft_consensus.cc:515] T a006c0547d3445ed88e7a652c1fba25a P 5f5df84c89a14fd98c44fa6fce44b93b [term 0 FOLLOWER]: Starting pre-election with config: opid_index: -1 OBSOLETE_local: false peers { permanent_uuid: "db1b3d1ecc3347dfa4cc1764b5ad7629" member_type: VOTER last_known_addr { host: "127.2.253.1" port: 46541 } } peers { permanent_uuid: "36056cdbc3d44b45b05c11b725fb9fa1" member_type: VOTER last_known_addr { host: "127.2.253.2" port: 33019 } } peers { permanent_uuid: "5f5df84c89a14fd98c44fa6fce44b93b" member_type: VOTER last_known_addr { host: "127.2.253.3" port: 43511 } }
I20260709 12:25:30.760349  3870 raft_consensus.cc:2468] T a006c0547d3445ed88e7a652c1fba25a P 5f5df84c89a14fd98c44fa6fce44b93b [term 0 FOLLOWER]: Leader pre-election vote request: Granting yes vote for candidate db1b3d1ecc3347dfa4cc1764b5ad7629 in term 0.
I20260709 12:25:30.760576  3923 raft_consensus.cc:515] T 9298a304597c4951a7d8fd7b2027a891 P db1b3d1ecc3347dfa4cc1764b5ad7629 [term 1 FOLLOWER]: Starting leader election with config: opid_index: -1 OBSOLETE_local: false peers { permanent_uuid: "db1b3d1ecc3347dfa4cc1764b5ad7629" member_type: VOTER last_known_addr { host: "127.2.253.1" port: 46541 } } peers { permanent_uuid: "36056cdbc3d44b45b05c11b725fb9fa1" member_type: VOTER last_known_addr { host: "127.2.253.2" port: 33019 } } peers { permanent_uuid: "5f5df84c89a14fd98c44fa6fce44b93b" member_type: VOTER last_known_addr { host: "127.2.253.3" port: 43511 } }
I20260709 12:25:30.762193  3915 raft_consensus.cc:359] T 0ffe297989724892b643296b87860f97 P db1b3d1ecc3347dfa4cc1764b5ad7629 [term 0 FOLLOWER]: Replica starting. Triggering 0 pending ops. Active config: opid_index: -1 OBSOLETE_local: false peers { permanent_uuid: "db1b3d1ecc3347dfa4cc1764b5ad7629" member_type: VOTER last_known_addr { host: "127.2.253.1" port: 46541 } } peers { permanent_uuid: "36056cdbc3d44b45b05c11b725fb9fa1" member_type: VOTER last_known_addr { host: "127.2.253.2" port: 33019 } } peers { permanent_uuid: "5f5df84c89a14fd98c44fa6fce44b93b" member_type: VOTER last_known_addr { host: "127.2.253.3" port: 43511 } }
I20260709 12:25:30.764278  3923 leader_election.cc:290] T 9298a304597c4951a7d8fd7b2027a891 P db1b3d1ecc3347dfa4cc1764b5ad7629 [CANDIDATE]: Term 1 election: Requested vote from peers 36056cdbc3d44b45b05c11b725fb9fa1 (127.2.253.2:33019), 5f5df84c89a14fd98c44fa6fce44b93b (127.2.253.3:43511)
I20260709 12:25:30.765120  3687 leader_election.cc:304] T a006c0547d3445ed88e7a652c1fba25a P db1b3d1ecc3347dfa4cc1764b5ad7629 [CANDIDATE]: Term 1 pre-election: Election decided. Result: candidate won. Election summary: received 2 responses out of 3 voters: 2 yes votes; 0 no votes. yes voters: 5f5df84c89a14fd98c44fa6fce44b93b, db1b3d1ecc3347dfa4cc1764b5ad7629; no voters: 
I20260709 12:25:30.765533  3869 tablet_service.cc:1917] Received RequestConsensusVote() RPC: tablet_id: "9298a304597c4951a7d8fd7b2027a891" candidate_uuid: "db1b3d1ecc3347dfa4cc1764b5ad7629" candidate_term: 1 candidate_status { last_received { term: 0 index: 0 } } ignore_live_leader: false dest_uuid: "5f5df84c89a14fd98c44fa6fce44b93b"
I20260709 12:25:30.765620  3915 raft_consensus.cc:385] T 0ffe297989724892b643296b87860f97 P db1b3d1ecc3347dfa4cc1764b5ad7629 [term 0 FOLLOWER]: Consensus starting up: Expiring failure detector timer to make a prompt election more likely
I20260709 12:25:30.766613  3915 raft_consensus.cc:740] T 0ffe297989724892b643296b87860f97 P db1b3d1ecc3347dfa4cc1764b5ad7629 [term 0 FOLLOWER]: Becoming Follower/Learner. State: Replica: db1b3d1ecc3347dfa4cc1764b5ad7629, State: Initialized, Role: FOLLOWER
I20260709 12:25:30.767473  3917 leader_election.cc:290] T a006c0547d3445ed88e7a652c1fba25a P 5f5df84c89a14fd98c44fa6fce44b93b [CANDIDATE]: Term 1 pre-election: Requested pre-vote from peers db1b3d1ecc3347dfa4cc1764b5ad7629 (127.2.253.1:46541), 36056cdbc3d44b45b05c11b725fb9fa1 (127.2.253.2:33019)
I20260709 12:25:30.768162  3721 tablet_service.cc:1917] Received RequestConsensusVote() RPC: tablet_id: "a006c0547d3445ed88e7a652c1fba25a" candidate_uuid: "5f5df84c89a14fd98c44fa6fce44b93b" candidate_term: 1 candidate_status { last_received { term: 0 index: 0 } } ignore_live_leader: false dest_uuid: "db1b3d1ecc3347dfa4cc1764b5ad7629" is_pre_election: true
I20260709 12:25:30.768438  3923 raft_consensus.cc:2804] T a006c0547d3445ed88e7a652c1fba25a P db1b3d1ecc3347dfa4cc1764b5ad7629 [term 0 FOLLOWER]: Leader pre-election won for term 1
I20260709 12:25:30.768821  3796 tablet_service.cc:1917] Received RequestConsensusVote() RPC: tablet_id: "a006c0547d3445ed88e7a652c1fba25a" candidate_uuid: "5f5df84c89a14fd98c44fa6fce44b93b" candidate_term: 1 candidate_status { last_received { term: 0 index: 0 } } ignore_live_leader: false dest_uuid: "36056cdbc3d44b45b05c11b725fb9fa1" is_pre_election: true
I20260709 12:25:30.769068  3721 raft_consensus.cc:2468] T a006c0547d3445ed88e7a652c1fba25a P db1b3d1ecc3347dfa4cc1764b5ad7629 [term 0 FOLLOWER]: Leader pre-election vote request: Granting yes vote for candidate 5f5df84c89a14fd98c44fa6fce44b93b in term 0.
I20260709 12:25:30.769285  3910 tablet_bootstrap.cc:654] T 0ffe297989724892b643296b87860f97 P 36056cdbc3d44b45b05c11b725fb9fa1: Neither blocks nor log segments found. Creating new log.
I20260709 12:25:30.769454  3796 raft_consensus.cc:2468] T a006c0547d3445ed88e7a652c1fba25a P 36056cdbc3d44b45b05c11b725fb9fa1 [term 0 FOLLOWER]: Leader pre-election vote request: Granting yes vote for candidate 5f5df84c89a14fd98c44fa6fce44b93b in term 0.
I20260709 12:25:30.768208  3915 consensus_queue.cc:260] T 0ffe297989724892b643296b87860f97 P db1b3d1ecc3347dfa4cc1764b5ad7629 [NON_LEADER]: Queue going to NON_LEADER mode. State: All replicated index: 0, Majority replicated index: 0, Committed index: 0, Last appended: 0.0, Last appended by leader: 0, Current term: 0, Majority size: -1, State: 0, Mode: NON_LEADER, active raft config: opid_index: -1 OBSOLETE_local: false peers { permanent_uuid: "db1b3d1ecc3347dfa4cc1764b5ad7629" member_type: VOTER last_known_addr { host: "127.2.253.1" port: 46541 } } peers { permanent_uuid: "36056cdbc3d44b45b05c11b725fb9fa1" member_type: VOTER last_known_addr { host: "127.2.253.2" port: 33019 } } peers { permanent_uuid: "5f5df84c89a14fd98c44fa6fce44b93b" member_type: VOTER last_known_addr { host: "127.2.253.3" port: 43511 } }
I20260709 12:25:30.770380  3835 leader_election.cc:304] T a006c0547d3445ed88e7a652c1fba25a P 5f5df84c89a14fd98c44fa6fce44b93b [CANDIDATE]: Term 1 pre-election: Election decided. Result: candidate won. Election summary: received 2 responses out of 3 voters: 2 yes votes; 0 no votes. yes voters: 5f5df84c89a14fd98c44fa6fce44b93b, db1b3d1ecc3347dfa4cc1764b5ad7629; no voters: 
I20260709 12:25:30.782831  3917 raft_consensus.cc:2804] T a006c0547d3445ed88e7a652c1fba25a P 5f5df84c89a14fd98c44fa6fce44b93b [term 0 FOLLOWER]: Leader pre-election won for term 1
I20260709 12:25:30.783252  3917 raft_consensus.cc:493] T a006c0547d3445ed88e7a652c1fba25a P 5f5df84c89a14fd98c44fa6fce44b93b [term 0 FOLLOWER]: Starting leader election (no leader contacted us within the election timeout)
I20260709 12:25:30.783605  3917 raft_consensus.cc:3060] T a006c0547d3445ed88e7a652c1fba25a P 5f5df84c89a14fd98c44fa6fce44b93b [term 0 FOLLOWER]: Advancing to term 1
I20260709 12:25:30.785761  3795 tablet_service.cc:1917] Received RequestConsensusVote() RPC: tablet_id: "9298a304597c4951a7d8fd7b2027a891" candidate_uuid: "db1b3d1ecc3347dfa4cc1764b5ad7629" candidate_term: 1 candidate_status { last_received { term: 0 index: 0 } } ignore_live_leader: false dest_uuid: "36056cdbc3d44b45b05c11b725fb9fa1" is_pre_election: true
I20260709 12:25:30.786947  3795 raft_consensus.cc:2468] T 9298a304597c4951a7d8fd7b2027a891 P 36056cdbc3d44b45b05c11b725fb9fa1 [term 0 FOLLOWER]: Leader pre-election vote request: Granting yes vote for candidate db1b3d1ecc3347dfa4cc1764b5ad7629 in term 0.
I20260709 12:25:30.787277  3952 raft_consensus.cc:493] T 9298a304597c4951a7d8fd7b2027a891 P 5f5df84c89a14fd98c44fa6fce44b93b [term 0 FOLLOWER]: Starting pre-election (no leader contacted us within the election timeout)
I20260709 12:25:30.788041  3911 tablet_bootstrap.cc:492] T d1fa483aec1d40138addd4c88830e322 P 5f5df84c89a14fd98c44fa6fce44b93b: No bootstrap required, opened a new log
I20260709 12:25:30.786278  3794 tablet_service.cc:1917] Received RequestConsensusVote() RPC: tablet_id: "9298a304597c4951a7d8fd7b2027a891" candidate_uuid: "db1b3d1ecc3347dfa4cc1764b5ad7629" candidate_term: 1 candidate_status { last_received { term: 0 index: 0 } } ignore_live_leader: false dest_uuid: "36056cdbc3d44b45b05c11b725fb9fa1"
I20260709 12:25:30.788563  3953 raft_consensus.cc:2804] T 329c7eeef293454090353dd364c1b06d P 5f5df84c89a14fd98c44fa6fce44b93b [term 1 FOLLOWER]: Leader election won for term 1
I20260709 12:25:30.788968  3794 raft_consensus.cc:3060] T 9298a304597c4951a7d8fd7b2027a891 P 36056cdbc3d44b45b05c11b725fb9fa1 [term 0 FOLLOWER]: Advancing to term 1
I20260709 12:25:30.785980  3796 tablet_service.cc:1917] Received RequestConsensusVote() RPC: tablet_id: "a006c0547d3445ed88e7a652c1fba25a" candidate_uuid: "db1b3d1ecc3347dfa4cc1764b5ad7629" candidate_term: 1 candidate_status { last_received { term: 0 index: 0 } } ignore_live_leader: false dest_uuid: "36056cdbc3d44b45b05c11b725fb9fa1" is_pre_election: true
I20260709 12:25:30.772100  3923 raft_consensus.cc:493] T a006c0547d3445ed88e7a652c1fba25a P db1b3d1ecc3347dfa4cc1764b5ad7629 [term 0 FOLLOWER]: Starting leader election (no leader contacted us within the election timeout)
I20260709 12:25:30.792874  3796 raft_consensus.cc:2468] T a006c0547d3445ed88e7a652c1fba25a P 36056cdbc3d44b45b05c11b725fb9fa1 [term 0 FOLLOWER]: Leader pre-election vote request: Granting yes vote for candidate db1b3d1ecc3347dfa4cc1764b5ad7629 in term 0.
I20260709 12:25:30.788532  3911 ts_tablet_manager.cc:1403] T d1fa483aec1d40138addd4c88830e322 P 5f5df84c89a14fd98c44fa6fce44b93b: Time spent bootstrapping tablet: real 0.103s	user 0.004s	sys 0.017s
I20260709 12:25:30.793922  3915 ts_tablet_manager.cc:1434] T 0ffe297989724892b643296b87860f97 P db1b3d1ecc3347dfa4cc1764b5ad7629: Time spent starting tablet: real 0.040s	user 0.009s	sys 0.000s
I20260709 12:25:30.787724  3952 raft_consensus.cc:515] T 9298a304597c4951a7d8fd7b2027a891 P 5f5df84c89a14fd98c44fa6fce44b93b [term 0 FOLLOWER]: Starting pre-election with config: opid_index: -1 OBSOLETE_local: false peers { permanent_uuid: "db1b3d1ecc3347dfa4cc1764b5ad7629" member_type: VOTER last_known_addr { host: "127.2.253.1" port: 46541 } } peers { permanent_uuid: "36056cdbc3d44b45b05c11b725fb9fa1" member_type: VOTER last_known_addr { host: "127.2.253.2" port: 33019 } } peers { permanent_uuid: "5f5df84c89a14fd98c44fa6fce44b93b" member_type: VOTER last_known_addr { host: "127.2.253.3" port: 43511 } }
W20260709 12:25:30.793990  3747 tablet.cc:2406] T 0ffe297989724892b643296b87860f97 P db1b3d1ecc3347dfa4cc1764b5ad7629: Can't schedule compaction. Clean time has not been advanced past its initial value.
I20260709 12:25:30.790635  3923 raft_consensus.cc:3060] T a006c0547d3445ed88e7a652c1fba25a P db1b3d1ecc3347dfa4cc1764b5ad7629 [term 0 FOLLOWER]: Advancing to term 1
I20260709 12:25:30.802516  3869 raft_consensus.cc:3060] T 9298a304597c4951a7d8fd7b2027a891 P 5f5df84c89a14fd98c44fa6fce44b93b [term 0 FOLLOWER]: Advancing to term 1
I20260709 12:25:30.807379  3911 raft_consensus.cc:359] T d1fa483aec1d40138addd4c88830e322 P 5f5df84c89a14fd98c44fa6fce44b93b [term 0 FOLLOWER]: Replica starting. Triggering 0 pending ops. Active config: opid_index: -1 OBSOLETE_local: false peers { permanent_uuid: "db1b3d1ecc3347dfa4cc1764b5ad7629" member_type: VOTER last_known_addr { host: "127.2.253.1" port: 46541 } } peers { permanent_uuid: "36056cdbc3d44b45b05c11b725fb9fa1" member_type: VOTER last_known_addr { host: "127.2.253.2" port: 33019 } } peers { permanent_uuid: "5f5df84c89a14fd98c44fa6fce44b93b" member_type: VOTER last_known_addr { host: "127.2.253.3" port: 43511 } }
I20260709 12:25:30.808161  3911 raft_consensus.cc:385] T d1fa483aec1d40138addd4c88830e322 P 5f5df84c89a14fd98c44fa6fce44b93b [term 0 FOLLOWER]: Consensus starting up: Expiring failure detector timer to make a prompt election more likely
I20260709 12:25:30.808470  3911 raft_consensus.cc:740] T d1fa483aec1d40138addd4c88830e322 P 5f5df84c89a14fd98c44fa6fce44b93b [term 0 FOLLOWER]: Becoming Follower/Learner. State: Replica: 5f5df84c89a14fd98c44fa6fce44b93b, State: Initialized, Role: FOLLOWER
I20260709 12:25:30.808984  3923 raft_consensus.cc:515] T a006c0547d3445ed88e7a652c1fba25a P db1b3d1ecc3347dfa4cc1764b5ad7629 [term 1 FOLLOWER]: Starting leader election with config: opid_index: -1 OBSOLETE_local: false peers { permanent_uuid: "db1b3d1ecc3347dfa4cc1764b5ad7629" member_type: VOTER last_known_addr { host: "127.2.253.1" port: 46541 } } peers { permanent_uuid: "36056cdbc3d44b45b05c11b725fb9fa1" member_type: VOTER last_known_addr { host: "127.2.253.2" port: 33019 } } peers { permanent_uuid: "5f5df84c89a14fd98c44fa6fce44b93b" member_type: VOTER last_known_addr { host: "127.2.253.3" port: 43511 } }
I20260709 12:25:30.809996  3721 tablet_service.cc:1917] Received RequestConsensusVote() RPC: tablet_id: "9298a304597c4951a7d8fd7b2027a891" candidate_uuid: "5f5df84c89a14fd98c44fa6fce44b93b" candidate_term: 1 candidate_status { last_received { term: 0 index: 0 } } ignore_live_leader: false dest_uuid: "db1b3d1ecc3347dfa4cc1764b5ad7629" is_pre_election: true
I20260709 12:25:30.810773  3721 raft_consensus.cc:2393] T 9298a304597c4951a7d8fd7b2027a891 P db1b3d1ecc3347dfa4cc1764b5ad7629 [term 1 FOLLOWER]: Leader pre-election vote request: Denying vote to candidate 5f5df84c89a14fd98c44fa6fce44b93b in current term 1: Already voted for candidate db1b3d1ecc3347dfa4cc1764b5ad7629 in this term.
I20260709 12:25:30.811251  3794 raft_consensus.cc:2468] T 9298a304597c4951a7d8fd7b2027a891 P 36056cdbc3d44b45b05c11b725fb9fa1 [term 1 FOLLOWER]: Leader election vote request: Granting yes vote for candidate db1b3d1ecc3347dfa4cc1764b5ad7629 in term 1.
I20260709 12:25:30.812029  3796 tablet_service.cc:1917] Received RequestConsensusVote() RPC: tablet_id: "a006c0547d3445ed88e7a652c1fba25a" candidate_uuid: "db1b3d1ecc3347dfa4cc1764b5ad7629" candidate_term: 1 candidate_status { last_received { term: 0 index: 0 } } ignore_live_leader: false dest_uuid: "36056cdbc3d44b45b05c11b725fb9fa1"
I20260709 12:25:30.799261  3917 raft_consensus.cc:515] T a006c0547d3445ed88e7a652c1fba25a P 5f5df84c89a14fd98c44fa6fce44b93b [term 1 FOLLOWER]: Starting leader election with config: opid_index: -1 OBSOLETE_local: false peers { permanent_uuid: "db1b3d1ecc3347dfa4cc1764b5ad7629" member_type: VOTER last_known_addr { host: "127.2.253.1" port: 46541 } } peers { permanent_uuid: "36056cdbc3d44b45b05c11b725fb9fa1" member_type: VOTER last_known_addr { host: "127.2.253.2" port: 33019 } } peers { permanent_uuid: "5f5df84c89a14fd98c44fa6fce44b93b" member_type: VOTER last_known_addr { host: "127.2.253.3" port: 43511 } }
I20260709 12:25:30.812893  3796 raft_consensus.cc:3060] T a006c0547d3445ed88e7a652c1fba25a P 36056cdbc3d44b45b05c11b725fb9fa1 [term 0 FOLLOWER]: Advancing to term 1
I20260709 12:25:30.815161  3721 tablet_service.cc:1917] Received RequestConsensusVote() RPC: tablet_id: "a006c0547d3445ed88e7a652c1fba25a" candidate_uuid: "5f5df84c89a14fd98c44fa6fce44b93b" candidate_term: 1 candidate_status { last_received { term: 0 index: 0 } } ignore_live_leader: false dest_uuid: "db1b3d1ecc3347dfa4cc1764b5ad7629"
I20260709 12:25:30.815899  3721 raft_consensus.cc:2393] T a006c0547d3445ed88e7a652c1fba25a P db1b3d1ecc3347dfa4cc1764b5ad7629 [term 1 FOLLOWER]: Leader election vote request: Denying vote to candidate 5f5df84c89a14fd98c44fa6fce44b93b in current term 1: Already voted for candidate db1b3d1ecc3347dfa4cc1764b5ad7629 in this term.
I20260709 12:25:30.817595  3917 leader_election.cc:290] T a006c0547d3445ed88e7a652c1fba25a P 5f5df84c89a14fd98c44fa6fce44b93b [CANDIDATE]: Term 1 election: Requested vote from peers db1b3d1ecc3347dfa4cc1764b5ad7629 (127.2.253.1:46541), 36056cdbc3d44b45b05c11b725fb9fa1 (127.2.253.2:33019)
I20260709 12:25:30.818733  3794 tablet_service.cc:1917] Received RequestConsensusVote() RPC: tablet_id: "a006c0547d3445ed88e7a652c1fba25a" candidate_uuid: "5f5df84c89a14fd98c44fa6fce44b93b" candidate_term: 1 candidate_status { last_received { term: 0 index: 0 } } ignore_live_leader: false dest_uuid: "36056cdbc3d44b45b05c11b725fb9fa1"
I20260709 12:25:30.820077  3684 leader_election.cc:304] T 9298a304597c4951a7d8fd7b2027a891 P db1b3d1ecc3347dfa4cc1764b5ad7629 [CANDIDATE]: Term 1 election: Election decided. Result: candidate won. Election summary: received 2 responses out of 3 voters: 2 yes votes; 0 no votes. yes voters: 36056cdbc3d44b45b05c11b725fb9fa1, db1b3d1ecc3347dfa4cc1764b5ad7629; no voters: 
I20260709 12:25:30.820206  3833 leader_election.cc:304] T a006c0547d3445ed88e7a652c1fba25a P 5f5df84c89a14fd98c44fa6fce44b93b [CANDIDATE]: Term 1 election: Election decided. Result: candidate lost. Election summary: received 3 responses out of 3 voters: 1 yes votes; 2 no votes. yes voters: 5f5df84c89a14fd98c44fa6fce44b93b; no voters: 36056cdbc3d44b45b05c11b725fb9fa1, db1b3d1ecc3347dfa4cc1764b5ad7629
I20260709 12:25:30.825093  3917 raft_consensus.cc:2749] T a006c0547d3445ed88e7a652c1fba25a P 5f5df84c89a14fd98c44fa6fce44b93b [term 1 FOLLOWER]: Leader election lost for term 1. Reason: could not achieve majority
I20260709 12:25:30.825698  3796 raft_consensus.cc:2468] T a006c0547d3445ed88e7a652c1fba25a P 36056cdbc3d44b45b05c11b725fb9fa1 [term 1 FOLLOWER]: Leader election vote request: Granting yes vote for candidate db1b3d1ecc3347dfa4cc1764b5ad7629 in term 1.
I20260709 12:25:30.826295  3923 leader_election.cc:290] T a006c0547d3445ed88e7a652c1fba25a P db1b3d1ecc3347dfa4cc1764b5ad7629 [CANDIDATE]: Term 1 election: Requested vote from peers 36056cdbc3d44b45b05c11b725fb9fa1 (127.2.253.2:33019), 5f5df84c89a14fd98c44fa6fce44b93b (127.2.253.3:43511)
I20260709 12:25:30.827610  3923 raft_consensus.cc:2804] T 9298a304597c4951a7d8fd7b2027a891 P db1b3d1ecc3347dfa4cc1764b5ad7629 [term 1 FOLLOWER]: Leader election won for term 1
I20260709 12:25:30.828127  3923 raft_consensus.cc:697] T 9298a304597c4951a7d8fd7b2027a891 P db1b3d1ecc3347dfa4cc1764b5ad7629 [term 1 LEADER]: Becoming Leader. State: Replica: db1b3d1ecc3347dfa4cc1764b5ad7629, State: Running, Role: LEADER
I20260709 12:25:30.828603  3869 raft_consensus.cc:2468] T 9298a304597c4951a7d8fd7b2027a891 P 5f5df84c89a14fd98c44fa6fce44b93b [term 1 FOLLOWER]: Leader election vote request: Granting yes vote for candidate db1b3d1ecc3347dfa4cc1764b5ad7629 in term 1.
I20260709 12:25:30.829030  3923 consensus_queue.cc:237] T 9298a304597c4951a7d8fd7b2027a891 P db1b3d1ecc3347dfa4cc1764b5ad7629 [LEADER]: Queue going to LEADER mode. State: All replicated index: 0, Majority replicated index: 0, Committed index: 0, Last appended: 0.0, Last appended by leader: 0, Current term: 1, Majority size: 2, State: 0, Mode: LEADER, active raft config: opid_index: -1 OBSOLETE_local: false peers { permanent_uuid: "db1b3d1ecc3347dfa4cc1764b5ad7629" member_type: VOTER last_known_addr { host: "127.2.253.1" port: 46541 } } peers { permanent_uuid: "36056cdbc3d44b45b05c11b725fb9fa1" member_type: VOTER last_known_addr { host: "127.2.253.2" port: 33019 } } peers { permanent_uuid: "5f5df84c89a14fd98c44fa6fce44b93b" member_type: VOTER last_known_addr { host: "127.2.253.3" port: 43511 } }
I20260709 12:25:30.831972  3952 leader_election.cc:290] T 9298a304597c4951a7d8fd7b2027a891 P 5f5df84c89a14fd98c44fa6fce44b93b [CANDIDATE]: Term 1 pre-election: Requested pre-vote from peers db1b3d1ecc3347dfa4cc1764b5ad7629 (127.2.253.1:46541), 36056cdbc3d44b45b05c11b725fb9fa1 (127.2.253.2:33019)
I20260709 12:25:30.809258  3911 consensus_queue.cc:260] T d1fa483aec1d40138addd4c88830e322 P 5f5df84c89a14fd98c44fa6fce44b93b [NON_LEADER]: Queue going to NON_LEADER mode. State: All replicated index: 0, Majority replicated index: 0, Committed index: 0, Last appended: 0.0, Last appended by leader: 0, Current term: 0, Majority size: -1, State: 0, Mode: NON_LEADER, active raft config: opid_index: -1 OBSOLETE_local: false peers { permanent_uuid: "db1b3d1ecc3347dfa4cc1764b5ad7629" member_type: VOTER last_known_addr { host: "127.2.253.1" port: 46541 } } peers { permanent_uuid: "36056cdbc3d44b45b05c11b725fb9fa1" member_type: VOTER last_known_addr { host: "127.2.253.2" port: 33019 } } peers { permanent_uuid: "5f5df84c89a14fd98c44fa6fce44b93b" member_type: VOTER last_known_addr { host: "127.2.253.3" port: 43511 } }
I20260709 12:25:30.833762  3796 tablet_service.cc:1917] Received RequestConsensusVote() RPC: tablet_id: "9298a304597c4951a7d8fd7b2027a891" candidate_uuid: "5f5df84c89a14fd98c44fa6fce44b93b" candidate_term: 1 candidate_status { last_received { term: 0 index: 0 } } ignore_live_leader: false dest_uuid: "36056cdbc3d44b45b05c11b725fb9fa1" is_pre_election: true
I20260709 12:25:30.836120  3911 ts_tablet_manager.cc:1434] T d1fa483aec1d40138addd4c88830e322 P 5f5df84c89a14fd98c44fa6fce44b93b: Time spent starting tablet: real 0.034s	user 0.006s	sys 0.000s
I20260709 12:25:30.838658  3796 raft_consensus.cc:2393] T 9298a304597c4951a7d8fd7b2027a891 P 36056cdbc3d44b45b05c11b725fb9fa1 [term 1 FOLLOWER]: Leader pre-election vote request: Denying vote to candidate 5f5df84c89a14fd98c44fa6fce44b93b in current term 1: Already voted for candidate db1b3d1ecc3347dfa4cc1764b5ad7629 in this term.
I20260709 12:25:30.836665  3915 tablet_bootstrap.cc:492] T 921e961e020e44dbb72155426488b247 P db1b3d1ecc3347dfa4cc1764b5ad7629: Bootstrap starting.
I20260709 12:25:30.839679  3910 tablet_bootstrap.cc:492] T 0ffe297989724892b643296b87860f97 P 36056cdbc3d44b45b05c11b725fb9fa1: No bootstrap required, opened a new log
I20260709 12:25:30.840719  3910 ts_tablet_manager.cc:1403] T 0ffe297989724892b643296b87860f97 P 36056cdbc3d44b45b05c11b725fb9fa1: Time spent bootstrapping tablet: real 0.084s	user 0.007s	sys 0.011s
I20260709 12:25:30.841521  3911 tablet_bootstrap.cc:492] T 921e961e020e44dbb72155426488b247 P 5f5df84c89a14fd98c44fa6fce44b93b: Bootstrap starting.
W20260709 12:25:30.841696  3687 outbound_call.cc:321] RPC callback for RPC call kudu.consensus.ConsensusService.RequestConsensusVote -> {remote=127.2.253.3:43511, user_credentials={real_user=slave}} blocked reactor thread for 76659.7us
I20260709 12:25:30.842105  3833 leader_election.cc:304] T 9298a304597c4951a7d8fd7b2027a891 P 5f5df84c89a14fd98c44fa6fce44b93b [CANDIDATE]: Term 1 pre-election: Election decided. Result: candidate lost. Election summary: received 3 responses out of 3 voters: 1 yes votes; 2 no votes. yes voters: 5f5df84c89a14fd98c44fa6fce44b93b; no voters: 36056cdbc3d44b45b05c11b725fb9fa1, db1b3d1ecc3347dfa4cc1764b5ad7629
I20260709 12:25:30.844504  3910 raft_consensus.cc:359] T 0ffe297989724892b643296b87860f97 P 36056cdbc3d44b45b05c11b725fb9fa1 [term 0 FOLLOWER]: Replica starting. Triggering 0 pending ops. Active config: opid_index: -1 OBSOLETE_local: false peers { permanent_uuid: "db1b3d1ecc3347dfa4cc1764b5ad7629" member_type: VOTER last_known_addr { host: "127.2.253.1" port: 46541 } } peers { permanent_uuid: "36056cdbc3d44b45b05c11b725fb9fa1" member_type: VOTER last_known_addr { host: "127.2.253.2" port: 33019 } } peers { permanent_uuid: "5f5df84c89a14fd98c44fa6fce44b93b" member_type: VOTER last_known_addr { host: "127.2.253.3" port: 43511 } }
I20260709 12:25:30.845168  3910 raft_consensus.cc:385] T 0ffe297989724892b643296b87860f97 P 36056cdbc3d44b45b05c11b725fb9fa1 [term 0 FOLLOWER]: Consensus starting up: Expiring failure detector timer to make a prompt election more likely
I20260709 12:25:30.845439  3910 raft_consensus.cc:740] T 0ffe297989724892b643296b87860f97 P 36056cdbc3d44b45b05c11b725fb9fa1 [term 0 FOLLOWER]: Becoming Follower/Learner. State: Replica: 36056cdbc3d44b45b05c11b725fb9fa1, State: Initialized, Role: FOLLOWER
I20260709 12:25:30.846882  3910 consensus_queue.cc:260] T 0ffe297989724892b643296b87860f97 P 36056cdbc3d44b45b05c11b725fb9fa1 [NON_LEADER]: Queue going to NON_LEADER mode. State: All replicated index: 0, Majority replicated index: 0, Committed index: 0, Last appended: 0.0, Last appended by leader: 0, Current term: 0, Majority size: -1, State: 0, Mode: NON_LEADER, active raft config: opid_index: -1 OBSOLETE_local: false peers { permanent_uuid: "db1b3d1ecc3347dfa4cc1764b5ad7629" member_type: VOTER last_known_addr { host: "127.2.253.1" port: 46541 } } peers { permanent_uuid: "36056cdbc3d44b45b05c11b725fb9fa1" member_type: VOTER last_known_addr { host: "127.2.253.2" port: 33019 } } peers { permanent_uuid: "5f5df84c89a14fd98c44fa6fce44b93b" member_type: VOTER last_known_addr { host: "127.2.253.3" port: 43511 } }
I20260709 12:25:30.845985  3953 raft_consensus.cc:697] T 329c7eeef293454090353dd364c1b06d P 5f5df84c89a14fd98c44fa6fce44b93b [term 1 LEADER]: Becoming Leader. State: Replica: 5f5df84c89a14fd98c44fa6fce44b93b, State: Running, Role: LEADER
I20260709 12:25:30.848824  3869 tablet_service.cc:1917] Received RequestConsensusVote() RPC: tablet_id: "a006c0547d3445ed88e7a652c1fba25a" candidate_uuid: "db1b3d1ecc3347dfa4cc1764b5ad7629" candidate_term: 1 candidate_status { last_received { term: 0 index: 0 } } ignore_live_leader: false dest_uuid: "5f5df84c89a14fd98c44fa6fce44b93b"
I20260709 12:25:30.849622  3869 raft_consensus.cc:2393] T a006c0547d3445ed88e7a652c1fba25a P 5f5df84c89a14fd98c44fa6fce44b93b [term 1 FOLLOWER]: Leader election vote request: Denying vote to candidate db1b3d1ecc3347dfa4cc1764b5ad7629 in current term 1: Already voted for candidate 5f5df84c89a14fd98c44fa6fce44b93b in this term.
I20260709 12:25:30.852784  3915 tablet_bootstrap.cc:654] T 921e961e020e44dbb72155426488b247 P db1b3d1ecc3347dfa4cc1764b5ad7629: Neither blocks nor log segments found. Creating new log.
I20260709 12:25:30.855408  3910 ts_tablet_manager.cc:1434] T 0ffe297989724892b643296b87860f97 P 36056cdbc3d44b45b05c11b725fb9fa1: Time spent starting tablet: real 0.014s	user 0.006s	sys 0.000s
I20260709 12:25:30.856535  3684 leader_election.cc:304] T a006c0547d3445ed88e7a652c1fba25a P db1b3d1ecc3347dfa4cc1764b5ad7629 [CANDIDATE]: Term 1 election: Election decided. Result: candidate won. Election summary: received 3 responses out of 3 voters: 2 yes votes; 1 no votes. yes voters: 36056cdbc3d44b45b05c11b725fb9fa1, db1b3d1ecc3347dfa4cc1764b5ad7629; no voters: 5f5df84c89a14fd98c44fa6fce44b93b
I20260709 12:25:30.857327  3958 raft_consensus.cc:2804] T a006c0547d3445ed88e7a652c1fba25a P db1b3d1ecc3347dfa4cc1764b5ad7629 [term 1 FOLLOWER]: Leader election won for term 1
I20260709 12:25:30.857522  3961 raft_consensus.cc:2749] T 9298a304597c4951a7d8fd7b2027a891 P 5f5df84c89a14fd98c44fa6fce44b93b [term 1 FOLLOWER]: Leader pre-election lost for term 1. Reason: could not achieve majority
I20260709 12:25:30.857788  3958 raft_consensus.cc:697] T a006c0547d3445ed88e7a652c1fba25a P db1b3d1ecc3347dfa4cc1764b5ad7629 [term 1 LEADER]: Becoming Leader. State: Replica: db1b3d1ecc3347dfa4cc1764b5ad7629, State: Running, Role: LEADER
I20260709 12:25:30.858533  3953 consensus_queue.cc:237] T 329c7eeef293454090353dd364c1b06d P 5f5df84c89a14fd98c44fa6fce44b93b [LEADER]: Queue going to LEADER mode. State: All replicated index: 0, Majority replicated index: 0, Committed index: 0, Last appended: 0.0, Last appended by leader: 0, Current term: 1, Majority size: 2, State: 0, Mode: LEADER, active raft config: opid_index: -1 OBSOLETE_local: false peers { permanent_uuid: "db1b3d1ecc3347dfa4cc1764b5ad7629" member_type: VOTER last_known_addr { host: "127.2.253.1" port: 46541 } } peers { permanent_uuid: "36056cdbc3d44b45b05c11b725fb9fa1" member_type: VOTER last_known_addr { host: "127.2.253.2" port: 33019 } } peers { permanent_uuid: "5f5df84c89a14fd98c44fa6fce44b93b" member_type: VOTER last_known_addr { host: "127.2.253.3" port: 43511 } }
I20260709 12:25:30.858700  3958 consensus_queue.cc:237] T a006c0547d3445ed88e7a652c1fba25a P db1b3d1ecc3347dfa4cc1764b5ad7629 [LEADER]: Queue going to LEADER mode. State: All replicated index: 0, Majority replicated index: 0, Committed index: 0, Last appended: 0.0, Last appended by leader: 0, Current term: 1, Majority size: 2, State: 0, Mode: LEADER, active raft config: opid_index: -1 OBSOLETE_local: false peers { permanent_uuid: "db1b3d1ecc3347dfa4cc1764b5ad7629" member_type: VOTER last_known_addr { host: "127.2.253.1" port: 46541 } } peers { permanent_uuid: "36056cdbc3d44b45b05c11b725fb9fa1" member_type: VOTER last_known_addr { host: "127.2.253.2" port: 33019 } } peers { permanent_uuid: "5f5df84c89a14fd98c44fa6fce44b93b" member_type: VOTER last_known_addr { host: "127.2.253.3" port: 43511 } }
I20260709 12:25:30.866133  3911 tablet_bootstrap.cc:654] T 921e961e020e44dbb72155426488b247 P 5f5df84c89a14fd98c44fa6fce44b93b: Neither blocks nor log segments found. Creating new log.
I20260709 12:25:30.868999  3915 tablet_bootstrap.cc:492] T 921e961e020e44dbb72155426488b247 P db1b3d1ecc3347dfa4cc1764b5ad7629: No bootstrap required, opened a new log
I20260709 12:25:30.869529  3915 ts_tablet_manager.cc:1403] T 921e961e020e44dbb72155426488b247 P db1b3d1ecc3347dfa4cc1764b5ad7629: Time spent bootstrapping tablet: real 0.033s	user 0.014s	sys 0.000s
