[==========] Running 8 tests from 2 test suites.
[----------] Global test environment set-up.
[----------] 6 tests from LeaderRebalancerTest
[ RUN      ] LeaderRebalancerTest.FunctionalTestForDivided
WARNING: Logging before InitGoogleLogging() is written to STDERR
I20260709 12:24:51.789671 32200 internal_mini_cluster.cc:156] Creating distributed mini masters. Addrs: 127.31.114.62:43921
I20260709 12:24:51.791312 32200 env_posix.cc:2285] Not raising this process' open files per process limit of 1048576; it is already as high as it can go
I20260709 12:24:51.792323 32200 file_cache.cc:504] Constructed file cache file cache with capacity 419430
W20260709 12:24:51.810287 32206 instance_detector.cc:116] could not retrieve AWS instance metadata: Network error: curl error: HTTP response code said error: The requested URL returned error: 404
W20260709 12:24:51.810276 32207 instance_detector.cc:116] could not retrieve Azure instance metadata: Network error: curl error: HTTP response code said error: The requested URL returned error: 404
I20260709 12:24:51.812264 32200 server_base.cc:1061] running on GCE node
W20260709 12:24:51.810264 32209 instance_detector.cc:116] could not retrieve OpenStack instance metadata: Network error: curl error: HTTP response code said error: The requested URL returned error: 404
I20260709 12:24:53.025347 32200 hybrid_clock.cc:584] initializing the hybrid clock with 'system_unsync' time source
W20260709 12:24:53.025606 32200 system_unsync_time.cc:38] NTP support is disabled. Clock error bounds will not be accurate. This configuration is not suitable for distributed clusters.
I20260709 12:24:53.025867 32200 hybrid_clock.cc:648] HybridClock initialized: now 1783599893025842 us; error 0 us; skew 500 ppm
I20260709 12:24:53.026803 32200 server_base.cc:861] Flag tcmalloc_max_total_thread_cache_bytes is not working since tcmalloc is not enabled.
I20260709 12:24:53.032500 32200 webserver.cc:533] Webserver started at http://127.31.114.62:45693/ using document root <none> and password file <none>
I20260709 12:24:53.033429 32200 fs_manager.cc:362] Metadata directory not provided
I20260709 12:24:53.033638 32200 fs_manager.cc:368] Using write-ahead log directory (fs_wal_dir) as metadata directory
I20260709 12:24:53.034212 32200 server_base.cc:909] This appears to be a new deployment of Kudu; creating new FS layout
I20260709 12:24:53.040261 32200 fs_manager.cc:1068] Generated new instance metadata in path /tmp/dist-test-taskmg7jqI/test-tmp/auto_leader_rebalancer-test.0.LeaderRebalancerTest.FunctionalTestForDivided.1783599891620467-32200-0/minicluster-data/master-0-root/instance:
uuid: "a3128fdae89e40d5af0febb0b6f082fc"
format_stamp: "Formatted at 2026-07-09 12:24:53 on dist-test-slave-120d"
I20260709 12:24:53.048687 32200 fs_manager.cc:696] Time spent creating directory manager: real 0.008s	user 0.005s	sys 0.004s
I20260709 12:24:53.054592 32215 log_block_manager.cc:4127] Time spent loading block containers with low live blocks: real 0.000s	user 0.000s	sys 0.000s
I20260709 12:24:53.055922 32200 fs_manager.cc:730] Time spent opening block manager: real 0.004s	user 0.002s	sys 0.002s
I20260709 12:24:53.056339 32200 fs_manager.cc:647] Opened local filesystem: /tmp/dist-test-taskmg7jqI/test-tmp/auto_leader_rebalancer-test.0.LeaderRebalancerTest.FunctionalTestForDivided.1783599891620467-32200-0/minicluster-data/master-0-root
uuid: "a3128fdae89e40d5af0febb0b6f082fc"
format_stamp: "Formatted at 2026-07-09 12:24:53 on dist-test-slave-120d"
I20260709 12:24:53.056672 32200 fs_report.cc:389] FS layout report
--------------------
wal directory: /tmp/dist-test-taskmg7jqI/test-tmp/auto_leader_rebalancer-test.0.LeaderRebalancerTest.FunctionalTestForDivided.1783599891620467-32200-0/minicluster-data/master-0-root
metadata directory: /tmp/dist-test-taskmg7jqI/test-tmp/auto_leader_rebalancer-test.0.LeaderRebalancerTest.FunctionalTestForDivided.1783599891620467-32200-0/minicluster-data/master-0-root
1 data directories: /tmp/dist-test-taskmg7jqI/test-tmp/auto_leader_rebalancer-test.0.LeaderRebalancerTest.FunctionalTestForDivided.1783599891620467-32200-0/minicluster-data/master-0-root/data
Total live blocks: 0
Total live bytes: 0
Total live bytes (after alignment): 0
Total number of LBM containers: 0 (0 full)
Did not check for missing blocks
Did not check for orphaned blocks
Total full LBM containers with extra space: 0 (0 repaired)
Total full LBM container extra space in bytes: 0 (0 repaired)
Total incomplete LBM containers: 0 (0 repaired)
Total LBM partial records: 0 (0 repaired)
Total corrupted LBM metadata records in RocksDB: 0 (0 repaired)
I20260709 12:24:53.122628 32200 rpc_server.cc:225] running with OpenSSL 1.1.1  11 Sep 2018
I20260709 12:24:53.124362 32200 env_posix.cc:2285] Not raising this process' running threads per effective uid limit of 18446744073709551615; it is already as high as it can go
I20260709 12:24:53.124959 32200 kserver.cc:163] Server-wide thread pool size limit: 3276
I20260709 12:24:53.200162 32200 rpc_server.cc:307] RPC server started. Bound to: 127.31.114.62:43921
I20260709 12:24:53.200238 32266 acceptor_pool.cc:272] collecting diagnostics on the listening RPC socket 127.31.114.62:43921 every 8 connection(s)
I20260709 12:24:53.208657 32267 data_dirs.cc:400] Could only allocate 1 dirs of requested 3 for tablet 00000000000000000000000000000000. 1 dirs total, 0 dirs full, 0 dirs failed
I20260709 12:24:53.231729 32267 tablet_bootstrap.cc:492] T 00000000000000000000000000000000 P a3128fdae89e40d5af0febb0b6f082fc: Bootstrap starting.
I20260709 12:24:53.237864 32267 tablet_bootstrap.cc:654] T 00000000000000000000000000000000 P a3128fdae89e40d5af0febb0b6f082fc: Neither blocks nor log segments found. Creating new log.
I20260709 12:24:53.239804 32267 log.cc:826] T 00000000000000000000000000000000 P a3128fdae89e40d5af0febb0b6f082fc: Log is configured to *not* fsync() on all Append() calls
I20260709 12:24:53.244573 32267 tablet_bootstrap.cc:492] T 00000000000000000000000000000000 P a3128fdae89e40d5af0febb0b6f082fc: No bootstrap required, opened a new log
I20260709 12:24:53.265554 32267 raft_consensus.cc:359] T 00000000000000000000000000000000 P a3128fdae89e40d5af0febb0b6f082fc [term 0 FOLLOWER]: Replica starting. Triggering 0 pending ops. Active config: opid_index: -1 OBSOLETE_local: true peers { permanent_uuid: "a3128fdae89e40d5af0febb0b6f082fc" member_type: VOTER }
I20260709 12:24:53.266211 32267 raft_consensus.cc:385] T 00000000000000000000000000000000 P a3128fdae89e40d5af0febb0b6f082fc [term 0 FOLLOWER]: Consensus starting up: Expiring failure detector timer to make a prompt election more likely
I20260709 12:24:53.266497 32267 raft_consensus.cc:740] T 00000000000000000000000000000000 P a3128fdae89e40d5af0febb0b6f082fc [term 0 FOLLOWER]: Becoming Follower/Learner. State: Replica: a3128fdae89e40d5af0febb0b6f082fc, State: Initialized, Role: FOLLOWER
I20260709 12:24:53.267501 32267 consensus_queue.cc:260] T 00000000000000000000000000000000 P a3128fdae89e40d5af0febb0b6f082fc [NON_LEADER]: Queue going to NON_LEADER mode. State: All replicated index: 0, Majority replicated index: 0, Committed index: 0, Last appended: 0.0, Last appended by leader: 0, Current term: 0, Majority size: -1, State: 0, Mode: NON_LEADER, active raft config: opid_index: -1 OBSOLETE_local: true peers { permanent_uuid: "a3128fdae89e40d5af0febb0b6f082fc" member_type: VOTER }
I20260709 12:24:53.268067 32267 raft_consensus.cc:399] T 00000000000000000000000000000000 P a3128fdae89e40d5af0febb0b6f082fc [term 0 FOLLOWER]: Only one voter in the Raft config. Triggering election immediately
I20260709 12:24:53.268376 32267 raft_consensus.cc:493] T 00000000000000000000000000000000 P a3128fdae89e40d5af0febb0b6f082fc [term 0 FOLLOWER]: Starting leader election (initial election of a single-replica configuration)
I20260709 12:24:53.268757 32267 raft_consensus.cc:3060] T 00000000000000000000000000000000 P a3128fdae89e40d5af0febb0b6f082fc [term 0 FOLLOWER]: Advancing to term 1
I20260709 12:24:53.272874 32267 raft_consensus.cc:515] T 00000000000000000000000000000000 P a3128fdae89e40d5af0febb0b6f082fc [term 1 FOLLOWER]: Starting leader election with config: opid_index: -1 OBSOLETE_local: true peers { permanent_uuid: "a3128fdae89e40d5af0febb0b6f082fc" member_type: VOTER }
I20260709 12:24:53.273706 32267 leader_election.cc:304] T 00000000000000000000000000000000 P a3128fdae89e40d5af0febb0b6f082fc [CANDIDATE]: Term 1 election: Election decided. Result: candidate won. Election summary: received 1 responses out of 1 voters: 1 yes votes; 0 no votes. yes voters: a3128fdae89e40d5af0febb0b6f082fc; no voters: 
I20260709 12:24:53.275539 32267 leader_election.cc:290] T 00000000000000000000000000000000 P a3128fdae89e40d5af0febb0b6f082fc [CANDIDATE]: Term 1 election: Requested vote from peers 
I20260709 12:24:53.275933 32270 raft_consensus.cc:2804] T 00000000000000000000000000000000 P a3128fdae89e40d5af0febb0b6f082fc [term 1 FOLLOWER]: Leader election won for term 1
I20260709 12:24:53.278317 32270 raft_consensus.cc:697] T 00000000000000000000000000000000 P a3128fdae89e40d5af0febb0b6f082fc [term 1 LEADER]: Becoming Leader. State: Replica: a3128fdae89e40d5af0febb0b6f082fc, State: Running, Role: LEADER
I20260709 12:24:53.279313 32270 consensus_queue.cc:237] T 00000000000000000000000000000000 P a3128fdae89e40d5af0febb0b6f082fc [LEADER]: Queue going to LEADER mode. State: All replicated index: 0, Majority replicated index: 0, Committed index: 0, Last appended: 0.0, Last appended by leader: 0, Current term: 1, Majority size: 1, State: 0, Mode: LEADER, active raft config: opid_index: -1 OBSOLETE_local: true peers { permanent_uuid: "a3128fdae89e40d5af0febb0b6f082fc" member_type: VOTER }
I20260709 12:24:53.280380 32267 sys_catalog.cc:565] T 00000000000000000000000000000000 P a3128fdae89e40d5af0febb0b6f082fc [sys.catalog]: configured and running, proceeding with master startup.
I20260709 12:24:53.291306 32271 sys_catalog.cc:455] T 00000000000000000000000000000000 P a3128fdae89e40d5af0febb0b6f082fc [sys.catalog]: SysCatalogTable state changed. Reason: RaftConsensus started. Latest consensus state: current_term: 1 leader_uuid: "a3128fdae89e40d5af0febb0b6f082fc" committed_config { opid_index: -1 OBSOLETE_local: true peers { permanent_uuid: "a3128fdae89e40d5af0febb0b6f082fc" member_type: VOTER } }
I20260709 12:24:53.292140 32271 sys_catalog.cc:458] T 00000000000000000000000000000000 P a3128fdae89e40d5af0febb0b6f082fc [sys.catalog]: This master's current role is: LEADER
I20260709 12:24:53.293586 32272 sys_catalog.cc:455] T 00000000000000000000000000000000 P a3128fdae89e40d5af0febb0b6f082fc [sys.catalog]: SysCatalogTable state changed. Reason: New leader a3128fdae89e40d5af0febb0b6f082fc. Latest consensus state: current_term: 1 leader_uuid: "a3128fdae89e40d5af0febb0b6f082fc" committed_config { opid_index: -1 OBSOLETE_local: true peers { permanent_uuid: "a3128fdae89e40d5af0febb0b6f082fc" member_type: VOTER } }
I20260709 12:24:53.294548 32272 sys_catalog.cc:458] T 00000000000000000000000000000000 P a3128fdae89e40d5af0febb0b6f082fc [sys.catalog]: This master's current role is: LEADER
I20260709 12:24:53.295337 32280 catalog_manager.cc:1511] Loading table and tablet metadata into memory...
I20260709 12:24:53.307233 32280 catalog_manager.cc:1520] Initializing Kudu cluster ID...
I20260709 12:24:53.309592 32200 internal_mini_cluster.cc:184] Waiting to initialize catalog manager on master 0
I20260709 12:24:53.326606 32280 catalog_manager.cc:1383] Generated new cluster ID: 0b05424ccd824ca99352c383e53b07fa
I20260709 12:24:53.326939 32280 catalog_manager.cc:1531] Initializing Kudu internal certificate authority...
I20260709 12:24:53.344558 32280 catalog_manager.cc:1406] Generated new certificate authority record
I20260709 12:24:53.346771 32280 catalog_manager.cc:1540] Loading token signing keys...
I20260709 12:24:53.378460 32280 catalog_manager.cc:6070] T 00000000000000000000000000000000 P a3128fdae89e40d5af0febb0b6f082fc: Generated new TSK 0
I20260709 12:24:53.379668 32280 catalog_manager.cc:1550] Initializing in-progress tserver states...
I20260709 12:24:53.440569 32200 file_cache.cc:504] Constructed file cache file cache with capacity 419430
W20260709 12:24:53.449246 32289 instance_detector.cc:116] could not retrieve AWS instance metadata: Network error: curl error: HTTP response code said error: The requested URL returned error: 404
W20260709 12:24:53.450575 32290 instance_detector.cc:116] could not retrieve Azure instance metadata: Network error: curl error: HTTP response code said error: The requested URL returned error: 404
W20260709 12:24:53.453336 32292 instance_detector.cc:116] could not retrieve OpenStack instance metadata: Network error: curl error: HTTP response code said error: The requested URL returned error: 404
I20260709 12:24:53.455008 32200 server_base.cc:1061] running on GCE node
I20260709 12:24:53.455979 32200 hybrid_clock.cc:584] initializing the hybrid clock with 'system_unsync' time source
W20260709 12:24:53.456255 32200 system_unsync_time.cc:38] NTP support is disabled. Clock error bounds will not be accurate. This configuration is not suitable for distributed clusters.
I20260709 12:24:53.456475 32200 hybrid_clock.cc:648] HybridClock initialized: now 1783599893456456 us; error 0 us; skew 500 ppm
I20260709 12:24:53.457321 32200 server_base.cc:861] Flag tcmalloc_max_total_thread_cache_bytes is not working since tcmalloc is not enabled.
I20260709 12:24:53.461455 32200 webserver.cc:533] Webserver started at http://127.31.114.1:39637/ using document root <none> and password file <none>
I20260709 12:24:53.462190 32200 fs_manager.cc:362] Metadata directory not provided
I20260709 12:24:53.462464 32200 fs_manager.cc:368] Using write-ahead log directory (fs_wal_dir) as metadata directory
I20260709 12:24:53.462815 32200 server_base.cc:909] This appears to be a new deployment of Kudu; creating new FS layout
I20260709 12:24:53.464352 32200 fs_manager.cc:1068] Generated new instance metadata in path /tmp/dist-test-taskmg7jqI/test-tmp/auto_leader_rebalancer-test.0.LeaderRebalancerTest.FunctionalTestForDivided.1783599891620467-32200-0/minicluster-data/ts-0-root/instance:
uuid: "43f7b129c5cd4f52afc84e7fcacc0965"
format_stamp: "Formatted at 2026-07-09 12:24:53 on dist-test-slave-120d"
I20260709 12:24:53.471720 32200 fs_manager.cc:696] Time spent creating directory manager: real 0.007s	user 0.001s	sys 0.008s
I20260709 12:24:53.477460 32297 log_block_manager.cc:4127] Time spent loading block containers with low live blocks: real 0.000s	user 0.000s	sys 0.000s
I20260709 12:24:53.478578 32200 fs_manager.cc:730] Time spent opening block manager: real 0.004s	user 0.002s	sys 0.001s
I20260709 12:24:53.478981 32200 fs_manager.cc:647] Opened local filesystem: /tmp/dist-test-taskmg7jqI/test-tmp/auto_leader_rebalancer-test.0.LeaderRebalancerTest.FunctionalTestForDivided.1783599891620467-32200-0/minicluster-data/ts-0-root
uuid: "43f7b129c5cd4f52afc84e7fcacc0965"
format_stamp: "Formatted at 2026-07-09 12:24:53 on dist-test-slave-120d"
I20260709 12:24:53.479398 32200 fs_report.cc:389] FS layout report
--------------------
wal directory: /tmp/dist-test-taskmg7jqI/test-tmp/auto_leader_rebalancer-test.0.LeaderRebalancerTest.FunctionalTestForDivided.1783599891620467-32200-0/minicluster-data/ts-0-root
metadata directory: /tmp/dist-test-taskmg7jqI/test-tmp/auto_leader_rebalancer-test.0.LeaderRebalancerTest.FunctionalTestForDivided.1783599891620467-32200-0/minicluster-data/ts-0-root
1 data directories: /tmp/dist-test-taskmg7jqI/test-tmp/auto_leader_rebalancer-test.0.LeaderRebalancerTest.FunctionalTestForDivided.1783599891620467-32200-0/minicluster-data/ts-0-root/data
Total live blocks: 0
Total live bytes: 0
Total live bytes (after alignment): 0
Total number of LBM containers: 0 (0 full)
Did not check for missing blocks
Did not check for orphaned blocks
Total full LBM containers with extra space: 0 (0 repaired)
Total full LBM container extra space in bytes: 0 (0 repaired)
Total incomplete LBM containers: 0 (0 repaired)
Total LBM partial records: 0 (0 repaired)
Total corrupted LBM metadata records in RocksDB: 0 (0 repaired)
I20260709 12:24:53.505410 32200 rpc_server.cc:225] running with OpenSSL 1.1.1  11 Sep 2018
I20260709 12:24:53.507294 32200 kserver.cc:163] Server-wide thread pool size limit: 3276
I20260709 12:24:53.510731 32200 txn_system_client.cc:432] TxnSystemClient initialization is disabled...
I20260709 12:24:53.517728 32200 ts_tablet_manager.cc:585] Loaded tablet metadata (0 total tablets, 0 live tablets)
I20260709 12:24:53.518141 32200 ts_tablet_manager.cc:531] Time spent load tablet metadata: real 0.000s	user 0.001s	sys 0.000s
I20260709 12:24:53.518574 32200 ts_tablet_manager.cc:616] Registered 0 tablets
I20260709 12:24:53.518833 32200 ts_tablet_manager.cc:595] Time spent register tablets: real 0.000s	user 0.000s	sys 0.000s
I20260709 12:24:53.615967 32200 rpc_server.cc:307] RPC server started. Bound to: 127.31.114.1:40227
I20260709 12:24:53.616117 32359 acceptor_pool.cc:272] collecting diagnostics on the listening RPC socket 127.31.114.1:40227 every 8 connection(s)
I20260709 12:24:53.623787 32200 file_cache.cc:504] Constructed file cache file cache with capacity 419430
W20260709 12:24:53.633610 32364 instance_detector.cc:116] could not retrieve AWS instance metadata: Network error: curl error: HTTP response code said error: The requested URL returned error: 404
W20260709 12:24:53.637032 32365 instance_detector.cc:116] could not retrieve Azure instance metadata: Network error: curl error: HTTP response code said error: The requested URL returned error: 404
I20260709 12:24:53.646770 32200 server_base.cc:1061] running on GCE node
W20260709 12:24:53.648309 32367 instance_detector.cc:116] could not retrieve OpenStack instance metadata: Network error: curl error: HTTP response code said error: The requested URL returned error: 404
I20260709 12:24:53.649682 32200 hybrid_clock.cc:584] initializing the hybrid clock with 'system_unsync' time source
W20260709 12:24:53.650007 32200 system_unsync_time.cc:38] NTP support is disabled. Clock error bounds will not be accurate. This configuration is not suitable for distributed clusters.
I20260709 12:24:53.650216 32200 hybrid_clock.cc:648] HybridClock initialized: now 1783599893650200 us; error 0 us; skew 500 ppm
I20260709 12:24:53.651038 32200 server_base.cc:861] Flag tcmalloc_max_total_thread_cache_bytes is not working since tcmalloc is not enabled.
I20260709 12:24:53.655275 32200 webserver.cc:533] Webserver started at http://127.31.114.2:43777/ using document root <none> and password file <none>
I20260709 12:24:53.655983 32360 heartbeater.cc:344] Connected to a master server at 127.31.114.62:43921
I20260709 12:24:53.656004 32200 fs_manager.cc:362] Metadata directory not provided
I20260709 12:24:53.656402 32200 fs_manager.cc:368] Using write-ahead log directory (fs_wal_dir) as metadata directory
I20260709 12:24:53.656497 32360 heartbeater.cc:461] Registering TS with master...
I20260709 12:24:53.656782 32200 server_base.cc:909] This appears to be a new deployment of Kudu; creating new FS layout
I20260709 12:24:53.657603 32360 heartbeater.cc:507] Master 127.31.114.62:43921 requested a full tablet report, sending...
I20260709 12:24:53.658385 32200 fs_manager.cc:1068] Generated new instance metadata in path /tmp/dist-test-taskmg7jqI/test-tmp/auto_leader_rebalancer-test.0.LeaderRebalancerTest.FunctionalTestForDivided.1783599891620467-32200-0/minicluster-data/ts-1-root/instance:
uuid: "cbd643bf80714ba09eceb8cd7aed4008"
format_stamp: "Formatted at 2026-07-09 12:24:53 on dist-test-slave-120d"
I20260709 12:24:53.660998 32232 ts_manager.cc:194] Registered new tserver with Master: 43f7b129c5cd4f52afc84e7fcacc0965 (127.31.114.1:40227)
I20260709 12:24:53.663368 32232 master_service.cc:502] Signed X509 certificate for tserver {username='slave'} at 127.0.0.1:38252
I20260709 12:24:53.666075 32200 fs_manager.cc:696] Time spent creating directory manager: real 0.007s	user 0.007s	sys 0.000s
I20260709 12:24:53.671936 32372 log_block_manager.cc:4127] Time spent loading block containers with low live blocks: real 0.000s	user 0.000s	sys 0.000s
I20260709 12:24:53.672935 32200 fs_manager.cc:730] Time spent opening block manager: real 0.003s	user 0.003s	sys 0.003s
I20260709 12:24:53.673295 32200 fs_manager.cc:647] Opened local filesystem: /tmp/dist-test-taskmg7jqI/test-tmp/auto_leader_rebalancer-test.0.LeaderRebalancerTest.FunctionalTestForDivided.1783599891620467-32200-0/minicluster-data/ts-1-root
uuid: "cbd643bf80714ba09eceb8cd7aed4008"
format_stamp: "Formatted at 2026-07-09 12:24:53 on dist-test-slave-120d"
I20260709 12:24:53.673669 32200 fs_report.cc:389] FS layout report
--------------------
wal directory: /tmp/dist-test-taskmg7jqI/test-tmp/auto_leader_rebalancer-test.0.LeaderRebalancerTest.FunctionalTestForDivided.1783599891620467-32200-0/minicluster-data/ts-1-root
metadata directory: /tmp/dist-test-taskmg7jqI/test-tmp/auto_leader_rebalancer-test.0.LeaderRebalancerTest.FunctionalTestForDivided.1783599891620467-32200-0/minicluster-data/ts-1-root
1 data directories: /tmp/dist-test-taskmg7jqI/test-tmp/auto_leader_rebalancer-test.0.LeaderRebalancerTest.FunctionalTestForDivided.1783599891620467-32200-0/minicluster-data/ts-1-root/data
Total live blocks: 0
Total live bytes: 0
Total live bytes (after alignment): 0
Total number of LBM containers: 0 (0 full)
Did not check for missing blocks
Did not check for orphaned blocks
Total full LBM containers with extra space: 0 (0 repaired)
Total full LBM container extra space in bytes: 0 (0 repaired)
Total incomplete LBM containers: 0 (0 repaired)
Total LBM partial records: 0 (0 repaired)
Total corrupted LBM metadata records in RocksDB: 0 (0 repaired)
I20260709 12:24:53.700783 32200 rpc_server.cc:225] running with OpenSSL 1.1.1  11 Sep 2018
I20260709 12:24:53.702564 32200 kserver.cc:163] Server-wide thread pool size limit: 3276
I20260709 12:24:53.705127 32200 txn_system_client.cc:432] TxnSystemClient initialization is disabled...
I20260709 12:24:53.708940 32200 ts_tablet_manager.cc:585] Loaded tablet metadata (0 total tablets, 0 live tablets)
I20260709 12:24:53.709241 32200 ts_tablet_manager.cc:531] Time spent load tablet metadata: real 0.000s	user 0.000s	sys 0.000s
I20260709 12:24:53.709563 32200 ts_tablet_manager.cc:616] Registered 0 tablets
I20260709 12:24:53.709775 32200 ts_tablet_manager.cc:595] Time spent register tablets: real 0.000s	user 0.000s	sys 0.000s
I20260709 12:24:53.796572 32200 rpc_server.cc:307] RPC server started. Bound to: 127.31.114.2:35451
I20260709 12:24:53.796808 32434 acceptor_pool.cc:272] collecting diagnostics on the listening RPC socket 127.31.114.2:35451 every 8 connection(s)
I20260709 12:24:53.808223 32200 file_cache.cc:504] Constructed file cache file cache with capacity 419430
W20260709 12:24:53.818426 32438 instance_detector.cc:116] could not retrieve AWS instance metadata: Network error: curl error: HTTP response code said error: The requested URL returned error: 404
W20260709 12:24:53.819375 32439 instance_detector.cc:116] could not retrieve Azure instance metadata: Network error: curl error: HTTP response code said error: The requested URL returned error: 404
I20260709 12:24:53.823480 32435 heartbeater.cc:344] Connected to a master server at 127.31.114.62:43921
I20260709 12:24:53.824082 32435 heartbeater.cc:461] Registering TS with master...
I20260709 12:24:53.825855 32435 heartbeater.cc:507] Master 127.31.114.62:43921 requested a full tablet report, sending...
I20260709 12:24:53.827075 32200 server_base.cc:1061] running on GCE node
W20260709 12:24:53.828660 32441 instance_detector.cc:116] could not retrieve OpenStack instance metadata: Network error: curl error: HTTP response code said error: The requested URL returned error: 404
I20260709 12:24:53.828915 32232 ts_manager.cc:194] Registered new tserver with Master: cbd643bf80714ba09eceb8cd7aed4008 (127.31.114.2:35451)
I20260709 12:24:53.829615 32200 hybrid_clock.cc:584] initializing the hybrid clock with 'system_unsync' time source
W20260709 12:24:53.829895 32200 system_unsync_time.cc:38] NTP support is disabled. Clock error bounds will not be accurate. This configuration is not suitable for distributed clusters.
I20260709 12:24:53.830157 32200 hybrid_clock.cc:648] HybridClock initialized: now 1783599893830137 us; error 0 us; skew 500 ppm
I20260709 12:24:53.830745 32200 server_base.cc:861] Flag tcmalloc_max_total_thread_cache_bytes is not working since tcmalloc is not enabled.
I20260709 12:24:53.830746 32232 master_service.cc:502] Signed X509 certificate for tserver {username='slave'} at 127.0.0.1:38258
I20260709 12:24:53.835522 32200 webserver.cc:533] Webserver started at http://127.31.114.3:35157/ using document root <none> and password file <none>
I20260709 12:24:53.836179 32200 fs_manager.cc:362] Metadata directory not provided
I20260709 12:24:53.836437 32200 fs_manager.cc:368] Using write-ahead log directory (fs_wal_dir) as metadata directory
I20260709 12:24:53.836778 32200 server_base.cc:909] This appears to be a new deployment of Kudu; creating new FS layout
I20260709 12:24:53.838097 32200 fs_manager.cc:1068] Generated new instance metadata in path /tmp/dist-test-taskmg7jqI/test-tmp/auto_leader_rebalancer-test.0.LeaderRebalancerTest.FunctionalTestForDivided.1783599891620467-32200-0/minicluster-data/ts-2-root/instance:
uuid: "5872574e4fba4ec1ae93a7545fddc038"
format_stamp: "Formatted at 2026-07-09 12:24:53 on dist-test-slave-120d"
I20260709 12:24:53.842972 32200 fs_manager.cc:696] Time spent creating directory manager: real 0.004s	user 0.001s	sys 0.003s
I20260709 12:24:53.846671 32446 log_block_manager.cc:4127] Time spent loading block containers with low live blocks: real 0.000s	user 0.000s	sys 0.000s
I20260709 12:24:53.847527 32200 fs_manager.cc:730] Time spent opening block manager: real 0.003s	user 0.001s	sys 0.002s
I20260709 12:24:53.847833 32200 fs_manager.cc:647] Opened local filesystem: /tmp/dist-test-taskmg7jqI/test-tmp/auto_leader_rebalancer-test.0.LeaderRebalancerTest.FunctionalTestForDivided.1783599891620467-32200-0/minicluster-data/ts-2-root
uuid: "5872574e4fba4ec1ae93a7545fddc038"
format_stamp: "Formatted at 2026-07-09 12:24:53 on dist-test-slave-120d"
I20260709 12:24:53.848129 32200 fs_report.cc:389] FS layout report
--------------------
wal directory: /tmp/dist-test-taskmg7jqI/test-tmp/auto_leader_rebalancer-test.0.LeaderRebalancerTest.FunctionalTestForDivided.1783599891620467-32200-0/minicluster-data/ts-2-root
metadata directory: /tmp/dist-test-taskmg7jqI/test-tmp/auto_leader_rebalancer-test.0.LeaderRebalancerTest.FunctionalTestForDivided.1783599891620467-32200-0/minicluster-data/ts-2-root
1 data directories: /tmp/dist-test-taskmg7jqI/test-tmp/auto_leader_rebalancer-test.0.LeaderRebalancerTest.FunctionalTestForDivided.1783599891620467-32200-0/minicluster-data/ts-2-root/data
Total live blocks: 0
Total live bytes: 0
Total live bytes (after alignment): 0
Total number of LBM containers: 0 (0 full)
Did not check for missing blocks
Did not check for orphaned blocks
Total full LBM containers with extra space: 0 (0 repaired)
Total full LBM container extra space in bytes: 0 (0 repaired)
Total incomplete LBM containers: 0 (0 repaired)
Total LBM partial records: 0 (0 repaired)
Total corrupted LBM metadata records in RocksDB: 0 (0 repaired)
I20260709 12:24:53.866257 32200 rpc_server.cc:225] running with OpenSSL 1.1.1  11 Sep 2018
I20260709 12:24:53.867547 32200 kserver.cc:163] Server-wide thread pool size limit: 3276
I20260709 12:24:53.869701 32200 txn_system_client.cc:432] TxnSystemClient initialization is disabled...
I20260709 12:24:53.873108 32200 ts_tablet_manager.cc:585] Loaded tablet metadata (0 total tablets, 0 live tablets)
I20260709 12:24:53.873346 32200 ts_tablet_manager.cc:531] Time spent load tablet metadata: real 0.000s	user 0.000s	sys 0.000s
I20260709 12:24:53.873582 32200 ts_tablet_manager.cc:616] Registered 0 tablets
I20260709 12:24:53.873756 32200 ts_tablet_manager.cc:595] Time spent register tablets: real 0.000s	user 0.000s	sys 0.000s
I20260709 12:24:53.972800 32200 rpc_server.cc:307] RPC server started. Bound to: 127.31.114.3:44693
I20260709 12:24:53.972975 32508 acceptor_pool.cc:272] collecting diagnostics on the listening RPC socket 127.31.114.3:44693 every 8 connection(s)
I20260709 12:24:53.991309 32509 heartbeater.cc:344] Connected to a master server at 127.31.114.62:43921
I20260709 12:24:53.991765 32509 heartbeater.cc:461] Registering TS with master...
I20260709 12:24:53.992638 32509 heartbeater.cc:507] Master 127.31.114.62:43921 requested a full tablet report, sending...
I20260709 12:24:53.995033 32232 ts_manager.cc:194] Registered new tserver with Master: 5872574e4fba4ec1ae93a7545fddc038 (127.31.114.3:44693)
I20260709 12:24:53.995355 32200 internal_mini_cluster.cc:371] 3 TS(s) registered with all masters after 0.018263068s
I20260709 12:24:53.996872 32232 master_service.cc:502] Signed X509 certificate for tserver {username='slave'} at 127.0.0.1:38266
I20260709 12:24:54.051211 32232 catalog_manager.cc:2283] Servicing CreateTable request from {username='slave'} at 127.0.0.1:38270:
name: "test-workload"
schema {
  columns {
    name: "key"
    type: INT32
    is_key: true
    is_nullable: false
    encoding: AUTO_ENCODING
    compression: DEFAULT_COMPRESSION
    cfile_block_size: 0
    immutable: false
  }
  columns {
    name: "int_val"
    type: INT32
    is_key: false
    is_nullable: false
    encoding: AUTO_ENCODING
    compression: DEFAULT_COMPRESSION
    cfile_block_size: 0
    immutable: false
  }
  columns {
    name: "string_val"
    type: STRING
    is_key: false
    is_nullable: true
    encoding: AUTO_ENCODING
    compression: DEFAULT_COMPRESSION
    cfile_block_size: 0
    immutable: false
  }
}
num_replicas: 3
split_rows_range_bounds {
  rows: "\004\001\000\216\3438\016\004\001\000\034\307q\034\004\001\000\252\252\252*\004\001\0008\216\3438\004\001\000\306q\034G\004\001\000TUUU\004\001\000\3428\216c\004\001\000p\034\307q""\004\001\000\216\3438\016\004\001\000\034\307q\034\004\001\000\252\252\252*\004\001\0008\216\3438\004\001\000\306q\034G\004\001\000TUUU\004\001\000\3428\216c\004\001\000p\034\307q"
  indirect_data: """"
}
partition_schema {
  range_schema {
    columns {
      name: "key"
    }
  }
}
W20260709 12:24:54.055065 32232 catalog_manager.cc:7077] The number of live tablet servers is not enough to re-replicate a tablet replica of the newly created table test-workload in case of a server failure: 4 tablet servers would be needed, 3 are available. Consider bringing up more tablet servers.
I20260709 12:24:54.199292 32474 tablet_service.cc:1511] Processing CreateTablet for tablet 26b02b62b5ec418cb3a81700e08acbd8 (DEFAULT_TABLE table=test-workload [id=44e2cac149c447c09059a36b526cdd5a]), partition=RANGE (key) PARTITION VALUES < 238609294
I20260709 12:24:54.202378 32470 tablet_service.cc:1511] Processing CreateTablet for tablet fd8299c31f474db99c225f8214ea6677 (DEFAULT_TABLE table=test-workload [id=44e2cac149c447c09059a36b526cdd5a]), partition=RANGE (key) PARTITION 954437176 <= VALUES < 1193046470
I20260709 12:24:54.206202 32473 tablet_service.cc:1511] Processing CreateTablet for tablet b3e7a38e030b4c13b0d52f3cc9740f0f (DEFAULT_TABLE table=test-workload [id=44e2cac149c447c09059a36b526cdd5a]), partition=RANGE (key) PARTITION 238609294 <= VALUES < 477218588
I20260709 12:24:54.203730 32471 tablet_service.cc:1511] Processing CreateTablet for tablet 4c4a806ce7de481f930f7e5bf0505a64 (DEFAULT_TABLE table=test-workload [id=44e2cac149c447c09059a36b526cdd5a]), partition=RANGE (key) PARTITION 715827882 <= VALUES < 954437176
I20260709 12:24:54.218772 32469 tablet_service.cc:1511] Processing CreateTablet for tablet c47fbec59d624d728b78e6515c2858c4 (DEFAULT_TABLE table=test-workload [id=44e2cac149c447c09059a36b526cdd5a]), partition=RANGE (key) PARTITION 1193046470 <= VALUES < 1431655764
I20260709 12:24:54.221403 32472 tablet_service.cc:1511] Processing CreateTablet for tablet c39c23ef290d4d898e638cc722ae5dcd (DEFAULT_TABLE table=test-workload [id=44e2cac149c447c09059a36b526cdd5a]), partition=RANGE (key) PARTITION 477218588 <= VALUES < 715827882
I20260709 12:24:54.220147 32325 tablet_service.cc:1511] Processing CreateTablet for tablet 26b02b62b5ec418cb3a81700e08acbd8 (DEFAULT_TABLE table=test-workload [id=44e2cac149c447c09059a36b526cdd5a]), partition=RANGE (key) PARTITION VALUES < 238609294
I20260709 12:24:54.222059 32474 data_dirs.cc:400] Could only allocate 1 dirs of requested 3 for tablet 26b02b62b5ec418cb3a81700e08acbd8. 1 dirs total, 0 dirs full, 0 dirs failed
I20260709 12:24:54.228008 32325 data_dirs.cc:400] Could only allocate 1 dirs of requested 3 for tablet 26b02b62b5ec418cb3a81700e08acbd8. 1 dirs total, 0 dirs full, 0 dirs failed
I20260709 12:24:54.229647 32473 data_dirs.cc:400] Could only allocate 1 dirs of requested 3 for tablet b3e7a38e030b4c13b0d52f3cc9740f0f. 1 dirs total, 0 dirs full, 0 dirs failed
I20260709 12:24:54.226482 32324 tablet_service.cc:1511] Processing CreateTablet for tablet b3e7a38e030b4c13b0d52f3cc9740f0f (DEFAULT_TABLE table=test-workload [id=44e2cac149c447c09059a36b526cdd5a]), partition=RANGE (key) PARTITION 238609294 <= VALUES < 477218588
I20260709 12:24:54.232563 32472 data_dirs.cc:400] Could only allocate 1 dirs of requested 3 for tablet c39c23ef290d4d898e638cc722ae5dcd. 1 dirs total, 0 dirs full, 0 dirs failed
I20260709 12:24:54.229589 32323 tablet_service.cc:1511] Processing CreateTablet for tablet c39c23ef290d4d898e638cc722ae5dcd (DEFAULT_TABLE table=test-workload [id=44e2cac149c447c09059a36b526cdd5a]), partition=RANGE (key) PARTITION 477218588 <= VALUES < 715827882
I20260709 12:24:54.236884 32320 tablet_service.cc:1511] Processing CreateTablet for tablet c47fbec59d624d728b78e6515c2858c4 (DEFAULT_TABLE table=test-workload [id=44e2cac149c447c09059a36b526cdd5a]), partition=RANGE (key) PARTITION 1193046470 <= VALUES < 1431655764
I20260709 12:24:54.240159 32471 data_dirs.cc:400] Could only allocate 1 dirs of requested 3 for tablet 4c4a806ce7de481f930f7e5bf0505a64. 1 dirs total, 0 dirs full, 0 dirs failed
I20260709 12:24:54.240973 32321 tablet_service.cc:1511] Processing CreateTablet for tablet fd8299c31f474db99c225f8214ea6677 (DEFAULT_TABLE table=test-workload [id=44e2cac149c447c09059a36b526cdd5a]), partition=RANGE (key) PARTITION 954437176 <= VALUES < 1193046470
I20260709 12:24:54.241550 32319 tablet_service.cc:1511] Processing CreateTablet for tablet afa720b49dd64a3299993411ff7e2a95 (DEFAULT_TABLE table=test-workload [id=44e2cac149c447c09059a36b526cdd5a]), partition=RANGE (key) PARTITION 1431655764 <= VALUES < 1670265058
I20260709 12:24:54.241240 32324 data_dirs.cc:400] Could only allocate 1 dirs of requested 3 for tablet b3e7a38e030b4c13b0d52f3cc9740f0f. 1 dirs total, 0 dirs full, 0 dirs failed
I20260709 12:24:54.237674 32322 tablet_service.cc:1511] Processing CreateTablet for tablet 4c4a806ce7de481f930f7e5bf0505a64 (DEFAULT_TABLE table=test-workload [id=44e2cac149c447c09059a36b526cdd5a]), partition=RANGE (key) PARTITION 715827882 <= VALUES < 954437176
I20260709 12:24:54.241811 32469 data_dirs.cc:400] Could only allocate 1 dirs of requested 3 for tablet c47fbec59d624d728b78e6515c2858c4. 1 dirs total, 0 dirs full, 0 dirs failed
I20260709 12:24:54.250947 32468 tablet_service.cc:1511] Processing CreateTablet for tablet afa720b49dd64a3299993411ff7e2a95 (DEFAULT_TABLE table=test-workload [id=44e2cac149c447c09059a36b526cdd5a]), partition=RANGE (key) PARTITION 1431655764 <= VALUES < 1670265058
I20260709 12:24:54.258486 32323 data_dirs.cc:400] Could only allocate 1 dirs of requested 3 for tablet c39c23ef290d4d898e638cc722ae5dcd. 1 dirs total, 0 dirs full, 0 dirs failed
I20260709 12:24:54.263715 32470 data_dirs.cc:400] Could only allocate 1 dirs of requested 3 for tablet fd8299c31f474db99c225f8214ea6677. 1 dirs total, 0 dirs full, 0 dirs failed
I20260709 12:24:54.264328 32318 tablet_service.cc:1511] Processing CreateTablet for tablet 6964e391c97a4049a9e1f5f0706e3ee5 (DEFAULT_TABLE table=test-workload [id=44e2cac149c447c09059a36b526cdd5a]), partition=RANGE (key) PARTITION 1670265058 <= VALUES < 1908874352
I20260709 12:24:54.266595 32320 data_dirs.cc:400] Could only allocate 1 dirs of requested 3 for tablet c47fbec59d624d728b78e6515c2858c4. 1 dirs total, 0 dirs full, 0 dirs failed
I20260709 12:24:54.269349 32468 data_dirs.cc:400] Could only allocate 1 dirs of requested 3 for tablet afa720b49dd64a3299993411ff7e2a95. 1 dirs total, 0 dirs full, 0 dirs failed
I20260709 12:24:54.274562 32318 data_dirs.cc:400] Could only allocate 1 dirs of requested 3 for tablet 6964e391c97a4049a9e1f5f0706e3ee5. 1 dirs total, 0 dirs full, 0 dirs failed
I20260709 12:24:54.290345 32322 data_dirs.cc:400] Could only allocate 1 dirs of requested 3 for tablet 4c4a806ce7de481f930f7e5bf0505a64. 1 dirs total, 0 dirs full, 0 dirs failed
I20260709 12:24:54.292052 32319 data_dirs.cc:400] Could only allocate 1 dirs of requested 3 for tablet afa720b49dd64a3299993411ff7e2a95. 1 dirs total, 0 dirs full, 0 dirs failed
I20260709 12:24:54.293180 32321 data_dirs.cc:400] Could only allocate 1 dirs of requested 3 for tablet fd8299c31f474db99c225f8214ea6677. 1 dirs total, 0 dirs full, 0 dirs failed
W20260709 12:24:54.308403 32279 auto_rebalancer.cc:288] Could not retrieve cluster info: Service unavailable: Tablet not running
I20260709 12:24:54.311574 32400 tablet_service.cc:1511] Processing CreateTablet for tablet 26b02b62b5ec418cb3a81700e08acbd8 (DEFAULT_TABLE table=test-workload [id=44e2cac149c447c09059a36b526cdd5a]), partition=RANGE (key) PARTITION VALUES < 238609294
I20260709 12:24:54.320222 32399 tablet_service.cc:1511] Processing CreateTablet for tablet b3e7a38e030b4c13b0d52f3cc9740f0f (DEFAULT_TABLE table=test-workload [id=44e2cac149c447c09059a36b526cdd5a]), partition=RANGE (key) PARTITION 238609294 <= VALUES < 477218588
I20260709 12:24:54.371708 32397 tablet_service.cc:1511] Processing CreateTablet for tablet 4c4a806ce7de481f930f7e5bf0505a64 (DEFAULT_TABLE table=test-workload [id=44e2cac149c447c09059a36b526cdd5a]), partition=RANGE (key) PARTITION 715827882 <= VALUES < 954437176
I20260709 12:24:54.350063 32395 tablet_service.cc:1511] Processing CreateTablet for tablet c47fbec59d624d728b78e6515c2858c4 (DEFAULT_TABLE table=test-workload [id=44e2cac149c447c09059a36b526cdd5a]), partition=RANGE (key) PARTITION 1193046470 <= VALUES < 1431655764
I20260709 12:24:54.375617 32396 tablet_service.cc:1511] Processing CreateTablet for tablet fd8299c31f474db99c225f8214ea6677 (DEFAULT_TABLE table=test-workload [id=44e2cac149c447c09059a36b526cdd5a]), partition=RANGE (key) PARTITION 954437176 <= VALUES < 1193046470
I20260709 12:24:54.376430 32400 data_dirs.cc:400] Could only allocate 1 dirs of requested 3 for tablet 26b02b62b5ec418cb3a81700e08acbd8. 1 dirs total, 0 dirs full, 0 dirs failed
I20260709 12:24:54.379050 32398 tablet_service.cc:1511] Processing CreateTablet for tablet c39c23ef290d4d898e638cc722ae5dcd (DEFAULT_TABLE table=test-workload [id=44e2cac149c447c09059a36b526cdd5a]), partition=RANGE (key) PARTITION 477218588 <= VALUES < 715827882
I20260709 12:24:54.389952 32395 data_dirs.cc:400] Could only allocate 1 dirs of requested 3 for tablet c47fbec59d624d728b78e6515c2858c4. 1 dirs total, 0 dirs full, 0 dirs failed
I20260709 12:24:54.389724 32393 tablet_service.cc:1511] Processing CreateTablet for tablet 6964e391c97a4049a9e1f5f0706e3ee5 (DEFAULT_TABLE table=test-workload [id=44e2cac149c447c09059a36b526cdd5a]), partition=RANGE (key) PARTITION 1670265058 <= VALUES < 1908874352
I20260709 12:24:54.389780 32394 tablet_service.cc:1511] Processing CreateTablet for tablet afa720b49dd64a3299993411ff7e2a95 (DEFAULT_TABLE table=test-workload [id=44e2cac149c447c09059a36b526cdd5a]), partition=RANGE (key) PARTITION 1431655764 <= VALUES < 1670265058
I20260709 12:24:54.395462 32467 tablet_service.cc:1511] Processing CreateTablet for tablet 6964e391c97a4049a9e1f5f0706e3ee5 (DEFAULT_TABLE table=test-workload [id=44e2cac149c447c09059a36b526cdd5a]), partition=RANGE (key) PARTITION 1670265058 <= VALUES < 1908874352
I20260709 12:24:54.400199 32467 data_dirs.cc:400] Could only allocate 1 dirs of requested 3 for tablet 6964e391c97a4049a9e1f5f0706e3ee5. 1 dirs total, 0 dirs full, 0 dirs failed
I20260709 12:24:54.401886 32396 data_dirs.cc:400] Could only allocate 1 dirs of requested 3 for tablet fd8299c31f474db99c225f8214ea6677. 1 dirs total, 0 dirs full, 0 dirs failed
I20260709 12:24:54.418169 32398 data_dirs.cc:400] Could only allocate 1 dirs of requested 3 for tablet c39c23ef290d4d898e638cc722ae5dcd. 1 dirs total, 0 dirs full, 0 dirs failed
I20260709 12:24:54.419456 32394 data_dirs.cc:400] Could only allocate 1 dirs of requested 3 for tablet afa720b49dd64a3299993411ff7e2a95. 1 dirs total, 0 dirs full, 0 dirs failed
I20260709 12:24:54.423648 32393 data_dirs.cc:400] Could only allocate 1 dirs of requested 3 for tablet 6964e391c97a4049a9e1f5f0706e3ee5. 1 dirs total, 0 dirs full, 0 dirs failed
I20260709 12:24:54.428656 32317 tablet_service.cc:1511] Processing CreateTablet for tablet cd0363ca2ecc4d0aba9e48794b763ab1 (DEFAULT_TABLE table=test-workload [id=44e2cac149c447c09059a36b526cdd5a]), partition=RANGE (key) PARTITION 1908874352 <= VALUES
I20260709 12:24:54.431120 32399 data_dirs.cc:400] Could only allocate 1 dirs of requested 3 for tablet b3e7a38e030b4c13b0d52f3cc9740f0f. 1 dirs total, 0 dirs full, 0 dirs failed
I20260709 12:24:54.434167 32317 data_dirs.cc:400] Could only allocate 1 dirs of requested 3 for tablet cd0363ca2ecc4d0aba9e48794b763ab1. 1 dirs total, 0 dirs full, 0 dirs failed
I20260709 12:24:54.446220 32397 data_dirs.cc:400] Could only allocate 1 dirs of requested 3 for tablet 4c4a806ce7de481f930f7e5bf0505a64. 1 dirs total, 0 dirs full, 0 dirs failed
I20260709 12:24:54.447439 32392 tablet_service.cc:1511] Processing CreateTablet for tablet cd0363ca2ecc4d0aba9e48794b763ab1 (DEFAULT_TABLE table=test-workload [id=44e2cac149c447c09059a36b526cdd5a]), partition=RANGE (key) PARTITION 1908874352 <= VALUES
I20260709 12:24:54.456297 32466 tablet_service.cc:1511] Processing CreateTablet for tablet cd0363ca2ecc4d0aba9e48794b763ab1 (DEFAULT_TABLE table=test-workload [id=44e2cac149c447c09059a36b526cdd5a]), partition=RANGE (key) PARTITION 1908874352 <= VALUES
I20260709 12:24:54.456931 32392 data_dirs.cc:400] Could only allocate 1 dirs of requested 3 for tablet cd0363ca2ecc4d0aba9e48794b763ab1. 1 dirs total, 0 dirs full, 0 dirs failed
I20260709 12:24:54.463076 32466 data_dirs.cc:400] Could only allocate 1 dirs of requested 3 for tablet cd0363ca2ecc4d0aba9e48794b763ab1. 1 dirs total, 0 dirs full, 0 dirs failed
I20260709 12:24:54.602957 32527 tablet_bootstrap.cc:492] T b3e7a38e030b4c13b0d52f3cc9740f0f P 5872574e4fba4ec1ae93a7545fddc038: Bootstrap starting.
I20260709 12:24:54.610105 32528 tablet_bootstrap.cc:492] T 26b02b62b5ec418cb3a81700e08acbd8 P cbd643bf80714ba09eceb8cd7aed4008: Bootstrap starting.
I20260709 12:24:54.646011 32529 tablet_bootstrap.cc:492] T 6964e391c97a4049a9e1f5f0706e3ee5 P 43f7b129c5cd4f52afc84e7fcacc0965: Bootstrap starting.
I20260709 12:24:54.653754 32527 tablet_bootstrap.cc:654] T b3e7a38e030b4c13b0d52f3cc9740f0f P 5872574e4fba4ec1ae93a7545fddc038: Neither blocks nor log segments found. Creating new log.
I20260709 12:24:54.663730 32528 tablet_bootstrap.cc:654] T 26b02b62b5ec418cb3a81700e08acbd8 P cbd643bf80714ba09eceb8cd7aed4008: Neither blocks nor log segments found. Creating new log.
I20260709 12:24:54.667285 32360 heartbeater.cc:499] Master 127.31.114.62:43921 was elected leader, sending a full tablet report...
I20260709 12:24:54.670993 32529 tablet_bootstrap.cc:654] T 6964e391c97a4049a9e1f5f0706e3ee5 P 43f7b129c5cd4f52afc84e7fcacc0965: Neither blocks nor log segments found. Creating new log.
I20260709 12:24:54.673290 32527 tablet_bootstrap.cc:492] T b3e7a38e030b4c13b0d52f3cc9740f0f P 5872574e4fba4ec1ae93a7545fddc038: No bootstrap required, opened a new log
I20260709 12:24:54.673939 32527 ts_tablet_manager.cc:1403] T b3e7a38e030b4c13b0d52f3cc9740f0f P 5872574e4fba4ec1ae93a7545fddc038: Time spent bootstrapping tablet: real 0.096s	user 0.010s	sys 0.011s
I20260709 12:24:54.677129 32527 raft_consensus.cc:359] T b3e7a38e030b4c13b0d52f3cc9740f0f P 5872574e4fba4ec1ae93a7545fddc038 [term 0 FOLLOWER]: Replica starting. Triggering 0 pending ops. Active config: opid_index: -1 OBSOLETE_local: false peers { permanent_uuid: "43f7b129c5cd4f52afc84e7fcacc0965" member_type: VOTER last_known_addr { host: "127.31.114.1" port: 40227 } } peers { permanent_uuid: "cbd643bf80714ba09eceb8cd7aed4008" member_type: VOTER last_known_addr { host: "127.31.114.2" port: 35451 } } peers { permanent_uuid: "5872574e4fba4ec1ae93a7545fddc038" member_type: VOTER last_known_addr { host: "127.31.114.3" port: 44693 } }
I20260709 12:24:54.678139 32527 raft_consensus.cc:385] T b3e7a38e030b4c13b0d52f3cc9740f0f P 5872574e4fba4ec1ae93a7545fddc038 [term 0 FOLLOWER]: Consensus starting up: Expiring failure detector timer to make a prompt election more likely
I20260709 12:24:54.678512 32527 raft_consensus.cc:740] T b3e7a38e030b4c13b0d52f3cc9740f0f P 5872574e4fba4ec1ae93a7545fddc038 [term 0 FOLLOWER]: Becoming Follower/Learner. State: Replica: 5872574e4fba4ec1ae93a7545fddc038, State: Initialized, Role: FOLLOWER
I20260709 12:24:54.679396 32527 consensus_queue.cc:260] T b3e7a38e030b4c13b0d52f3cc9740f0f P 5872574e4fba4ec1ae93a7545fddc038 [NON_LEADER]: Queue going to NON_LEADER mode. State: All replicated index: 0, Majority replicated index: 0, Committed index: 0, Last appended: 0.0, Last appended by leader: 0, Current term: 0, Majority size: -1, State: 0, Mode: NON_LEADER, active raft config: opid_index: -1 OBSOLETE_local: false peers { permanent_uuid: "43f7b129c5cd4f52afc84e7fcacc0965" member_type: VOTER last_known_addr { host: "127.31.114.1" port: 40227 } } peers { permanent_uuid: "cbd643bf80714ba09eceb8cd7aed4008" member_type: VOTER last_known_addr { host: "127.31.114.2" port: 35451 } } peers { permanent_uuid: "5872574e4fba4ec1ae93a7545fddc038" member_type: VOTER last_known_addr { host: "127.31.114.3" port: 44693 } }
I20260709 12:24:54.687837 32509 heartbeater.cc:499] Master 127.31.114.62:43921 was elected leader, sending a full tablet report...
I20260709 12:24:54.689139 32527 ts_tablet_manager.cc:1434] T b3e7a38e030b4c13b0d52f3cc9740f0f P 5872574e4fba4ec1ae93a7545fddc038: Time spent starting tablet: real 0.015s	user 0.001s	sys 0.011s
I20260709 12:24:54.690409 32527 tablet_bootstrap.cc:492] T c39c23ef290d4d898e638cc722ae5dcd P 5872574e4fba4ec1ae93a7545fddc038: Bootstrap starting.
I20260709 12:24:54.693226 32529 tablet_bootstrap.cc:492] T 6964e391c97a4049a9e1f5f0706e3ee5 P 43f7b129c5cd4f52afc84e7fcacc0965: No bootstrap required, opened a new log
I20260709 12:24:54.693764 32529 ts_tablet_manager.cc:1403] T 6964e391c97a4049a9e1f5f0706e3ee5 P 43f7b129c5cd4f52afc84e7fcacc0965: Time spent bootstrapping tablet: real 0.059s	user 0.006s	sys 0.013s
I20260709 12:24:54.697088 32528 tablet_bootstrap.cc:492] T 26b02b62b5ec418cb3a81700e08acbd8 P cbd643bf80714ba09eceb8cd7aed4008: No bootstrap required, opened a new log
I20260709 12:24:54.697613 32528 ts_tablet_manager.cc:1403] T 26b02b62b5ec418cb3a81700e08acbd8 P cbd643bf80714ba09eceb8cd7aed4008: Time spent bootstrapping tablet: real 0.101s	user 0.014s	sys 0.010s
I20260709 12:24:54.700735 32528 raft_consensus.cc:359] T 26b02b62b5ec418cb3a81700e08acbd8 P cbd643bf80714ba09eceb8cd7aed4008 [term 0 FOLLOWER]: Replica starting. Triggering 0 pending ops. Active config: opid_index: -1 OBSOLETE_local: false peers { permanent_uuid: "cbd643bf80714ba09eceb8cd7aed4008" member_type: VOTER last_known_addr { host: "127.31.114.2" port: 35451 } } peers { permanent_uuid: "5872574e4fba4ec1ae93a7545fddc038" member_type: VOTER last_known_addr { host: "127.31.114.3" port: 44693 } } peers { permanent_uuid: "43f7b129c5cd4f52afc84e7fcacc0965" member_type: VOTER last_known_addr { host: "127.31.114.1" port: 40227 } }
I20260709 12:24:54.702036 32528 raft_consensus.cc:385] T 26b02b62b5ec418cb3a81700e08acbd8 P cbd643bf80714ba09eceb8cd7aed4008 [term 0 FOLLOWER]: Consensus starting up: Expiring failure detector timer to make a prompt election more likely
I20260709 12:24:54.697857 32529 raft_consensus.cc:359] T 6964e391c97a4049a9e1f5f0706e3ee5 P 43f7b129c5cd4f52afc84e7fcacc0965 [term 0 FOLLOWER]: Replica starting. Triggering 0 pending ops. Active config: opid_index: -1 OBSOLETE_local: false peers { permanent_uuid: "43f7b129c5cd4f52afc84e7fcacc0965" member_type: VOTER last_known_addr { host: "127.31.114.1" port: 40227 } } peers { permanent_uuid: "cbd643bf80714ba09eceb8cd7aed4008" member_type: VOTER last_known_addr { host: "127.31.114.2" port: 35451 } } peers { permanent_uuid: "5872574e4fba4ec1ae93a7545fddc038" member_type: VOTER last_known_addr { host: "127.31.114.3" port: 44693 } }
I20260709 12:24:54.702520 32527 tablet_bootstrap.cc:654] T c39c23ef290d4d898e638cc722ae5dcd P 5872574e4fba4ec1ae93a7545fddc038: Neither blocks nor log segments found. Creating new log.
I20260709 12:24:54.702646 32529 raft_consensus.cc:385] T 6964e391c97a4049a9e1f5f0706e3ee5 P 43f7b129c5cd4f52afc84e7fcacc0965 [term 0 FOLLOWER]: Consensus starting up: Expiring failure detector timer to make a prompt election more likely
I20260709 12:24:54.703030 32529 raft_consensus.cc:740] T 6964e391c97a4049a9e1f5f0706e3ee5 P 43f7b129c5cd4f52afc84e7fcacc0965 [term 0 FOLLOWER]: Becoming Follower/Learner. State: Replica: 43f7b129c5cd4f52afc84e7fcacc0965, State: Initialized, Role: FOLLOWER
