I20260709 12:25:54.437817 12888 consensus_queue.cc:237] T 61a69d7d926041bd88ae4ed77d5e5555 P 461eb8922b0b404a82e7bf75bc2b3fcb [LEADER]: Queue going to LEADER mode. State: All replicated index: 0, Majority replicated index: 0, Committed index: 0, Last appended: 0.0, Last appended by leader: 0, Current term: 1, Majority size: 2, State: 0, Mode: LEADER, active raft config: opid_index: -1 OBSOLETE_local: false peers { permanent_uuid: "62ad71d3b4e74b4aaaa72f1349f50e15" member_type: VOTER last_known_addr { host: "127.11.51.65" port: 43967 } } peers { permanent_uuid: "461eb8922b0b404a82e7bf75bc2b3fcb" member_type: VOTER last_known_addr { host: "127.11.51.66" port: 41417 } } peers { permanent_uuid: "7fce8328d76243a089e54203a158b35a" member_type: VOTER last_known_addr { host: "127.11.51.67" port: 45525 } }
I20260709 12:25:54.433542 12858 consensus_queue.cc:237] T 1d635eed90d640a2bfdb2d5f02ddec61 P 7fce8328d76243a089e54203a158b35a [LEADER]: Queue going to LEADER mode. State: All replicated index: 0, Majority replicated index: 0, Committed index: 0, Last appended: 0.0, Last appended by leader: 0, Current term: 1, Majority size: 2, State: 0, Mode: LEADER, active raft config: opid_index: -1 OBSOLETE_local: false peers { permanent_uuid: "62ad71d3b4e74b4aaaa72f1349f50e15" member_type: VOTER last_known_addr { host: "127.11.51.65" port: 43967 } } peers { permanent_uuid: "461eb8922b0b404a82e7bf75bc2b3fcb" member_type: VOTER last_known_addr { host: "127.11.51.66" port: 41417 } } peers { permanent_uuid: "7fce8328d76243a089e54203a158b35a" member_type: VOTER last_known_addr { host: "127.11.51.67" port: 45525 } }
I20260709 12:25:54.445027 12833 raft_consensus.cc:359] T ffe1e0317e7544fca3ce7bbaae990ecf P 461eb8922b0b404a82e7bf75bc2b3fcb [term 0 FOLLOWER]: Replica starting. Triggering 0 pending ops. Active config: opid_index: -1 OBSOLETE_local: false peers { permanent_uuid: "62ad71d3b4e74b4aaaa72f1349f50e15" member_type: VOTER last_known_addr { host: "127.11.51.65" port: 43967 } } peers { permanent_uuid: "461eb8922b0b404a82e7bf75bc2b3fcb" member_type: VOTER last_known_addr { host: "127.11.51.66" port: 41417 } } peers { permanent_uuid: "7fce8328d76243a089e54203a158b35a" member_type: VOTER last_known_addr { host: "127.11.51.67" port: 45525 } }
I20260709 12:25:54.446697 12915 raft_consensus.cc:493] T c844ba01c1c1467782d2eac67c859b44 P 62ad71d3b4e74b4aaaa72f1349f50e15 [term 0 FOLLOWER]: Starting pre-election (no leader contacted us within the election timeout)
I20260709 12:25:54.447579 12833 raft_consensus.cc:385] T ffe1e0317e7544fca3ce7bbaae990ecf P 461eb8922b0b404a82e7bf75bc2b3fcb [term 0 FOLLOWER]: Consensus starting up: Expiring failure detector timer to make a prompt election more likely
I20260709 12:25:54.448022 12833 raft_consensus.cc:740] T ffe1e0317e7544fca3ce7bbaae990ecf P 461eb8922b0b404a82e7bf75bc2b3fcb [term 0 FOLLOWER]: Becoming Follower/Learner. State: Replica: 461eb8922b0b404a82e7bf75bc2b3fcb, State: Initialized, Role: FOLLOWER
I20260709 12:25:54.447701 12915 raft_consensus.cc:515] T c844ba01c1c1467782d2eac67c859b44 P 62ad71d3b4e74b4aaaa72f1349f50e15 [term 0 FOLLOWER]: Starting pre-election with config: opid_index: -1 OBSOLETE_local: false peers { permanent_uuid: "62ad71d3b4e74b4aaaa72f1349f50e15" member_type: VOTER last_known_addr { host: "127.11.51.65" port: 43967 } } peers { permanent_uuid: "461eb8922b0b404a82e7bf75bc2b3fcb" member_type: VOTER last_known_addr { host: "127.11.51.66" port: 41417 } } peers { permanent_uuid: "7fce8328d76243a089e54203a158b35a" member_type: VOTER last_known_addr { host: "127.11.51.67" port: 45525 } }
I20260709 12:25:54.449352 12833 consensus_queue.cc:260] T ffe1e0317e7544fca3ce7bbaae990ecf P 461eb8922b0b404a82e7bf75bc2b3fcb [NON_LEADER]: Queue going to NON_LEADER mode. State: All replicated index: 0, Majority replicated index: 0, Committed index: 0, Last appended: 0.0, Last appended by leader: 0, Current term: 0, Majority size: -1, State: 0, Mode: NON_LEADER, active raft config: opid_index: -1 OBSOLETE_local: false peers { permanent_uuid: "62ad71d3b4e74b4aaaa72f1349f50e15" member_type: VOTER last_known_addr { host: "127.11.51.65" port: 43967 } } peers { permanent_uuid: "461eb8922b0b404a82e7bf75bc2b3fcb" member_type: VOTER last_known_addr { host: "127.11.51.66" port: 41417 } } peers { permanent_uuid: "7fce8328d76243a089e54203a158b35a" member_type: VOTER last_known_addr { host: "127.11.51.67" port: 45525 } }
I20260709 12:25:54.451944 12833 ts_tablet_manager.cc:1434] T ffe1e0317e7544fca3ce7bbaae990ecf P 461eb8922b0b404a82e7bf75bc2b3fcb: Time spent starting tablet: real 0.033s	user 0.006s	sys 0.000s
I20260709 12:25:54.452688 12915 leader_election.cc:290] T c844ba01c1c1467782d2eac67c859b44 P 62ad71d3b4e74b4aaaa72f1349f50e15 [CANDIDATE]: Term 1 pre-election: Requested pre-vote from peers 461eb8922b0b404a82e7bf75bc2b3fcb (127.11.51.66:41417), 7fce8328d76243a089e54203a158b35a (127.11.51.67:45525)
I20260709 12:25:54.452888 12718 tablet_service.cc:1917] Received RequestConsensusVote() RPC: tablet_id: "c844ba01c1c1467782d2eac67c859b44" candidate_uuid: "62ad71d3b4e74b4aaaa72f1349f50e15" candidate_term: 1 candidate_status { last_received { term: 0 index: 0 } } ignore_live_leader: false dest_uuid: "461eb8922b0b404a82e7bf75bc2b3fcb" is_pre_election: true
I20260709 12:25:54.453243 12833 tablet_bootstrap.cc:492] T 9eb2efbbd6b34f93b95647906f0b2dd2 P 461eb8922b0b404a82e7bf75bc2b3fcb: Bootstrap starting.
I20260709 12:25:54.453529 12791 tablet_service.cc:1917] Received RequestConsensusVote() RPC: tablet_id: "c844ba01c1c1467782d2eac67c859b44" candidate_uuid: "62ad71d3b4e74b4aaaa72f1349f50e15" candidate_term: 1 candidate_status { last_received { term: 0 index: 0 } } ignore_live_leader: false dest_uuid: "7fce8328d76243a089e54203a158b35a" is_pre_election: true
W20260709 12:25:54.454396 12607 leader_election.cc:343] T c844ba01c1c1467782d2eac67c859b44 P 62ad71d3b4e74b4aaaa72f1349f50e15 [CANDIDATE]: Term 1 pre-election: Tablet error from VoteRequest() call to peer 461eb8922b0b404a82e7bf75bc2b3fcb (127.11.51.66:41417): Illegal state: must be running to vote when last-logged opid is not known
W20260709 12:25:54.454875 12605 leader_election.cc:343] T c844ba01c1c1467782d2eac67c859b44 P 62ad71d3b4e74b4aaaa72f1349f50e15 [CANDIDATE]: Term 1 pre-election: Tablet error from VoteRequest() call to peer 7fce8328d76243a089e54203a158b35a (127.11.51.67:45525): Illegal state: must be running to vote when last-logged opid is not known
I20260709 12:25:54.455374 12605 leader_election.cc:304] T c844ba01c1c1467782d2eac67c859b44 P 62ad71d3b4e74b4aaaa72f1349f50e15 [CANDIDATE]: Term 1 pre-election: Election decided. Result: candidate lost. Election summary: received 3 responses out of 3 voters: 1 yes votes; 2 no votes. yes voters: 62ad71d3b4e74b4aaaa72f1349f50e15; no voters: 461eb8922b0b404a82e7bf75bc2b3fcb, 7fce8328d76243a089e54203a158b35a
I20260709 12:25:54.456527 12915 raft_consensus.cc:2749] T c844ba01c1c1467782d2eac67c859b44 P 62ad71d3b4e74b4aaaa72f1349f50e15 [term 0 FOLLOWER]: Leader pre-election lost for term 1. Reason: could not achieve majority
I20260709 12:25:54.460973 12833 tablet_bootstrap.cc:654] T 9eb2efbbd6b34f93b95647906f0b2dd2 P 461eb8922b0b404a82e7bf75bc2b3fcb: Neither blocks nor log segments found. Creating new log.
I20260709 12:25:54.463292 12832 tablet_bootstrap.cc:654] T ad74fd3699ff4ebbbe160e60421b86e9 P 62ad71d3b4e74b4aaaa72f1349f50e15: Neither blocks nor log segments found. Creating new log.
I20260709 12:25:54.461851 12537 catalog_manager.cc:5697] T 1d635eed90d640a2bfdb2d5f02ddec61 P 7fce8328d76243a089e54203a158b35a reported cstate change: term changed from 0 to 1, leader changed from <none> to 7fce8328d76243a089e54203a158b35a (127.11.51.67). New cstate: current_term: 1 leader_uuid: "7fce8328d76243a089e54203a158b35a" committed_config { opid_index: -1 OBSOLETE_local: false peers { permanent_uuid: "62ad71d3b4e74b4aaaa72f1349f50e15" member_type: VOTER last_known_addr { host: "127.11.51.65" port: 43967 } health_report { overall_health: UNKNOWN } } peers { permanent_uuid: "461eb8922b0b404a82e7bf75bc2b3fcb" member_type: VOTER last_known_addr { host: "127.11.51.66" port: 41417 } health_report { overall_health: UNKNOWN } } peers { permanent_uuid: "7fce8328d76243a089e54203a158b35a" member_type: VOTER last_known_addr { host: "127.11.51.67" port: 45525 } health_report { overall_health: HEALTHY } } }
W20260709 12:25:54.473732 12755 consensus_peers.cc:597] T ad74fd3699ff4ebbbe160e60421b86e9 P 7fce8328d76243a089e54203a158b35a -> Peer 62ad71d3b4e74b4aaaa72f1349f50e15 (127.11.51.65:43967): Couldn't send request to peer 62ad71d3b4e74b4aaaa72f1349f50e15. Error code: TABLET_NOT_RUNNING (12). Status: Illegal state: Tablet not RUNNING: BOOTSTRAPPING. This is attempt 1: this message will repeat every 5th retry.
I20260709 12:25:54.476585 12832 tablet_bootstrap.cc:492] T ad74fd3699ff4ebbbe160e60421b86e9 P 62ad71d3b4e74b4aaaa72f1349f50e15: No bootstrap required, opened a new log
I20260709 12:25:54.477077 12832 ts_tablet_manager.cc:1403] T ad74fd3699ff4ebbbe160e60421b86e9 P 62ad71d3b4e74b4aaaa72f1349f50e15: Time spent bootstrapping tablet: real 0.039s	user 0.005s	sys 0.008s
I20260709 12:25:54.478349 12915 raft_consensus.cc:493] T 6e9264f9172b4d1fb6181f2d0625c47f P 62ad71d3b4e74b4aaaa72f1349f50e15 [term 0 FOLLOWER]: Starting pre-election (no leader contacted us within the election timeout)
I20260709 12:25:54.478852 12915 raft_consensus.cc:515] T 6e9264f9172b4d1fb6181f2d0625c47f P 62ad71d3b4e74b4aaaa72f1349f50e15 [term 0 FOLLOWER]: Starting pre-election with config: opid_index: -1 OBSOLETE_local: false peers { permanent_uuid: "62ad71d3b4e74b4aaaa72f1349f50e15" member_type: VOTER last_known_addr { host: "127.11.51.65" port: 43967 } } peers { permanent_uuid: "461eb8922b0b404a82e7bf75bc2b3fcb" member_type: VOTER last_known_addr { host: "127.11.51.66" port: 41417 } } peers { permanent_uuid: "7fce8328d76243a089e54203a158b35a" member_type: VOTER last_known_addr { host: "127.11.51.67" port: 45525 } }
I20260709 12:25:54.481091 12915 leader_election.cc:290] T 6e9264f9172b4d1fb6181f2d0625c47f P 62ad71d3b4e74b4aaaa72f1349f50e15 [CANDIDATE]: Term 1 pre-election: Requested pre-vote from peers 461eb8922b0b404a82e7bf75bc2b3fcb (127.11.51.66:41417), 7fce8328d76243a089e54203a158b35a (127.11.51.67:45525)
I20260709 12:25:54.483227 12791 tablet_service.cc:1917] Received RequestConsensusVote() RPC: tablet_id: "6e9264f9172b4d1fb6181f2d0625c47f" candidate_uuid: "62ad71d3b4e74b4aaaa72f1349f50e15" candidate_term: 1 candidate_status { last_received { term: 0 index: 0 } } ignore_live_leader: false dest_uuid: "7fce8328d76243a089e54203a158b35a" is_pre_election: true
I20260709 12:25:54.484691 12716 tablet_service.cc:1917] Received RequestConsensusVote() RPC: tablet_id: "6e9264f9172b4d1fb6181f2d0625c47f" candidate_uuid: "62ad71d3b4e74b4aaaa72f1349f50e15" candidate_term: 1 candidate_status { last_received { term: 0 index: 0 } } ignore_live_leader: false dest_uuid: "461eb8922b0b404a82e7bf75bc2b3fcb" is_pre_election: true
I20260709 12:25:54.485445 12716 raft_consensus.cc:2393] T 6e9264f9172b4d1fb6181f2d0625c47f P 461eb8922b0b404a82e7bf75bc2b3fcb [term 1 FOLLOWER]: Leader pre-election vote request: Denying vote to candidate 62ad71d3b4e74b4aaaa72f1349f50e15 in current term 1: Already voted for candidate 7fce8328d76243a089e54203a158b35a in this term.
I20260709 12:25:54.486596 12607 leader_election.cc:304] T 6e9264f9172b4d1fb6181f2d0625c47f P 62ad71d3b4e74b4aaaa72f1349f50e15 [CANDIDATE]: Term 1 pre-election: Election decided. Result: candidate lost. Election summary: received 3 responses out of 3 voters: 1 yes votes; 2 no votes. yes voters: 62ad71d3b4e74b4aaaa72f1349f50e15; no voters: 461eb8922b0b404a82e7bf75bc2b3fcb, 7fce8328d76243a089e54203a158b35a
I20260709 12:25:54.488022 12833 tablet_bootstrap.cc:492] T 9eb2efbbd6b34f93b95647906f0b2dd2 P 461eb8922b0b404a82e7bf75bc2b3fcb: No bootstrap required, opened a new log
I20260709 12:25:54.487890 12832 raft_consensus.cc:359] T ad74fd3699ff4ebbbe160e60421b86e9 P 62ad71d3b4e74b4aaaa72f1349f50e15 [term 0 FOLLOWER]: Replica starting. Triggering 0 pending ops. Active config: opid_index: -1 OBSOLETE_local: false peers { permanent_uuid: "62ad71d3b4e74b4aaaa72f1349f50e15" member_type: VOTER last_known_addr { host: "127.11.51.65" port: 43967 } } peers { permanent_uuid: "461eb8922b0b404a82e7bf75bc2b3fcb" member_type: VOTER last_known_addr { host: "127.11.51.66" port: 41417 } } peers { permanent_uuid: "7fce8328d76243a089e54203a158b35a" member_type: VOTER last_known_addr { host: "127.11.51.67" port: 45525 } }
I20260709 12:25:54.488464 12833 ts_tablet_manager.cc:1403] T 9eb2efbbd6b34f93b95647906f0b2dd2 P 461eb8922b0b404a82e7bf75bc2b3fcb: Time spent bootstrapping tablet: real 0.036s	user 0.019s	sys 0.003s
I20260709 12:25:54.488613 12832 raft_consensus.cc:385] T ad74fd3699ff4ebbbe160e60421b86e9 P 62ad71d3b4e74b4aaaa72f1349f50e15 [term 0 FOLLOWER]: Consensus starting up: Expiring failure detector timer to make a prompt election more likely
I20260709 12:25:54.488925 12832 raft_consensus.cc:740] T ad74fd3699ff4ebbbe160e60421b86e9 P 62ad71d3b4e74b4aaaa72f1349f50e15 [term 0 FOLLOWER]: Becoming Follower/Learner. State: Replica: 62ad71d3b4e74b4aaaa72f1349f50e15, State: Initialized, Role: FOLLOWER
I20260709 12:25:54.489698 12832 consensus_queue.cc:260] T ad74fd3699ff4ebbbe160e60421b86e9 P 62ad71d3b4e74b4aaaa72f1349f50e15 [NON_LEADER]: Queue going to NON_LEADER mode. State: All replicated index: 0, Majority replicated index: 0, Committed index: 0, Last appended: 0.0, Last appended by leader: 0, Current term: 0, Majority size: -1, State: 0, Mode: NON_LEADER, active raft config: opid_index: -1 OBSOLETE_local: false peers { permanent_uuid: "62ad71d3b4e74b4aaaa72f1349f50e15" member_type: VOTER last_known_addr { host: "127.11.51.65" port: 43967 } } peers { permanent_uuid: "461eb8922b0b404a82e7bf75bc2b3fcb" member_type: VOTER last_known_addr { host: "127.11.51.66" port: 41417 } } peers { permanent_uuid: "7fce8328d76243a089e54203a158b35a" member_type: VOTER last_known_addr { host: "127.11.51.67" port: 45525 } }
I20260709 12:25:54.490659 12846 raft_consensus.cc:3060] T 6e9264f9172b4d1fb6181f2d0625c47f P 62ad71d3b4e74b4aaaa72f1349f50e15 [term 0 FOLLOWER]: Advancing to term 1
I20260709 12:25:54.490972 12833 raft_consensus.cc:359] T 9eb2efbbd6b34f93b95647906f0b2dd2 P 461eb8922b0b404a82e7bf75bc2b3fcb [term 0 FOLLOWER]: Replica starting. Triggering 0 pending ops. Active config: opid_index: -1 OBSOLETE_local: false peers { permanent_uuid: "62ad71d3b4e74b4aaaa72f1349f50e15" member_type: VOTER last_known_addr { host: "127.11.51.65" port: 43967 } } peers { permanent_uuid: "461eb8922b0b404a82e7bf75bc2b3fcb" member_type: VOTER last_known_addr { host: "127.11.51.66" port: 41417 } } peers { permanent_uuid: "7fce8328d76243a089e54203a158b35a" member_type: VOTER last_known_addr { host: "127.11.51.67" port: 45525 } }
I20260709 12:25:54.491647 12833 raft_consensus.cc:385] T 9eb2efbbd6b34f93b95647906f0b2dd2 P 461eb8922b0b404a82e7bf75bc2b3fcb [term 0 FOLLOWER]: Consensus starting up: Expiring failure detector timer to make a prompt election more likely
I20260709 12:25:54.491918 12833 raft_consensus.cc:740] T 9eb2efbbd6b34f93b95647906f0b2dd2 P 461eb8922b0b404a82e7bf75bc2b3fcb [term 0 FOLLOWER]: Becoming Follower/Learner. State: Replica: 461eb8922b0b404a82e7bf75bc2b3fcb, State: Initialized, Role: FOLLOWER
I20260709 12:25:54.492666 12896 consensus_queue.cc:1048] T fa4f1fbb25604e2991840f33406f016c P 7fce8328d76243a089e54203a158b35a [LEADER]: Connected to new peer: Peer: permanent_uuid: "62ad71d3b4e74b4aaaa72f1349f50e15" member_type: VOTER last_known_addr { host: "127.11.51.65" port: 43967 }, Status: LMP_MISMATCH, Last received: 0.0, Next index: 1, Last known committed idx: 0, Time since last communication: 0.000s
I20260709 12:25:54.492576 12833 consensus_queue.cc:260] T 9eb2efbbd6b34f93b95647906f0b2dd2 P 461eb8922b0b404a82e7bf75bc2b3fcb [NON_LEADER]: Queue going to NON_LEADER mode. State: All replicated index: 0, Majority replicated index: 0, Committed index: 0, Last appended: 0.0, Last appended by leader: 0, Current term: 0, Majority size: -1, State: 0, Mode: NON_LEADER, active raft config: opid_index: -1 OBSOLETE_local: false peers { permanent_uuid: "62ad71d3b4e74b4aaaa72f1349f50e15" member_type: VOTER last_known_addr { host: "127.11.51.65" port: 43967 } } peers { permanent_uuid: "461eb8922b0b404a82e7bf75bc2b3fcb" member_type: VOTER last_known_addr { host: "127.11.51.66" port: 41417 } } peers { permanent_uuid: "7fce8328d76243a089e54203a158b35a" member_type: VOTER last_known_addr { host: "127.11.51.67" port: 45525 } }
I20260709 12:25:54.496042 12833 ts_tablet_manager.cc:1434] T 9eb2efbbd6b34f93b95647906f0b2dd2 P 461eb8922b0b404a82e7bf75bc2b3fcb: Time spent starting tablet: real 0.007s	user 0.007s	sys 0.000s
I20260709 12:25:54.497732 12846 raft_consensus.cc:2749] T 6e9264f9172b4d1fb6181f2d0625c47f P 62ad71d3b4e74b4aaaa72f1349f50e15 [term 1 FOLLOWER]: Leader pre-election lost for term 1. Reason: could not achieve majority
I20260709 12:25:54.499658 12832 ts_tablet_manager.cc:1434] T ad74fd3699ff4ebbbe160e60421b86e9 P 62ad71d3b4e74b4aaaa72f1349f50e15: Time spent starting tablet: real 0.022s	user 0.007s	sys 0.000s
I20260709 12:25:54.500595 12832 tablet_bootstrap.cc:492] T 75bcf007c583433d81053ee5b1ff54a8 P 62ad71d3b4e74b4aaaa72f1349f50e15: Bootstrap starting.
I20260709 12:25:54.500658 12896 consensus_queue.cc:1048] T 6e9264f9172b4d1fb6181f2d0625c47f P 7fce8328d76243a089e54203a158b35a [LEADER]: Connected to new peer: Peer: permanent_uuid: "62ad71d3b4e74b4aaaa72f1349f50e15" member_type: VOTER last_known_addr { host: "127.11.51.65" port: 43967 }, Status: LMP_MISMATCH, Last received: 0.0, Next index: 1, Last known committed idx: 0, Time since last communication: 0.001s
I20260709 12:25:54.501638 12835 tablet_bootstrap.cc:492] T c844ba01c1c1467782d2eac67c859b44 P 7fce8328d76243a089e54203a158b35a: No bootstrap required, opened a new log
I20260709 12:25:54.502075 12835 ts_tablet_manager.cc:1403] T c844ba01c1c1467782d2eac67c859b44 P 7fce8328d76243a089e54203a158b35a: Time spent bootstrapping tablet: real 0.075s	user 0.007s	sys 0.019s
I20260709 12:25:54.504534 12915 raft_consensus.cc:493] T 10fc3658d4d540b5b25379472b26c1e4 P 62ad71d3b4e74b4aaaa72f1349f50e15 [term 0 FOLLOWER]: Starting pre-election (no leader contacted us within the election timeout)
I20260709 12:25:54.507439 12832 tablet_bootstrap.cc:654] T 75bcf007c583433d81053ee5b1ff54a8 P 62ad71d3b4e74b4aaaa72f1349f50e15: Neither blocks nor log segments found. Creating new log.
I20260709 12:25:54.511276 12915 raft_consensus.cc:515] T 10fc3658d4d540b5b25379472b26c1e4 P 62ad71d3b4e74b4aaaa72f1349f50e15 [term 0 FOLLOWER]: Starting pre-election with config: opid_index: -1 OBSOLETE_local: false peers { permanent_uuid: "62ad71d3b4e74b4aaaa72f1349f50e15" member_type: VOTER last_known_addr { host: "127.11.51.65" port: 43967 } } peers { permanent_uuid: "461eb8922b0b404a82e7bf75bc2b3fcb" member_type: VOTER last_known_addr { host: "127.11.51.66" port: 41417 } } peers { permanent_uuid: "7fce8328d76243a089e54203a158b35a" member_type: VOTER last_known_addr { host: "127.11.51.67" port: 45525 } }
I20260709 12:25:54.519126 12858 consensus_queue.cc:1048] T 6e9264f9172b4d1fb6181f2d0625c47f P 7fce8328d76243a089e54203a158b35a [LEADER]: Connected to new peer: Peer: permanent_uuid: "461eb8922b0b404a82e7bf75bc2b3fcb" member_type: VOTER last_known_addr { host: "127.11.51.66" port: 41417 }, Status: LMP_MISMATCH, Last received: 0.0, Next index: 1, Last known committed idx: 0, Time since last communication: 0.000s
I20260709 12:25:54.523952 12906 consensus_queue.cc:1048] T fa4f1fbb25604e2991840f33406f016c P 7fce8328d76243a089e54203a158b35a [LEADER]: Connected to new peer: Peer: permanent_uuid: "461eb8922b0b404a82e7bf75bc2b3fcb" member_type: VOTER last_known_addr { host: "127.11.51.66" port: 41417 }, Status: LMP_MISMATCH, Last received: 0.0, Next index: 1, Last known committed idx: 0, Time since last communication: 0.000s
I20260709 12:25:54.525918 12915 leader_election.cc:290] T 10fc3658d4d540b5b25379472b26c1e4 P 62ad71d3b4e74b4aaaa72f1349f50e15 [CANDIDATE]: Term 1 pre-election: Requested pre-vote from peers 461eb8922b0b404a82e7bf75bc2b3fcb (127.11.51.66:41417), 7fce8328d76243a089e54203a158b35a (127.11.51.67:45525)
I20260709 12:25:54.507328 12833 tablet_bootstrap.cc:492] T dffcc5d92f564f09b5d4bdebf9fcba6d P 461eb8922b0b404a82e7bf75bc2b3fcb: Bootstrap starting.
I20260709 12:25:54.510056 12540 catalog_manager.cc:5697] T 61a69d7d926041bd88ae4ed77d5e5555 P 461eb8922b0b404a82e7bf75bc2b3fcb reported cstate change: term changed from 0 to 1, leader changed from <none> to 461eb8922b0b404a82e7bf75bc2b3fcb (127.11.51.66). New cstate: current_term: 1 leader_uuid: "461eb8922b0b404a82e7bf75bc2b3fcb" committed_config { opid_index: -1 OBSOLETE_local: false peers { permanent_uuid: "62ad71d3b4e74b4aaaa72f1349f50e15" member_type: VOTER last_known_addr { host: "127.11.51.65" port: 43967 } health_report { overall_health: UNKNOWN } } peers { permanent_uuid: "461eb8922b0b404a82e7bf75bc2b3fcb" member_type: VOTER last_known_addr { host: "127.11.51.66" port: 41417 } health_report { overall_health: HEALTHY } } peers { permanent_uuid: "7fce8328d76243a089e54203a158b35a" member_type: VOTER last_known_addr { host: "127.11.51.67" port: 45525 } health_report { overall_health: UNKNOWN } } }
I20260709 12:25:54.530426 12717 tablet_service.cc:1917] Received RequestConsensusVote() RPC: tablet_id: "10fc3658d4d540b5b25379472b26c1e4" candidate_uuid: "62ad71d3b4e74b4aaaa72f1349f50e15" candidate_term: 1 candidate_status { last_received { term: 0 index: 0 } } ignore_live_leader: false dest_uuid: "461eb8922b0b404a82e7bf75bc2b3fcb" is_pre_election: true
I20260709 12:25:54.531307 12717 raft_consensus.cc:2468] T 10fc3658d4d540b5b25379472b26c1e4 P 461eb8922b0b404a82e7bf75bc2b3fcb [term 0 FOLLOWER]: Leader pre-election vote request: Granting yes vote for candidate 62ad71d3b4e74b4aaaa72f1349f50e15 in term 0.
I20260709 12:25:54.532729 12607 leader_election.cc:304] T 10fc3658d4d540b5b25379472b26c1e4 P 62ad71d3b4e74b4aaaa72f1349f50e15 [CANDIDATE]: Term 1 pre-election: Election decided. Result: candidate won. Election summary: received 2 responses out of 3 voters: 2 yes votes; 0 no votes. yes voters: 461eb8922b0b404a82e7bf75bc2b3fcb, 62ad71d3b4e74b4aaaa72f1349f50e15; no voters: 
I20260709 12:25:54.533274 12791 tablet_service.cc:1917] Received RequestConsensusVote() RPC: tablet_id: "10fc3658d4d540b5b25379472b26c1e4" candidate_uuid: "62ad71d3b4e74b4aaaa72f1349f50e15" candidate_term: 1 candidate_status { last_received { term: 0 index: 0 } } ignore_live_leader: false dest_uuid: "7fce8328d76243a089e54203a158b35a" is_pre_election: true
I20260709 12:25:54.533798 12832 tablet_bootstrap.cc:492] T 75bcf007c583433d81053ee5b1ff54a8 P 62ad71d3b4e74b4aaaa72f1349f50e15: No bootstrap required, opened a new log
I20260709 12:25:54.534303 12832 ts_tablet_manager.cc:1403] T 75bcf007c583433d81053ee5b1ff54a8 P 62ad71d3b4e74b4aaaa72f1349f50e15: Time spent bootstrapping tablet: real 0.034s	user 0.011s	sys 0.007s
W20260709 12:25:54.535182 12605 leader_election.cc:343] T 10fc3658d4d540b5b25379472b26c1e4 P 62ad71d3b4e74b4aaaa72f1349f50e15 [CANDIDATE]: Term 1 pre-election: Tablet error from VoteRequest() call to peer 7fce8328d76243a089e54203a158b35a (127.11.51.67:45525): Illegal state: must be running to vote when last-logged opid is not known
I20260709 12:25:54.537756 12888 raft_consensus.cc:493] T 7e1b67ce4ec1478480b44a2322409a96 P 461eb8922b0b404a82e7bf75bc2b3fcb [term 0 FOLLOWER]: Starting pre-election (no leader contacted us within the election timeout)
I20260709 12:25:54.538266 12888 raft_consensus.cc:515] T 7e1b67ce4ec1478480b44a2322409a96 P 461eb8922b0b404a82e7bf75bc2b3fcb [term 0 FOLLOWER]: Starting pre-election with config: opid_index: -1 OBSOLETE_local: false peers { permanent_uuid: "62ad71d3b4e74b4aaaa72f1349f50e15" member_type: VOTER last_known_addr { host: "127.11.51.65" port: 43967 } } peers { permanent_uuid: "461eb8922b0b404a82e7bf75bc2b3fcb" member_type: VOTER last_known_addr { host: "127.11.51.66" port: 41417 } } peers { permanent_uuid: "7fce8328d76243a089e54203a158b35a" member_type: VOTER last_known_addr { host: "127.11.51.67" port: 45525 } }
I20260709 12:25:54.540587 12888 leader_election.cc:290] T 7e1b67ce4ec1478480b44a2322409a96 P 461eb8922b0b404a82e7bf75bc2b3fcb [CANDIDATE]: Term 1 pre-election: Requested pre-vote from peers 62ad71d3b4e74b4aaaa72f1349f50e15 (127.11.51.65:43967), 7fce8328d76243a089e54203a158b35a (127.11.51.67:45525)
I20260709 12:25:54.541209 12915 raft_consensus.cc:2804] T 10fc3658d4d540b5b25379472b26c1e4 P 62ad71d3b4e74b4aaaa72f1349f50e15 [term 0 FOLLOWER]: Leader pre-election won for term 1
I20260709 12:25:54.541673 12915 raft_consensus.cc:493] T 10fc3658d4d540b5b25379472b26c1e4 P 62ad71d3b4e74b4aaaa72f1349f50e15 [term 0 FOLLOWER]: Starting leader election (no leader contacted us within the election timeout)
I20260709 12:25:54.542271 12642 tablet_service.cc:1917] Received RequestConsensusVote() RPC: tablet_id: "7e1b67ce4ec1478480b44a2322409a96" candidate_uuid: "461eb8922b0b404a82e7bf75bc2b3fcb" candidate_term: 1 candidate_status { last_received { term: 0 index: 0 } } ignore_live_leader: false dest_uuid: "62ad71d3b4e74b4aaaa72f1349f50e15" is_pre_election: true
I20260709 12:25:54.507803 12846 raft_consensus.cc:493] T 9eb2efbbd6b34f93b95647906f0b2dd2 P 62ad71d3b4e74b4aaaa72f1349f50e15 [term 0 FOLLOWER]: Starting pre-election (no leader contacted us within the election timeout)
I20260709 12:25:54.543459 12846 raft_consensus.cc:515] T 9eb2efbbd6b34f93b95647906f0b2dd2 P 62ad71d3b4e74b4aaaa72f1349f50e15 [term 0 FOLLOWER]: Starting pre-election with config: opid_index: -1 OBSOLETE_local: false peers { permanent_uuid: "62ad71d3b4e74b4aaaa72f1349f50e15" member_type: VOTER last_known_addr { host: "127.11.51.65" port: 43967 } } peers { permanent_uuid: "461eb8922b0b404a82e7bf75bc2b3fcb" member_type: VOTER last_known_addr { host: "127.11.51.66" port: 41417 } } peers { permanent_uuid: "7fce8328d76243a089e54203a158b35a" member_type: VOTER last_known_addr { host: "127.11.51.67" port: 45525 } }
I20260709 12:25:54.545801 12846 leader_election.cc:290] T 9eb2efbbd6b34f93b95647906f0b2dd2 P 62ad71d3b4e74b4aaaa72f1349f50e15 [CANDIDATE]: Term 1 pre-election: Requested pre-vote from peers 461eb8922b0b404a82e7bf75bc2b3fcb (127.11.51.66:41417), 7fce8328d76243a089e54203a158b35a (127.11.51.67:45525)
I20260709 12:25:54.546887 12790 tablet_service.cc:1917] Received RequestConsensusVote() RPC: tablet_id: "9eb2efbbd6b34f93b95647906f0b2dd2" candidate_uuid: "62ad71d3b4e74b4aaaa72f1349f50e15" candidate_term: 1 candidate_status { last_received { term: 0 index: 0 } } ignore_live_leader: false dest_uuid: "7fce8328d76243a089e54203a158b35a" is_pre_election: true
W20260709 12:25:54.547333 12681 leader_election.cc:343] T 7e1b67ce4ec1478480b44a2322409a96 P 461eb8922b0b404a82e7bf75bc2b3fcb [CANDIDATE]: Term 1 pre-election: Tablet error from VoteRequest() call to peer 62ad71d3b4e74b4aaaa72f1349f50e15 (127.11.51.65:43967): Illegal state: must be running to vote when last-logged opid is not known
I20260709 12:25:54.547413 12717 tablet_service.cc:1917] Received RequestConsensusVote() RPC: tablet_id: "9eb2efbbd6b34f93b95647906f0b2dd2" candidate_uuid: "62ad71d3b4e74b4aaaa72f1349f50e15" candidate_term: 1 candidate_status { last_received { term: 0 index: 0 } } ignore_live_leader: false dest_uuid: "461eb8922b0b404a82e7bf75bc2b3fcb" is_pre_election: true
I20260709 12:25:54.548187 12791 tablet_service.cc:1917] Received RequestConsensusVote() RPC: tablet_id: "7e1b67ce4ec1478480b44a2322409a96" candidate_uuid: "461eb8922b0b404a82e7bf75bc2b3fcb" candidate_term: 1 candidate_status { last_received { term: 0 index: 0 } } ignore_live_leader: false dest_uuid: "7fce8328d76243a089e54203a158b35a" is_pre_election: true
I20260709 12:25:54.548292 12717 raft_consensus.cc:2468] T 9eb2efbbd6b34f93b95647906f0b2dd2 P 461eb8922b0b404a82e7bf75bc2b3fcb [term 0 FOLLOWER]: Leader pre-election vote request: Granting yes vote for candidate 62ad71d3b4e74b4aaaa72f1349f50e15 in term 0.
W20260709 12:25:54.549072 12605 leader_election.cc:343] T 9eb2efbbd6b34f93b95647906f0b2dd2 P 62ad71d3b4e74b4aaaa72f1349f50e15 [CANDIDATE]: Term 1 pre-election: Tablet error from VoteRequest() call to peer 7fce8328d76243a089e54203a158b35a (127.11.51.67:45525): Illegal state: must be running to vote when last-logged opid is not known
W20260709 12:25:54.549517 12681 leader_election.cc:343] T 7e1b67ce4ec1478480b44a2322409a96 P 461eb8922b0b404a82e7bf75bc2b3fcb [CANDIDATE]: Term 1 pre-election: Tablet error from VoteRequest() call to peer 7fce8328d76243a089e54203a158b35a (127.11.51.67:45525): Illegal state: must be running to vote when last-logged opid is not known
I20260709 12:25:54.549732 12607 leader_election.cc:304] T 9eb2efbbd6b34f93b95647906f0b2dd2 P 62ad71d3b4e74b4aaaa72f1349f50e15 [CANDIDATE]: Term 1 pre-election: Election decided. Result: candidate won. Election summary: received 3 responses out of 3 voters: 2 yes votes; 1 no votes. yes voters: 461eb8922b0b404a82e7bf75bc2b3fcb, 62ad71d3b4e74b4aaaa72f1349f50e15; no voters: 7fce8328d76243a089e54203a158b35a
I20260709 12:25:54.549966 12681 leader_election.cc:304] T 7e1b67ce4ec1478480b44a2322409a96 P 461eb8922b0b404a82e7bf75bc2b3fcb [CANDIDATE]: Term 1 pre-election: Election decided. Result: candidate lost. Election summary: received 3 responses out of 3 voters: 1 yes votes; 2 no votes. yes voters: 461eb8922b0b404a82e7bf75bc2b3fcb; no voters: 62ad71d3b4e74b4aaaa72f1349f50e15, 7fce8328d76243a089e54203a158b35a
I20260709 12:25:54.551154 12888 raft_consensus.cc:2749] T 7e1b67ce4ec1478480b44a2322409a96 P 461eb8922b0b404a82e7bf75bc2b3fcb [term 0 FOLLOWER]: Leader pre-election lost for term 1. Reason: could not achieve majority
I20260709 12:25:54.552026 12846 raft_consensus.cc:2804] T 9eb2efbbd6b34f93b95647906f0b2dd2 P 62ad71d3b4e74b4aaaa72f1349f50e15 [term 0 FOLLOWER]: Leader pre-election won for term 1
I20260709 12:25:54.552485 12846 raft_consensus.cc:493] T 9eb2efbbd6b34f93b95647906f0b2dd2 P 62ad71d3b4e74b4aaaa72f1349f50e15 [term 0 FOLLOWER]: Starting leader election (no leader contacted us within the election timeout)
I20260709 12:25:54.552834 12846 raft_consensus.cc:3060] T 9eb2efbbd6b34f93b95647906f0b2dd2 P 62ad71d3b4e74b4aaaa72f1349f50e15 [term 0 FOLLOWER]: Advancing to term 1
I20260709 12:25:54.555325 12833 tablet_bootstrap.cc:654] T dffcc5d92f564f09b5d4bdebf9fcba6d P 461eb8922b0b404a82e7bf75bc2b3fcb: Neither blocks nor log segments found. Creating new log.
I20260709 12:25:54.559816 12846 raft_consensus.cc:515] T 9eb2efbbd6b34f93b95647906f0b2dd2 P 62ad71d3b4e74b4aaaa72f1349f50e15 [term 1 FOLLOWER]: Starting leader election with config: opid_index: -1 OBSOLETE_local: false peers { permanent_uuid: "62ad71d3b4e74b4aaaa72f1349f50e15" member_type: VOTER last_known_addr { host: "127.11.51.65" port: 43967 } } peers { permanent_uuid: "461eb8922b0b404a82e7bf75bc2b3fcb" member_type: VOTER last_known_addr { host: "127.11.51.66" port: 41417 } } peers { permanent_uuid: "7fce8328d76243a089e54203a158b35a" member_type: VOTER last_known_addr { host: "127.11.51.67" port: 45525 } }
I20260709 12:25:54.537235 12832 raft_consensus.cc:359] T 75bcf007c583433d81053ee5b1ff54a8 P 62ad71d3b4e74b4aaaa72f1349f50e15 [term 0 FOLLOWER]: Replica starting. Triggering 0 pending ops. Active config: opid_index: -1 OBSOLETE_local: false peers { permanent_uuid: "62ad71d3b4e74b4aaaa72f1349f50e15" member_type: VOTER last_known_addr { host: "127.11.51.65" port: 43967 } } peers { permanent_uuid: "461eb8922b0b404a82e7bf75bc2b3fcb" member_type: VOTER last_known_addr { host: "127.11.51.66" port: 41417 } } peers { permanent_uuid: "7fce8328d76243a089e54203a158b35a" member_type: VOTER last_known_addr { host: "127.11.51.67" port: 45525 } }
I20260709 12:25:54.512065 12835 raft_consensus.cc:359] T c844ba01c1c1467782d2eac67c859b44 P 7fce8328d76243a089e54203a158b35a [term 0 FOLLOWER]: Replica starting. Triggering 0 pending ops. Active config: opid_index: -1 OBSOLETE_local: false peers { permanent_uuid: "62ad71d3b4e74b4aaaa72f1349f50e15" member_type: VOTER last_known_addr { host: "127.11.51.65" port: 43967 } } peers { permanent_uuid: "461eb8922b0b404a82e7bf75bc2b3fcb" member_type: VOTER last_known_addr { host: "127.11.51.66" port: 41417 } } peers { permanent_uuid: "7fce8328d76243a089e54203a158b35a" member_type: VOTER last_known_addr { host: "127.11.51.67" port: 45525 } }
I20260709 12:25:54.560701 12832 raft_consensus.cc:385] T 75bcf007c583433d81053ee5b1ff54a8 P 62ad71d3b4e74b4aaaa72f1349f50e15 [term 0 FOLLOWER]: Consensus starting up: Expiring failure detector timer to make a prompt election more likely
I20260709 12:25:54.561002 12835 raft_consensus.cc:385] T c844ba01c1c1467782d2eac67c859b44 P 7fce8328d76243a089e54203a158b35a [term 0 FOLLOWER]: Consensus starting up: Expiring failure detector timer to make a prompt election more likely
I20260709 12:25:54.561057 12832 raft_consensus.cc:740] T 75bcf007c583433d81053ee5b1ff54a8 P 62ad71d3b4e74b4aaaa72f1349f50e15 [term 0 FOLLOWER]: Becoming Follower/Learner. State: Replica: 62ad71d3b4e74b4aaaa72f1349f50e15, State: Initialized, Role: FOLLOWER
I20260709 12:25:54.561357 12835 raft_consensus.cc:740] T c844ba01c1c1467782d2eac67c859b44 P 7fce8328d76243a089e54203a158b35a [term 0 FOLLOWER]: Becoming Follower/Learner. State: Replica: 7fce8328d76243a089e54203a158b35a, State: Initialized, Role: FOLLOWER
I20260709 12:25:54.562007 12846 leader_election.cc:290] T 9eb2efbbd6b34f93b95647906f0b2dd2 P 62ad71d3b4e74b4aaaa72f1349f50e15 [CANDIDATE]: Term 1 election: Requested vote from peers 461eb8922b0b404a82e7bf75bc2b3fcb (127.11.51.66:41417), 7fce8328d76243a089e54203a158b35a (127.11.51.67:45525)
I20260709 12:25:54.542240 12915 raft_consensus.cc:3060] T 10fc3658d4d540b5b25379472b26c1e4 P 62ad71d3b4e74b4aaaa72f1349f50e15 [term 0 FOLLOWER]: Advancing to term 1
I20260709 12:25:54.562788 12717 tablet_service.cc:1917] Received RequestConsensusVote() RPC: tablet_id: "9eb2efbbd6b34f93b95647906f0b2dd2" candidate_uuid: "62ad71d3b4e74b4aaaa72f1349f50e15" candidate_term: 1 candidate_status { last_received { term: 0 index: 0 } } ignore_live_leader: false dest_uuid: "461eb8922b0b404a82e7bf75bc2b3fcb"
I20260709 12:25:54.563102 12791 tablet_service.cc:1917] Received RequestConsensusVote() RPC: tablet_id: "9eb2efbbd6b34f93b95647906f0b2dd2" candidate_uuid: "62ad71d3b4e74b4aaaa72f1349f50e15" candidate_term: 1 candidate_status { last_received { term: 0 index: 0 } } ignore_live_leader: false dest_uuid: "7fce8328d76243a089e54203a158b35a"
I20260709 12:25:54.563443 12717 raft_consensus.cc:3060] T 9eb2efbbd6b34f93b95647906f0b2dd2 P 461eb8922b0b404a82e7bf75bc2b3fcb [term 0 FOLLOWER]: Advancing to term 1
W20260709 12:25:54.564378 12605 leader_election.cc:343] T 9eb2efbbd6b34f93b95647906f0b2dd2 P 62ad71d3b4e74b4aaaa72f1349f50e15 [CANDIDATE]: Term 1 election: Tablet error from VoteRequest() call to peer 7fce8328d76243a089e54203a158b35a (127.11.51.67:45525): Illegal state: must be running to vote when last-logged opid is not known
I20260709 12:25:54.566628 12835 consensus_queue.cc:260] T c844ba01c1c1467782d2eac67c859b44 P 7fce8328d76243a089e54203a158b35a [NON_LEADER]: Queue going to NON_LEADER mode. State: All replicated index: 0, Majority replicated index: 0, Committed index: 0, Last appended: 0.0, Last appended by leader: 0, Current term: 0, Majority size: -1, State: 0, Mode: NON_LEADER, active raft config: opid_index: -1 OBSOLETE_local: false peers { permanent_uuid: "62ad71d3b4e74b4aaaa72f1349f50e15" member_type: VOTER last_known_addr { host: "127.11.51.65" port: 43967 } } peers { permanent_uuid: "461eb8922b0b404a82e7bf75bc2b3fcb" member_type: VOTER last_known_addr { host: "127.11.51.66" port: 41417 } } peers { permanent_uuid: "7fce8328d76243a089e54203a158b35a" member_type: VOTER last_known_addr { host: "127.11.51.67" port: 45525 } }
I20260709 12:25:54.569144 12835 ts_tablet_manager.cc:1434] T c844ba01c1c1467782d2eac67c859b44 P 7fce8328d76243a089e54203a158b35a: Time spent starting tablet: real 0.067s	user 0.008s	sys 0.000s
I20260709 12:25:54.569475 12915 raft_consensus.cc:515] T 10fc3658d4d540b5b25379472b26c1e4 P 62ad71d3b4e74b4aaaa72f1349f50e15 [term 1 FOLLOWER]: Starting leader election with config: opid_index: -1 OBSOLETE_local: false peers { permanent_uuid: "62ad71d3b4e74b4aaaa72f1349f50e15" member_type: VOTER last_known_addr { host: "127.11.51.65" port: 43967 } } peers { permanent_uuid: "461eb8922b0b404a82e7bf75bc2b3fcb" member_type: VOTER last_known_addr { host: "127.11.51.66" port: 41417 } } peers { permanent_uuid: "7fce8328d76243a089e54203a158b35a" member_type: VOTER last_known_addr { host: "127.11.51.67" port: 45525 } }
I20260709 12:25:54.570129 12835 tablet_bootstrap.cc:492] T 7e1b67ce4ec1478480b44a2322409a96 P 7fce8328d76243a089e54203a158b35a: Bootstrap starting.
I20260709 12:25:54.570869 12717 raft_consensus.cc:2468] T 9eb2efbbd6b34f93b95647906f0b2dd2 P 461eb8922b0b404a82e7bf75bc2b3fcb [term 1 FOLLOWER]: Leader election vote request: Granting yes vote for candidate 62ad71d3b4e74b4aaaa72f1349f50e15 in term 1.
I20260709 12:25:54.572031 12832 consensus_queue.cc:260] T 75bcf007c583433d81053ee5b1ff54a8 P 62ad71d3b4e74b4aaaa72f1349f50e15 [NON_LEADER]: Queue going to NON_LEADER mode. State: All replicated index: 0, Majority replicated index: 0, Committed index: 0, Last appended: 0.0, Last appended by leader: 0, Current term: 0, Majority size: -1, State: 0, Mode: NON_LEADER, active raft config: opid_index: -1 OBSOLETE_local: false peers { permanent_uuid: "62ad71d3b4e74b4aaaa72f1349f50e15" member_type: VOTER last_known_addr { host: "127.11.51.65" port: 43967 } } peers { permanent_uuid: "461eb8922b0b404a82e7bf75bc2b3fcb" member_type: VOTER last_known_addr { host: "127.11.51.66" port: 41417 } } peers { permanent_uuid: "7fce8328d76243a089e54203a158b35a" member_type: VOTER last_known_addr { host: "127.11.51.67" port: 45525 } }
I20260709 12:25:54.572510 12607 leader_election.cc:304] T 9eb2efbbd6b34f93b95647906f0b2dd2 P 62ad71d3b4e74b4aaaa72f1349f50e15 [CANDIDATE]: Term 1 election: Election decided. Result: candidate won. Election summary: received 3 responses out of 3 voters: 2 yes votes; 1 no votes. yes voters: 461eb8922b0b404a82e7bf75bc2b3fcb, 62ad71d3b4e74b4aaaa72f1349f50e15; no voters: 7fce8328d76243a089e54203a158b35a
I20260709 12:25:54.573563 12921 raft_consensus.cc:2804] T 9eb2efbbd6b34f93b95647906f0b2dd2 P 62ad71d3b4e74b4aaaa72f1349f50e15 [term 1 FOLLOWER]: Leader election won for term 1
I20260709 12:25:54.573875 12717 tablet_service.cc:1917] Received RequestConsensusVote() RPC: tablet_id: "10fc3658d4d540b5b25379472b26c1e4" candidate_uuid: "62ad71d3b4e74b4aaaa72f1349f50e15" candidate_term: 1 candidate_status { last_received { term: 0 index: 0 } } ignore_live_leader: false dest_uuid: "461eb8922b0b404a82e7bf75bc2b3fcb"
I20260709 12:25:54.574012 12921 raft_consensus.cc:697] T 9eb2efbbd6b34f93b95647906f0b2dd2 P 62ad71d3b4e74b4aaaa72f1349f50e15 [term 1 LEADER]: Becoming Leader. State: Replica: 62ad71d3b4e74b4aaaa72f1349f50e15, State: Running, Role: LEADER
I20260709 12:25:54.574362 12832 ts_tablet_manager.cc:1434] T 75bcf007c583433d81053ee5b1ff54a8 P 62ad71d3b4e74b4aaaa72f1349f50e15: Time spent starting tablet: real 0.040s	user 0.000s	sys 0.007s
I20260709 12:25:54.575443 12832 tablet_bootstrap.cc:492] T 1d635eed90d640a2bfdb2d5f02ddec61 P 62ad71d3b4e74b4aaaa72f1349f50e15: Bootstrap starting.
I20260709 12:25:54.575011 12921 consensus_queue.cc:237] T 9eb2efbbd6b34f93b95647906f0b2dd2 P 62ad71d3b4e74b4aaaa72f1349f50e15 [LEADER]: Queue going to LEADER mode. State: All replicated index: 0, Majority replicated index: 0, Committed index: 0, Last appended: 0.0, Last appended by leader: 0, Current term: 1, Majority size: 2, State: 0, Mode: LEADER, active raft config: opid_index: -1 OBSOLETE_local: false peers { permanent_uuid: "62ad71d3b4e74b4aaaa72f1349f50e15" member_type: VOTER last_known_addr { host: "127.11.51.65" port: 43967 } } peers { permanent_uuid: "461eb8922b0b404a82e7bf75bc2b3fcb" member_type: VOTER last_known_addr { host: "127.11.51.66" port: 41417 } } peers { permanent_uuid: "7fce8328d76243a089e54203a158b35a" member_type: VOTER last_known_addr { host: "127.11.51.67" port: 45525 } }
I20260709 12:25:54.581279 12835 tablet_bootstrap.cc:654] T 7e1b67ce4ec1478480b44a2322409a96 P 7fce8328d76243a089e54203a158b35a: Neither blocks nor log segments found. Creating new log.
I20260709 12:25:54.581983 12832 tablet_bootstrap.cc:654] T 1d635eed90d640a2bfdb2d5f02ddec61 P 62ad71d3b4e74b4aaaa72f1349f50e15: Neither blocks nor log segments found. Creating new log.
I20260709 12:25:54.585541 12717 raft_consensus.cc:3060] T 10fc3658d4d540b5b25379472b26c1e4 P 461eb8922b0b404a82e7bf75bc2b3fcb [term 0 FOLLOWER]: Advancing to term 1
I20260709 12:25:54.595767 12915 leader_election.cc:290] T 10fc3658d4d540b5b25379472b26c1e4 P 62ad71d3b4e74b4aaaa72f1349f50e15 [CANDIDATE]: Term 1 election: Requested vote from peers 461eb8922b0b404a82e7bf75bc2b3fcb (127.11.51.66:41417), 7fce8328d76243a089e54203a158b35a (127.11.51.67:45525)
I20260709 12:25:54.597119 12717 raft_consensus.cc:2468] T 10fc3658d4d540b5b25379472b26c1e4 P 461eb8922b0b404a82e7bf75bc2b3fcb [term 1 FOLLOWER]: Leader election vote request: Granting yes vote for candidate 62ad71d3b4e74b4aaaa72f1349f50e15 in term 1.
I20260709 12:25:54.598629 12607 leader_election.cc:304] T 10fc3658d4d540b5b25379472b26c1e4 P 62ad71d3b4e74b4aaaa72f1349f50e15 [CANDIDATE]: Term 1 election: Election decided. Result: candidate won. Election summary: received 2 responses out of 3 voters: 2 yes votes; 0 no votes. yes voters: 461eb8922b0b404a82e7bf75bc2b3fcb, 62ad71d3b4e74b4aaaa72f1349f50e15; no voters: 
I20260709 12:25:54.599437 12915 raft_consensus.cc:2804] T 10fc3658d4d540b5b25379472b26c1e4 P 62ad71d3b4e74b4aaaa72f1349f50e15 [term 1 FOLLOWER]: Leader election won for term 1
I20260709 12:25:54.599915 12915 raft_consensus.cc:697] T 10fc3658d4d540b5b25379472b26c1e4 P 62ad71d3b4e74b4aaaa72f1349f50e15 [term 1 LEADER]: Becoming Leader. State: Replica: 62ad71d3b4e74b4aaaa72f1349f50e15, State: Running, Role: LEADER
I20260709 12:25:54.600965 12791 tablet_service.cc:1917] Received RequestConsensusVote() RPC: tablet_id: "10fc3658d4d540b5b25379472b26c1e4" candidate_uuid: "62ad71d3b4e74b4aaaa72f1349f50e15" candidate_term: 1 candidate_status { last_received { term: 0 index: 0 } } ignore_live_leader: false dest_uuid: "7fce8328d76243a089e54203a158b35a"
I20260709 12:25:54.600731 12915 consensus_queue.cc:237] T 10fc3658d4d540b5b25379472b26c1e4 P 62ad71d3b4e74b4aaaa72f1349f50e15 [LEADER]: Queue going to LEADER mode. State: All replicated index: 0, Majority replicated index: 0, Committed index: 0, Last appended: 0.0, Last appended by leader: 0, Current term: 1, Majority size: 2, State: 0, Mode: LEADER, active raft config: opid_index: -1 OBSOLETE_local: false peers { permanent_uuid: "62ad71d3b4e74b4aaaa72f1349f50e15" member_type: VOTER last_known_addr { host: "127.11.51.65" port: 43967 } } peers { permanent_uuid: "461eb8922b0b404a82e7bf75bc2b3fcb" member_type: VOTER last_known_addr { host: "127.11.51.66" port: 41417 } } peers { permanent_uuid: "7fce8328d76243a089e54203a158b35a" member_type: VOTER last_known_addr { host: "127.11.51.67" port: 45525 } }
W20260709 12:25:54.608493 12605 leader_election.cc:343] T 10fc3658d4d540b5b25379472b26c1e4 P 62ad71d3b4e74b4aaaa72f1349f50e15 [CANDIDATE]: Term 1 election: Tablet error from VoteRequest() call to peer 7fce8328d76243a089e54203a158b35a (127.11.51.67:45525): Illegal state: must be running to vote when last-logged opid is not known
I20260709 12:25:54.624439 12832 tablet_bootstrap.cc:492] T 1d635eed90d640a2bfdb2d5f02ddec61 P 62ad71d3b4e74b4aaaa72f1349f50e15: No bootstrap required, opened a new log
I20260709 12:25:54.623684 12538 catalog_manager.cc:5697] T 9eb2efbbd6b34f93b95647906f0b2dd2 P 62ad71d3b4e74b4aaaa72f1349f50e15 reported cstate change: term changed from 0 to 1, leader changed from <none> to 62ad71d3b4e74b4aaaa72f1349f50e15 (127.11.51.65). New cstate: current_term: 1 leader_uuid: "62ad71d3b4e74b4aaaa72f1349f50e15" committed_config { opid_index: -1 OBSOLETE_local: false peers { permanent_uuid: "62ad71d3b4e74b4aaaa72f1349f50e15" member_type: VOTER last_known_addr { host: "127.11.51.65" port: 43967 } health_report { overall_health: HEALTHY } } peers { permanent_uuid: "461eb8922b0b404a82e7bf75bc2b3fcb" member_type: VOTER last_known_addr { host: "127.11.51.66" port: 41417 } health_report { overall_health: UNKNOWN } } peers { permanent_uuid: "7fce8328d76243a089e54203a158b35a" member_type: VOTER last_known_addr { host: "127.11.51.67" port: 45525 } health_report { overall_health: UNKNOWN } } }
I20260709 12:25:54.624966 12832 ts_tablet_manager.cc:1403] T 1d635eed90d640a2bfdb2d5f02ddec61 P 62ad71d3b4e74b4aaaa72f1349f50e15: Time spent bootstrapping tablet: real 0.050s	user 0.017s	sys 0.007s
I20260709 12:25:54.627856 12832 raft_consensus.cc:359] T 1d635eed90d640a2bfdb2d5f02ddec61 P 62ad71d3b4e74b4aaaa72f1349f50e15 [term 0 FOLLOWER]: Replica starting. Triggering 0 pending ops. Active config: opid_index: -1 OBSOLETE_local: false peers { permanent_uuid: "62ad71d3b4e74b4aaaa72f1349f50e15" member_type: VOTER last_known_addr { host: "127.11.51.65" port: 43967 } } peers { permanent_uuid: "461eb8922b0b404a82e7bf75bc2b3fcb" member_type: VOTER last_known_addr { host: "127.11.51.66" port: 41417 } } peers { permanent_uuid: "7fce8328d76243a089e54203a158b35a" member_type: VOTER last_known_addr { host: "127.11.51.67" port: 45525 } }
I20260709 12:25:54.628607 12832 raft_consensus.cc:385] T 1d635eed90d640a2bfdb2d5f02ddec61 P 62ad71d3b4e74b4aaaa72f1349f50e15 [term 0 FOLLOWER]: Consensus starting up: Expiring failure detector timer to make a prompt election more likely
I20260709 12:25:54.628882 12832 raft_consensus.cc:740] T 1d635eed90d640a2bfdb2d5f02ddec61 P 62ad71d3b4e74b4aaaa72f1349f50e15 [term 0 FOLLOWER]: Becoming Follower/Learner. State: Replica: 62ad71d3b4e74b4aaaa72f1349f50e15, State: Initialized, Role: FOLLOWER
I20260709 12:25:54.629539 12832 consensus_queue.cc:260] T 1d635eed90d640a2bfdb2d5f02ddec61 P 62ad71d3b4e74b4aaaa72f1349f50e15 [NON_LEADER]: Queue going to NON_LEADER mode. State: All replicated index: 0, Majority replicated index: 0, Committed index: 0, Last appended: 0.0, Last appended by leader: 0, Current term: 0, Majority size: -1, State: 0, Mode: NON_LEADER, active raft config: opid_index: -1 OBSOLETE_local: false peers { permanent_uuid: "62ad71d3b4e74b4aaaa72f1349f50e15" member_type: VOTER last_known_addr { host: "127.11.51.65" port: 43967 } } peers { permanent_uuid: "461eb8922b0b404a82e7bf75bc2b3fcb" member_type: VOTER last_known_addr { host: "127.11.51.66" port: 41417 } } peers { permanent_uuid: "7fce8328d76243a089e54203a158b35a" member_type: VOTER last_known_addr { host: "127.11.51.67" port: 45525 } }
I20260709 12:25:54.636632 12832 ts_tablet_manager.cc:1434] T 1d635eed90d640a2bfdb2d5f02ddec61 P 62ad71d3b4e74b4aaaa72f1349f50e15: Time spent starting tablet: real 0.011s	user 0.004s	sys 0.001s
I20260709 12:25:54.637652 12832 tablet_bootstrap.cc:492] T 61a69d7d926041bd88ae4ed77d5e5555 P 62ad71d3b4e74b4aaaa72f1349f50e15: Bootstrap starting.
I20260709 12:25:54.643993 12832 tablet_bootstrap.cc:654] T 61a69d7d926041bd88ae4ed77d5e5555 P 62ad71d3b4e74b4aaaa72f1349f50e15: Neither blocks nor log segments found. Creating new log.
I20260709 12:25:54.646268 12833 tablet_bootstrap.cc:492] T dffcc5d92f564f09b5d4bdebf9fcba6d P 461eb8922b0b404a82e7bf75bc2b3fcb: No bootstrap required, opened a new log
I20260709 12:25:54.646754 12833 ts_tablet_manager.cc:1403] T dffcc5d92f564f09b5d4bdebf9fcba6d P 461eb8922b0b404a82e7bf75bc2b3fcb: Time spent bootstrapping tablet: real 0.140s	user 0.014s	sys 0.012s
I20260709 12:25:54.646943 12540 catalog_manager.cc:5697] T 10fc3658d4d540b5b25379472b26c1e4 P 62ad71d3b4e74b4aaaa72f1349f50e15 reported cstate change: term changed from 0 to 1, leader changed from <none> to 62ad71d3b4e74b4aaaa72f1349f50e15 (127.11.51.65). New cstate: current_term: 1 leader_uuid: "62ad71d3b4e74b4aaaa72f1349f50e15" committed_config { opid_index: -1 OBSOLETE_local: false peers { permanent_uuid: "62ad71d3b4e74b4aaaa72f1349f50e15" member_type: VOTER last_known_addr { host: "127.11.51.65" port: 43967 } health_report { overall_health: HEALTHY } } peers { permanent_uuid: "461eb8922b0b404a82e7bf75bc2b3fcb" member_type: VOTER last_known_addr { host: "127.11.51.66" port: 41417 } health_report { overall_health: UNKNOWN } } peers { permanent_uuid: "7fce8328d76243a089e54203a158b35a" member_type: VOTER last_known_addr { host: "127.11.51.67" port: 45525 } health_report { overall_health: UNKNOWN } } }
I20260709 12:25:54.649462 12833 raft_consensus.cc:359] T dffcc5d92f564f09b5d4bdebf9fcba6d P 461eb8922b0b404a82e7bf75bc2b3fcb [term 0 FOLLOWER]: Replica starting. Triggering 0 pending ops. Active config: opid_index: -1 OBSOLETE_local: false peers { permanent_uuid: "62ad71d3b4e74b4aaaa72f1349f50e15" member_type: VOTER last_known_addr { host: "127.11.51.65" port: 43967 } } peers { permanent_uuid: "461eb8922b0b404a82e7bf75bc2b3fcb" member_type: VOTER last_known_addr { host: "127.11.51.66" port: 41417 } } peers { permanent_uuid: "7fce8328d76243a089e54203a158b35a" member_type: VOTER last_known_addr { host: "127.11.51.67" port: 45525 } }
I20260709 12:25:54.650221 12833 raft_consensus.cc:385] T dffcc5d92f564f09b5d4bdebf9fcba6d P 461eb8922b0b404a82e7bf75bc2b3fcb [term 0 FOLLOWER]: Consensus starting up: Expiring failure detector timer to make a prompt election more likely
I20260709 12:25:54.650527 12833 raft_consensus.cc:740] T dffcc5d92f564f09b5d4bdebf9fcba6d P 461eb8922b0b404a82e7bf75bc2b3fcb [term 0 FOLLOWER]: Becoming Follower/Learner. State: Replica: 461eb8922b0b404a82e7bf75bc2b3fcb, State: Initialized, Role: FOLLOWER
