I20260709 12:25:54.172217 12832 ts_tablet_manager.cc:1434] T 6e9264f9172b4d1fb6181f2d0625c47f P 62ad71d3b4e74b4aaaa72f1349f50e15: Time spent starting tablet: real 0.017s	user 0.003s	sys 0.002s
I20260709 12:25:54.158165 12835 ts_tablet_manager.cc:1434] T 1d635eed90d640a2bfdb2d5f02ddec61 P 7fce8328d76243a089e54203a158b35a: Time spent starting tablet: real 0.007s	user 0.004s	sys 0.001s
I20260709 12:25:54.175887 12835 tablet_bootstrap.cc:492] T 0542d4d258424a46ac0daa2796380338 P 7fce8328d76243a089e54203a158b35a: Bootstrap starting.
I20260709 12:25:54.176254 12846 leader_election.cc:290] T 0542d4d258424a46ac0daa2796380338 P 62ad71d3b4e74b4aaaa72f1349f50e15 [CANDIDATE]: Term 1 pre-election: Requested pre-vote from peers 461eb8922b0b404a82e7bf75bc2b3fcb (127.11.51.66:41417), 7fce8328d76243a089e54203a158b35a (127.11.51.67:45525)
W20260709 12:25:54.176168 12607 leader_election.cc:343] T 0542d4d258424a46ac0daa2796380338 P 62ad71d3b4e74b4aaaa72f1349f50e15 [CANDIDATE]: Term 1 pre-election: Tablet error from VoteRequest() call to peer 461eb8922b0b404a82e7bf75bc2b3fcb (127.11.51.66:41417): Illegal state: must be running to vote when last-logged opid is not known
I20260709 12:25:54.177383 12791 tablet_service.cc:1917] Received RequestConsensusVote() RPC: tablet_id: "0542d4d258424a46ac0daa2796380338" candidate_uuid: "62ad71d3b4e74b4aaaa72f1349f50e15" candidate_term: 1 candidate_status { last_received { term: 0 index: 0 } } ignore_live_leader: false dest_uuid: "7fce8328d76243a089e54203a158b35a" is_pre_election: true
W20260709 12:25:54.178972 12605 leader_election.cc:343] T 0542d4d258424a46ac0daa2796380338 P 62ad71d3b4e74b4aaaa72f1349f50e15 [CANDIDATE]: Term 1 pre-election: Tablet error from VoteRequest() call to peer 7fce8328d76243a089e54203a158b35a (127.11.51.67:45525): Illegal state: must be running to vote when last-logged opid is not known
I20260709 12:25:54.179512 12605 leader_election.cc:304] T 0542d4d258424a46ac0daa2796380338 P 62ad71d3b4e74b4aaaa72f1349f50e15 [CANDIDATE]: Term 1 pre-election: Election decided. Result: candidate lost. Election summary: received 3 responses out of 3 voters: 1 yes votes; 2 no votes. yes voters: 62ad71d3b4e74b4aaaa72f1349f50e15; no voters: 461eb8922b0b404a82e7bf75bc2b3fcb, 7fce8328d76243a089e54203a158b35a
I20260709 12:25:54.181173 12846 raft_consensus.cc:2749] T 0542d4d258424a46ac0daa2796380338 P 62ad71d3b4e74b4aaaa72f1349f50e15 [term 0 FOLLOWER]: Leader pre-election lost for term 1. Reason: could not achieve majority
I20260709 12:25:54.188635 12832 tablet_bootstrap.cc:492] T c844ba01c1c1467782d2eac67c859b44 P 62ad71d3b4e74b4aaaa72f1349f50e15: Bootstrap starting.
I20260709 12:25:54.206200 12640 tablet_service.cc:1917] Received RequestConsensusVote() RPC: tablet_id: "61a69d7d926041bd88ae4ed77d5e5555" candidate_uuid: "7fce8328d76243a089e54203a158b35a" candidate_term: 1 candidate_status { last_received { term: 0 index: 0 } } ignore_live_leader: false dest_uuid: "62ad71d3b4e74b4aaaa72f1349f50e15" is_pre_election: true
W20260709 12:25:54.212611 12755 leader_election.cc:343] T 61a69d7d926041bd88ae4ed77d5e5555 P 7fce8328d76243a089e54203a158b35a [CANDIDATE]: Term 1 pre-election: Tablet error from VoteRequest() call to peer 62ad71d3b4e74b4aaaa72f1349f50e15 (127.11.51.65:43967): Illegal state: must be running to vote when last-logged opid is not known
I20260709 12:25:54.213164 12755 leader_election.cc:304] T 61a69d7d926041bd88ae4ed77d5e5555 P 7fce8328d76243a089e54203a158b35a [CANDIDATE]: Term 1 pre-election: Election decided. Result: candidate lost. Election summary: received 3 responses out of 3 voters: 1 yes votes; 2 no votes. yes voters: 7fce8328d76243a089e54203a158b35a; no voters: 461eb8922b0b404a82e7bf75bc2b3fcb, 62ad71d3b4e74b4aaaa72f1349f50e15
I20260709 12:25:54.214030 12858 consensus_queue.cc:1048] T f3910571bcf54fb4b0927ee1a387e37b P 7fce8328d76243a089e54203a158b35a [LEADER]: Connected to new peer: Peer: permanent_uuid: "62ad71d3b4e74b4aaaa72f1349f50e15" member_type: VOTER last_known_addr { host: "127.11.51.65" port: 43967 }, Status: LMP_MISMATCH, Last received: 0.0, Next index: 1, Last known committed idx: 0, Time since last communication: 0.000s
I20260709 12:25:54.216879 12833 tablet_bootstrap.cc:492] T 7e1b67ce4ec1478480b44a2322409a96 P 461eb8922b0b404a82e7bf75bc2b3fcb: No bootstrap required, opened a new log
I20260709 12:25:54.217414 12833 ts_tablet_manager.cc:1403] T 7e1b67ce4ec1478480b44a2322409a96 P 461eb8922b0b404a82e7bf75bc2b3fcb: Time spent bootstrapping tablet: real 0.169s	user 0.006s	sys 0.015s
I20260709 12:25:54.224179 12858 raft_consensus.cc:2749] T 61a69d7d926041bd88ae4ed77d5e5555 P 7fce8328d76243a089e54203a158b35a [term 0 FOLLOWER]: Leader pre-election lost for term 1. Reason: could not achieve majority
I20260709 12:25:54.203469 12642 raft_consensus.cc:3060] T 039e0a80dc5e460fb3b70e4808f4ced7 P 62ad71d3b4e74b4aaaa72f1349f50e15 [term 0 FOLLOWER]: Advancing to term 1
I20260709 12:25:54.227010 12833 raft_consensus.cc:359] T 7e1b67ce4ec1478480b44a2322409a96 P 461eb8922b0b404a82e7bf75bc2b3fcb [term 0 FOLLOWER]: Replica starting. Triggering 0 pending ops. Active config: opid_index: -1 OBSOLETE_local: false peers { permanent_uuid: "62ad71d3b4e74b4aaaa72f1349f50e15" member_type: VOTER last_known_addr { host: "127.11.51.65" port: 43967 } } peers { permanent_uuid: "461eb8922b0b404a82e7bf75bc2b3fcb" member_type: VOTER last_known_addr { host: "127.11.51.66" port: 41417 } } peers { permanent_uuid: "7fce8328d76243a089e54203a158b35a" member_type: VOTER last_known_addr { host: "127.11.51.67" port: 45525 } }
I20260709 12:25:54.228101 12833 raft_consensus.cc:385] T 7e1b67ce4ec1478480b44a2322409a96 P 461eb8922b0b404a82e7bf75bc2b3fcb [term 0 FOLLOWER]: Consensus starting up: Expiring failure detector timer to make a prompt election more likely
I20260709 12:25:54.228492 12833 raft_consensus.cc:740] T 7e1b67ce4ec1478480b44a2322409a96 P 461eb8922b0b404a82e7bf75bc2b3fcb [term 0 FOLLOWER]: Becoming Follower/Learner. State: Replica: 461eb8922b0b404a82e7bf75bc2b3fcb, State: Initialized, Role: FOLLOWER
I20260709 12:25:54.238623 12832 tablet_bootstrap.cc:654] T c844ba01c1c1467782d2eac67c859b44 P 62ad71d3b4e74b4aaaa72f1349f50e15: Neither blocks nor log segments found. Creating new log.
I20260709 12:25:54.239176 12835 tablet_bootstrap.cc:654] T 0542d4d258424a46ac0daa2796380338 P 7fce8328d76243a089e54203a158b35a: Neither blocks nor log segments found. Creating new log.
I20260709 12:25:54.236222 12833 consensus_queue.cc:260] T 7e1b67ce4ec1478480b44a2322409a96 P 461eb8922b0b404a82e7bf75bc2b3fcb [NON_LEADER]: Queue going to NON_LEADER mode. State: All replicated index: 0, Majority replicated index: 0, Committed index: 0, Last appended: 0.0, Last appended by leader: 0, Current term: 0, Majority size: -1, State: 0, Mode: NON_LEADER, active raft config: opid_index: -1 OBSOLETE_local: false peers { permanent_uuid: "62ad71d3b4e74b4aaaa72f1349f50e15" member_type: VOTER last_known_addr { host: "127.11.51.65" port: 43967 } } peers { permanent_uuid: "461eb8922b0b404a82e7bf75bc2b3fcb" member_type: VOTER last_known_addr { host: "127.11.51.66" port: 41417 } } peers { permanent_uuid: "7fce8328d76243a089e54203a158b35a" member_type: VOTER last_known_addr { host: "127.11.51.67" port: 45525 } }
I20260709 12:25:54.249032 12833 ts_tablet_manager.cc:1434] T 7e1b67ce4ec1478480b44a2322409a96 P 461eb8922b0b404a82e7bf75bc2b3fcb: Time spent starting tablet: real 0.031s	user 0.005s	sys 0.005s
I20260709 12:25:54.250178 12833 tablet_bootstrap.cc:492] T 61a69d7d926041bd88ae4ed77d5e5555 P 461eb8922b0b404a82e7bf75bc2b3fcb: Bootstrap starting.
I20260709 12:25:54.256827 12915 raft_consensus.cc:493] T 039e0a80dc5e460fb3b70e4808f4ced7 P 62ad71d3b4e74b4aaaa72f1349f50e15 [term 1 FOLLOWER]: Starting pre-election (no leader contacted us within the election timeout)
I20260709 12:25:54.257378 12915 raft_consensus.cc:515] T 039e0a80dc5e460fb3b70e4808f4ced7 P 62ad71d3b4e74b4aaaa72f1349f50e15 [term 1 FOLLOWER]: Starting pre-election with config: opid_index: -1 OBSOLETE_local: false peers { permanent_uuid: "62ad71d3b4e74b4aaaa72f1349f50e15" member_type: VOTER last_known_addr { host: "127.11.51.65" port: 43967 } } peers { permanent_uuid: "461eb8922b0b404a82e7bf75bc2b3fcb" member_type: VOTER last_known_addr { host: "127.11.51.66" port: 41417 } } peers { permanent_uuid: "7fce8328d76243a089e54203a158b35a" member_type: VOTER last_known_addr { host: "127.11.51.67" port: 45525 } }
I20260709 12:25:54.251165 12717 raft_consensus.cc:3060] T 7104f144eb434987a82db93b48ee7da0 P 461eb8922b0b404a82e7bf75bc2b3fcb [term 0 FOLLOWER]: Advancing to term 1
I20260709 12:25:54.265947 12790 tablet_service.cc:1917] Received RequestConsensusVote() RPC: tablet_id: "039e0a80dc5e460fb3b70e4808f4ced7" candidate_uuid: "62ad71d3b4e74b4aaaa72f1349f50e15" candidate_term: 2 candidate_status { last_received { term: 0 index: 0 } } ignore_live_leader: false dest_uuid: "7fce8328d76243a089e54203a158b35a" is_pre_election: true
I20260709 12:25:54.268831 12915 leader_election.cc:290] T 039e0a80dc5e460fb3b70e4808f4ced7 P 62ad71d3b4e74b4aaaa72f1349f50e15 [CANDIDATE]: Term 2 pre-election: Requested pre-vote from peers 461eb8922b0b404a82e7bf75bc2b3fcb (127.11.51.66:41417), 7fce8328d76243a089e54203a158b35a (127.11.51.67:45525)
I20260709 12:25:54.271224 12716 tablet_service.cc:1917] Received RequestConsensusVote() RPC: tablet_id: "039e0a80dc5e460fb3b70e4808f4ced7" candidate_uuid: "62ad71d3b4e74b4aaaa72f1349f50e15" candidate_term: 2 candidate_status { last_received { term: 0 index: 0 } } ignore_live_leader: false dest_uuid: "461eb8922b0b404a82e7bf75bc2b3fcb" is_pre_election: true
I20260709 12:25:54.272789 12832 tablet_bootstrap.cc:492] T c844ba01c1c1467782d2eac67c859b44 P 62ad71d3b4e74b4aaaa72f1349f50e15: No bootstrap required, opened a new log
I20260709 12:25:54.273310 12832 ts_tablet_manager.cc:1403] T c844ba01c1c1467782d2eac67c859b44 P 62ad71d3b4e74b4aaaa72f1349f50e15: Time spent bootstrapping tablet: real 0.085s	user 0.010s	sys 0.002s
I20260709 12:25:54.278865 12607 leader_election.cc:304] T 039e0a80dc5e460fb3b70e4808f4ced7 P 62ad71d3b4e74b4aaaa72f1349f50e15 [CANDIDATE]: Term 2 pre-election: Election decided. Result: candidate lost. Election summary: received 3 responses out of 3 voters: 1 yes votes; 2 no votes. yes voters: 62ad71d3b4e74b4aaaa72f1349f50e15; no voters: 461eb8922b0b404a82e7bf75bc2b3fcb, 7fce8328d76243a089e54203a158b35a
I20260709 12:25:54.280385 12846 raft_consensus.cc:2749] T 039e0a80dc5e460fb3b70e4808f4ced7 P 62ad71d3b4e74b4aaaa72f1349f50e15 [term 1 FOLLOWER]: Leader pre-election lost for term 2. Reason: could not achieve majority
I20260709 12:25:54.285108 12943 consensus_queue.cc:1048] T 039e0a80dc5e460fb3b70e4808f4ced7 P 461eb8922b0b404a82e7bf75bc2b3fcb [LEADER]: Connected to new peer: Peer: permanent_uuid: "62ad71d3b4e74b4aaaa72f1349f50e15" member_type: VOTER last_known_addr { host: "127.11.51.65" port: 43967 }, Status: LMP_MISMATCH, Last received: 0.0, Next index: 1, Last known committed idx: 0, Time since last communication: 0.000s
I20260709 12:25:54.285233 12537 catalog_manager.cc:5697] T 6e9264f9172b4d1fb6181f2d0625c47f P 7fce8328d76243a089e54203a158b35a reported cstate change: term changed from 0 to 1, leader changed from <none> to 7fce8328d76243a089e54203a158b35a (127.11.51.67). New cstate: current_term: 1 leader_uuid: "7fce8328d76243a089e54203a158b35a" committed_config { opid_index: -1 OBSOLETE_local: false peers { permanent_uuid: "62ad71d3b4e74b4aaaa72f1349f50e15" member_type: VOTER last_known_addr { host: "127.11.51.65" port: 43967 } health_report { overall_health: UNKNOWN } } peers { permanent_uuid: "461eb8922b0b404a82e7bf75bc2b3fcb" member_type: VOTER last_known_addr { host: "127.11.51.66" port: 41417 } health_report { overall_health: UNKNOWN } } peers { permanent_uuid: "7fce8328d76243a089e54203a158b35a" member_type: VOTER last_known_addr { host: "127.11.51.67" port: 45525 } health_report { overall_health: HEALTHY } } }
I20260709 12:25:54.287750 12833 tablet_bootstrap.cc:654] T 61a69d7d926041bd88ae4ed77d5e5555 P 461eb8922b0b404a82e7bf75bc2b3fcb: Neither blocks nor log segments found. Creating new log.
I20260709 12:25:54.287475 12858 consensus_queue.cc:1048] T f3910571bcf54fb4b0927ee1a387e37b P 7fce8328d76243a089e54203a158b35a [LEADER]: Connected to new peer: Peer: permanent_uuid: "461eb8922b0b404a82e7bf75bc2b3fcb" member_type: VOTER last_known_addr { host: "127.11.51.66" port: 41417 }, Status: LMP_MISMATCH, Last received: 0.0, Next index: 1, Last known committed idx: 0, Time since last communication: 0.000s
I20260709 12:25:54.292593 12832 raft_consensus.cc:359] T c844ba01c1c1467782d2eac67c859b44 P 62ad71d3b4e74b4aaaa72f1349f50e15 [term 0 FOLLOWER]: Replica starting. Triggering 0 pending ops. Active config: opid_index: -1 OBSOLETE_local: false peers { permanent_uuid: "62ad71d3b4e74b4aaaa72f1349f50e15" member_type: VOTER last_known_addr { host: "127.11.51.65" port: 43967 } } peers { permanent_uuid: "461eb8922b0b404a82e7bf75bc2b3fcb" member_type: VOTER last_known_addr { host: "127.11.51.66" port: 41417 } } peers { permanent_uuid: "7fce8328d76243a089e54203a158b35a" member_type: VOTER last_known_addr { host: "127.11.51.67" port: 45525 } }
I20260709 12:25:54.293185 12832 raft_consensus.cc:385] T c844ba01c1c1467782d2eac67c859b44 P 62ad71d3b4e74b4aaaa72f1349f50e15 [term 0 FOLLOWER]: Consensus starting up: Expiring failure detector timer to make a prompt election more likely
I20260709 12:25:54.293408 12832 raft_consensus.cc:740] T c844ba01c1c1467782d2eac67c859b44 P 62ad71d3b4e74b4aaaa72f1349f50e15 [term 0 FOLLOWER]: Becoming Follower/Learner. State: Replica: 62ad71d3b4e74b4aaaa72f1349f50e15, State: Initialized, Role: FOLLOWER
I20260709 12:25:54.293915 12832 consensus_queue.cc:260] T c844ba01c1c1467782d2eac67c859b44 P 62ad71d3b4e74b4aaaa72f1349f50e15 [NON_LEADER]: Queue going to NON_LEADER mode. State: All replicated index: 0, Majority replicated index: 0, Committed index: 0, Last appended: 0.0, Last appended by leader: 0, Current term: 0, Majority size: -1, State: 0, Mode: NON_LEADER, active raft config: opid_index: -1 OBSOLETE_local: false peers { permanent_uuid: "62ad71d3b4e74b4aaaa72f1349f50e15" member_type: VOTER last_known_addr { host: "127.11.51.65" port: 43967 } } peers { permanent_uuid: "461eb8922b0b404a82e7bf75bc2b3fcb" member_type: VOTER last_known_addr { host: "127.11.51.66" port: 41417 } } peers { permanent_uuid: "7fce8328d76243a089e54203a158b35a" member_type: VOTER last_known_addr { host: "127.11.51.67" port: 45525 } }
I20260709 12:25:54.296175 12832 ts_tablet_manager.cc:1434] T c844ba01c1c1467782d2eac67c859b44 P 62ad71d3b4e74b4aaaa72f1349f50e15: Time spent starting tablet: real 0.023s	user 0.006s	sys 0.001s
I20260709 12:25:54.297240 12832 tablet_bootstrap.cc:492] T 10fc3658d4d540b5b25379472b26c1e4 P 62ad71d3b4e74b4aaaa72f1349f50e15: Bootstrap starting.
I20260709 12:25:54.307538 12888 raft_consensus.cc:493] T fa4f1fbb25604e2991840f33406f016c P 461eb8922b0b404a82e7bf75bc2b3fcb [term 0 FOLLOWER]: Starting pre-election (no leader contacted us within the election timeout)
I20260709 12:25:54.315923 12888 raft_consensus.cc:515] T fa4f1fbb25604e2991840f33406f016c P 461eb8922b0b404a82e7bf75bc2b3fcb [term 0 FOLLOWER]: Starting pre-election with config: opid_index: -1 OBSOLETE_local: false peers { permanent_uuid: "62ad71d3b4e74b4aaaa72f1349f50e15" member_type: VOTER last_known_addr { host: "127.11.51.65" port: 43967 } } peers { permanent_uuid: "461eb8922b0b404a82e7bf75bc2b3fcb" member_type: VOTER last_known_addr { host: "127.11.51.66" port: 41417 } } peers { permanent_uuid: "7fce8328d76243a089e54203a158b35a" member_type: VOTER last_known_addr { host: "127.11.51.67" port: 45525 } }
I20260709 12:25:54.317991 12888 leader_election.cc:290] T fa4f1fbb25604e2991840f33406f016c P 461eb8922b0b404a82e7bf75bc2b3fcb [CANDIDATE]: Term 1 pre-election: Requested pre-vote from peers 62ad71d3b4e74b4aaaa72f1349f50e15 (127.11.51.65:43967), 7fce8328d76243a089e54203a158b35a (127.11.51.67:45525)
I20260709 12:25:54.322299 12791 tablet_service.cc:1917] Received RequestConsensusVote() RPC: tablet_id: "fa4f1fbb25604e2991840f33406f016c" candidate_uuid: "461eb8922b0b404a82e7bf75bc2b3fcb" candidate_term: 1 candidate_status { last_received { term: 0 index: 0 } } ignore_live_leader: false dest_uuid: "7fce8328d76243a089e54203a158b35a" is_pre_election: true
I20260709 12:25:54.325640 12642 tablet_service.cc:1917] Received RequestConsensusVote() RPC: tablet_id: "fa4f1fbb25604e2991840f33406f016c" candidate_uuid: "461eb8922b0b404a82e7bf75bc2b3fcb" candidate_term: 1 candidate_status { last_received { term: 0 index: 0 } } ignore_live_leader: false dest_uuid: "62ad71d3b4e74b4aaaa72f1349f50e15" is_pre_election: true
I20260709 12:25:54.326679 12642 raft_consensus.cc:2393] T fa4f1fbb25604e2991840f33406f016c P 62ad71d3b4e74b4aaaa72f1349f50e15 [term 1 FOLLOWER]: Leader pre-election vote request: Denying vote to candidate 461eb8922b0b404a82e7bf75bc2b3fcb in current term 1: Already voted for candidate 7fce8328d76243a089e54203a158b35a in this term.
I20260709 12:25:54.332440 12832 tablet_bootstrap.cc:654] T 10fc3658d4d540b5b25379472b26c1e4 P 62ad71d3b4e74b4aaaa72f1349f50e15: Neither blocks nor log segments found. Creating new log.
I20260709 12:25:54.335922 12681 leader_election.cc:304] T fa4f1fbb25604e2991840f33406f016c P 461eb8922b0b404a82e7bf75bc2b3fcb [CANDIDATE]: Term 1 pre-election: Election decided. Result: candidate lost. Election summary: received 3 responses out of 3 voters: 1 yes votes; 2 no votes. yes voters: 461eb8922b0b404a82e7bf75bc2b3fcb; no voters: 62ad71d3b4e74b4aaaa72f1349f50e15, 7fce8328d76243a089e54203a158b35a
I20260709 12:25:54.334373 12833 tablet_bootstrap.cc:492] T 61a69d7d926041bd88ae4ed77d5e5555 P 461eb8922b0b404a82e7bf75bc2b3fcb: No bootstrap required, opened a new log
I20260709 12:25:54.334630 12835 tablet_bootstrap.cc:492] T 0542d4d258424a46ac0daa2796380338 P 7fce8328d76243a089e54203a158b35a: No bootstrap required, opened a new log
I20260709 12:25:54.337049 12888 raft_consensus.cc:3060] T fa4f1fbb25604e2991840f33406f016c P 461eb8922b0b404a82e7bf75bc2b3fcb [term 0 FOLLOWER]: Advancing to term 1
I20260709 12:25:54.347600 12835 ts_tablet_manager.cc:1403] T 0542d4d258424a46ac0daa2796380338 P 7fce8328d76243a089e54203a158b35a: Time spent bootstrapping tablet: real 0.172s	user 0.013s	sys 0.002s
I20260709 12:25:54.348295 12943 raft_consensus.cc:493] T 10fc3658d4d540b5b25379472b26c1e4 P 461eb8922b0b404a82e7bf75bc2b3fcb [term 0 FOLLOWER]: Starting pre-election (no leader contacted us within the election timeout)
I20260709 12:25:54.349014 12943 raft_consensus.cc:515] T 10fc3658d4d540b5b25379472b26c1e4 P 461eb8922b0b404a82e7bf75bc2b3fcb [term 0 FOLLOWER]: Starting pre-election with config: opid_index: -1 OBSOLETE_local: false peers { permanent_uuid: "62ad71d3b4e74b4aaaa72f1349f50e15" member_type: VOTER last_known_addr { host: "127.11.51.65" port: 43967 } } peers { permanent_uuid: "461eb8922b0b404a82e7bf75bc2b3fcb" member_type: VOTER last_known_addr { host: "127.11.51.66" port: 41417 } } peers { permanent_uuid: "7fce8328d76243a089e54203a158b35a" member_type: VOTER last_known_addr { host: "127.11.51.67" port: 45525 } }
I20260709 12:25:54.349749 12835 raft_consensus.cc:359] T 0542d4d258424a46ac0daa2796380338 P 7fce8328d76243a089e54203a158b35a [term 0 FOLLOWER]: Replica starting. Triggering 0 pending ops. Active config: opid_index: -1 OBSOLETE_local: false peers { permanent_uuid: "62ad71d3b4e74b4aaaa72f1349f50e15" member_type: VOTER last_known_addr { host: "127.11.51.65" port: 43967 } } peers { permanent_uuid: "461eb8922b0b404a82e7bf75bc2b3fcb" member_type: VOTER last_known_addr { host: "127.11.51.66" port: 41417 } } peers { permanent_uuid: "7fce8328d76243a089e54203a158b35a" member_type: VOTER last_known_addr { host: "127.11.51.67" port: 45525 } }
I20260709 12:25:54.350387 12835 raft_consensus.cc:385] T 0542d4d258424a46ac0daa2796380338 P 7fce8328d76243a089e54203a158b35a [term 0 FOLLOWER]: Consensus starting up: Expiring failure detector timer to make a prompt election more likely
I20260709 12:25:54.350637 12835 raft_consensus.cc:740] T 0542d4d258424a46ac0daa2796380338 P 7fce8328d76243a089e54203a158b35a [term 0 FOLLOWER]: Becoming Follower/Learner. State: Replica: 7fce8328d76243a089e54203a158b35a, State: Initialized, Role: FOLLOWER
I20260709 12:25:54.351274 12835 consensus_queue.cc:260] T 0542d4d258424a46ac0daa2796380338 P 7fce8328d76243a089e54203a158b35a [NON_LEADER]: Queue going to NON_LEADER mode. State: All replicated index: 0, Majority replicated index: 0, Committed index: 0, Last appended: 0.0, Last appended by leader: 0, Current term: 0, Majority size: -1, State: 0, Mode: NON_LEADER, active raft config: opid_index: -1 OBSOLETE_local: false peers { permanent_uuid: "62ad71d3b4e74b4aaaa72f1349f50e15" member_type: VOTER last_known_addr { host: "127.11.51.65" port: 43967 } } peers { permanent_uuid: "461eb8922b0b404a82e7bf75bc2b3fcb" member_type: VOTER last_known_addr { host: "127.11.51.66" port: 41417 } } peers { permanent_uuid: "7fce8328d76243a089e54203a158b35a" member_type: VOTER last_known_addr { host: "127.11.51.67" port: 45525 } }
I20260709 12:25:54.352628 12943 leader_election.cc:290] T 10fc3658d4d540b5b25379472b26c1e4 P 461eb8922b0b404a82e7bf75bc2b3fcb [CANDIDATE]: Term 1 pre-election: Requested pre-vote from peers 62ad71d3b4e74b4aaaa72f1349f50e15 (127.11.51.65:43967), 7fce8328d76243a089e54203a158b35a (127.11.51.67:45525)
I20260709 12:25:54.353127 12835 ts_tablet_manager.cc:1434] T 0542d4d258424a46ac0daa2796380338 P 7fce8328d76243a089e54203a158b35a: Time spent starting tablet: real 0.005s	user 0.003s	sys 0.000s
I20260709 12:25:54.354044 12835 tablet_bootstrap.cc:492] T 1e3eeead58904183b3636d3029bbb507 P 7fce8328d76243a089e54203a158b35a: Bootstrap starting.
I20260709 12:25:54.354012 12791 tablet_service.cc:1917] Received RequestConsensusVote() RPC: tablet_id: "10fc3658d4d540b5b25379472b26c1e4" candidate_uuid: "461eb8922b0b404a82e7bf75bc2b3fcb" candidate_term: 1 candidate_status { last_received { term: 0 index: 0 } } ignore_live_leader: false dest_uuid: "7fce8328d76243a089e54203a158b35a" is_pre_election: true
I20260709 12:25:54.355098 12888 raft_consensus.cc:2749] T fa4f1fbb25604e2991840f33406f016c P 461eb8922b0b404a82e7bf75bc2b3fcb [term 1 FOLLOWER]: Leader pre-election lost for term 1. Reason: could not achieve majority
W20260709 12:25:54.355631 12681 leader_election.cc:343] T 10fc3658d4d540b5b25379472b26c1e4 P 461eb8922b0b404a82e7bf75bc2b3fcb [CANDIDATE]: Term 1 pre-election: Tablet error from VoteRequest() call to peer 7fce8328d76243a089e54203a158b35a (127.11.51.67:45525): Illegal state: must be running to vote when last-logged opid is not known
I20260709 12:25:54.355916 12833 ts_tablet_manager.cc:1403] T 61a69d7d926041bd88ae4ed77d5e5555 P 461eb8922b0b404a82e7bf75bc2b3fcb: Time spent bootstrapping tablet: real 0.106s	user 0.012s	sys 0.004s
I20260709 12:25:54.358512 12833 raft_consensus.cc:359] T 61a69d7d926041bd88ae4ed77d5e5555 P 461eb8922b0b404a82e7bf75bc2b3fcb [term 0 FOLLOWER]: Replica starting. Triggering 0 pending ops. Active config: opid_index: -1 OBSOLETE_local: false peers { permanent_uuid: "62ad71d3b4e74b4aaaa72f1349f50e15" member_type: VOTER last_known_addr { host: "127.11.51.65" port: 43967 } } peers { permanent_uuid: "461eb8922b0b404a82e7bf75bc2b3fcb" member_type: VOTER last_known_addr { host: "127.11.51.66" port: 41417 } } peers { permanent_uuid: "7fce8328d76243a089e54203a158b35a" member_type: VOTER last_known_addr { host: "127.11.51.67" port: 45525 } }
I20260709 12:25:54.359251 12833 raft_consensus.cc:385] T 61a69d7d926041bd88ae4ed77d5e5555 P 461eb8922b0b404a82e7bf75bc2b3fcb [term 0 FOLLOWER]: Consensus starting up: Expiring failure detector timer to make a prompt election more likely
I20260709 12:25:54.359524 12833 raft_consensus.cc:740] T 61a69d7d926041bd88ae4ed77d5e5555 P 461eb8922b0b404a82e7bf75bc2b3fcb [term 0 FOLLOWER]: Becoming Follower/Learner. State: Replica: 461eb8922b0b404a82e7bf75bc2b3fcb, State: Initialized, Role: FOLLOWER
I20260709 12:25:54.360209 12833 consensus_queue.cc:260] T 61a69d7d926041bd88ae4ed77d5e5555 P 461eb8922b0b404a82e7bf75bc2b3fcb [NON_LEADER]: Queue going to NON_LEADER mode. State: All replicated index: 0, Majority replicated index: 0, Committed index: 0, Last appended: 0.0, Last appended by leader: 0, Current term: 0, Majority size: -1, State: 0, Mode: NON_LEADER, active raft config: opid_index: -1 OBSOLETE_local: false peers { permanent_uuid: "62ad71d3b4e74b4aaaa72f1349f50e15" member_type: VOTER last_known_addr { host: "127.11.51.65" port: 43967 } } peers { permanent_uuid: "461eb8922b0b404a82e7bf75bc2b3fcb" member_type: VOTER last_known_addr { host: "127.11.51.66" port: 41417 } } peers { permanent_uuid: "7fce8328d76243a089e54203a158b35a" member_type: VOTER last_known_addr { host: "127.11.51.67" port: 45525 } }
I20260709 12:25:54.361186 12642 tablet_service.cc:1917] Received RequestConsensusVote() RPC: tablet_id: "10fc3658d4d540b5b25379472b26c1e4" candidate_uuid: "461eb8922b0b404a82e7bf75bc2b3fcb" candidate_term: 1 candidate_status { last_received { term: 0 index: 0 } } ignore_live_leader: false dest_uuid: "62ad71d3b4e74b4aaaa72f1349f50e15" is_pre_election: true
I20260709 12:25:54.362528 12858 raft_consensus.cc:493] T 1d635eed90d640a2bfdb2d5f02ddec61 P 7fce8328d76243a089e54203a158b35a [term 0 FOLLOWER]: Starting pre-election (no leader contacted us within the election timeout)
I20260709 12:25:54.363008 12858 raft_consensus.cc:515] T 1d635eed90d640a2bfdb2d5f02ddec61 P 7fce8328d76243a089e54203a158b35a [term 0 FOLLOWER]: Starting pre-election with config: opid_index: -1 OBSOLETE_local: false peers { permanent_uuid: "62ad71d3b4e74b4aaaa72f1349f50e15" member_type: VOTER last_known_addr { host: "127.11.51.65" port: 43967 } } peers { permanent_uuid: "461eb8922b0b404a82e7bf75bc2b3fcb" member_type: VOTER last_known_addr { host: "127.11.51.66" port: 41417 } } peers { permanent_uuid: "7fce8328d76243a089e54203a158b35a" member_type: VOTER last_known_addr { host: "127.11.51.67" port: 45525 } }
I20260709 12:25:54.366313 12896 raft_consensus.cc:493] T 0ceed66501bd403da8912ab1e0e389c6 P 7fce8328d76243a089e54203a158b35a [term 0 FOLLOWER]: Starting pre-election (no leader contacted us within the election timeout)
I20260709 12:25:54.366542 12833 ts_tablet_manager.cc:1434] T 61a69d7d926041bd88ae4ed77d5e5555 P 461eb8922b0b404a82e7bf75bc2b3fcb: Time spent starting tablet: real 0.010s	user 0.005s	sys 0.000s
I20260709 12:25:54.367440 12858 leader_election.cc:290] T 1d635eed90d640a2bfdb2d5f02ddec61 P 7fce8328d76243a089e54203a158b35a [CANDIDATE]: Term 1 pre-election: Requested pre-vote from peers 62ad71d3b4e74b4aaaa72f1349f50e15 (127.11.51.65:43967), 461eb8922b0b404a82e7bf75bc2b3fcb (127.11.51.66:41417)
I20260709 12:25:54.370282 12717 tablet_service.cc:1917] Received RequestConsensusVote() RPC: tablet_id: "1d635eed90d640a2bfdb2d5f02ddec61" candidate_uuid: "7fce8328d76243a089e54203a158b35a" candidate_term: 1 candidate_status { last_received { term: 0 index: 0 } } ignore_live_leader: false dest_uuid: "461eb8922b0b404a82e7bf75bc2b3fcb" is_pre_election: true
I20260709 12:25:54.377362 12717 raft_consensus.cc:2468] T 1d635eed90d640a2bfdb2d5f02ddec61 P 461eb8922b0b404a82e7bf75bc2b3fcb [term 0 FOLLOWER]: Leader pre-election vote request: Granting yes vote for candidate 7fce8328d76243a089e54203a158b35a in term 0.
I20260709 12:25:54.377377 12888 raft_consensus.cc:493] T 61a69d7d926041bd88ae4ed77d5e5555 P 461eb8922b0b404a82e7bf75bc2b3fcb [term 0 FOLLOWER]: Starting pre-election (no leader contacted us within the election timeout)
I20260709 12:25:54.378569 12835 tablet_bootstrap.cc:654] T 1e3eeead58904183b3636d3029bbb507 P 7fce8328d76243a089e54203a158b35a: Neither blocks nor log segments found. Creating new log.
I20260709 12:25:54.378679 12757 leader_election.cc:304] T 1d635eed90d640a2bfdb2d5f02ddec61 P 7fce8328d76243a089e54203a158b35a [CANDIDATE]: Term 1 pre-election: Election decided. Result: candidate won. Election summary: received 2 responses out of 3 voters: 2 yes votes; 0 no votes. yes voters: 461eb8922b0b404a82e7bf75bc2b3fcb, 7fce8328d76243a089e54203a158b35a; no voters: 
I20260709 12:25:54.378473 12888 raft_consensus.cc:515] T 61a69d7d926041bd88ae4ed77d5e5555 P 461eb8922b0b404a82e7bf75bc2b3fcb [term 0 FOLLOWER]: Starting pre-election with config: opid_index: -1 OBSOLETE_local: false peers { permanent_uuid: "62ad71d3b4e74b4aaaa72f1349f50e15" member_type: VOTER last_known_addr { host: "127.11.51.65" port: 43967 } } peers { permanent_uuid: "461eb8922b0b404a82e7bf75bc2b3fcb" member_type: VOTER last_known_addr { host: "127.11.51.66" port: 41417 } } peers { permanent_uuid: "7fce8328d76243a089e54203a158b35a" member_type: VOTER last_known_addr { host: "127.11.51.67" port: 45525 } }
I20260709 12:25:54.379509 12858 raft_consensus.cc:2804] T 1d635eed90d640a2bfdb2d5f02ddec61 P 7fce8328d76243a089e54203a158b35a [term 0 FOLLOWER]: Leader pre-election won for term 1
I20260709 12:25:54.379869 12858 raft_consensus.cc:493] T 1d635eed90d640a2bfdb2d5f02ddec61 P 7fce8328d76243a089e54203a158b35a [term 0 FOLLOWER]: Starting leader election (no leader contacted us within the election timeout)
I20260709 12:25:54.380213 12858 raft_consensus.cc:3060] T 1d635eed90d640a2bfdb2d5f02ddec61 P 7fce8328d76243a089e54203a158b35a [term 0 FOLLOWER]: Advancing to term 1
I20260709 12:25:54.381729 12640 tablet_service.cc:1917] Received RequestConsensusVote() RPC: tablet_id: "61a69d7d926041bd88ae4ed77d5e5555" candidate_uuid: "461eb8922b0b404a82e7bf75bc2b3fcb" candidate_term: 1 candidate_status { last_received { term: 0 index: 0 } } ignore_live_leader: false dest_uuid: "62ad71d3b4e74b4aaaa72f1349f50e15" is_pre_election: true
W20260709 12:25:54.383370 12681 leader_election.cc:343] T 61a69d7d926041bd88ae4ed77d5e5555 P 461eb8922b0b404a82e7bf75bc2b3fcb [CANDIDATE]: Term 1 pre-election: Tablet error from VoteRequest() call to peer 62ad71d3b4e74b4aaaa72f1349f50e15 (127.11.51.65:43967): Illegal state: must be running to vote when last-logged opid is not known
W20260709 12:25:54.384094 12681 leader_election.cc:343] T 10fc3658d4d540b5b25379472b26c1e4 P 461eb8922b0b404a82e7bf75bc2b3fcb [CANDIDATE]: Term 1 pre-election: Tablet error from VoteRequest() call to peer 62ad71d3b4e74b4aaaa72f1349f50e15 (127.11.51.65:43967): Illegal state: must be running to vote when last-logged opid is not known
I20260709 12:25:54.384516 12681 leader_election.cc:304] T 10fc3658d4d540b5b25379472b26c1e4 P 461eb8922b0b404a82e7bf75bc2b3fcb [CANDIDATE]: Term 1 pre-election: Election decided. Result: candidate lost. Election summary: received 3 responses out of 3 voters: 1 yes votes; 2 no votes. yes voters: 461eb8922b0b404a82e7bf75bc2b3fcb; no voters: 62ad71d3b4e74b4aaaa72f1349f50e15, 7fce8328d76243a089e54203a158b35a
I20260709 12:25:54.385280 12943 raft_consensus.cc:2749] T 10fc3658d4d540b5b25379472b26c1e4 P 461eb8922b0b404a82e7bf75bc2b3fcb [term 0 FOLLOWER]: Leader pre-election lost for term 1. Reason: could not achieve majority
I20260709 12:25:54.387228 12858 raft_consensus.cc:515] T 1d635eed90d640a2bfdb2d5f02ddec61 P 7fce8328d76243a089e54203a158b35a [term 1 FOLLOWER]: Starting leader election with config: opid_index: -1 OBSOLETE_local: false peers { permanent_uuid: "62ad71d3b4e74b4aaaa72f1349f50e15" member_type: VOTER last_known_addr { host: "127.11.51.65" port: 43967 } } peers { permanent_uuid: "461eb8922b0b404a82e7bf75bc2b3fcb" member_type: VOTER last_known_addr { host: "127.11.51.66" port: 41417 } } peers { permanent_uuid: "7fce8328d76243a089e54203a158b35a" member_type: VOTER last_known_addr { host: "127.11.51.67" port: 45525 } }
I20260709 12:25:54.389276 12858 leader_election.cc:290] T 1d635eed90d640a2bfdb2d5f02ddec61 P 7fce8328d76243a089e54203a158b35a [CANDIDATE]: Term 1 election: Requested vote from peers 62ad71d3b4e74b4aaaa72f1349f50e15 (127.11.51.65:43967), 461eb8922b0b404a82e7bf75bc2b3fcb (127.11.51.66:41417)
I20260709 12:25:54.366777 12896 raft_consensus.cc:515] T 0ceed66501bd403da8912ab1e0e389c6 P 7fce8328d76243a089e54203a158b35a [term 0 FOLLOWER]: Starting pre-election with config: opid_index: -1 OBSOLETE_local: false peers { permanent_uuid: "62ad71d3b4e74b4aaaa72f1349f50e15" member_type: VOTER last_known_addr { host: "127.11.51.65" port: 43967 } } peers { permanent_uuid: "461eb8922b0b404a82e7bf75bc2b3fcb" member_type: VOTER last_known_addr { host: "127.11.51.66" port: 41417 } } peers { permanent_uuid: "7fce8328d76243a089e54203a158b35a" member_type: VOTER last_known_addr { host: "127.11.51.67" port: 45525 } }
I20260709 12:25:54.390602 12642 tablet_service.cc:1917] Received RequestConsensusVote() RPC: tablet_id: "1d635eed90d640a2bfdb2d5f02ddec61" candidate_uuid: "7fce8328d76243a089e54203a158b35a" candidate_term: 1 candidate_status { last_received { term: 0 index: 0 } } ignore_live_leader: false dest_uuid: "62ad71d3b4e74b4aaaa72f1349f50e15"
I20260709 12:25:54.371105 12641 tablet_service.cc:1917] Received RequestConsensusVote() RPC: tablet_id: "1d635eed90d640a2bfdb2d5f02ddec61" candidate_uuid: "7fce8328d76243a089e54203a158b35a" candidate_term: 1 candidate_status { last_received { term: 0 index: 0 } } ignore_live_leader: false dest_uuid: "62ad71d3b4e74b4aaaa72f1349f50e15" is_pre_election: true
I20260709 12:25:54.373108 12832 tablet_bootstrap.cc:492] T 10fc3658d4d540b5b25379472b26c1e4 P 62ad71d3b4e74b4aaaa72f1349f50e15: No bootstrap required, opened a new log
I20260709 12:25:54.393082 12716 tablet_service.cc:1917] Received RequestConsensusVote() RPC: tablet_id: "0ceed66501bd403da8912ab1e0e389c6" candidate_uuid: "7fce8328d76243a089e54203a158b35a" candidate_term: 1 candidate_status { last_received { term: 0 index: 0 } } ignore_live_leader: false dest_uuid: "461eb8922b0b404a82e7bf75bc2b3fcb" is_pre_election: true
I20260709 12:25:54.393322 12832 ts_tablet_manager.cc:1403] T 10fc3658d4d540b5b25379472b26c1e4 P 62ad71d3b4e74b4aaaa72f1349f50e15: Time spent bootstrapping tablet: real 0.096s	user 0.028s	sys 0.015s
W20260709 12:25:54.393810 12755 leader_election.cc:343] T 1d635eed90d640a2bfdb2d5f02ddec61 P 7fce8328d76243a089e54203a158b35a [CANDIDATE]: Term 1 pre-election: Tablet error from VoteRequest() call to peer 62ad71d3b4e74b4aaaa72f1349f50e15 (127.11.51.65:43967): Illegal state: must be running to vote when last-logged opid is not known
I20260709 12:25:54.391453 12896 leader_election.cc:290] T 0ceed66501bd403da8912ab1e0e389c6 P 7fce8328d76243a089e54203a158b35a [CANDIDATE]: Term 1 pre-election: Requested pre-vote from peers 62ad71d3b4e74b4aaaa72f1349f50e15 (127.11.51.65:43967), 461eb8922b0b404a82e7bf75bc2b3fcb (127.11.51.66:41417)
W20260709 12:25:54.394594 12757 leader_election.cc:343] T 0ceed66501bd403da8912ab1e0e389c6 P 7fce8328d76243a089e54203a158b35a [CANDIDATE]: Term 1 pre-election: Tablet error from VoteRequest() call to peer 461eb8922b0b404a82e7bf75bc2b3fcb (127.11.51.66:41417): Illegal state: must be running to vote when last-logged opid is not known
I20260709 12:25:54.391273 12717 tablet_service.cc:1917] Received RequestConsensusVote() RPC: tablet_id: "1d635eed90d640a2bfdb2d5f02ddec61" candidate_uuid: "7fce8328d76243a089e54203a158b35a" candidate_term: 1 candidate_status { last_received { term: 0 index: 0 } } ignore_live_leader: false dest_uuid: "461eb8922b0b404a82e7bf75bc2b3fcb"
I20260709 12:25:54.395578 12717 raft_consensus.cc:3060] T 1d635eed90d640a2bfdb2d5f02ddec61 P 461eb8922b0b404a82e7bf75bc2b3fcb [term 0 FOLLOWER]: Advancing to term 1
W20260709 12:25:54.395727 12755 leader_election.cc:343] T 1d635eed90d640a2bfdb2d5f02ddec61 P 7fce8328d76243a089e54203a158b35a [CANDIDATE]: Term 1 election: Tablet error from VoteRequest() call to peer 62ad71d3b4e74b4aaaa72f1349f50e15 (127.11.51.65:43967): Illegal state: must be running to vote when last-logged opid is not known
I20260709 12:25:54.396255 12832 raft_consensus.cc:359] T 10fc3658d4d540b5b25379472b26c1e4 P 62ad71d3b4e74b4aaaa72f1349f50e15 [term 0 FOLLOWER]: Replica starting. Triggering 0 pending ops. Active config: opid_index: -1 OBSOLETE_local: false peers { permanent_uuid: "62ad71d3b4e74b4aaaa72f1349f50e15" member_type: VOTER last_known_addr { host: "127.11.51.65" port: 43967 } } peers { permanent_uuid: "461eb8922b0b404a82e7bf75bc2b3fcb" member_type: VOTER last_known_addr { host: "127.11.51.66" port: 41417 } } peers { permanent_uuid: "7fce8328d76243a089e54203a158b35a" member_type: VOTER last_known_addr { host: "127.11.51.67" port: 45525 } }
I20260709 12:25:54.392279 12888 leader_election.cc:290] T 61a69d7d926041bd88ae4ed77d5e5555 P 461eb8922b0b404a82e7bf75bc2b3fcb [CANDIDATE]: Term 1 pre-election: Requested pre-vote from peers 62ad71d3b4e74b4aaaa72f1349f50e15 (127.11.51.65:43967), 7fce8328d76243a089e54203a158b35a (127.11.51.67:45525)
I20260709 12:25:54.378109 12833 tablet_bootstrap.cc:492] T ffe1e0317e7544fca3ce7bbaae990ecf P 461eb8922b0b404a82e7bf75bc2b3fcb: Bootstrap starting.
I20260709 12:25:54.397297 12791 tablet_service.cc:1917] Received RequestConsensusVote() RPC: tablet_id: "61a69d7d926041bd88ae4ed77d5e5555" candidate_uuid: "461eb8922b0b404a82e7bf75bc2b3fcb" candidate_term: 1 candidate_status { last_received { term: 0 index: 0 } } ignore_live_leader: false dest_uuid: "7fce8328d76243a089e54203a158b35a" is_pre_election: true
I20260709 12:25:54.397902 12791 raft_consensus.cc:2468] T 61a69d7d926041bd88ae4ed77d5e5555 P 7fce8328d76243a089e54203a158b35a [term 0 FOLLOWER]: Leader pre-election vote request: Granting yes vote for candidate 461eb8922b0b404a82e7bf75bc2b3fcb in term 0.
I20260709 12:25:54.392201 12640 tablet_service.cc:1917] Received RequestConsensusVote() RPC: tablet_id: "0ceed66501bd403da8912ab1e0e389c6" candidate_uuid: "7fce8328d76243a089e54203a158b35a" candidate_term: 1 candidate_status { last_received { term: 0 index: 0 } } ignore_live_leader: false dest_uuid: "62ad71d3b4e74b4aaaa72f1349f50e15" is_pre_election: true
W20260709 12:25:54.399927 12755 leader_election.cc:343] T 0ceed66501bd403da8912ab1e0e389c6 P 7fce8328d76243a089e54203a158b35a [CANDIDATE]: Term 1 pre-election: Tablet error from VoteRequest() call to peer 62ad71d3b4e74b4aaaa72f1349f50e15 (127.11.51.65:43967): Illegal state: must be running to vote when last-logged opid is not known
I20260709 12:25:54.400350 12755 leader_election.cc:304] T 0ceed66501bd403da8912ab1e0e389c6 P 7fce8328d76243a089e54203a158b35a [CANDIDATE]: Term 1 pre-election: Election decided. Result: candidate lost. Election summary: received 3 responses out of 3 voters: 1 yes votes; 2 no votes. yes voters: 7fce8328d76243a089e54203a158b35a; no voters: 461eb8922b0b404a82e7bf75bc2b3fcb, 62ad71d3b4e74b4aaaa72f1349f50e15
I20260709 12:25:54.401666 12681 leader_election.cc:304] T 61a69d7d926041bd88ae4ed77d5e5555 P 461eb8922b0b404a82e7bf75bc2b3fcb [CANDIDATE]: Term 1 pre-election: Election decided. Result: candidate won. Election summary: received 3 responses out of 3 voters: 2 yes votes; 1 no votes. yes voters: 461eb8922b0b404a82e7bf75bc2b3fcb, 7fce8328d76243a089e54203a158b35a; no voters: 62ad71d3b4e74b4aaaa72f1349f50e15
I20260709 12:25:54.402667 12858 raft_consensus.cc:2749] T 0ceed66501bd403da8912ab1e0e389c6 P 7fce8328d76243a089e54203a158b35a [term 0 FOLLOWER]: Leader pre-election lost for term 1. Reason: could not achieve majority
I20260709 12:25:54.403182 12888 raft_consensus.cc:2804] T 61a69d7d926041bd88ae4ed77d5e5555 P 461eb8922b0b404a82e7bf75bc2b3fcb [term 0 FOLLOWER]: Leader pre-election won for term 1
I20260709 12:25:54.403604 12888 raft_consensus.cc:493] T 61a69d7d926041bd88ae4ed77d5e5555 P 461eb8922b0b404a82e7bf75bc2b3fcb [term 0 FOLLOWER]: Starting leader election (no leader contacted us within the election timeout)
I20260709 12:25:54.403934 12888 raft_consensus.cc:3060] T 61a69d7d926041bd88ae4ed77d5e5555 P 461eb8922b0b404a82e7bf75bc2b3fcb [term 0 FOLLOWER]: Advancing to term 1
I20260709 12:25:54.396907 12832 raft_consensus.cc:385] T 10fc3658d4d540b5b25379472b26c1e4 P 62ad71d3b4e74b4aaaa72f1349f50e15 [term 0 FOLLOWER]: Consensus starting up: Expiring failure detector timer to make a prompt election more likely
I20260709 12:25:54.406805 12832 raft_consensus.cc:740] T 10fc3658d4d540b5b25379472b26c1e4 P 62ad71d3b4e74b4aaaa72f1349f50e15 [term 0 FOLLOWER]: Becoming Follower/Learner. State: Replica: 62ad71d3b4e74b4aaaa72f1349f50e15, State: Initialized, Role: FOLLOWER
I20260709 12:25:54.407310 12833 tablet_bootstrap.cc:654] T ffe1e0317e7544fca3ce7bbaae990ecf P 461eb8922b0b404a82e7bf75bc2b3fcb: Neither blocks nor log segments found. Creating new log.
I20260709 12:25:54.407603 12858 consensus_queue.cc:1048] T ad74fd3699ff4ebbbe160e60421b86e9 P 7fce8328d76243a089e54203a158b35a [LEADER]: Connected to new peer: Peer: permanent_uuid: "461eb8922b0b404a82e7bf75bc2b3fcb" member_type: VOTER last_known_addr { host: "127.11.51.66" port: 41417 }, Status: LMP_MISMATCH, Last received: 0.0, Next index: 1, Last known committed idx: 0, Time since last communication: 0.001s
I20260709 12:25:54.407600 12832 consensus_queue.cc:260] T 10fc3658d4d540b5b25379472b26c1e4 P 62ad71d3b4e74b4aaaa72f1349f50e15 [NON_LEADER]: Queue going to NON_LEADER mode. State: All replicated index: 0, Majority replicated index: 0, Committed index: 0, Last appended: 0.0, Last appended by leader: 0, Current term: 0, Majority size: -1, State: 0, Mode: NON_LEADER, active raft config: opid_index: -1 OBSOLETE_local: false peers { permanent_uuid: "62ad71d3b4e74b4aaaa72f1349f50e15" member_type: VOTER last_known_addr { host: "127.11.51.65" port: 43967 } } peers { permanent_uuid: "461eb8922b0b404a82e7bf75bc2b3fcb" member_type: VOTER last_known_addr { host: "127.11.51.66" port: 41417 } } peers { permanent_uuid: "7fce8328d76243a089e54203a158b35a" member_type: VOTER last_known_addr { host: "127.11.51.67" port: 45525 } }
I20260709 12:25:54.412771 12888 raft_consensus.cc:515] T 61a69d7d926041bd88ae4ed77d5e5555 P 461eb8922b0b404a82e7bf75bc2b3fcb [term 1 FOLLOWER]: Starting leader election with config: opid_index: -1 OBSOLETE_local: false peers { permanent_uuid: "62ad71d3b4e74b4aaaa72f1349f50e15" member_type: VOTER last_known_addr { host: "127.11.51.65" port: 43967 } } peers { permanent_uuid: "461eb8922b0b404a82e7bf75bc2b3fcb" member_type: VOTER last_known_addr { host: "127.11.51.66" port: 41417 } } peers { permanent_uuid: "7fce8328d76243a089e54203a158b35a" member_type: VOTER last_known_addr { host: "127.11.51.67" port: 45525 } }
I20260709 12:25:54.416352 12640 tablet_service.cc:1917] Received RequestConsensusVote() RPC: tablet_id: "61a69d7d926041bd88ae4ed77d5e5555" candidate_uuid: "461eb8922b0b404a82e7bf75bc2b3fcb" candidate_term: 1 candidate_status { last_received { term: 0 index: 0 } } ignore_live_leader: false dest_uuid: "62ad71d3b4e74b4aaaa72f1349f50e15"
W20260709 12:25:54.417735 12681 leader_election.cc:343] T 61a69d7d926041bd88ae4ed77d5e5555 P 461eb8922b0b404a82e7bf75bc2b3fcb [CANDIDATE]: Term 1 election: Tablet error from VoteRequest() call to peer 62ad71d3b4e74b4aaaa72f1349f50e15 (127.11.51.65:43967): Illegal state: must be running to vote when last-logged opid is not known
I20260709 12:25:54.417979 12833 tablet_bootstrap.cc:492] T ffe1e0317e7544fca3ce7bbaae990ecf P 461eb8922b0b404a82e7bf75bc2b3fcb: No bootstrap required, opened a new log
I20260709 12:25:54.412773 12835 tablet_bootstrap.cc:492] T 1e3eeead58904183b3636d3029bbb507 P 7fce8328d76243a089e54203a158b35a: No bootstrap required, opened a new log
I20260709 12:25:54.418565 12833 ts_tablet_manager.cc:1403] T ffe1e0317e7544fca3ce7bbaae990ecf P 461eb8922b0b404a82e7bf75bc2b3fcb: Time spent bootstrapping tablet: real 0.041s	user 0.005s	sys 0.008s
I20260709 12:25:54.418602 12835 ts_tablet_manager.cc:1403] T 1e3eeead58904183b3636d3029bbb507 P 7fce8328d76243a089e54203a158b35a: Time spent bootstrapping tablet: real 0.065s	user 0.008s	sys 0.025s
I20260709 12:25:54.420392 12791 tablet_service.cc:1917] Received RequestConsensusVote() RPC: tablet_id: "61a69d7d926041bd88ae4ed77d5e5555" candidate_uuid: "461eb8922b0b404a82e7bf75bc2b3fcb" candidate_term: 1 candidate_status { last_received { term: 0 index: 0 } } ignore_live_leader: false dest_uuid: "7fce8328d76243a089e54203a158b35a"
I20260709 12:25:54.420929 12791 raft_consensus.cc:3060] T 61a69d7d926041bd88ae4ed77d5e5555 P 7fce8328d76243a089e54203a158b35a [term 0 FOLLOWER]: Advancing to term 1
I20260709 12:25:54.422681 12888 leader_election.cc:290] T 61a69d7d926041bd88ae4ed77d5e5555 P 461eb8922b0b404a82e7bf75bc2b3fcb [CANDIDATE]: Term 1 election: Requested vote from peers 62ad71d3b4e74b4aaaa72f1349f50e15 (127.11.51.65:43967), 7fce8328d76243a089e54203a158b35a (127.11.51.67:45525)
I20260709 12:25:54.422158 12835 raft_consensus.cc:359] T 1e3eeead58904183b3636d3029bbb507 P 7fce8328d76243a089e54203a158b35a [term 0 FOLLOWER]: Replica starting. Triggering 0 pending ops. Active config: opid_index: -1 OBSOLETE_local: false peers { permanent_uuid: "62ad71d3b4e74b4aaaa72f1349f50e15" member_type: VOTER last_known_addr { host: "127.11.51.65" port: 43967 } } peers { permanent_uuid: "461eb8922b0b404a82e7bf75bc2b3fcb" member_type: VOTER last_known_addr { host: "127.11.51.66" port: 41417 } } peers { permanent_uuid: "7fce8328d76243a089e54203a158b35a" member_type: VOTER last_known_addr { host: "127.11.51.67" port: 45525 } }
I20260709 12:25:54.423491 12835 raft_consensus.cc:385] T 1e3eeead58904183b3636d3029bbb507 P 7fce8328d76243a089e54203a158b35a [term 0 FOLLOWER]: Consensus starting up: Expiring failure detector timer to make a prompt election more likely
I20260709 12:25:54.423761 12835 raft_consensus.cc:740] T 1e3eeead58904183b3636d3029bbb507 P 7fce8328d76243a089e54203a158b35a [term 0 FOLLOWER]: Becoming Follower/Learner. State: Replica: 7fce8328d76243a089e54203a158b35a, State: Initialized, Role: FOLLOWER
I20260709 12:25:54.424458 12835 consensus_queue.cc:260] T 1e3eeead58904183b3636d3029bbb507 P 7fce8328d76243a089e54203a158b35a [NON_LEADER]: Queue going to NON_LEADER mode. State: All replicated index: 0, Majority replicated index: 0, Committed index: 0, Last appended: 0.0, Last appended by leader: 0, Current term: 0, Majority size: -1, State: 0, Mode: NON_LEADER, active raft config: opid_index: -1 OBSOLETE_local: false peers { permanent_uuid: "62ad71d3b4e74b4aaaa72f1349f50e15" member_type: VOTER last_known_addr { host: "127.11.51.65" port: 43967 } } peers { permanent_uuid: "461eb8922b0b404a82e7bf75bc2b3fcb" member_type: VOTER last_known_addr { host: "127.11.51.66" port: 41417 } } peers { permanent_uuid: "7fce8328d76243a089e54203a158b35a" member_type: VOTER last_known_addr { host: "127.11.51.67" port: 45525 } }
I20260709 12:25:54.425237 12832 ts_tablet_manager.cc:1434] T 10fc3658d4d540b5b25379472b26c1e4 P 62ad71d3b4e74b4aaaa72f1349f50e15: Time spent starting tablet: real 0.032s	user 0.006s	sys 0.000s
I20260709 12:25:54.426719 12835 ts_tablet_manager.cc:1434] T 1e3eeead58904183b3636d3029bbb507 P 7fce8328d76243a089e54203a158b35a: Time spent starting tablet: real 0.007s	user 0.003s	sys 0.003s
I20260709 12:25:54.427740 12835 tablet_bootstrap.cc:492] T c844ba01c1c1467782d2eac67c859b44 P 7fce8328d76243a089e54203a158b35a: Bootstrap starting.
I20260709 12:25:54.428086 12717 raft_consensus.cc:2468] T 1d635eed90d640a2bfdb2d5f02ddec61 P 461eb8922b0b404a82e7bf75bc2b3fcb [term 1 FOLLOWER]: Leader election vote request: Granting yes vote for candidate 7fce8328d76243a089e54203a158b35a in term 1.
I20260709 12:25:54.429350 12791 raft_consensus.cc:2468] T 61a69d7d926041bd88ae4ed77d5e5555 P 7fce8328d76243a089e54203a158b35a [term 1 FOLLOWER]: Leader election vote request: Granting yes vote for candidate 461eb8922b0b404a82e7bf75bc2b3fcb in term 1.
I20260709 12:25:54.430197 12757 leader_election.cc:304] T 1d635eed90d640a2bfdb2d5f02ddec61 P 7fce8328d76243a089e54203a158b35a [CANDIDATE]: Term 1 election: Election decided. Result: candidate won. Election summary: received 3 responses out of 3 voters: 2 yes votes; 1 no votes. yes voters: 461eb8922b0b404a82e7bf75bc2b3fcb, 7fce8328d76243a089e54203a158b35a; no voters: 62ad71d3b4e74b4aaaa72f1349f50e15
I20260709 12:25:54.431969 12858 raft_consensus.cc:2804] T 1d635eed90d640a2bfdb2d5f02ddec61 P 7fce8328d76243a089e54203a158b35a [term 1 FOLLOWER]: Leader election won for term 1
I20260709 12:25:54.432675 12858 raft_consensus.cc:697] T 1d635eed90d640a2bfdb2d5f02ddec61 P 7fce8328d76243a089e54203a158b35a [term 1 LEADER]: Becoming Leader. State: Replica: 7fce8328d76243a089e54203a158b35a, State: Running, Role: LEADER
I20260709 12:25:54.433856 12835 tablet_bootstrap.cc:654] T c844ba01c1c1467782d2eac67c859b44 P 7fce8328d76243a089e54203a158b35a: Neither blocks nor log segments found. Creating new log.
I20260709 12:25:54.434949 12681 leader_election.cc:304] T 61a69d7d926041bd88ae4ed77d5e5555 P 461eb8922b0b404a82e7bf75bc2b3fcb [CANDIDATE]: Term 1 election: Election decided. Result: candidate won. Election summary: received 3 responses out of 3 voters: 2 yes votes; 1 no votes. yes voters: 461eb8922b0b404a82e7bf75bc2b3fcb, 7fce8328d76243a089e54203a158b35a; no voters: 62ad71d3b4e74b4aaaa72f1349f50e15
I20260709 12:25:54.436110 12888 raft_consensus.cc:2804] T 61a69d7d926041bd88ae4ed77d5e5555 P 461eb8922b0b404a82e7bf75bc2b3fcb [term 1 FOLLOWER]: Leader election won for term 1
I20260709 12:25:54.436606 12888 raft_consensus.cc:697] T 61a69d7d926041bd88ae4ed77d5e5555 P 461eb8922b0b404a82e7bf75bc2b3fcb [term 1 LEADER]: Becoming Leader. State: Replica: 461eb8922b0b404a82e7bf75bc2b3fcb, State: Running, Role: LEADER
I20260709 12:25:54.438222 12832 tablet_bootstrap.cc:492] T ad74fd3699ff4ebbbe160e60421b86e9 P 62ad71d3b4e74b4aaaa72f1349f50e15: Bootstrap starting.
