I20260709 12:25:55.705615   352 ts_tablet_manager.cc:1403] T 963612b3b6834fb5924eb6e9567a949a P f23d660f86694dc2a6eabc95255d49a4: Time spent bootstrapping tablet: real 0.116s	user 0.013s	sys 0.023s
I20260709 12:25:55.706146 32705 tablet_service.cc:1917] Received RequestConsensusVote() RPC: tablet_id: "1723184d47b74309a563a3dfffa73876" candidate_uuid: "0cad9c5a5d484c39b12f00bfb563cb68" candidate_term: 1 candidate_status { last_received { term: 0 index: 0 } } ignore_live_leader: false dest_uuid: "f23d660f86694dc2a6eabc95255d49a4" is_pre_election: true
I20260709 12:25:55.707191   309 tablet_service.cc:1917] Received RequestConsensusVote() RPC: tablet_id: "1723184d47b74309a563a3dfffa73876" candidate_uuid: "0cad9c5a5d484c39b12f00bfb563cb68" candidate_term: 1 candidate_status { last_received { term: 0 index: 0 } } ignore_live_leader: false dest_uuid: "c981466e3c5244a58c758ccff1d054e5" is_pre_election: true
I20260709 12:25:55.707644   351 ts_tablet_manager.cc:1434] T c8a3f7deb462463d96da9b2299c0de46 P c981466e3c5244a58c758ccff1d054e5: Time spent starting tablet: real 0.010s	user 0.004s	sys 0.002s
I20260709 12:25:55.708539   351 tablet_bootstrap.cc:492] T 7e679f11ada847308770173900ab651f P c981466e3c5244a58c758ccff1d054e5: Bootstrap starting.
W20260709 12:25:55.708530 32596 leader_election.cc:343] T 1723184d47b74309a563a3dfffa73876 P 0cad9c5a5d484c39b12f00bfb563cb68 [CANDIDATE]: Term 1 pre-election: Tablet error from VoteRequest() call to peer f23d660f86694dc2a6eabc95255d49a4 (127.30.182.66:33425): Illegal state: must be running to vote when last-logged opid is not known
W20260709 12:25:55.709578 32594 leader_election.cc:343] T 1723184d47b74309a563a3dfffa73876 P 0cad9c5a5d484c39b12f00bfb563cb68 [CANDIDATE]: Term 1 pre-election: Tablet error from VoteRequest() call to peer c981466e3c5244a58c758ccff1d054e5 (127.30.182.67:42875): Illegal state: must be running to vote when last-logged opid is not known
I20260709 12:25:55.710063 32594 leader_election.cc:304] T 1723184d47b74309a563a3dfffa73876 P 0cad9c5a5d484c39b12f00bfb563cb68 [CANDIDATE]: Term 1 pre-election: Election decided. Result: candidate lost. Election summary: received 3 responses out of 3 voters: 1 yes votes; 2 no votes. yes voters: 0cad9c5a5d484c39b12f00bfb563cb68; no voters: c981466e3c5244a58c758ccff1d054e5, f23d660f86694dc2a6eabc95255d49a4
I20260709 12:25:55.708243   352 raft_consensus.cc:359] T 963612b3b6834fb5924eb6e9567a949a P f23d660f86694dc2a6eabc95255d49a4 [term 0 FOLLOWER]: Replica starting. Triggering 0 pending ops. Active config: opid_index: -1 OBSOLETE_local: false peers { permanent_uuid: "0cad9c5a5d484c39b12f00bfb563cb68" member_type: VOTER last_known_addr { host: "127.30.182.65" port: 45333 } } peers { permanent_uuid: "f23d660f86694dc2a6eabc95255d49a4" member_type: VOTER last_known_addr { host: "127.30.182.66" port: 33425 } } peers { permanent_uuid: "c981466e3c5244a58c758ccff1d054e5" member_type: VOTER last_known_addr { host: "127.30.182.67" port: 42875 } }
I20260709 12:25:55.710744   352 raft_consensus.cc:385] T 963612b3b6834fb5924eb6e9567a949a P f23d660f86694dc2a6eabc95255d49a4 [term 0 FOLLOWER]: Consensus starting up: Expiring failure detector timer to make a prompt election more likely
I20260709 12:25:55.710995   353 tablet_bootstrap.cc:492] T a147ac0f36ac40e19cbd3a97e506fef1 P 0cad9c5a5d484c39b12f00bfb563cb68: No bootstrap required, opened a new log
I20260709 12:25:55.711531   353 ts_tablet_manager.cc:1403] T a147ac0f36ac40e19cbd3a97e506fef1 P 0cad9c5a5d484c39b12f00bfb563cb68: Time spent bootstrapping tablet: real 0.076s	user 0.023s	sys 0.019s
I20260709 12:25:55.711067   352 raft_consensus.cc:740] T 963612b3b6834fb5924eb6e9567a949a P f23d660f86694dc2a6eabc95255d49a4 [term 0 FOLLOWER]: Becoming Follower/Learner. State: Replica: f23d660f86694dc2a6eabc95255d49a4, State: Initialized, Role: FOLLOWER
I20260709 12:25:55.710747   550 raft_consensus.cc:2749] T 1723184d47b74309a563a3dfffa73876 P 0cad9c5a5d484c39b12f00bfb563cb68 [term 0 FOLLOWER]: Leader pre-election lost for term 1. Reason: could not achieve majority
I20260709 12:25:55.712692   547 leader_election.cc:290] T 1723184d47b74309a563a3dfffa73876 P 0cad9c5a5d484c39b12f00bfb563cb68 [CANDIDATE]: Term 1 pre-election: Requested pre-vote from peers f23d660f86694dc2a6eabc95255d49a4 (127.30.182.66:33425), c981466e3c5244a58c758ccff1d054e5 (127.30.182.67:42875)
I20260709 12:25:55.712426   352 consensus_queue.cc:260] T 963612b3b6834fb5924eb6e9567a949a P f23d660f86694dc2a6eabc95255d49a4 [NON_LEADER]: Queue going to NON_LEADER mode. State: All replicated index: 0, Majority replicated index: 0, Committed index: 0, Last appended: 0.0, Last appended by leader: 0, Current term: 0, Majority size: -1, State: 0, Mode: NON_LEADER, active raft config: opid_index: -1 OBSOLETE_local: false peers { permanent_uuid: "0cad9c5a5d484c39b12f00bfb563cb68" member_type: VOTER last_known_addr { host: "127.30.182.65" port: 45333 } } peers { permanent_uuid: "f23d660f86694dc2a6eabc95255d49a4" member_type: VOTER last_known_addr { host: "127.30.182.66" port: 33425 } } peers { permanent_uuid: "c981466e3c5244a58c758ccff1d054e5" member_type: VOTER last_known_addr { host: "127.30.182.67" port: 42875 } }
I20260709 12:25:55.714511   352 ts_tablet_manager.cc:1434] T 963612b3b6834fb5924eb6e9567a949a P f23d660f86694dc2a6eabc95255d49a4: Time spent starting tablet: real 0.009s	user 0.006s	sys 0.000s
I20260709 12:25:55.714607   353 raft_consensus.cc:359] T a147ac0f36ac40e19cbd3a97e506fef1 P 0cad9c5a5d484c39b12f00bfb563cb68 [term 0 FOLLOWER]: Replica starting. Triggering 0 pending ops. Active config: opid_index: -1 OBSOLETE_local: false peers { permanent_uuid: "0cad9c5a5d484c39b12f00bfb563cb68" member_type: VOTER last_known_addr { host: "127.30.182.65" port: 45333 } } peers { permanent_uuid: "f23d660f86694dc2a6eabc95255d49a4" member_type: VOTER last_known_addr { host: "127.30.182.66" port: 33425 } } peers { permanent_uuid: "c981466e3c5244a58c758ccff1d054e5" member_type: VOTER last_known_addr { host: "127.30.182.67" port: 42875 } }
I20260709 12:25:55.715325   353 raft_consensus.cc:385] T a147ac0f36ac40e19cbd3a97e506fef1 P 0cad9c5a5d484c39b12f00bfb563cb68 [term 0 FOLLOWER]: Consensus starting up: Expiring failure detector timer to make a prompt election more likely
I20260709 12:25:55.715454   352 tablet_bootstrap.cc:492] T 1723184d47b74309a563a3dfffa73876 P f23d660f86694dc2a6eabc95255d49a4: Bootstrap starting.
I20260709 12:25:55.715618   353 raft_consensus.cc:740] T a147ac0f36ac40e19cbd3a97e506fef1 P 0cad9c5a5d484c39b12f00bfb563cb68 [term 0 FOLLOWER]: Becoming Follower/Learner. State: Replica: 0cad9c5a5d484c39b12f00bfb563cb68, State: Initialized, Role: FOLLOWER
I20260709 12:25:55.716234   353 consensus_queue.cc:260] T a147ac0f36ac40e19cbd3a97e506fef1 P 0cad9c5a5d484c39b12f00bfb563cb68 [NON_LEADER]: Queue going to NON_LEADER mode. State: All replicated index: 0, Majority replicated index: 0, Committed index: 0, Last appended: 0.0, Last appended by leader: 0, Current term: 0, Majority size: -1, State: 0, Mode: NON_LEADER, active raft config: opid_index: -1 OBSOLETE_local: false peers { permanent_uuid: "0cad9c5a5d484c39b12f00bfb563cb68" member_type: VOTER last_known_addr { host: "127.30.182.65" port: 45333 } } peers { permanent_uuid: "f23d660f86694dc2a6eabc95255d49a4" member_type: VOTER last_known_addr { host: "127.30.182.66" port: 33425 } } peers { permanent_uuid: "c981466e3c5244a58c758ccff1d054e5" member_type: VOTER last_known_addr { host: "127.30.182.67" port: 42875 } }
I20260709 12:25:55.718259   353 ts_tablet_manager.cc:1434] T a147ac0f36ac40e19cbd3a97e506fef1 P 0cad9c5a5d484c39b12f00bfb563cb68: Time spent starting tablet: real 0.006s	user 0.004s	sys 0.000s
I20260709 12:25:55.719137   353 tablet_bootstrap.cc:492] T 9aa914762a7e497baeadb3847a5a172a P 0cad9c5a5d484c39b12f00bfb563cb68: Bootstrap starting.
I20260709 12:25:55.722218   352 tablet_bootstrap.cc:654] T 1723184d47b74309a563a3dfffa73876 P f23d660f86694dc2a6eabc95255d49a4: Neither blocks nor log segments found. Creating new log.
I20260709 12:25:55.725135   353 tablet_bootstrap.cc:654] T 9aa914762a7e497baeadb3847a5a172a P 0cad9c5a5d484c39b12f00bfb563cb68: Neither blocks nor log segments found. Creating new log.
I20260709 12:25:55.735430   352 tablet_bootstrap.cc:492] T 1723184d47b74309a563a3dfffa73876 P f23d660f86694dc2a6eabc95255d49a4: No bootstrap required, opened a new log
I20260709 12:25:55.736048   352 ts_tablet_manager.cc:1403] T 1723184d47b74309a563a3dfffa73876 P f23d660f86694dc2a6eabc95255d49a4: Time spent bootstrapping tablet: real 0.021s	user 0.009s	sys 0.006s
I20260709 12:25:55.739395   352 raft_consensus.cc:359] T 1723184d47b74309a563a3dfffa73876 P f23d660f86694dc2a6eabc95255d49a4 [term 0 FOLLOWER]: Replica starting. Triggering 0 pending ops. Active config: opid_index: -1 OBSOLETE_local: false peers { permanent_uuid: "0cad9c5a5d484c39b12f00bfb563cb68" member_type: VOTER last_known_addr { host: "127.30.182.65" port: 45333 } } peers { permanent_uuid: "f23d660f86694dc2a6eabc95255d49a4" member_type: VOTER last_known_addr { host: "127.30.182.66" port: 33425 } } peers { permanent_uuid: "c981466e3c5244a58c758ccff1d054e5" member_type: VOTER last_known_addr { host: "127.30.182.67" port: 42875 } }
I20260709 12:25:55.734608 32671 leader_election.cc:304] T a147ac0f36ac40e19cbd3a97e506fef1 P f23d660f86694dc2a6eabc95255d49a4 [CANDIDATE]: Term 1 pre-election: Election decided. Result: candidate lost. Election summary: received 3 responses out of 3 voters: 1 yes votes; 2 no votes. yes voters: f23d660f86694dc2a6eabc95255d49a4; no voters: 0cad9c5a5d484c39b12f00bfb563cb68, c981466e3c5244a58c758ccff1d054e5
I20260709 12:25:55.740324   352 raft_consensus.cc:385] T 1723184d47b74309a563a3dfffa73876 P f23d660f86694dc2a6eabc95255d49a4 [term 0 FOLLOWER]: Consensus starting up: Expiring failure detector timer to make a prompt election more likely
I20260709 12:25:55.741776   555 raft_consensus.cc:2749] T a147ac0f36ac40e19cbd3a97e506fef1 P f23d660f86694dc2a6eabc95255d49a4 [term 0 FOLLOWER]: Leader pre-election lost for term 1. Reason: could not achieve majority
I20260709 12:25:55.741859   352 raft_consensus.cc:740] T 1723184d47b74309a563a3dfffa73876 P f23d660f86694dc2a6eabc95255d49a4 [term 0 FOLLOWER]: Becoming Follower/Learner. State: Replica: f23d660f86694dc2a6eabc95255d49a4, State: Initialized, Role: FOLLOWER
I20260709 12:25:55.742919   353 tablet_bootstrap.cc:492] T 9aa914762a7e497baeadb3847a5a172a P 0cad9c5a5d484c39b12f00bfb563cb68: No bootstrap required, opened a new log
W20260709 12:25:55.742792 32671 outbound_call.cc:321] RPC callback for RPC call kudu.consensus.ConsensusService.RequestConsensusVote -> {remote=127.30.182.65:45333, user_credentials={real_user=slave}} blocked reactor thread for 63400us
I20260709 12:25:55.742734   352 consensus_queue.cc:260] T 1723184d47b74309a563a3dfffa73876 P f23d660f86694dc2a6eabc95255d49a4 [NON_LEADER]: Queue going to NON_LEADER mode. State: All replicated index: 0, Majority replicated index: 0, Committed index: 0, Last appended: 0.0, Last appended by leader: 0, Current term: 0, Majority size: -1, State: 0, Mode: NON_LEADER, active raft config: opid_index: -1 OBSOLETE_local: false peers { permanent_uuid: "0cad9c5a5d484c39b12f00bfb563cb68" member_type: VOTER last_known_addr { host: "127.30.182.65" port: 45333 } } peers { permanent_uuid: "f23d660f86694dc2a6eabc95255d49a4" member_type: VOTER last_known_addr { host: "127.30.182.66" port: 33425 } } peers { permanent_uuid: "c981466e3c5244a58c758ccff1d054e5" member_type: VOTER last_known_addr { host: "127.30.182.67" port: 42875 } }
I20260709 12:25:55.743391   353 ts_tablet_manager.cc:1403] T 9aa914762a7e497baeadb3847a5a172a P 0cad9c5a5d484c39b12f00bfb563cb68: Time spent bootstrapping tablet: real 0.024s	user 0.011s	sys 0.011s
I20260709 12:25:55.743484   351 tablet_bootstrap.cc:654] T 7e679f11ada847308770173900ab651f P c981466e3c5244a58c758ccff1d054e5: Neither blocks nor log segments found. Creating new log.
I20260709 12:25:55.745266   352 ts_tablet_manager.cc:1434] T 1723184d47b74309a563a3dfffa73876 P f23d660f86694dc2a6eabc95255d49a4: Time spent starting tablet: real 0.009s	user 0.006s	sys 0.001s
I20260709 12:25:55.746147   352 tablet_bootstrap.cc:492] T 47d680dee4f0409aae262f5fd7a67010 P f23d660f86694dc2a6eabc95255d49a4: Bootstrap starting.
I20260709 12:25:55.746466   353 raft_consensus.cc:359] T 9aa914762a7e497baeadb3847a5a172a P 0cad9c5a5d484c39b12f00bfb563cb68 [term 0 FOLLOWER]: Replica starting. Triggering 0 pending ops. Active config: opid_index: -1 OBSOLETE_local: false peers { permanent_uuid: "0cad9c5a5d484c39b12f00bfb563cb68" member_type: VOTER last_known_addr { host: "127.30.182.65" port: 45333 } } peers { permanent_uuid: "f23d660f86694dc2a6eabc95255d49a4" member_type: VOTER last_known_addr { host: "127.30.182.66" port: 33425 } } peers { permanent_uuid: "c981466e3c5244a58c758ccff1d054e5" member_type: VOTER last_known_addr { host: "127.30.182.67" port: 42875 } }
I20260709 12:25:55.747453   353 raft_consensus.cc:385] T 9aa914762a7e497baeadb3847a5a172a P 0cad9c5a5d484c39b12f00bfb563cb68 [term 0 FOLLOWER]: Consensus starting up: Expiring failure detector timer to make a prompt election more likely
I20260709 12:25:55.747716   353 raft_consensus.cc:740] T 9aa914762a7e497baeadb3847a5a172a P 0cad9c5a5d484c39b12f00bfb563cb68 [term 0 FOLLOWER]: Becoming Follower/Learner. State: Replica: 0cad9c5a5d484c39b12f00bfb563cb68, State: Initialized, Role: FOLLOWER
I20260709 12:25:55.749619 32745 leader_election.cc:304] T d00e42df8e85481c9bfd21bd73e22359 P c981466e3c5244a58c758ccff1d054e5 [CANDIDATE]: Term 1 pre-election: Election decided. Result: candidate won. Election summary: received 3 responses out of 3 voters: 2 yes votes; 1 no votes. yes voters: c981466e3c5244a58c758ccff1d054e5, f23d660f86694dc2a6eabc95255d49a4; no voters: 0cad9c5a5d484c39b12f00bfb563cb68
I20260709 12:25:55.751035   413 raft_consensus.cc:2804] T d00e42df8e85481c9bfd21bd73e22359 P c981466e3c5244a58c758ccff1d054e5 [term 0 FOLLOWER]: Leader pre-election won for term 1
I20260709 12:25:55.751441   413 raft_consensus.cc:493] T d00e42df8e85481c9bfd21bd73e22359 P c981466e3c5244a58c758ccff1d054e5 [term 0 FOLLOWER]: Starting leader election (no leader contacted us within the election timeout)
I20260709 12:25:55.751819   413 raft_consensus.cc:3060] T d00e42df8e85481c9bfd21bd73e22359 P c981466e3c5244a58c758ccff1d054e5 [term 0 FOLLOWER]: Advancing to term 1
I20260709 12:25:55.751895   352 tablet_bootstrap.cc:654] T 47d680dee4f0409aae262f5fd7a67010 P f23d660f86694dc2a6eabc95255d49a4: Neither blocks nor log segments found. Creating new log.
I20260709 12:25:55.757413   351 tablet_bootstrap.cc:492] T 7e679f11ada847308770173900ab651f P c981466e3c5244a58c758ccff1d054e5: No bootstrap required, opened a new log
I20260709 12:25:55.757860   351 ts_tablet_manager.cc:1403] T 7e679f11ada847308770173900ab651f P c981466e3c5244a58c758ccff1d054e5: Time spent bootstrapping tablet: real 0.050s	user 0.008s	sys 0.003s
I20260709 12:25:55.760696 32629 raft_consensus.cc:3060] T e9e39f3251af48d7a9b757a0b68b7199 P 0cad9c5a5d484c39b12f00bfb563cb68 [term 0 FOLLOWER]: Advancing to term 1
I20260709 12:25:55.761513   351 raft_consensus.cc:359] T 7e679f11ada847308770173900ab651f P c981466e3c5244a58c758ccff1d054e5 [term 0 FOLLOWER]: Replica starting. Triggering 0 pending ops. Active config: opid_index: -1 OBSOLETE_local: false peers { permanent_uuid: "0cad9c5a5d484c39b12f00bfb563cb68" member_type: VOTER last_known_addr { host: "127.30.182.65" port: 45333 } } peers { permanent_uuid: "f23d660f86694dc2a6eabc95255d49a4" member_type: VOTER last_known_addr { host: "127.30.182.66" port: 33425 } } peers { permanent_uuid: "c981466e3c5244a58c758ccff1d054e5" member_type: VOTER last_known_addr { host: "127.30.182.67" port: 42875 } }
I20260709 12:25:55.762344   351 raft_consensus.cc:385] T 7e679f11ada847308770173900ab651f P c981466e3c5244a58c758ccff1d054e5 [term 0 FOLLOWER]: Consensus starting up: Expiring failure detector timer to make a prompt election more likely
I20260709 12:25:55.762633   351 raft_consensus.cc:740] T 7e679f11ada847308770173900ab651f P c981466e3c5244a58c758ccff1d054e5 [term 0 FOLLOWER]: Becoming Follower/Learner. State: Replica: c981466e3c5244a58c758ccff1d054e5, State: Initialized, Role: FOLLOWER
I20260709 12:25:55.748441   353 consensus_queue.cc:260] T 9aa914762a7e497baeadb3847a5a172a P 0cad9c5a5d484c39b12f00bfb563cb68 [NON_LEADER]: Queue going to NON_LEADER mode. State: All replicated index: 0, Majority replicated index: 0, Committed index: 0, Last appended: 0.0, Last appended by leader: 0, Current term: 0, Majority size: -1, State: 0, Mode: NON_LEADER, active raft config: opid_index: -1 OBSOLETE_local: false peers { permanent_uuid: "0cad9c5a5d484c39b12f00bfb563cb68" member_type: VOTER last_known_addr { host: "127.30.182.65" port: 45333 } } peers { permanent_uuid: "f23d660f86694dc2a6eabc95255d49a4" member_type: VOTER last_known_addr { host: "127.30.182.66" port: 33425 } } peers { permanent_uuid: "c981466e3c5244a58c758ccff1d054e5" member_type: VOTER last_known_addr { host: "127.30.182.67" port: 42875 } }
I20260709 12:25:55.763738   352 tablet_bootstrap.cc:492] T 47d680dee4f0409aae262f5fd7a67010 P f23d660f86694dc2a6eabc95255d49a4: No bootstrap required, opened a new log
I20260709 12:25:55.763386   351 consensus_queue.cc:260] T 7e679f11ada847308770173900ab651f P c981466e3c5244a58c758ccff1d054e5 [NON_LEADER]: Queue going to NON_LEADER mode. State: All replicated index: 0, Majority replicated index: 0, Committed index: 0, Last appended: 0.0, Last appended by leader: 0, Current term: 0, Majority size: -1, State: 0, Mode: NON_LEADER, active raft config: opid_index: -1 OBSOLETE_local: false peers { permanent_uuid: "0cad9c5a5d484c39b12f00bfb563cb68" member_type: VOTER last_known_addr { host: "127.30.182.65" port: 45333 } } peers { permanent_uuid: "f23d660f86694dc2a6eabc95255d49a4" member_type: VOTER last_known_addr { host: "127.30.182.66" port: 33425 } } peers { permanent_uuid: "c981466e3c5244a58c758ccff1d054e5" member_type: VOTER last_known_addr { host: "127.30.182.67" port: 42875 } }
I20260709 12:25:55.764178   352 ts_tablet_manager.cc:1403] T 47d680dee4f0409aae262f5fd7a67010 P f23d660f86694dc2a6eabc95255d49a4: Time spent bootstrapping tablet: real 0.018s	user 0.008s	sys 0.006s
I20260709 12:25:55.765367   353 ts_tablet_manager.cc:1434] T 9aa914762a7e497baeadb3847a5a172a P 0cad9c5a5d484c39b12f00bfb563cb68: Time spent starting tablet: real 0.022s	user 0.007s	sys 0.000s
I20260709 12:25:55.765830   351 ts_tablet_manager.cc:1434] T 7e679f11ada847308770173900ab651f P c981466e3c5244a58c758ccff1d054e5: Time spent starting tablet: real 0.008s	user 0.007s	sys 0.000s
I20260709 12:25:55.766222   353 tablet_bootstrap.cc:492] T d43e60f58aba46f990e3f5e3d9d92974 P 0cad9c5a5d484c39b12f00bfb563cb68: Bootstrap starting.
I20260709 12:25:55.766762   351 tablet_bootstrap.cc:492] T 0cb46928b6fc4e09a354457de20ab93c P c981466e3c5244a58c758ccff1d054e5: Bootstrap starting.
I20260709 12:25:55.766683   352 raft_consensus.cc:359] T 47d680dee4f0409aae262f5fd7a67010 P f23d660f86694dc2a6eabc95255d49a4 [term 0 FOLLOWER]: Replica starting. Triggering 0 pending ops. Active config: opid_index: -1 OBSOLETE_local: false peers { permanent_uuid: "0cad9c5a5d484c39b12f00bfb563cb68" member_type: VOTER last_known_addr { host: "127.30.182.65" port: 45333 } } peers { permanent_uuid: "f23d660f86694dc2a6eabc95255d49a4" member_type: VOTER last_known_addr { host: "127.30.182.66" port: 33425 } } peers { permanent_uuid: "c981466e3c5244a58c758ccff1d054e5" member_type: VOTER last_known_addr { host: "127.30.182.67" port: 42875 } }
I20260709 12:25:55.767346   352 raft_consensus.cc:385] T 47d680dee4f0409aae262f5fd7a67010 P f23d660f86694dc2a6eabc95255d49a4 [term 0 FOLLOWER]: Consensus starting up: Expiring failure detector timer to make a prompt election more likely
I20260709 12:25:55.767601   352 raft_consensus.cc:740] T 47d680dee4f0409aae262f5fd7a67010 P f23d660f86694dc2a6eabc95255d49a4 [term 0 FOLLOWER]: Becoming Follower/Learner. State: Replica: f23d660f86694dc2a6eabc95255d49a4, State: Initialized, Role: FOLLOWER
I20260709 12:25:55.768380   310 raft_consensus.cc:3060] T c8a3f7deb462463d96da9b2299c0de46 P c981466e3c5244a58c758ccff1d054e5 [term 0 FOLLOWER]: Advancing to term 1
I20260709 12:25:55.768178   352 consensus_queue.cc:260] T 47d680dee4f0409aae262f5fd7a67010 P f23d660f86694dc2a6eabc95255d49a4 [NON_LEADER]: Queue going to NON_LEADER mode. State: All replicated index: 0, Majority replicated index: 0, Committed index: 0, Last appended: 0.0, Last appended by leader: 0, Current term: 0, Majority size: -1, State: 0, Mode: NON_LEADER, active raft config: opid_index: -1 OBSOLETE_local: false peers { permanent_uuid: "0cad9c5a5d484c39b12f00bfb563cb68" member_type: VOTER last_known_addr { host: "127.30.182.65" port: 45333 } } peers { permanent_uuid: "f23d660f86694dc2a6eabc95255d49a4" member_type: VOTER last_known_addr { host: "127.30.182.66" port: 33425 } } peers { permanent_uuid: "c981466e3c5244a58c758ccff1d054e5" member_type: VOTER last_known_addr { host: "127.30.182.67" port: 42875 } }
I20260709 12:25:55.770457   352 ts_tablet_manager.cc:1434] T 47d680dee4f0409aae262f5fd7a67010 P f23d660f86694dc2a6eabc95255d49a4: Time spent starting tablet: real 0.006s	user 0.004s	sys 0.000s
I20260709 12:25:55.771327   352 tablet_bootstrap.cc:492] T d43e60f58aba46f990e3f5e3d9d92974 P f23d660f86694dc2a6eabc95255d49a4: Bootstrap starting.
I20260709 12:25:55.772466   353 tablet_bootstrap.cc:654] T d43e60f58aba46f990e3f5e3d9d92974 P 0cad9c5a5d484c39b12f00bfb563cb68: Neither blocks nor log segments found. Creating new log.
I20260709 12:25:55.773218   351 tablet_bootstrap.cc:654] T 0cb46928b6fc4e09a354457de20ab93c P c981466e3c5244a58c758ccff1d054e5: Neither blocks nor log segments found. Creating new log.
I20260709 12:25:55.777343   352 tablet_bootstrap.cc:654] T d43e60f58aba46f990e3f5e3d9d92974 P f23d660f86694dc2a6eabc95255d49a4: Neither blocks nor log segments found. Creating new log.
I20260709 12:25:55.808513   547 raft_consensus.cc:493] T 7e679f11ada847308770173900ab651f P 0cad9c5a5d484c39b12f00bfb563cb68 [term 0 FOLLOWER]: Starting pre-election (no leader contacted us within the election timeout)
I20260709 12:25:55.809612   547 raft_consensus.cc:515] T 7e679f11ada847308770173900ab651f P 0cad9c5a5d484c39b12f00bfb563cb68 [term 0 FOLLOWER]: Starting pre-election with config: opid_index: -1 OBSOLETE_local: false peers { permanent_uuid: "0cad9c5a5d484c39b12f00bfb563cb68" member_type: VOTER last_known_addr { host: "127.30.182.65" port: 45333 } } peers { permanent_uuid: "f23d660f86694dc2a6eabc95255d49a4" member_type: VOTER last_known_addr { host: "127.30.182.66" port: 33425 } } peers { permanent_uuid: "c981466e3c5244a58c758ccff1d054e5" member_type: VOTER last_known_addr { host: "127.30.182.67" port: 42875 } }
I20260709 12:25:55.814934 32705 tablet_service.cc:1917] Received RequestConsensusVote() RPC: tablet_id: "7e679f11ada847308770173900ab651f" candidate_uuid: "0cad9c5a5d484c39b12f00bfb563cb68" candidate_term: 1 candidate_status { last_received { term: 0 index: 0 } } ignore_live_leader: false dest_uuid: "f23d660f86694dc2a6eabc95255d49a4" is_pre_election: true
I20260709 12:25:55.815775 32705 raft_consensus.cc:2468] T 7e679f11ada847308770173900ab651f P f23d660f86694dc2a6eabc95255d49a4 [term 0 FOLLOWER]: Leader pre-election vote request: Granting yes vote for candidate 0cad9c5a5d484c39b12f00bfb563cb68 in term 0.
I20260709 12:25:55.817495 32596 leader_election.cc:304] T 7e679f11ada847308770173900ab651f P 0cad9c5a5d484c39b12f00bfb563cb68 [CANDIDATE]: Term 1 pre-election: Election decided. Result: candidate won. Election summary: received 2 responses out of 3 voters: 2 yes votes; 0 no votes. yes voters: 0cad9c5a5d484c39b12f00bfb563cb68, f23d660f86694dc2a6eabc95255d49a4; no voters: 
I20260709 12:25:55.818603   550 raft_consensus.cc:2804] T 7e679f11ada847308770173900ab651f P 0cad9c5a5d484c39b12f00bfb563cb68 [term 0 FOLLOWER]: Leader pre-election won for term 1
I20260709 12:25:55.819079   550 raft_consensus.cc:493] T 7e679f11ada847308770173900ab651f P 0cad9c5a5d484c39b12f00bfb563cb68 [term 0 FOLLOWER]: Starting leader election (no leader contacted us within the election timeout)
I20260709 12:25:55.819466   550 raft_consensus.cc:3060] T 7e679f11ada847308770173900ab651f P 0cad9c5a5d484c39b12f00bfb563cb68 [term 0 FOLLOWER]: Advancing to term 1
I20260709 12:25:55.870025   547 leader_election.cc:290] T 7e679f11ada847308770173900ab651f P 0cad9c5a5d484c39b12f00bfb563cb68 [CANDIDATE]: Term 1 pre-election: Requested pre-vote from peers f23d660f86694dc2a6eabc95255d49a4 (127.30.182.66:33425), c981466e3c5244a58c758ccff1d054e5 (127.30.182.67:42875)
I20260709 12:25:55.871841   309 tablet_service.cc:1917] Received RequestConsensusVote() RPC: tablet_id: "7e679f11ada847308770173900ab651f" candidate_uuid: "0cad9c5a5d484c39b12f00bfb563cb68" candidate_term: 1 candidate_status { last_received { term: 0 index: 0 } } ignore_live_leader: false dest_uuid: "c981466e3c5244a58c758ccff1d054e5" is_pre_election: true
I20260709 12:25:55.872578   309 raft_consensus.cc:2468] T 7e679f11ada847308770173900ab651f P c981466e3c5244a58c758ccff1d054e5 [term 0 FOLLOWER]: Leader pre-election vote request: Granting yes vote for candidate 0cad9c5a5d484c39b12f00bfb563cb68 in term 0.
I20260709 12:25:55.897089   579 consensus_queue.cc:1048] T c8a3f7deb462463d96da9b2299c0de46 P 0cad9c5a5d484c39b12f00bfb563cb68 [LEADER]: Connected to new peer: Peer: permanent_uuid: "f23d660f86694dc2a6eabc95255d49a4" member_type: VOTER last_known_addr { host: "127.30.182.66" port: 33425 }, Status: LMP_MISMATCH, Last received: 0.0, Next index: 1, Last known committed idx: 0, Time since last communication: 0.001s
I20260709 12:25:55.899477   529 raft_consensus.cc:493] T 1723184d47b74309a563a3dfffa73876 P f23d660f86694dc2a6eabc95255d49a4 [term 0 FOLLOWER]: Starting pre-election (no leader contacted us within the election timeout)
I20260709 12:25:55.901048   529 raft_consensus.cc:515] T 1723184d47b74309a563a3dfffa73876 P f23d660f86694dc2a6eabc95255d49a4 [term 0 FOLLOWER]: Starting pre-election with config: opid_index: -1 OBSOLETE_local: false peers { permanent_uuid: "0cad9c5a5d484c39b12f00bfb563cb68" member_type: VOTER last_known_addr { host: "127.30.182.65" port: 45333 } } peers { permanent_uuid: "f23d660f86694dc2a6eabc95255d49a4" member_type: VOTER last_known_addr { host: "127.30.182.66" port: 33425 } } peers { permanent_uuid: "c981466e3c5244a58c758ccff1d054e5" member_type: VOTER last_known_addr { host: "127.30.182.67" port: 42875 } }
I20260709 12:25:55.903697   529 leader_election.cc:290] T 1723184d47b74309a563a3dfffa73876 P f23d660f86694dc2a6eabc95255d49a4 [CANDIDATE]: Term 1 pre-election: Requested pre-vote from peers 0cad9c5a5d484c39b12f00bfb563cb68 (127.30.182.65:45333), c981466e3c5244a58c758ccff1d054e5 (127.30.182.67:42875)
I20260709 12:25:55.913618   312 tablet_service.cc:1917] Received RequestConsensusVote() RPC: tablet_id: "1723184d47b74309a563a3dfffa73876" candidate_uuid: "f23d660f86694dc2a6eabc95255d49a4" candidate_term: 1 candidate_status { last_received { term: 0 index: 0 } } ignore_live_leader: false dest_uuid: "c981466e3c5244a58c758ccff1d054e5" is_pre_election: true
W20260709 12:25:55.915319 32669 leader_election.cc:343] T 1723184d47b74309a563a3dfffa73876 P f23d660f86694dc2a6eabc95255d49a4 [CANDIDATE]: Term 1 pre-election: Tablet error from VoteRequest() call to peer c981466e3c5244a58c758ccff1d054e5 (127.30.182.67:42875): Illegal state: must be running to vote when last-logged opid is not known
I20260709 12:25:55.927394   579 raft_consensus.cc:493] T a147ac0f36ac40e19cbd3a97e506fef1 P 0cad9c5a5d484c39b12f00bfb563cb68 [term 0 FOLLOWER]: Starting pre-election (no leader contacted us within the election timeout)
I20260709 12:25:55.928274   579 raft_consensus.cc:515] T a147ac0f36ac40e19cbd3a97e506fef1 P 0cad9c5a5d484c39b12f00bfb563cb68 [term 0 FOLLOWER]: Starting pre-election with config: opid_index: -1 OBSOLETE_local: false peers { permanent_uuid: "0cad9c5a5d484c39b12f00bfb563cb68" member_type: VOTER last_known_addr { host: "127.30.182.65" port: 45333 } } peers { permanent_uuid: "f23d660f86694dc2a6eabc95255d49a4" member_type: VOTER last_known_addr { host: "127.30.182.66" port: 33425 } } peers { permanent_uuid: "c981466e3c5244a58c758ccff1d054e5" member_type: VOTER last_known_addr { host: "127.30.182.67" port: 42875 } }
I20260709 12:25:55.932401 32704 tablet_service.cc:1917] Received RequestConsensusVote() RPC: tablet_id: "a147ac0f36ac40e19cbd3a97e506fef1" candidate_uuid: "0cad9c5a5d484c39b12f00bfb563cb68" candidate_term: 1 candidate_status { last_received { term: 0 index: 0 } } ignore_live_leader: false dest_uuid: "f23d660f86694dc2a6eabc95255d49a4" is_pre_election: true
I20260709 12:25:55.933280 32704 raft_consensus.cc:2468] T a147ac0f36ac40e19cbd3a97e506fef1 P f23d660f86694dc2a6eabc95255d49a4 [term 0 FOLLOWER]: Leader pre-election vote request: Granting yes vote for candidate 0cad9c5a5d484c39b12f00bfb563cb68 in term 0.
I20260709 12:25:55.935065 32596 leader_election.cc:304] T a147ac0f36ac40e19cbd3a97e506fef1 P 0cad9c5a5d484c39b12f00bfb563cb68 [CANDIDATE]: Term 1 pre-election: Election decided. Result: candidate won. Election summary: received 2 responses out of 3 voters: 2 yes votes; 0 no votes. yes voters: 0cad9c5a5d484c39b12f00bfb563cb68, f23d660f86694dc2a6eabc95255d49a4; no voters: 
I20260709 12:25:55.883678   550 raft_consensus.cc:515] T 7e679f11ada847308770173900ab651f P 0cad9c5a5d484c39b12f00bfb563cb68 [term 1 FOLLOWER]: Starting leader election with config: opid_index: -1 OBSOLETE_local: false peers { permanent_uuid: "0cad9c5a5d484c39b12f00bfb563cb68" member_type: VOTER last_known_addr { host: "127.30.182.65" port: 45333 } } peers { permanent_uuid: "f23d660f86694dc2a6eabc95255d49a4" member_type: VOTER last_known_addr { host: "127.30.182.66" port: 33425 } } peers { permanent_uuid: "c981466e3c5244a58c758ccff1d054e5" member_type: VOTER last_known_addr { host: "127.30.182.67" port: 42875 } }
I20260709 12:25:55.951196   550 leader_election.cc:290] T 7e679f11ada847308770173900ab651f P 0cad9c5a5d484c39b12f00bfb563cb68 [CANDIDATE]: Term 1 election: Requested vote from peers f23d660f86694dc2a6eabc95255d49a4 (127.30.182.66:33425), c981466e3c5244a58c758ccff1d054e5 (127.30.182.67:42875)
I20260709 12:25:55.952967   555 raft_consensus.cc:493] T 963612b3b6834fb5924eb6e9567a949a P f23d660f86694dc2a6eabc95255d49a4 [term 0 FOLLOWER]: Starting pre-election (no leader contacted us within the election timeout)
I20260709 12:25:55.953059   581 raft_consensus.cc:2804] T a147ac0f36ac40e19cbd3a97e506fef1 P 0cad9c5a5d484c39b12f00bfb563cb68 [term 0 FOLLOWER]: Leader pre-election won for term 1
I20260709 12:25:55.956583   463 raft_consensus.cc:493] T e5d05ce8021049b0b395be93cebd4765 P c981466e3c5244a58c758ccff1d054e5 [term 0 FOLLOWER]: Starting pre-election (no leader contacted us within the election timeout)
I20260709 12:25:55.958544   544 raft_consensus.cc:493] T c8a3f7deb462463d96da9b2299c0de46 P c981466e3c5244a58c758ccff1d054e5 [term 1 FOLLOWER]: Starting pre-election (no leader contacted us within the election timeout)
I20260709 12:25:55.964751   309 tablet_service.cc:1917] Received RequestConsensusVote() RPC: tablet_id: "7e679f11ada847308770173900ab651f" candidate_uuid: "0cad9c5a5d484c39b12f00bfb563cb68" candidate_term: 1 candidate_status { last_received { term: 0 index: 0 } } ignore_live_leader: false dest_uuid: "c981466e3c5244a58c758ccff1d054e5"
I20260709 12:25:55.946293   547 raft_consensus.cc:493] T 9aa914762a7e497baeadb3847a5a172a P 0cad9c5a5d484c39b12f00bfb563cb68 [term 0 FOLLOWER]: Starting pre-election (no leader contacted us within the election timeout)
I20260709 12:25:55.983975   581 raft_consensus.cc:493] T a147ac0f36ac40e19cbd3a97e506fef1 P 0cad9c5a5d484c39b12f00bfb563cb68 [term 0 FOLLOWER]: Starting leader election (no leader contacted us within the election timeout)
I20260709 12:25:55.986666   581 raft_consensus.cc:3060] T a147ac0f36ac40e19cbd3a97e506fef1 P 0cad9c5a5d484c39b12f00bfb563cb68 [term 0 FOLLOWER]: Advancing to term 1
I20260709 12:25:55.986724   463 raft_consensus.cc:515] T e5d05ce8021049b0b395be93cebd4765 P c981466e3c5244a58c758ccff1d054e5 [term 0 FOLLOWER]: Starting pre-election with config: opid_index: -1 OBSOLETE_local: false peers { permanent_uuid: "0cad9c5a5d484c39b12f00bfb563cb68" member_type: VOTER last_known_addr { host: "127.30.182.65" port: 45333 } } peers { permanent_uuid: "f23d660f86694dc2a6eabc95255d49a4" member_type: VOTER last_known_addr { host: "127.30.182.66" port: 33425 } } peers { permanent_uuid: "c981466e3c5244a58c758ccff1d054e5" member_type: VOTER last_known_addr { host: "127.30.182.67" port: 42875 } }
I20260709 12:25:55.986677   544 raft_consensus.cc:515] T c8a3f7deb462463d96da9b2299c0de46 P c981466e3c5244a58c758ccff1d054e5 [term 1 FOLLOWER]: Starting pre-election with config: opid_index: -1 OBSOLETE_local: false peers { permanent_uuid: "0cad9c5a5d484c39b12f00bfb563cb68" member_type: VOTER last_known_addr { host: "127.30.182.65" port: 45333 } } peers { permanent_uuid: "f23d660f86694dc2a6eabc95255d49a4" member_type: VOTER last_known_addr { host: "127.30.182.66" port: 33425 } } peers { permanent_uuid: "c981466e3c5244a58c758ccff1d054e5" member_type: VOTER last_known_addr { host: "127.30.182.67" port: 42875 } }
I20260709 12:25:55.994817   463 leader_election.cc:290] T e5d05ce8021049b0b395be93cebd4765 P c981466e3c5244a58c758ccff1d054e5 [CANDIDATE]: Term 1 pre-election: Requested pre-vote from peers 0cad9c5a5d484c39b12f00bfb563cb68 (127.30.182.65:45333), f23d660f86694dc2a6eabc95255d49a4 (127.30.182.66:33425)
I20260709 12:25:55.995106   544 leader_election.cc:290] T c8a3f7deb462463d96da9b2299c0de46 P c981466e3c5244a58c758ccff1d054e5 [CANDIDATE]: Term 2 pre-election: Requested pre-vote from peers 0cad9c5a5d484c39b12f00bfb563cb68 (127.30.182.65:45333), f23d660f86694dc2a6eabc95255d49a4 (127.30.182.66:33425)
W20260709 12:25:55.982641 32596 outbound_call.cc:321] RPC callback for RPC call kudu.consensus.ConsensusService.RequestConsensusVote -> {remote=127.30.182.66:33425, user_credentials={real_user=slave}} blocked reactor thread for 47719.2us
I20260709 12:25:55.988874   309 raft_consensus.cc:3060] T 7e679f11ada847308770173900ab651f P c981466e3c5244a58c758ccff1d054e5 [term 0 FOLLOWER]: Advancing to term 1
I20260709 12:25:55.985086   555 raft_consensus.cc:515] T 963612b3b6834fb5924eb6e9567a949a P f23d660f86694dc2a6eabc95255d49a4 [term 0 FOLLOWER]: Starting pre-election with config: opid_index: -1 OBSOLETE_local: false peers { permanent_uuid: "0cad9c5a5d484c39b12f00bfb563cb68" member_type: VOTER last_known_addr { host: "127.30.182.65" port: 45333 } } peers { permanent_uuid: "f23d660f86694dc2a6eabc95255d49a4" member_type: VOTER last_known_addr { host: "127.30.182.66" port: 33425 } } peers { permanent_uuid: "c981466e3c5244a58c758ccff1d054e5" member_type: VOTER last_known_addr { host: "127.30.182.67" port: 42875 } }
I20260709 12:25:55.997220   529 consensus_queue.cc:1048] T e9e39f3251af48d7a9b757a0b68b7199 P f23d660f86694dc2a6eabc95255d49a4 [LEADER]: Connected to new peer: Peer: permanent_uuid: "0cad9c5a5d484c39b12f00bfb563cb68" member_type: VOTER last_known_addr { host: "127.30.182.65" port: 45333 }, Status: LMP_MISMATCH, Last received: 0.0, Next index: 1, Last known committed idx: 0, Time since last communication: 0.012s
I20260709 12:25:55.987759   547 raft_consensus.cc:515] T 9aa914762a7e497baeadb3847a5a172a P 0cad9c5a5d484c39b12f00bfb563cb68 [term 0 FOLLOWER]: Starting pre-election with config: opid_index: -1 OBSOLETE_local: false peers { permanent_uuid: "0cad9c5a5d484c39b12f00bfb563cb68" member_type: VOTER last_known_addr { host: "127.30.182.65" port: 45333 } } peers { permanent_uuid: "f23d660f86694dc2a6eabc95255d49a4" member_type: VOTER last_known_addr { host: "127.30.182.66" port: 33425 } } peers { permanent_uuid: "c981466e3c5244a58c758ccff1d054e5" member_type: VOTER last_known_addr { host: "127.30.182.67" port: 42875 } }
I20260709 12:25:55.987959   550 consensus_queue.cc:1048] T c8a3f7deb462463d96da9b2299c0de46 P 0cad9c5a5d484c39b12f00bfb563cb68 [LEADER]: Connected to new peer: Peer: permanent_uuid: "c981466e3c5244a58c758ccff1d054e5" member_type: VOTER last_known_addr { host: "127.30.182.67" port: 42875 }, Status: LMP_MISMATCH, Last received: 0.0, Next index: 1, Last known committed idx: 0, Time since last communication: 0.012s
I20260709 12:25:55.999287   579 leader_election.cc:290] T a147ac0f36ac40e19cbd3a97e506fef1 P 0cad9c5a5d484c39b12f00bfb563cb68 [CANDIDATE]: Term 1 pre-election: Requested pre-vote from peers f23d660f86694dc2a6eabc95255d49a4 (127.30.182.66:33425), c981466e3c5244a58c758ccff1d054e5 (127.30.182.67:42875)
I20260709 12:25:56.028990   310 raft_consensus.cc:3060] T e5d05ce8021049b0b395be93cebd4765 P c981466e3c5244a58c758ccff1d054e5 [term 0 FOLLOWER]: Advancing to term 1
I20260709 12:25:56.006206 32629 tablet_service.cc:1917] Received RequestConsensusVote() RPC: tablet_id: "e5d05ce8021049b0b395be93cebd4765" candidate_uuid: "c981466e3c5244a58c758ccff1d054e5" candidate_term: 1 candidate_status { last_received { term: 0 index: 0 } } ignore_live_leader: false dest_uuid: "0cad9c5a5d484c39b12f00bfb563cb68" is_pre_election: true
I20260709 12:25:56.003201 32630 tablet_service.cc:1917] Received RequestConsensusVote() RPC: tablet_id: "c8a3f7deb462463d96da9b2299c0de46" candidate_uuid: "c981466e3c5244a58c758ccff1d054e5" candidate_term: 2 candidate_status { last_received { term: 0 index: 0 } } ignore_live_leader: false dest_uuid: "0cad9c5a5d484c39b12f00bfb563cb68" is_pre_election: true
I20260709 12:25:56.007198   360 consensus_queue.cc:1048] T b3d3643001d9491daa848553b0e4b009 P c981466e3c5244a58c758ccff1d054e5 [LEADER]: Connected to new peer: Peer: permanent_uuid: "0cad9c5a5d484c39b12f00bfb563cb68" member_type: VOTER last_known_addr { host: "127.30.182.65" port: 45333 }, Status: LMP_MISMATCH, Last received: 0.0, Next index: 1, Last known committed idx: 0, Time since last communication: 0.033s
I20260709 12:25:56.043725   312 tablet_service.cc:1917] Received RequestConsensusVote() RPC: tablet_id: "963612b3b6834fb5924eb6e9567a949a" candidate_uuid: "f23d660f86694dc2a6eabc95255d49a4" candidate_term: 1 candidate_status { last_received { term: 0 index: 0 } } ignore_live_leader: false dest_uuid: "c981466e3c5244a58c758ccff1d054e5" is_pre_election: true
W20260709 12:25:56.048174 32669 leader_election.cc:343] T 963612b3b6834fb5924eb6e9567a949a P f23d660f86694dc2a6eabc95255d49a4 [CANDIDATE]: Term 1 pre-election: Tablet error from VoteRequest() call to peer c981466e3c5244a58c758ccff1d054e5 (127.30.182.67:42875): Illegal state: must be running to vote when last-logged opid is not known
I20260709 12:25:56.000964   413 raft_consensus.cc:515] T d00e42df8e85481c9bfd21bd73e22359 P c981466e3c5244a58c758ccff1d054e5 [term 1 FOLLOWER]: Starting leader election with config: opid_index: -1 OBSOLETE_local: false peers { permanent_uuid: "0cad9c5a5d484c39b12f00bfb563cb68" member_type: VOTER last_known_addr { host: "127.30.182.65" port: 45333 } } peers { permanent_uuid: "f23d660f86694dc2a6eabc95255d49a4" member_type: VOTER last_known_addr { host: "127.30.182.66" port: 33425 } } peers { permanent_uuid: "c981466e3c5244a58c758ccff1d054e5" member_type: VOTER last_known_addr { host: "127.30.182.67" port: 42875 } }
I20260709 12:25:56.007035   581 raft_consensus.cc:515] T a147ac0f36ac40e19cbd3a97e506fef1 P 0cad9c5a5d484c39b12f00bfb563cb68 [term 1 FOLLOWER]: Starting leader election with config: opid_index: -1 OBSOLETE_local: false peers { permanent_uuid: "0cad9c5a5d484c39b12f00bfb563cb68" member_type: VOTER last_known_addr { host: "127.30.182.65" port: 45333 } } peers { permanent_uuid: "f23d660f86694dc2a6eabc95255d49a4" member_type: VOTER last_known_addr { host: "127.30.182.66" port: 33425 } } peers { permanent_uuid: "c981466e3c5244a58c758ccff1d054e5" member_type: VOTER last_known_addr { host: "127.30.182.67" port: 42875 } }
I20260709 12:25:56.054044   581 leader_election.cc:290] T a147ac0f36ac40e19cbd3a97e506fef1 P 0cad9c5a5d484c39b12f00bfb563cb68 [CANDIDATE]: Term 1 election: Requested vote from peers f23d660f86694dc2a6eabc95255d49a4 (127.30.182.66:33425), c981466e3c5244a58c758ccff1d054e5 (127.30.182.67:42875)
I20260709 12:25:56.013649 32704 tablet_service.cc:1917] Received RequestConsensusVote() RPC: tablet_id: "7e679f11ada847308770173900ab651f" candidate_uuid: "0cad9c5a5d484c39b12f00bfb563cb68" candidate_term: 1 candidate_status { last_received { term: 0 index: 0 } } ignore_live_leader: false dest_uuid: "f23d660f86694dc2a6eabc95255d49a4"
I20260709 12:25:56.055133 32704 raft_consensus.cc:3060] T 7e679f11ada847308770173900ab651f P f23d660f86694dc2a6eabc95255d49a4 [term 0 FOLLOWER]: Advancing to term 1
I20260709 12:25:56.055670 32701 tablet_service.cc:1917] Received RequestConsensusVote() RPC: tablet_id: "a147ac0f36ac40e19cbd3a97e506fef1" candidate_uuid: "0cad9c5a5d484c39b12f00bfb563cb68" candidate_term: 1 candidate_status { last_received { term: 0 index: 0 } } ignore_live_leader: false dest_uuid: "f23d660f86694dc2a6eabc95255d49a4"
I20260709 12:25:56.056315 32701 raft_consensus.cc:3060] T a147ac0f36ac40e19cbd3a97e506fef1 P f23d660f86694dc2a6eabc95255d49a4 [term 0 FOLLOWER]: Advancing to term 1
I20260709 12:25:56.064090 32701 raft_consensus.cc:2468] T a147ac0f36ac40e19cbd3a97e506fef1 P f23d660f86694dc2a6eabc95255d49a4 [term 1 FOLLOWER]: Leader election vote request: Granting yes vote for candidate 0cad9c5a5d484c39b12f00bfb563cb68 in term 1.
I20260709 12:25:56.067487 32629 raft_consensus.cc:2393] T e5d05ce8021049b0b395be93cebd4765 P 0cad9c5a5d484c39b12f00bfb563cb68 [term 1 FOLLOWER]: Leader pre-election vote request: Denying vote to candidate c981466e3c5244a58c758ccff1d054e5 in current term 1: Already voted for candidate f23d660f86694dc2a6eabc95255d49a4 in this term.
I20260709 12:25:56.069617   413 leader_election.cc:290] T d00e42df8e85481c9bfd21bd73e22359 P c981466e3c5244a58c758ccff1d054e5 [CANDIDATE]: Term 1 election: Requested vote from peers 0cad9c5a5d484c39b12f00bfb563cb68 (127.30.182.65:45333), f23d660f86694dc2a6eabc95255d49a4 (127.30.182.66:33425)
I20260709 12:25:56.070128 32596 leader_election.cc:304] T a147ac0f36ac40e19cbd3a97e506fef1 P 0cad9c5a5d484c39b12f00bfb563cb68 [CANDIDATE]: Term 1 election: Election decided. Result: candidate won. Election summary: received 2 responses out of 3 voters: 2 yes votes; 0 no votes. yes voters: 0cad9c5a5d484c39b12f00bfb563cb68, f23d660f86694dc2a6eabc95255d49a4; no voters: 
I20260709 12:25:56.074406 32629 tablet_service.cc:1917] Received RequestConsensusVote() RPC: tablet_id: "d00e42df8e85481c9bfd21bd73e22359" candidate_uuid: "c981466e3c5244a58c758ccff1d054e5" candidate_term: 1 candidate_status { last_received { term: 0 index: 0 } } ignore_live_leader: false dest_uuid: "0cad9c5a5d484c39b12f00bfb563cb68"
I20260709 12:25:56.077577 32701 tablet_service.cc:1917] Received RequestConsensusVote() RPC: tablet_id: "9aa914762a7e497baeadb3847a5a172a" candidate_uuid: "0cad9c5a5d484c39b12f00bfb563cb68" candidate_term: 1 candidate_status { last_received { term: 0 index: 0 } } ignore_live_leader: false dest_uuid: "f23d660f86694dc2a6eabc95255d49a4" is_pre_election: true
W20260709 12:25:56.078133 32745 leader_election.cc:343] T d00e42df8e85481c9bfd21bd73e22359 P c981466e3c5244a58c758ccff1d054e5 [CANDIDATE]: Term 1 election: Tablet error from VoteRequest() call to peer 0cad9c5a5d484c39b12f00bfb563cb68 (127.30.182.65:45333): Illegal state: must be running to vote when last-logged opid is not known
I20260709 12:25:56.078291 32701 raft_consensus.cc:2468] T 9aa914762a7e497baeadb3847a5a172a P f23d660f86694dc2a6eabc95255d49a4 [term 0 FOLLOWER]: Leader pre-election vote request: Granting yes vote for candidate 0cad9c5a5d484c39b12f00bfb563cb68 in term 0.
W20260709 12:25:56.034158 32594 outbound_call.cc:321] RPC callback for RPC call kudu.consensus.ConsensusService.UpdateConsensus -> {remote=127.30.182.67:42875, user_credentials={real_user=slave}} blocked reactor thread for 66238.7us
I20260709 12:25:56.080004 32705 tablet_service.cc:1917] Received RequestConsensusVote() RPC: tablet_id: "c8a3f7deb462463d96da9b2299c0de46" candidate_uuid: "c981466e3c5244a58c758ccff1d054e5" candidate_term: 2 candidate_status { last_received { term: 0 index: 0 } } ignore_live_leader: false dest_uuid: "f23d660f86694dc2a6eabc95255d49a4" is_pre_election: true
I20260709 12:25:56.080508 32701 tablet_service.cc:1917] Received RequestConsensusVote() RPC: tablet_id: "e5d05ce8021049b0b395be93cebd4765" candidate_uuid: "c981466e3c5244a58c758ccff1d054e5" candidate_term: 1 candidate_status { last_received { term: 0 index: 0 } } ignore_live_leader: false dest_uuid: "f23d660f86694dc2a6eabc95255d49a4" is_pre_election: true
I20260709 12:25:56.080688   312 tablet_service.cc:1917] Received RequestConsensusVote() RPC: tablet_id: "a147ac0f36ac40e19cbd3a97e506fef1" candidate_uuid: "0cad9c5a5d484c39b12f00bfb563cb68" candidate_term: 1 candidate_status { last_received { term: 0 index: 0 } } ignore_live_leader: false dest_uuid: "c981466e3c5244a58c758ccff1d054e5" is_pre_election: true
I20260709 12:25:56.081274   579 raft_consensus.cc:2804] T a147ac0f36ac40e19cbd3a97e506fef1 P 0cad9c5a5d484c39b12f00bfb563cb68 [term 1 FOLLOWER]: Leader election won for term 1
I20260709 12:25:56.081873   579 raft_consensus.cc:697] T a147ac0f36ac40e19cbd3a97e506fef1 P 0cad9c5a5d484c39b12f00bfb563cb68 [term 1 LEADER]: Becoming Leader. State: Replica: 0cad9c5a5d484c39b12f00bfb563cb68, State: Running, Role: LEADER
I20260709 12:25:56.076941   547 leader_election.cc:290] T 9aa914762a7e497baeadb3847a5a172a P 0cad9c5a5d484c39b12f00bfb563cb68 [CANDIDATE]: Term 1 pre-election: Requested pre-vote from peers f23d660f86694dc2a6eabc95255d49a4 (127.30.182.66:33425), c981466e3c5244a58c758ccff1d054e5 (127.30.182.67:42875)
I20260709 12:25:56.086756   579 consensus_queue.cc:237] T a147ac0f36ac40e19cbd3a97e506fef1 P 0cad9c5a5d484c39b12f00bfb563cb68 [LEADER]: Queue going to LEADER mode. State: All replicated index: 0, Majority replicated index: 0, Committed index: 0, Last appended: 0.0, Last appended by leader: 0, Current term: 1, Majority size: 2, State: 0, Mode: LEADER, active raft config: opid_index: -1 OBSOLETE_local: false peers { permanent_uuid: "0cad9c5a5d484c39b12f00bfb563cb68" member_type: VOTER last_known_addr { host: "127.30.182.65" port: 45333 } } peers { permanent_uuid: "f23d660f86694dc2a6eabc95255d49a4" member_type: VOTER last_known_addr { host: "127.30.182.66" port: 33425 } } peers { permanent_uuid: "c981466e3c5244a58c758ccff1d054e5" member_type: VOTER last_known_addr { host: "127.30.182.67" port: 42875 } }
I20260709 12:25:56.087642 32596 leader_election.cc:304] T 9aa914762a7e497baeadb3847a5a172a P 0cad9c5a5d484c39b12f00bfb563cb68 [CANDIDATE]: Term 1 pre-election: Election decided. Result: candidate won. Election summary: received 2 responses out of 3 voters: 2 yes votes; 0 no votes. yes voters: 0cad9c5a5d484c39b12f00bfb563cb68, f23d660f86694dc2a6eabc95255d49a4; no voters: 
I20260709 12:25:56.082430   309 raft_consensus.cc:2468] T 7e679f11ada847308770173900ab651f P c981466e3c5244a58c758ccff1d054e5 [term 1 FOLLOWER]: Leader election vote request: Granting yes vote for candidate 0cad9c5a5d484c39b12f00bfb563cb68 in term 1.
I20260709 12:25:56.082180   555 leader_election.cc:290] T 963612b3b6834fb5924eb6e9567a949a P f23d660f86694dc2a6eabc95255d49a4 [CANDIDATE]: Term 1 pre-election: Requested pre-vote from peers 0cad9c5a5d484c39b12f00bfb563cb68 (127.30.182.65:45333), c981466e3c5244a58c758ccff1d054e5 (127.30.182.67:42875)
I20260709 12:25:56.097169   351 tablet_bootstrap.cc:492] T 0cb46928b6fc4e09a354457de20ab93c P c981466e3c5244a58c758ccff1d054e5: No bootstrap required, opened a new log
I20260709 12:25:56.098141   351 ts_tablet_manager.cc:1403] T 0cb46928b6fc4e09a354457de20ab93c P c981466e3c5244a58c758ccff1d054e5: Time spent bootstrapping tablet: real 0.332s	user 0.089s	sys 0.117s
I20260709 12:25:56.096661   581 raft_consensus.cc:2804] T 9aa914762a7e497baeadb3847a5a172a P 0cad9c5a5d484c39b12f00bfb563cb68 [term 0 FOLLOWER]: Leader pre-election won for term 1
I20260709 12:25:56.094692 32701 tablet_service.cc:1917] Received RequestConsensusVote() RPC: tablet_id: "d00e42df8e85481c9bfd21bd73e22359" candidate_uuid: "c981466e3c5244a58c758ccff1d054e5" candidate_term: 1 candidate_status { last_received { term: 0 index: 0 } } ignore_live_leader: false dest_uuid: "f23d660f86694dc2a6eabc95255d49a4"
I20260709 12:25:56.100660 32701 raft_consensus.cc:3060] T d00e42df8e85481c9bfd21bd73e22359 P f23d660f86694dc2a6eabc95255d49a4 [term 0 FOLLOWER]: Advancing to term 1
I20260709 12:25:56.101980   312 tablet_service.cc:1917] Received RequestConsensusVote() RPC: tablet_id: "a147ac0f36ac40e19cbd3a97e506fef1" candidate_uuid: "0cad9c5a5d484c39b12f00bfb563cb68" candidate_term: 1 candidate_status { last_received { term: 0 index: 0 } } ignore_live_leader: false dest_uuid: "c981466e3c5244a58c758ccff1d054e5"
I20260709 12:25:56.099298   581 raft_consensus.cc:493] T 9aa914762a7e497baeadb3847a5a172a P 0cad9c5a5d484c39b12f00bfb563cb68 [term 0 FOLLOWER]: Starting leader election (no leader contacted us within the election timeout)
I20260709 12:25:56.100857 32745 leader_election.cc:304] T c8a3f7deb462463d96da9b2299c0de46 P c981466e3c5244a58c758ccff1d054e5 [CANDIDATE]: Term 2 pre-election: Election decided. Result: candidate lost. Election summary: received 3 responses out of 3 voters: 1 yes votes; 2 no votes. yes voters: c981466e3c5244a58c758ccff1d054e5; no voters: 0cad9c5a5d484c39b12f00bfb563cb68, f23d660f86694dc2a6eabc95255d49a4
I20260709 12:25:56.094846   360 consensus_queue.cc:1048] T b3d3643001d9491daa848553b0e4b009 P c981466e3c5244a58c758ccff1d054e5 [LEADER]: Connected to new peer: Peer: permanent_uuid: "f23d660f86694dc2a6eabc95255d49a4" member_type: VOTER last_known_addr { host: "127.30.182.66" port: 33425 }, Status: LMP_MISMATCH, Last received: 0.0, Next index: 1, Last known committed idx: 0, Time since last communication: 0.005s
