W20260709 12:25:52.045506  5037 leader_election.cc:343] T 4f9c81422e73491dba294f24607e5e84 P 0aa78544c8fb4f9cbf5ab1a935e18e82 [CANDIDATE]: Term 1 pre-election: Tablet error from VoteRequest() call to peer d22f4ab7b09f42258209170e7c9214cb (127.3.200.66:37067): Illegal state: must be running to vote when last-logged opid is not known
I20260709 12:25:52.065227  5265 tablet_bootstrap.cc:654] T 89a90aff4ede48ad8c6ef5d2ca6c1a5c P 6e72ecbdf12a4160856b2a57422118a3: Neither blocks nor log segments found. Creating new log.
I20260709 12:25:52.065068  5146 raft_consensus.cc:2468] T f863b6a5fcc24d979cc005aaef6827ae P d22f4ab7b09f42258209170e7c9214cb [term 1 FOLLOWER]: Leader election vote request: Granting yes vote for candidate 6e72ecbdf12a4160856b2a57422118a3 in term 1.
I20260709 12:25:52.075668  5186 leader_election.cc:304] T f863b6a5fcc24d979cc005aaef6827ae P 6e72ecbdf12a4160856b2a57422118a3 [CANDIDATE]: Term 1 election: Election decided. Result: candidate won. Election summary: received 2 responses out of 3 voters: 2 yes votes; 0 no votes. yes voters: 6e72ecbdf12a4160856b2a57422118a3, d22f4ab7b09f42258209170e7c9214cb; no voters: 
I20260709 12:25:52.077132  5559 raft_consensus.cc:2804] T f863b6a5fcc24d979cc005aaef6827ae P 6e72ecbdf12a4160856b2a57422118a3 [term 1 FOLLOWER]: Leader election won for term 1
I20260709 12:25:52.077711  5559 raft_consensus.cc:697] T f863b6a5fcc24d979cc005aaef6827ae P 6e72ecbdf12a4160856b2a57422118a3 [term 1 LEADER]: Becoming Leader. State: Replica: 6e72ecbdf12a4160856b2a57422118a3, State: Running, Role: LEADER
I20260709 12:25:52.093130  4968 catalog_manager.cc:5697] T 4f9c81422e73491dba294f24607e5e84 P 0aa78544c8fb4f9cbf5ab1a935e18e82 reported cstate change: term changed from 0 to 1, leader changed from <none> to 0aa78544c8fb4f9cbf5ab1a935e18e82 (127.3.200.65). New cstate: current_term: 1 leader_uuid: "0aa78544c8fb4f9cbf5ab1a935e18e82" committed_config { opid_index: -1 OBSOLETE_local: false peers { permanent_uuid: "0aa78544c8fb4f9cbf5ab1a935e18e82" member_type: VOTER last_known_addr { host: "127.3.200.65" port: 37149 } health_report { overall_health: HEALTHY } } peers { permanent_uuid: "d22f4ab7b09f42258209170e7c9214cb" member_type: VOTER last_known_addr { host: "127.3.200.66" port: 37067 } health_report { overall_health: UNKNOWN } } peers { permanent_uuid: "6e72ecbdf12a4160856b2a57422118a3" member_type: VOTER last_known_addr { host: "127.3.200.67" port: 43993 } health_report { overall_health: UNKNOWN } } }
I20260709 12:25:52.078613  5559 consensus_queue.cc:237] T f863b6a5fcc24d979cc005aaef6827ae P 6e72ecbdf12a4160856b2a57422118a3 [LEADER]: Queue going to LEADER mode. State: All replicated index: 0, Majority replicated index: 0, Committed index: 0, Last appended: 0.0, Last appended by leader: 0, Current term: 1, Majority size: 2, State: 0, Mode: LEADER, active raft config: opid_index: -1 OBSOLETE_local: false peers { permanent_uuid: "0aa78544c8fb4f9cbf5ab1a935e18e82" member_type: VOTER last_known_addr { host: "127.3.200.65" port: 37149 } } peers { permanent_uuid: "d22f4ab7b09f42258209170e7c9214cb" member_type: VOTER last_known_addr { host: "127.3.200.66" port: 37067 } } peers { permanent_uuid: "6e72ecbdf12a4160856b2a57422118a3" member_type: VOTER last_known_addr { host: "127.3.200.67" port: 43993 } }
I20260709 12:25:52.096992  5070 raft_consensus.cc:2468] T 97e28bbe53df40bda7a921f79ae0514f P 0aa78544c8fb4f9cbf5ab1a935e18e82 [term 1 FOLLOWER]: Leader election vote request: Granting yes vote for candidate 6e72ecbdf12a4160856b2a57422118a3 in term 1.
I20260709 12:25:52.099428  5262 tablet_bootstrap.cc:654] T a3a3a987e8c145f484b2c0aa9890ed20 P 0aa78544c8fb4f9cbf5ab1a935e18e82: Neither blocks nor log segments found. Creating new log.
I20260709 12:25:52.095062  5073 raft_consensus.cc:2468] T f863b6a5fcc24d979cc005aaef6827ae P 0aa78544c8fb4f9cbf5ab1a935e18e82 [term 1 FOLLOWER]: Leader election vote request: Granting yes vote for candidate 6e72ecbdf12a4160856b2a57422118a3 in term 1.
I20260709 12:25:52.109126  5263 tablet_bootstrap.cc:492] T 97e28bbe53df40bda7a921f79ae0514f P d22f4ab7b09f42258209170e7c9214cb: No bootstrap required, opened a new log
I20260709 12:25:52.109606  5263 ts_tablet_manager.cc:1403] T 97e28bbe53df40bda7a921f79ae0514f P d22f4ab7b09f42258209170e7c9214cb: Time spent bootstrapping tablet: real 0.212s	user 0.006s	sys 0.010s
I20260709 12:25:52.107234  5511 raft_consensus.cc:515] T 04afa18a0a324c0d9788a17d1182585b P d22f4ab7b09f42258209170e7c9214cb [term 1 FOLLOWER]: Starting leader election with config: opid_index: -1 OBSOLETE_local: false peers { permanent_uuid: "0aa78544c8fb4f9cbf5ab1a935e18e82" member_type: VOTER last_known_addr { host: "127.3.200.65" port: 37149 } } peers { permanent_uuid: "d22f4ab7b09f42258209170e7c9214cb" member_type: VOTER last_known_addr { host: "127.3.200.66" port: 37067 } } peers { permanent_uuid: "6e72ecbdf12a4160856b2a57422118a3" member_type: VOTER last_known_addr { host: "127.3.200.67" port: 43993 } }
I20260709 12:25:52.099695  5187 leader_election.cc:304] T f424fe8428004213860887c1e4ed5796 P 6e72ecbdf12a4160856b2a57422118a3 [CANDIDATE]: Term 1 pre-election: Election decided. Result: candidate lost. Election summary: received 3 responses out of 3 voters: 1 yes votes; 2 no votes. yes voters: 6e72ecbdf12a4160856b2a57422118a3; no voters: 0aa78544c8fb4f9cbf5ab1a935e18e82, d22f4ab7b09f42258209170e7c9214cb
I20260709 12:25:52.113773  5072 tablet_service.cc:1917] Received RequestConsensusVote() RPC: tablet_id: "04afa18a0a324c0d9788a17d1182585b" candidate_uuid: "d22f4ab7b09f42258209170e7c9214cb" candidate_term: 1 candidate_status { last_received { term: 0 index: 0 } } ignore_live_leader: false dest_uuid: "0aa78544c8fb4f9cbf5ab1a935e18e82"
I20260709 12:25:52.114490  5424 raft_consensus.cc:3060] T f424fe8428004213860887c1e4ed5796 P 6e72ecbdf12a4160856b2a57422118a3 [term 0 FOLLOWER]: Advancing to term 1
I20260709 12:25:52.106688  5305 consensus_queue.cc:1048] T 23c924d344cb49639d42d3f21aa08cf2 P 0aa78544c8fb4f9cbf5ab1a935e18e82 [LEADER]: Connected to new peer: Peer: permanent_uuid: "6e72ecbdf12a4160856b2a57422118a3" member_type: VOTER last_known_addr { host: "127.3.200.67" port: 43993 }, Status: LMP_MISMATCH, Last received: 0.0, Next index: 1, Last known committed idx: 0, Time since last communication: 0.012s
I20260709 12:25:52.117030  5511 leader_election.cc:290] T 04afa18a0a324c0d9788a17d1182585b P d22f4ab7b09f42258209170e7c9214cb [CANDIDATE]: Term 1 election: Requested vote from peers 0aa78544c8fb4f9cbf5ab1a935e18e82 (127.3.200.65:37149), 6e72ecbdf12a4160856b2a57422118a3 (127.3.200.67:43993)
I20260709 12:25:52.122731  5222 tablet_service.cc:1917] Received RequestConsensusVote() RPC: tablet_id: "04afa18a0a324c0d9788a17d1182585b" candidate_uuid: "d22f4ab7b09f42258209170e7c9214cb" candidate_term: 1 candidate_status { last_received { term: 0 index: 0 } } ignore_live_leader: false dest_uuid: "6e72ecbdf12a4160856b2a57422118a3"
W20260709 12:25:52.124293  5114 leader_election.cc:343] T 04afa18a0a324c0d9788a17d1182585b P d22f4ab7b09f42258209170e7c9214cb [CANDIDATE]: Term 1 election: Tablet error from VoteRequest() call to peer 6e72ecbdf12a4160856b2a57422118a3 (127.3.200.67:43993): Illegal state: must be running to vote when last-logged opid is not known
I20260709 12:25:52.114485  5187 leader_election.cc:304] T 4f9c81422e73491dba294f24607e5e84 P 6e72ecbdf12a4160856b2a57422118a3 [CANDIDATE]: Term 1 pre-election: Election decided. Result: candidate lost. Election summary: received 3 responses out of 3 voters: 1 yes votes; 2 no votes. yes voters: 6e72ecbdf12a4160856b2a57422118a3; no voters: 0aa78544c8fb4f9cbf5ab1a935e18e82, d22f4ab7b09f42258209170e7c9214cb
I20260709 12:25:52.114548  5072 raft_consensus.cc:3060] T 04afa18a0a324c0d9788a17d1182585b P 0aa78544c8fb4f9cbf5ab1a935e18e82 [term 0 FOLLOWER]: Advancing to term 1
I20260709 12:25:52.131511  5263 raft_consensus.cc:359] T 97e28bbe53df40bda7a921f79ae0514f P d22f4ab7b09f42258209170e7c9214cb [term 0 FOLLOWER]: Replica starting. Triggering 0 pending ops. Active config: opid_index: -1 OBSOLETE_local: false peers { permanent_uuid: "0aa78544c8fb4f9cbf5ab1a935e18e82" member_type: VOTER last_known_addr { host: "127.3.200.65" port: 37149 } } peers { permanent_uuid: "d22f4ab7b09f42258209170e7c9214cb" member_type: VOTER last_known_addr { host: "127.3.200.66" port: 37067 } } peers { permanent_uuid: "6e72ecbdf12a4160856b2a57422118a3" member_type: VOTER last_known_addr { host: "127.3.200.67" port: 43993 } }
I20260709 12:25:52.132463  5263 raft_consensus.cc:385] T 97e28bbe53df40bda7a921f79ae0514f P d22f4ab7b09f42258209170e7c9214cb [term 0 FOLLOWER]: Consensus starting up: Expiring failure detector timer to make a prompt election more likely
I20260709 12:25:52.135097  5263 raft_consensus.cc:740] T 97e28bbe53df40bda7a921f79ae0514f P d22f4ab7b09f42258209170e7c9214cb [term 0 FOLLOWER]: Becoming Follower/Learner. State: Replica: d22f4ab7b09f42258209170e7c9214cb, State: Initialized, Role: FOLLOWER
I20260709 12:25:52.135828  5263 consensus_queue.cc:260] T 97e28bbe53df40bda7a921f79ae0514f P d22f4ab7b09f42258209170e7c9214cb [NON_LEADER]: Queue going to NON_LEADER mode. State: All replicated index: 0, Majority replicated index: 0, Committed index: 0, Last appended: 0.0, Last appended by leader: 0, Current term: 0, Majority size: -1, State: 0, Mode: NON_LEADER, active raft config: opid_index: -1 OBSOLETE_local: false peers { permanent_uuid: "0aa78544c8fb4f9cbf5ab1a935e18e82" member_type: VOTER last_known_addr { host: "127.3.200.65" port: 37149 } } peers { permanent_uuid: "d22f4ab7b09f42258209170e7c9214cb" member_type: VOTER last_known_addr { host: "127.3.200.66" port: 37067 } } peers { permanent_uuid: "6e72ecbdf12a4160856b2a57422118a3" member_type: VOTER last_known_addr { host: "127.3.200.67" port: 43993 } }
I20260709 12:25:52.139950  5263 ts_tablet_manager.cc:1434] T 97e28bbe53df40bda7a921f79ae0514f P d22f4ab7b09f42258209170e7c9214cb: Time spent starting tablet: real 0.030s	user 0.006s	sys 0.000s
I20260709 12:25:52.140005  5072 raft_consensus.cc:2468] T 04afa18a0a324c0d9788a17d1182585b P 0aa78544c8fb4f9cbf5ab1a935e18e82 [term 1 FOLLOWER]: Leader election vote request: Granting yes vote for candidate d22f4ab7b09f42258209170e7c9214cb in term 1.
I20260709 12:25:52.145433  5113 leader_election.cc:304] T 04afa18a0a324c0d9788a17d1182585b P d22f4ab7b09f42258209170e7c9214cb [CANDIDATE]: Term 1 election: Election decided. Result: candidate won. Election summary: received 3 responses out of 3 voters: 2 yes votes; 1 no votes. yes voters: 0aa78544c8fb4f9cbf5ab1a935e18e82, d22f4ab7b09f42258209170e7c9214cb; no voters: 6e72ecbdf12a4160856b2a57422118a3
I20260709 12:25:52.146495  5511 raft_consensus.cc:2804] T 04afa18a0a324c0d9788a17d1182585b P d22f4ab7b09f42258209170e7c9214cb [term 1 FOLLOWER]: Leader election won for term 1
I20260709 12:25:52.147109  5511 raft_consensus.cc:697] T 04afa18a0a324c0d9788a17d1182585b P d22f4ab7b09f42258209170e7c9214cb [term 1 LEADER]: Becoming Leader. State: Replica: d22f4ab7b09f42258209170e7c9214cb, State: Running, Role: LEADER
I20260709 12:25:52.147866  5511 consensus_queue.cc:237] T 04afa18a0a324c0d9788a17d1182585b P d22f4ab7b09f42258209170e7c9214cb [LEADER]: Queue going to LEADER mode. State: All replicated index: 0, Majority replicated index: 0, Committed index: 0, Last appended: 0.0, Last appended by leader: 0, Current term: 1, Majority size: 2, State: 0, Mode: LEADER, active raft config: opid_index: -1 OBSOLETE_local: false peers { permanent_uuid: "0aa78544c8fb4f9cbf5ab1a935e18e82" member_type: VOTER last_known_addr { host: "127.3.200.65" port: 37149 } } peers { permanent_uuid: "d22f4ab7b09f42258209170e7c9214cb" member_type: VOTER last_known_addr { host: "127.3.200.66" port: 37067 } } peers { permanent_uuid: "6e72ecbdf12a4160856b2a57422118a3" member_type: VOTER last_known_addr { host: "127.3.200.67" port: 43993 } }
I20260709 12:25:52.151880  5265 tablet_bootstrap.cc:492] T 89a90aff4ede48ad8c6ef5d2ca6c1a5c P 6e72ecbdf12a4160856b2a57422118a3: No bootstrap required, opened a new log
I20260709 12:25:52.152438  5265 ts_tablet_manager.cc:1403] T 89a90aff4ede48ad8c6ef5d2ca6c1a5c P 6e72ecbdf12a4160856b2a57422118a3: Time spent bootstrapping tablet: real 0.205s	user 0.025s	sys 0.007s
I20260709 12:25:52.154909  5265 raft_consensus.cc:359] T 89a90aff4ede48ad8c6ef5d2ca6c1a5c P 6e72ecbdf12a4160856b2a57422118a3 [term 0 FOLLOWER]: Replica starting. Triggering 0 pending ops. Active config: opid_index: -1 OBSOLETE_local: false peers { permanent_uuid: "0aa78544c8fb4f9cbf5ab1a935e18e82" member_type: VOTER last_known_addr { host: "127.3.200.65" port: 37149 } } peers { permanent_uuid: "d22f4ab7b09f42258209170e7c9214cb" member_type: VOTER last_known_addr { host: "127.3.200.66" port: 37067 } } peers { permanent_uuid: "6e72ecbdf12a4160856b2a57422118a3" member_type: VOTER last_known_addr { host: "127.3.200.67" port: 43993 } }
I20260709 12:25:52.155416  5265 raft_consensus.cc:385] T 89a90aff4ede48ad8c6ef5d2ca6c1a5c P 6e72ecbdf12a4160856b2a57422118a3 [term 0 FOLLOWER]: Consensus starting up: Expiring failure detector timer to make a prompt election more likely
I20260709 12:25:52.155690  5265 raft_consensus.cc:740] T 89a90aff4ede48ad8c6ef5d2ca6c1a5c P 6e72ecbdf12a4160856b2a57422118a3 [term 0 FOLLOWER]: Becoming Follower/Learner. State: Replica: 6e72ecbdf12a4160856b2a57422118a3, State: Initialized, Role: FOLLOWER
I20260709 12:25:52.156283  5265 consensus_queue.cc:260] T 89a90aff4ede48ad8c6ef5d2ca6c1a5c P 6e72ecbdf12a4160856b2a57422118a3 [NON_LEADER]: Queue going to NON_LEADER mode. State: All replicated index: 0, Majority replicated index: 0, Committed index: 0, Last appended: 0.0, Last appended by leader: 0, Current term: 0, Majority size: -1, State: 0, Mode: NON_LEADER, active raft config: opid_index: -1 OBSOLETE_local: false peers { permanent_uuid: "0aa78544c8fb4f9cbf5ab1a935e18e82" member_type: VOTER last_known_addr { host: "127.3.200.65" port: 37149 } } peers { permanent_uuid: "d22f4ab7b09f42258209170e7c9214cb" member_type: VOTER last_known_addr { host: "127.3.200.66" port: 37067 } } peers { permanent_uuid: "6e72ecbdf12a4160856b2a57422118a3" member_type: VOTER last_known_addr { host: "127.3.200.67" port: 43993 } }
I20260709 12:25:52.157956  5265 ts_tablet_manager.cc:1434] T 89a90aff4ede48ad8c6ef5d2ca6c1a5c P 6e72ecbdf12a4160856b2a57422118a3: Time spent starting tablet: real 0.005s	user 0.004s	sys 0.000s
I20260709 12:25:52.158823  5265 tablet_bootstrap.cc:492] T d650634415db46289a46381b54dde329 P 6e72ecbdf12a4160856b2a57422118a3: Bootstrap starting.
I20260709 12:25:52.161258  4968 catalog_manager.cc:5697] T f863b6a5fcc24d979cc005aaef6827ae P 6e72ecbdf12a4160856b2a57422118a3 reported cstate change: term changed from 0 to 1, leader changed from <none> to 6e72ecbdf12a4160856b2a57422118a3 (127.3.200.67). New cstate: current_term: 1 leader_uuid: "6e72ecbdf12a4160856b2a57422118a3" committed_config { opid_index: -1 OBSOLETE_local: false peers { permanent_uuid: "0aa78544c8fb4f9cbf5ab1a935e18e82" member_type: VOTER last_known_addr { host: "127.3.200.65" port: 37149 } health_report { overall_health: UNKNOWN } } peers { permanent_uuid: "d22f4ab7b09f42258209170e7c9214cb" member_type: VOTER last_known_addr { host: "127.3.200.66" port: 37067 } health_report { overall_health: UNKNOWN } } peers { permanent_uuid: "6e72ecbdf12a4160856b2a57422118a3" member_type: VOTER last_known_addr { host: "127.3.200.67" port: 43993 } health_report { overall_health: HEALTHY } } }
I20260709 12:25:52.141328  5263 tablet_bootstrap.cc:492] T 23c924d344cb49639d42d3f21aa08cf2 P d22f4ab7b09f42258209170e7c9214cb: Bootstrap starting.
I20260709 12:25:52.142297  5559 raft_consensus.cc:2749] T 4f9c81422e73491dba294f24607e5e84 P 6e72ecbdf12a4160856b2a57422118a3 [term 1 FOLLOWER]: Leader pre-election lost for term 1. Reason: could not achieve majority
I20260709 12:25:52.142807  5187 leader_election.cc:304] T 97e28bbe53df40bda7a921f79ae0514f P 6e72ecbdf12a4160856b2a57422118a3 [CANDIDATE]: Term 1 election: Election decided. Result: candidate won. Election summary: received 3 responses out of 3 voters: 2 yes votes; 1 no votes. yes voters: 0aa78544c8fb4f9cbf5ab1a935e18e82, 6e72ecbdf12a4160856b2a57422118a3; no voters: d22f4ab7b09f42258209170e7c9214cb
I20260709 12:25:52.164546  5559 raft_consensus.cc:2804] T 97e28bbe53df40bda7a921f79ae0514f P 6e72ecbdf12a4160856b2a57422118a3 [term 1 FOLLOWER]: Leader election won for term 1
W20260709 12:25:52.164911  5037 consensus_peers.cc:597] T 23c924d344cb49639d42d3f21aa08cf2 P 0aa78544c8fb4f9cbf5ab1a935e18e82 -> Peer d22f4ab7b09f42258209170e7c9214cb (127.3.200.66:37067): Couldn't send request to peer d22f4ab7b09f42258209170e7c9214cb. Error code: TABLET_NOT_RUNNING (12). Status: Illegal state: Tablet not RUNNING: BOOTSTRAPPING. This is attempt 1: this message will repeat every 5th retry.
I20260709 12:25:52.165035  5559 raft_consensus.cc:697] T 97e28bbe53df40bda7a921f79ae0514f P 6e72ecbdf12a4160856b2a57422118a3 [term 1 LEADER]: Becoming Leader. State: Replica: 6e72ecbdf12a4160856b2a57422118a3, State: Running, Role: LEADER
I20260709 12:25:52.165875  5559 consensus_queue.cc:237] T 97e28bbe53df40bda7a921f79ae0514f P 6e72ecbdf12a4160856b2a57422118a3 [LEADER]: Queue going to LEADER mode. State: All replicated index: 0, Majority replicated index: 0, Committed index: 0, Last appended: 0.0, Last appended by leader: 0, Current term: 1, Majority size: 2, State: 0, Mode: LEADER, active raft config: opid_index: -1 OBSOLETE_local: false peers { permanent_uuid: "0aa78544c8fb4f9cbf5ab1a935e18e82" member_type: VOTER last_known_addr { host: "127.3.200.65" port: 37149 } } peers { permanent_uuid: "d22f4ab7b09f42258209170e7c9214cb" member_type: VOTER last_known_addr { host: "127.3.200.66" port: 37067 } } peers { permanent_uuid: "6e72ecbdf12a4160856b2a57422118a3" member_type: VOTER last_known_addr { host: "127.3.200.67" port: 43993 } }
I20260709 12:25:52.168278  5265 tablet_bootstrap.cc:654] T d650634415db46289a46381b54dde329 P 6e72ecbdf12a4160856b2a57422118a3: Neither blocks nor log segments found. Creating new log.
I20260709 12:25:52.174269  4969 catalog_manager.cc:5697] T 04afa18a0a324c0d9788a17d1182585b P d22f4ab7b09f42258209170e7c9214cb reported cstate change: term changed from 0 to 1, leader changed from <none> to d22f4ab7b09f42258209170e7c9214cb (127.3.200.66). New cstate: current_term: 1 leader_uuid: "d22f4ab7b09f42258209170e7c9214cb" committed_config { opid_index: -1 OBSOLETE_local: false peers { permanent_uuid: "0aa78544c8fb4f9cbf5ab1a935e18e82" member_type: VOTER last_known_addr { host: "127.3.200.65" port: 37149 } health_report { overall_health: UNKNOWN } } peers { permanent_uuid: "d22f4ab7b09f42258209170e7c9214cb" member_type: VOTER last_known_addr { host: "127.3.200.66" port: 37067 } health_report { overall_health: HEALTHY } } peers { permanent_uuid: "6e72ecbdf12a4160856b2a57422118a3" member_type: VOTER last_known_addr { host: "127.3.200.67" port: 43993 } health_report { overall_health: UNKNOWN } } }
I20260709 12:25:52.185482  5265 tablet_bootstrap.cc:492] T d650634415db46289a46381b54dde329 P 6e72ecbdf12a4160856b2a57422118a3: No bootstrap required, opened a new log
I20260709 12:25:52.186055  5265 ts_tablet_manager.cc:1403] T d650634415db46289a46381b54dde329 P 6e72ecbdf12a4160856b2a57422118a3: Time spent bootstrapping tablet: real 0.027s	user 0.010s	sys 0.000s
I20260709 12:25:52.193416  5424 raft_consensus.cc:2749] T f424fe8428004213860887c1e4ed5796 P 6e72ecbdf12a4160856b2a57422118a3 [term 1 FOLLOWER]: Leader pre-election lost for term 1. Reason: could not achieve majority
I20260709 12:25:52.198279  5262 tablet_bootstrap.cc:492] T a3a3a987e8c145f484b2c0aa9890ed20 P 0aa78544c8fb4f9cbf5ab1a935e18e82: No bootstrap required, opened a new log
I20260709 12:25:52.200027  5262 ts_tablet_manager.cc:1403] T a3a3a987e8c145f484b2c0aa9890ed20 P 0aa78544c8fb4f9cbf5ab1a935e18e82: Time spent bootstrapping tablet: real 0.172s	user 0.028s	sys 0.018s
I20260709 12:25:52.202898  5262 raft_consensus.cc:359] T a3a3a987e8c145f484b2c0aa9890ed20 P 0aa78544c8fb4f9cbf5ab1a935e18e82 [term 0 FOLLOWER]: Replica starting. Triggering 0 pending ops. Active config: opid_index: -1 OBSOLETE_local: false peers { permanent_uuid: "0aa78544c8fb4f9cbf5ab1a935e18e82" member_type: VOTER last_known_addr { host: "127.3.200.65" port: 37149 } } peers { permanent_uuid: "d22f4ab7b09f42258209170e7c9214cb" member_type: VOTER last_known_addr { host: "127.3.200.66" port: 37067 } } peers { permanent_uuid: "6e72ecbdf12a4160856b2a57422118a3" member_type: VOTER last_known_addr { host: "127.3.200.67" port: 43993 } }
I20260709 12:25:52.203433  5262 raft_consensus.cc:385] T a3a3a987e8c145f484b2c0aa9890ed20 P 0aa78544c8fb4f9cbf5ab1a935e18e82 [term 0 FOLLOWER]: Consensus starting up: Expiring failure detector timer to make a prompt election more likely
I20260709 12:25:52.203685  5262 raft_consensus.cc:740] T a3a3a987e8c145f484b2c0aa9890ed20 P 0aa78544c8fb4f9cbf5ab1a935e18e82 [term 0 FOLLOWER]: Becoming Follower/Learner. State: Replica: 0aa78544c8fb4f9cbf5ab1a935e18e82, State: Initialized, Role: FOLLOWER
I20260709 12:25:52.204206  5262 consensus_queue.cc:260] T a3a3a987e8c145f484b2c0aa9890ed20 P 0aa78544c8fb4f9cbf5ab1a935e18e82 [NON_LEADER]: Queue going to NON_LEADER mode. State: All replicated index: 0, Majority replicated index: 0, Committed index: 0, Last appended: 0.0, Last appended by leader: 0, Current term: 0, Majority size: -1, State: 0, Mode: NON_LEADER, active raft config: opid_index: -1 OBSOLETE_local: false peers { permanent_uuid: "0aa78544c8fb4f9cbf5ab1a935e18e82" member_type: VOTER last_known_addr { host: "127.3.200.65" port: 37149 } } peers { permanent_uuid: "d22f4ab7b09f42258209170e7c9214cb" member_type: VOTER last_known_addr { host: "127.3.200.66" port: 37067 } } peers { permanent_uuid: "6e72ecbdf12a4160856b2a57422118a3" member_type: VOTER last_known_addr { host: "127.3.200.67" port: 43993 } }
I20260709 12:25:52.205576  5262 ts_tablet_manager.cc:1434] T a3a3a987e8c145f484b2c0aa9890ed20 P 0aa78544c8fb4f9cbf5ab1a935e18e82: Time spent starting tablet: real 0.005s	user 0.002s	sys 0.003s
I20260709 12:25:52.207784  5263 tablet_bootstrap.cc:654] T 23c924d344cb49639d42d3f21aa08cf2 P d22f4ab7b09f42258209170e7c9214cb: Neither blocks nor log segments found. Creating new log.
I20260709 12:25:52.210702  5265 raft_consensus.cc:359] T d650634415db46289a46381b54dde329 P 6e72ecbdf12a4160856b2a57422118a3 [term 0 FOLLOWER]: Replica starting. Triggering 0 pending ops. Active config: opid_index: -1 OBSOLETE_local: false peers { permanent_uuid: "0aa78544c8fb4f9cbf5ab1a935e18e82" member_type: VOTER last_known_addr { host: "127.3.200.65" port: 37149 } } peers { permanent_uuid: "d22f4ab7b09f42258209170e7c9214cb" member_type: VOTER last_known_addr { host: "127.3.200.66" port: 37067 } } peers { permanent_uuid: "6e72ecbdf12a4160856b2a57422118a3" member_type: VOTER last_known_addr { host: "127.3.200.67" port: 43993 } }
I20260709 12:25:52.211381  5265 raft_consensus.cc:385] T d650634415db46289a46381b54dde329 P 6e72ecbdf12a4160856b2a57422118a3 [term 0 FOLLOWER]: Consensus starting up: Expiring failure detector timer to make a prompt election more likely
I20260709 12:25:52.211670  5262 tablet_bootstrap.cc:492] T 89a90aff4ede48ad8c6ef5d2ca6c1a5c P 0aa78544c8fb4f9cbf5ab1a935e18e82: Bootstrap starting.
I20260709 12:25:52.213794  5288 raft_consensus.cc:493] T 89a90aff4ede48ad8c6ef5d2ca6c1a5c P 6e72ecbdf12a4160856b2a57422118a3 [term 0 FOLLOWER]: Starting pre-election (no leader contacted us within the election timeout)
I20260709 12:25:52.211635  5265 raft_consensus.cc:740] T d650634415db46289a46381b54dde329 P 6e72ecbdf12a4160856b2a57422118a3 [term 0 FOLLOWER]: Becoming Follower/Learner. State: Replica: 6e72ecbdf12a4160856b2a57422118a3, State: Initialized, Role: FOLLOWER
I20260709 12:25:52.214265  5288 raft_consensus.cc:515] T 89a90aff4ede48ad8c6ef5d2ca6c1a5c P 6e72ecbdf12a4160856b2a57422118a3 [term 0 FOLLOWER]: Starting pre-election with config: opid_index: -1 OBSOLETE_local: false peers { permanent_uuid: "0aa78544c8fb4f9cbf5ab1a935e18e82" member_type: VOTER last_known_addr { host: "127.3.200.65" port: 37149 } } peers { permanent_uuid: "d22f4ab7b09f42258209170e7c9214cb" member_type: VOTER last_known_addr { host: "127.3.200.66" port: 37067 } } peers { permanent_uuid: "6e72ecbdf12a4160856b2a57422118a3" member_type: VOTER last_known_addr { host: "127.3.200.67" port: 43993 } }
I20260709 12:25:52.215212  5265 consensus_queue.cc:260] T d650634415db46289a46381b54dde329 P 6e72ecbdf12a4160856b2a57422118a3 [NON_LEADER]: Queue going to NON_LEADER mode. State: All replicated index: 0, Majority replicated index: 0, Committed index: 0, Last appended: 0.0, Last appended by leader: 0, Current term: 0, Majority size: -1, State: 0, Mode: NON_LEADER, active raft config: opid_index: -1 OBSOLETE_local: false peers { permanent_uuid: "0aa78544c8fb4f9cbf5ab1a935e18e82" member_type: VOTER last_known_addr { host: "127.3.200.65" port: 37149 } } peers { permanent_uuid: "d22f4ab7b09f42258209170e7c9214cb" member_type: VOTER last_known_addr { host: "127.3.200.66" port: 37067 } } peers { permanent_uuid: "6e72ecbdf12a4160856b2a57422118a3" member_type: VOTER last_known_addr { host: "127.3.200.67" port: 43993 } }
I20260709 12:25:52.215694  4968 catalog_manager.cc:5697] T 97e28bbe53df40bda7a921f79ae0514f P 6e72ecbdf12a4160856b2a57422118a3 reported cstate change: term changed from 0 to 1, leader changed from <none> to 6e72ecbdf12a4160856b2a57422118a3 (127.3.200.67). New cstate: current_term: 1 leader_uuid: "6e72ecbdf12a4160856b2a57422118a3" committed_config { opid_index: -1 OBSOLETE_local: false peers { permanent_uuid: "0aa78544c8fb4f9cbf5ab1a935e18e82" member_type: VOTER last_known_addr { host: "127.3.200.65" port: 37149 } health_report { overall_health: UNKNOWN } } peers { permanent_uuid: "d22f4ab7b09f42258209170e7c9214cb" member_type: VOTER last_known_addr { host: "127.3.200.66" port: 37067 } health_report { overall_health: UNKNOWN } } peers { permanent_uuid: "6e72ecbdf12a4160856b2a57422118a3" member_type: VOTER last_known_addr { host: "127.3.200.67" port: 43993 } health_report { overall_health: HEALTHY } } }
I20260709 12:25:52.217690  5265 ts_tablet_manager.cc:1434] T d650634415db46289a46381b54dde329 P 6e72ecbdf12a4160856b2a57422118a3: Time spent starting tablet: real 0.031s	user 0.004s	sys 0.001s
I20260709 12:25:52.218113  5073 tablet_service.cc:1917] Received RequestConsensusVote() RPC: tablet_id: "89a90aff4ede48ad8c6ef5d2ca6c1a5c" candidate_uuid: "6e72ecbdf12a4160856b2a57422118a3" candidate_term: 1 candidate_status { last_received { term: 0 index: 0 } } ignore_live_leader: false dest_uuid: "0aa78544c8fb4f9cbf5ab1a935e18e82" is_pre_election: true
I20260709 12:25:52.218655  5265 tablet_bootstrap.cc:492] T 04afa18a0a324c0d9788a17d1182585b P 6e72ecbdf12a4160856b2a57422118a3: Bootstrap starting.
W20260709 12:25:52.219602  5187 leader_election.cc:343] T 89a90aff4ede48ad8c6ef5d2ca6c1a5c P 6e72ecbdf12a4160856b2a57422118a3 [CANDIDATE]: Term 1 pre-election: Tablet error from VoteRequest() call to peer 0aa78544c8fb4f9cbf5ab1a935e18e82 (127.3.200.65:37149): Illegal state: must be running to vote when last-logged opid is not known
I20260709 12:25:52.216282  5288 leader_election.cc:290] T 89a90aff4ede48ad8c6ef5d2ca6c1a5c P 6e72ecbdf12a4160856b2a57422118a3 [CANDIDATE]: Term 1 pre-election: Requested pre-vote from peers 0aa78544c8fb4f9cbf5ab1a935e18e82 (127.3.200.65:37149), d22f4ab7b09f42258209170e7c9214cb (127.3.200.66:37067)
I20260709 12:25:52.221702  5144 tablet_service.cc:1917] Received RequestConsensusVote() RPC: tablet_id: "89a90aff4ede48ad8c6ef5d2ca6c1a5c" candidate_uuid: "6e72ecbdf12a4160856b2a57422118a3" candidate_term: 1 candidate_status { last_received { term: 0 index: 0 } } ignore_live_leader: false dest_uuid: "d22f4ab7b09f42258209170e7c9214cb" is_pre_election: true
I20260709 12:25:52.224083  5262 tablet_bootstrap.cc:654] T 89a90aff4ede48ad8c6ef5d2ca6c1a5c P 0aa78544c8fb4f9cbf5ab1a935e18e82: Neither blocks nor log segments found. Creating new log.
W20260709 12:25:52.225193  5186 leader_election.cc:343] T 89a90aff4ede48ad8c6ef5d2ca6c1a5c P 6e72ecbdf12a4160856b2a57422118a3 [CANDIDATE]: Term 1 pre-election: Tablet error from VoteRequest() call to peer d22f4ab7b09f42258209170e7c9214cb (127.3.200.66:37067): Illegal state: must be running to vote when last-logged opid is not known
I20260709 12:25:52.225574  5186 leader_election.cc:304] T 89a90aff4ede48ad8c6ef5d2ca6c1a5c P 6e72ecbdf12a4160856b2a57422118a3 [CANDIDATE]: Term 1 pre-election: Election decided. Result: candidate lost. Election summary: received 3 responses out of 3 voters: 1 yes votes; 2 no votes. yes voters: 6e72ecbdf12a4160856b2a57422118a3; no voters: 0aa78544c8fb4f9cbf5ab1a935e18e82, d22f4ab7b09f42258209170e7c9214cb
I20260709 12:25:52.229707  5305 consensus_queue.cc:1048] T 253cc4e85c5b4c18ac746b32b0a47e47 P 0aa78544c8fb4f9cbf5ab1a935e18e82 [LEADER]: Connected to new peer: Peer: permanent_uuid: "6e72ecbdf12a4160856b2a57422118a3" member_type: VOTER last_known_addr { host: "127.3.200.67" port: 43993 }, Status: LMP_MISMATCH, Last received: 0.0, Next index: 1, Last known committed idx: 0, Time since last communication: 0.001s
I20260709 12:25:52.230702  5288 raft_consensus.cc:2749] T 89a90aff4ede48ad8c6ef5d2ca6c1a5c P 6e72ecbdf12a4160856b2a57422118a3 [term 0 FOLLOWER]: Leader pre-election lost for term 1. Reason: could not achieve majority
I20260709 12:25:52.246635  5265 tablet_bootstrap.cc:654] T 04afa18a0a324c0d9788a17d1182585b P 6e72ecbdf12a4160856b2a57422118a3: Neither blocks nor log segments found. Creating new log.
I20260709 12:25:52.250454  5262 tablet_bootstrap.cc:492] T 89a90aff4ede48ad8c6ef5d2ca6c1a5c P 0aa78544c8fb4f9cbf5ab1a935e18e82: No bootstrap required, opened a new log
I20260709 12:25:52.250994  5262 ts_tablet_manager.cc:1403] T 89a90aff4ede48ad8c6ef5d2ca6c1a5c P 0aa78544c8fb4f9cbf5ab1a935e18e82: Time spent bootstrapping tablet: real 0.040s	user 0.016s	sys 0.016s
I20260709 12:25:52.254130  5262 raft_consensus.cc:359] T 89a90aff4ede48ad8c6ef5d2ca6c1a5c P 0aa78544c8fb4f9cbf5ab1a935e18e82 [term 0 FOLLOWER]: Replica starting. Triggering 0 pending ops. Active config: opid_index: -1 OBSOLETE_local: false peers { permanent_uuid: "0aa78544c8fb4f9cbf5ab1a935e18e82" member_type: VOTER last_known_addr { host: "127.3.200.65" port: 37149 } } peers { permanent_uuid: "d22f4ab7b09f42258209170e7c9214cb" member_type: VOTER last_known_addr { host: "127.3.200.66" port: 37067 } } peers { permanent_uuid: "6e72ecbdf12a4160856b2a57422118a3" member_type: VOTER last_known_addr { host: "127.3.200.67" port: 43993 } }
I20260709 12:25:52.254833  5262 raft_consensus.cc:385] T 89a90aff4ede48ad8c6ef5d2ca6c1a5c P 0aa78544c8fb4f9cbf5ab1a935e18e82 [term 0 FOLLOWER]: Consensus starting up: Expiring failure detector timer to make a prompt election more likely
I20260709 12:25:52.255143  5262 raft_consensus.cc:740] T 89a90aff4ede48ad8c6ef5d2ca6c1a5c P 0aa78544c8fb4f9cbf5ab1a935e18e82 [term 0 FOLLOWER]: Becoming Follower/Learner. State: Replica: 0aa78544c8fb4f9cbf5ab1a935e18e82, State: Initialized, Role: FOLLOWER
I20260709 12:25:52.250649  5263 tablet_bootstrap.cc:492] T 23c924d344cb49639d42d3f21aa08cf2 P d22f4ab7b09f42258209170e7c9214cb: No bootstrap required, opened a new log
I20260709 12:25:52.256217  5263 ts_tablet_manager.cc:1403] T 23c924d344cb49639d42d3f21aa08cf2 P d22f4ab7b09f42258209170e7c9214cb: Time spent bootstrapping tablet: real 0.115s	user 0.018s	sys 0.005s
I20260709 12:25:52.255971  5262 consensus_queue.cc:260] T 89a90aff4ede48ad8c6ef5d2ca6c1a5c P 0aa78544c8fb4f9cbf5ab1a935e18e82 [NON_LEADER]: Queue going to NON_LEADER mode. State: All replicated index: 0, Majority replicated index: 0, Committed index: 0, Last appended: 0.0, Last appended by leader: 0, Current term: 0, Majority size: -1, State: 0, Mode: NON_LEADER, active raft config: opid_index: -1 OBSOLETE_local: false peers { permanent_uuid: "0aa78544c8fb4f9cbf5ab1a935e18e82" member_type: VOTER last_known_addr { host: "127.3.200.65" port: 37149 } } peers { permanent_uuid: "d22f4ab7b09f42258209170e7c9214cb" member_type: VOTER last_known_addr { host: "127.3.200.66" port: 37067 } } peers { permanent_uuid: "6e72ecbdf12a4160856b2a57422118a3" member_type: VOTER last_known_addr { host: "127.3.200.67" port: 43993 } }
I20260709 12:25:52.258839  5262 ts_tablet_manager.cc:1434] T 89a90aff4ede48ad8c6ef5d2ca6c1a5c P 0aa78544c8fb4f9cbf5ab1a935e18e82: Time spent starting tablet: real 0.008s	user 0.007s	sys 0.000s
I20260709 12:25:52.260042  5262 tablet_bootstrap.cc:492] T 07469c82367d44f58e1a33659fefd477 P 0aa78544c8fb4f9cbf5ab1a935e18e82: Bootstrap starting.
I20260709 12:25:52.267567  5262 tablet_bootstrap.cc:654] T 07469c82367d44f58e1a33659fefd477 P 0aa78544c8fb4f9cbf5ab1a935e18e82: Neither blocks nor log segments found. Creating new log.
I20260709 12:25:52.268004  5511 consensus_queue.cc:1048] T f424fe8428004213860887c1e4ed5796 P d22f4ab7b09f42258209170e7c9214cb [LEADER]: Connected to new peer: Peer: permanent_uuid: "0aa78544c8fb4f9cbf5ab1a935e18e82" member_type: VOTER last_known_addr { host: "127.3.200.65" port: 37149 }, Status: LMP_MISMATCH, Last received: 0.0, Next index: 1, Last known committed idx: 0, Time since last communication: 0.000s
I20260709 12:25:52.264426  5263 raft_consensus.cc:359] T 23c924d344cb49639d42d3f21aa08cf2 P d22f4ab7b09f42258209170e7c9214cb [term 0 FOLLOWER]: Replica starting. Triggering 0 pending ops. Active config: opid_index: -1 OBSOLETE_local: false peers { permanent_uuid: "0aa78544c8fb4f9cbf5ab1a935e18e82" member_type: VOTER last_known_addr { host: "127.3.200.65" port: 37149 } } peers { permanent_uuid: "d22f4ab7b09f42258209170e7c9214cb" member_type: VOTER last_known_addr { host: "127.3.200.66" port: 37067 } } peers { permanent_uuid: "6e72ecbdf12a4160856b2a57422118a3" member_type: VOTER last_known_addr { host: "127.3.200.67" port: 43993 } }
I20260709 12:25:52.269759  5263 raft_consensus.cc:385] T 23c924d344cb49639d42d3f21aa08cf2 P d22f4ab7b09f42258209170e7c9214cb [term 0 FOLLOWER]: Consensus starting up: Expiring failure detector timer to make a prompt election more likely
I20260709 12:25:52.270164  5263 raft_consensus.cc:740] T 23c924d344cb49639d42d3f21aa08cf2 P d22f4ab7b09f42258209170e7c9214cb [term 0 FOLLOWER]: Becoming Follower/Learner. State: Replica: d22f4ab7b09f42258209170e7c9214cb, State: Initialized, Role: FOLLOWER
I20260709 12:25:52.270792  5263 consensus_queue.cc:260] T 23c924d344cb49639d42d3f21aa08cf2 P d22f4ab7b09f42258209170e7c9214cb [NON_LEADER]: Queue going to NON_LEADER mode. State: All replicated index: 0, Majority replicated index: 0, Committed index: 0, Last appended: 0.0, Last appended by leader: 0, Current term: 0, Majority size: -1, State: 0, Mode: NON_LEADER, active raft config: opid_index: -1 OBSOLETE_local: false peers { permanent_uuid: "0aa78544c8fb4f9cbf5ab1a935e18e82" member_type: VOTER last_known_addr { host: "127.3.200.65" port: 37149 } } peers { permanent_uuid: "d22f4ab7b09f42258209170e7c9214cb" member_type: VOTER last_known_addr { host: "127.3.200.66" port: 37067 } } peers { permanent_uuid: "6e72ecbdf12a4160856b2a57422118a3" member_type: VOTER last_known_addr { host: "127.3.200.67" port: 43993 } }
W20260709 12:25:52.271173  5037 consensus_peers.cc:597] T 253cc4e85c5b4c18ac746b32b0a47e47 P 0aa78544c8fb4f9cbf5ab1a935e18e82 -> Peer d22f4ab7b09f42258209170e7c9214cb (127.3.200.66:37067): Couldn't send request to peer d22f4ab7b09f42258209170e7c9214cb. Error code: TABLET_NOT_RUNNING (12). Status: Illegal state: Tablet not RUNNING: INITIALIZED. This is attempt 1: this message will repeat every 5th retry.
I20260709 12:25:52.279009  5263 ts_tablet_manager.cc:1434] T 23c924d344cb49639d42d3f21aa08cf2 P d22f4ab7b09f42258209170e7c9214cb: Time spent starting tablet: real 0.022s	user 0.006s	sys 0.001s
I20260709 12:25:52.280772  5265 tablet_bootstrap.cc:492] T 04afa18a0a324c0d9788a17d1182585b P 6e72ecbdf12a4160856b2a57422118a3: No bootstrap required, opened a new log
I20260709 12:25:52.281314  5265 ts_tablet_manager.cc:1403] T 04afa18a0a324c0d9788a17d1182585b P 6e72ecbdf12a4160856b2a57422118a3: Time spent bootstrapping tablet: real 0.063s	user 0.015s	sys 0.007s
I20260709 12:25:52.283851  5265 raft_consensus.cc:359] T 04afa18a0a324c0d9788a17d1182585b P 6e72ecbdf12a4160856b2a57422118a3 [term 0 FOLLOWER]: Replica starting. Triggering 0 pending ops. Active config: opid_index: -1 OBSOLETE_local: false peers { permanent_uuid: "0aa78544c8fb4f9cbf5ab1a935e18e82" member_type: VOTER last_known_addr { host: "127.3.200.65" port: 37149 } } peers { permanent_uuid: "d22f4ab7b09f42258209170e7c9214cb" member_type: VOTER last_known_addr { host: "127.3.200.66" port: 37067 } } peers { permanent_uuid: "6e72ecbdf12a4160856b2a57422118a3" member_type: VOTER last_known_addr { host: "127.3.200.67" port: 43993 } }
I20260709 12:25:52.285086  5263 tablet_bootstrap.cc:492] T 2f147c4f5ae9479dae2779366c7cf2fe P d22f4ab7b09f42258209170e7c9214cb: Bootstrap starting.
I20260709 12:25:52.292004  5263 tablet_bootstrap.cc:654] T 2f147c4f5ae9479dae2779366c7cf2fe P d22f4ab7b09f42258209170e7c9214cb: Neither blocks nor log segments found. Creating new log.
I20260709 12:25:52.284490  5265 raft_consensus.cc:385] T 04afa18a0a324c0d9788a17d1182585b P 6e72ecbdf12a4160856b2a57422118a3 [term 0 FOLLOWER]: Consensus starting up: Expiring failure detector timer to make a prompt election more likely
I20260709 12:25:52.295452  5265 raft_consensus.cc:740] T 04afa18a0a324c0d9788a17d1182585b P 6e72ecbdf12a4160856b2a57422118a3 [term 0 FOLLOWER]: Becoming Follower/Learner. State: Replica: 6e72ecbdf12a4160856b2a57422118a3, State: Initialized, Role: FOLLOWER
I20260709 12:25:52.296113  5265 consensus_queue.cc:260] T 04afa18a0a324c0d9788a17d1182585b P 6e72ecbdf12a4160856b2a57422118a3 [NON_LEADER]: Queue going to NON_LEADER mode. State: All replicated index: 0, Majority replicated index: 0, Committed index: 0, Last appended: 0.0, Last appended by leader: 0, Current term: 0, Majority size: -1, State: 0, Mode: NON_LEADER, active raft config: opid_index: -1 OBSOLETE_local: false peers { permanent_uuid: "0aa78544c8fb4f9cbf5ab1a935e18e82" member_type: VOTER last_known_addr { host: "127.3.200.65" port: 37149 } } peers { permanent_uuid: "d22f4ab7b09f42258209170e7c9214cb" member_type: VOTER last_known_addr { host: "127.3.200.66" port: 37067 } } peers { permanent_uuid: "6e72ecbdf12a4160856b2a57422118a3" member_type: VOTER last_known_addr { host: "127.3.200.67" port: 43993 } }
I20260709 12:25:52.297379  5265 ts_tablet_manager.cc:1434] T 04afa18a0a324c0d9788a17d1182585b P 6e72ecbdf12a4160856b2a57422118a3: Time spent starting tablet: real 0.016s	user 0.005s	sys 0.000s
I20260709 12:25:52.298096  5265 tablet_bootstrap.cc:492] T 5d91e17c8c3b4cac9a128316050ce7df P 6e72ecbdf12a4160856b2a57422118a3: Bootstrap starting.
I20260709 12:25:52.302924  5262 tablet_bootstrap.cc:492] T 07469c82367d44f58e1a33659fefd477 P 0aa78544c8fb4f9cbf5ab1a935e18e82: No bootstrap required, opened a new log
I20260709 12:25:52.303396  5262 ts_tablet_manager.cc:1403] T 07469c82367d44f58e1a33659fefd477 P 0aa78544c8fb4f9cbf5ab1a935e18e82: Time spent bootstrapping tablet: real 0.044s	user 0.012s	sys 0.000s
I20260709 12:25:52.303522  5511 consensus_queue.cc:1048] T f424fe8428004213860887c1e4ed5796 P d22f4ab7b09f42258209170e7c9214cb [LEADER]: Connected to new peer: Peer: permanent_uuid: "6e72ecbdf12a4160856b2a57422118a3" member_type: VOTER last_known_addr { host: "127.3.200.67" port: 43993 }, Status: LMP_MISMATCH, Last received: 0.0, Next index: 1, Last known committed idx: 0, Time since last communication: 0.000s
I20260709 12:25:52.306128  5262 raft_consensus.cc:359] T 07469c82367d44f58e1a33659fefd477 P 0aa78544c8fb4f9cbf5ab1a935e18e82 [term 0 FOLLOWER]: Replica starting. Triggering 0 pending ops. Active config: opid_index: -1 OBSOLETE_local: false peers { permanent_uuid: "0aa78544c8fb4f9cbf5ab1a935e18e82" member_type: VOTER last_known_addr { host: "127.3.200.65" port: 37149 } } peers { permanent_uuid: "d22f4ab7b09f42258209170e7c9214cb" member_type: VOTER last_known_addr { host: "127.3.200.66" port: 37067 } } peers { permanent_uuid: "6e72ecbdf12a4160856b2a57422118a3" member_type: VOTER last_known_addr { host: "127.3.200.67" port: 43993 } }
I20260709 12:25:52.306983  5262 raft_consensus.cc:385] T 07469c82367d44f58e1a33659fefd477 P 0aa78544c8fb4f9cbf5ab1a935e18e82 [term 0 FOLLOWER]: Consensus starting up: Expiring failure detector timer to make a prompt election more likely
I20260709 12:25:52.307336  5262 raft_consensus.cc:740] T 07469c82367d44f58e1a33659fefd477 P 0aa78544c8fb4f9cbf5ab1a935e18e82 [term 0 FOLLOWER]: Becoming Follower/Learner. State: Replica: 0aa78544c8fb4f9cbf5ab1a935e18e82, State: Initialized, Role: FOLLOWER
I20260709 12:25:52.308370  5262 consensus_queue.cc:260] T 07469c82367d44f58e1a33659fefd477 P 0aa78544c8fb4f9cbf5ab1a935e18e82 [NON_LEADER]: Queue going to NON_LEADER mode. State: All replicated index: 0, Majority replicated index: 0, Committed index: 0, Last appended: 0.0, Last appended by leader: 0, Current term: 0, Majority size: -1, State: 0, Mode: NON_LEADER, active raft config: opid_index: -1 OBSOLETE_local: false peers { permanent_uuid: "0aa78544c8fb4f9cbf5ab1a935e18e82" member_type: VOTER last_known_addr { host: "127.3.200.65" port: 37149 } } peers { permanent_uuid: "d22f4ab7b09f42258209170e7c9214cb" member_type: VOTER last_known_addr { host: "127.3.200.66" port: 37067 } } peers { permanent_uuid: "6e72ecbdf12a4160856b2a57422118a3" member_type: VOTER last_known_addr { host: "127.3.200.67" port: 43993 } }
I20260709 12:25:52.312844  5262 ts_tablet_manager.cc:1434] T 07469c82367d44f58e1a33659fefd477 P 0aa78544c8fb4f9cbf5ab1a935e18e82: Time spent starting tablet: real 0.009s	user 0.009s	sys 0.000s
I20260709 12:25:52.314080  5262 tablet_bootstrap.cc:492] T 3f70fcd244ec422c887a45f476de45f1 P 0aa78544c8fb4f9cbf5ab1a935e18e82: Bootstrap starting.
I20260709 12:25:52.318611  5265 tablet_bootstrap.cc:654] T 5d91e17c8c3b4cac9a128316050ce7df P 6e72ecbdf12a4160856b2a57422118a3: Neither blocks nor log segments found. Creating new log.
I20260709 12:25:52.340314  5441 raft_consensus.cc:493] T 89a90aff4ede48ad8c6ef5d2ca6c1a5c P 0aa78544c8fb4f9cbf5ab1a935e18e82 [term 0 FOLLOWER]: Starting pre-election (no leader contacted us within the election timeout)
I20260709 12:25:52.340878  5441 raft_consensus.cc:515] T 89a90aff4ede48ad8c6ef5d2ca6c1a5c P 0aa78544c8fb4f9cbf5ab1a935e18e82 [term 0 FOLLOWER]: Starting pre-election with config: opid_index: -1 OBSOLETE_local: false peers { permanent_uuid: "0aa78544c8fb4f9cbf5ab1a935e18e82" member_type: VOTER last_known_addr { host: "127.3.200.65" port: 37149 } } peers { permanent_uuid: "d22f4ab7b09f42258209170e7c9214cb" member_type: VOTER last_known_addr { host: "127.3.200.66" port: 37067 } } peers { permanent_uuid: "6e72ecbdf12a4160856b2a57422118a3" member_type: VOTER last_known_addr { host: "127.3.200.67" port: 43993 } }
I20260709 12:25:52.344395  5144 tablet_service.cc:1917] Received RequestConsensusVote() RPC: tablet_id: "89a90aff4ede48ad8c6ef5d2ca6c1a5c" candidate_uuid: "0aa78544c8fb4f9cbf5ab1a935e18e82" candidate_term: 1 candidate_status { last_received { term: 0 index: 0 } } ignore_live_leader: false dest_uuid: "d22f4ab7b09f42258209170e7c9214cb" is_pre_election: true
W20260709 12:25:52.351701  5037 leader_election.cc:343] T 89a90aff4ede48ad8c6ef5d2ca6c1a5c P 0aa78544c8fb4f9cbf5ab1a935e18e82 [CANDIDATE]: Term 1 pre-election: Tablet error from VoteRequest() call to peer d22f4ab7b09f42258209170e7c9214cb (127.3.200.66:37067): Illegal state: must be running to vote when last-logged opid is not known
I20260709 12:25:52.351905  5265 tablet_bootstrap.cc:492] T 5d91e17c8c3b4cac9a128316050ce7df P 6e72ecbdf12a4160856b2a57422118a3: No bootstrap required, opened a new log
I20260709 12:25:52.352545  5265 ts_tablet_manager.cc:1403] T 5d91e17c8c3b4cac9a128316050ce7df P 6e72ecbdf12a4160856b2a57422118a3: Time spent bootstrapping tablet: real 0.055s	user 0.011s	sys 0.000s
I20260709 12:25:52.352583  5441 leader_election.cc:290] T 89a90aff4ede48ad8c6ef5d2ca6c1a5c P 0aa78544c8fb4f9cbf5ab1a935e18e82 [CANDIDATE]: Term 1 pre-election: Requested pre-vote from peers d22f4ab7b09f42258209170e7c9214cb (127.3.200.66:37067), 6e72ecbdf12a4160856b2a57422118a3 (127.3.200.67:43993)
I20260709 12:25:52.353842  5221 tablet_service.cc:1917] Received RequestConsensusVote() RPC: tablet_id: "89a90aff4ede48ad8c6ef5d2ca6c1a5c" candidate_uuid: "0aa78544c8fb4f9cbf5ab1a935e18e82" candidate_term: 1 candidate_status { last_received { term: 0 index: 0 } } ignore_live_leader: false dest_uuid: "6e72ecbdf12a4160856b2a57422118a3" is_pre_election: true
I20260709 12:25:52.354552  5263 tablet_bootstrap.cc:492] T 2f147c4f5ae9479dae2779366c7cf2fe P d22f4ab7b09f42258209170e7c9214cb: No bootstrap required, opened a new log
I20260709 12:25:52.354480  5221 raft_consensus.cc:2468] T 89a90aff4ede48ad8c6ef5d2ca6c1a5c P 6e72ecbdf12a4160856b2a57422118a3 [term 0 FOLLOWER]: Leader pre-election vote request: Granting yes vote for candidate 0aa78544c8fb4f9cbf5ab1a935e18e82 in term 0.
I20260709 12:25:52.355029  5263 ts_tablet_manager.cc:1403] T 2f147c4f5ae9479dae2779366c7cf2fe P d22f4ab7b09f42258209170e7c9214cb: Time spent bootstrapping tablet: real 0.070s	user 0.031s	sys 0.014s
I20260709 12:25:52.355837  5039 leader_election.cc:304] T 89a90aff4ede48ad8c6ef5d2ca6c1a5c P 0aa78544c8fb4f9cbf5ab1a935e18e82 [CANDIDATE]: Term 1 pre-election: Election decided. Result: candidate won. Election summary: received 3 responses out of 3 voters: 2 yes votes; 1 no votes. yes voters: 0aa78544c8fb4f9cbf5ab1a935e18e82, 6e72ecbdf12a4160856b2a57422118a3; no voters: d22f4ab7b09f42258209170e7c9214cb
I20260709 12:25:52.355865  5265 raft_consensus.cc:359] T 5d91e17c8c3b4cac9a128316050ce7df P 6e72ecbdf12a4160856b2a57422118a3 [term 0 FOLLOWER]: Replica starting. Triggering 0 pending ops. Active config: opid_index: -1 OBSOLETE_local: false peers { permanent_uuid: "0aa78544c8fb4f9cbf5ab1a935e18e82" member_type: VOTER last_known_addr { host: "127.3.200.65" port: 37149 } } peers { permanent_uuid: "d22f4ab7b09f42258209170e7c9214cb" member_type: VOTER last_known_addr { host: "127.3.200.66" port: 37067 } } peers { permanent_uuid: "6e72ecbdf12a4160856b2a57422118a3" member_type: VOTER last_known_addr { host: "127.3.200.67" port: 43993 } }
I20260709 12:25:52.357070  5265 raft_consensus.cc:385] T 5d91e17c8c3b4cac9a128316050ce7df P 6e72ecbdf12a4160856b2a57422118a3 [term 0 FOLLOWER]: Consensus starting up: Expiring failure detector timer to make a prompt election more likely
I20260709 12:25:52.358212  5441 raft_consensus.cc:2804] T 89a90aff4ede48ad8c6ef5d2ca6c1a5c P 0aa78544c8fb4f9cbf5ab1a935e18e82 [term 0 FOLLOWER]: Leader pre-election won for term 1
I20260709 12:25:52.358421  5265 raft_consensus.cc:740] T 5d91e17c8c3b4cac9a128316050ce7df P 6e72ecbdf12a4160856b2a57422118a3 [term 0 FOLLOWER]: Becoming Follower/Learner. State: Replica: 6e72ecbdf12a4160856b2a57422118a3, State: Initialized, Role: FOLLOWER
I20260709 12:25:52.358825  5441 raft_consensus.cc:493] T 89a90aff4ede48ad8c6ef5d2ca6c1a5c P 0aa78544c8fb4f9cbf5ab1a935e18e82 [term 0 FOLLOWER]: Starting leader election (no leader contacted us within the election timeout)
I20260709 12:25:52.358741  5263 raft_consensus.cc:359] T 2f147c4f5ae9479dae2779366c7cf2fe P d22f4ab7b09f42258209170e7c9214cb [term 0 FOLLOWER]: Replica starting. Triggering 0 pending ops. Active config: opid_index: -1 OBSOLETE_local: false peers { permanent_uuid: "0aa78544c8fb4f9cbf5ab1a935e18e82" member_type: VOTER last_known_addr { host: "127.3.200.65" port: 37149 } } peers { permanent_uuid: "d22f4ab7b09f42258209170e7c9214cb" member_type: VOTER last_known_addr { host: "127.3.200.66" port: 37067 } } peers { permanent_uuid: "6e72ecbdf12a4160856b2a57422118a3" member_type: VOTER last_known_addr { host: "127.3.200.67" port: 43993 } }
I20260709 12:25:52.359310  5441 raft_consensus.cc:3060] T 89a90aff4ede48ad8c6ef5d2ca6c1a5c P 0aa78544c8fb4f9cbf5ab1a935e18e82 [term 0 FOLLOWER]: Advancing to term 1
I20260709 12:25:52.359477  5263 raft_consensus.cc:385] T 2f147c4f5ae9479dae2779366c7cf2fe P d22f4ab7b09f42258209170e7c9214cb [term 0 FOLLOWER]: Consensus starting up: Expiring failure detector timer to make a prompt election more likely
I20260709 12:25:52.346947  5262 tablet_bootstrap.cc:654] T 3f70fcd244ec422c887a45f476de45f1 P 0aa78544c8fb4f9cbf5ab1a935e18e82: Neither blocks nor log segments found. Creating new log.
I20260709 12:25:52.367049  5441 raft_consensus.cc:515] T 89a90aff4ede48ad8c6ef5d2ca6c1a5c P 0aa78544c8fb4f9cbf5ab1a935e18e82 [term 1 FOLLOWER]: Starting leader election with config: opid_index: -1 OBSOLETE_local: false peers { permanent_uuid: "0aa78544c8fb4f9cbf5ab1a935e18e82" member_type: VOTER last_known_addr { host: "127.3.200.65" port: 37149 } } peers { permanent_uuid: "d22f4ab7b09f42258209170e7c9214cb" member_type: VOTER last_known_addr { host: "127.3.200.66" port: 37067 } } peers { permanent_uuid: "6e72ecbdf12a4160856b2a57422118a3" member_type: VOTER last_known_addr { host: "127.3.200.67" port: 43993 } }
I20260709 12:25:52.367769  5263 raft_consensus.cc:740] T 2f147c4f5ae9479dae2779366c7cf2fe P d22f4ab7b09f42258209170e7c9214cb [term 0 FOLLOWER]: Becoming Follower/Learner. State: Replica: d22f4ab7b09f42258209170e7c9214cb, State: Initialized, Role: FOLLOWER
I20260709 12:25:52.368453  5263 consensus_queue.cc:260] T 2f147c4f5ae9479dae2779366c7cf2fe P d22f4ab7b09f42258209170e7c9214cb [NON_LEADER]: Queue going to NON_LEADER mode. State: All replicated index: 0, Majority replicated index: 0, Committed index: 0, Last appended: 0.0, Last appended by leader: 0, Current term: 0, Majority size: -1, State: 0, Mode: NON_LEADER, active raft config: opid_index: -1 OBSOLETE_local: false peers { permanent_uuid: "0aa78544c8fb4f9cbf5ab1a935e18e82" member_type: VOTER last_known_addr { host: "127.3.200.65" port: 37149 } } peers { permanent_uuid: "d22f4ab7b09f42258209170e7c9214cb" member_type: VOTER last_known_addr { host: "127.3.200.66" port: 37067 } } peers { permanent_uuid: "6e72ecbdf12a4160856b2a57422118a3" member_type: VOTER last_known_addr { host: "127.3.200.67" port: 43993 } }
