I20260709 12:25:09.994838  9500 consensus_queue.cc:260] T 8099fdb4a59c47a89b57f9137a8932d3 P b196ee6e89b2464695c8220d77dcdb30 [NON_LEADER]: Queue going to NON_LEADER mode. State: All replicated index: 0, Majority replicated index: 0, Committed index: 0, Last appended: 0.0, Last appended by leader: 0, Current term: 0, Majority size: -1, State: 0, Mode: NON_LEADER, active raft config: opid_index: -1 OBSOLETE_local: false peers { permanent_uuid: "b196ee6e89b2464695c8220d77dcdb30" member_type: VOTER last_known_addr { host: "127.8.111.65" port: 38665 } } peers { permanent_uuid: "c74618ad69cd41f89213bdf7943bc66e" member_type: VOTER last_known_addr { host: "127.8.111.66" port: 38911 } } peers { permanent_uuid: "d956b41d76f241dea0c0bf203220c9e9" member_type: VOTER last_known_addr { host: "127.8.111.67" port: 45549 } }
I20260709 12:25:09.995092  9508 raft_consensus.cc:515] T 17da24262ab34c6c847a08b645b7ef8c P c74618ad69cd41f89213bdf7943bc66e [term 0 FOLLOWER]: Starting pre-election with config: opid_index: -1 OBSOLETE_local: false peers { permanent_uuid: "b196ee6e89b2464695c8220d77dcdb30" member_type: VOTER last_known_addr { host: "127.8.111.65" port: 38665 } } peers { permanent_uuid: "c74618ad69cd41f89213bdf7943bc66e" member_type: VOTER last_known_addr { host: "127.8.111.66" port: 38911 } } peers { permanent_uuid: "d956b41d76f241dea0c0bf203220c9e9" member_type: VOTER last_known_addr { host: "127.8.111.67" port: 45549 } }
I20260709 12:25:09.997066  9500 ts_tablet_manager.cc:1434] T 8099fdb4a59c47a89b57f9137a8932d3 P b196ee6e89b2464695c8220d77dcdb30: Time spent starting tablet: real 0.006s	user 0.004s	sys 0.000s
I20260709 12:25:09.997648  9508 leader_election.cc:290] T 17da24262ab34c6c847a08b645b7ef8c P c74618ad69cd41f89213bdf7943bc66e [CANDIDATE]: Term 1 pre-election: Requested pre-vote from peers b196ee6e89b2464695c8220d77dcdb30 (127.8.111.65:38665), d956b41d76f241dea0c0bf203220c9e9 (127.8.111.67:45549)
I20260709 12:25:09.998004  9500 tablet_bootstrap.cc:492] T 899bcc97677f4b169b627076ec798cdc P b196ee6e89b2464695c8220d77dcdb30: Bootstrap starting.
I20260709 12:25:09.999529  9459 tablet_service.cc:1917] Received RequestConsensusVote() RPC: tablet_id: "17da24262ab34c6c847a08b645b7ef8c" candidate_uuid: "c74618ad69cd41f89213bdf7943bc66e" candidate_term: 1 candidate_status { last_received { term: 0 index: 0 } } ignore_live_leader: false dest_uuid: "d956b41d76f241dea0c0bf203220c9e9" is_pre_election: true
I20260709 12:25:10.001138  9310 tablet_service.cc:1917] Received RequestConsensusVote() RPC: tablet_id: "17da24262ab34c6c847a08b645b7ef8c" candidate_uuid: "c74618ad69cd41f89213bdf7943bc66e" candidate_term: 1 candidate_status { last_received { term: 0 index: 0 } } ignore_live_leader: false dest_uuid: "b196ee6e89b2464695c8220d77dcdb30" is_pre_election: true
I20260709 12:25:10.001611  9501 ts_tablet_manager.cc:1434] T 899bcc97677f4b169b627076ec798cdc P d956b41d76f241dea0c0bf203220c9e9: Time spent starting tablet: real 0.013s	user 0.008s	sys 0.000s
I20260709 12:25:10.001725  9310 raft_consensus.cc:2468] T 17da24262ab34c6c847a08b645b7ef8c P b196ee6e89b2464695c8220d77dcdb30 [term 0 FOLLOWER]: Leader pre-election vote request: Granting yes vote for candidate c74618ad69cd41f89213bdf7943bc66e in term 0.
W20260709 12:25:10.003011  9348 leader_election.cc:343] T 17da24262ab34c6c847a08b645b7ef8c P c74618ad69cd41f89213bdf7943bc66e [CANDIDATE]: Term 1 pre-election: Tablet error from VoteRequest() call to peer d956b41d76f241dea0c0bf203220c9e9 (127.8.111.67:45549): Illegal state: must be running to vote when last-logged opid is not known
I20260709 12:25:10.004743  9500 tablet_bootstrap.cc:654] T 899bcc97677f4b169b627076ec798cdc P b196ee6e89b2464695c8220d77dcdb30: Neither blocks nor log segments found. Creating new log.
I20260709 12:25:10.005090  9501 tablet_bootstrap.cc:492] T 9f40906f3d564ec8acba63581f7d8df6 P d956b41d76f241dea0c0bf203220c9e9: Bootstrap starting.
I20260709 12:25:10.004809  9351 leader_election.cc:304] T 17da24262ab34c6c847a08b645b7ef8c P c74618ad69cd41f89213bdf7943bc66e [CANDIDATE]: Term 1 pre-election: Election decided. Result: candidate won. Election summary: received 3 responses out of 3 voters: 2 yes votes; 1 no votes. yes voters: b196ee6e89b2464695c8220d77dcdb30, c74618ad69cd41f89213bdf7943bc66e; no voters: d956b41d76f241dea0c0bf203220c9e9
I20260709 12:25:10.012725  9499 ts_tablet_manager.cc:1434] T 17da24262ab34c6c847a08b645b7ef8c P c74618ad69cd41f89213bdf7943bc66e: Time spent starting tablet: real 0.023s	user 0.003s	sys 0.003s
I20260709 12:25:10.013170  9508 raft_consensus.cc:2804] T 17da24262ab34c6c847a08b645b7ef8c P c74618ad69cd41f89213bdf7943bc66e [term 0 FOLLOWER]: Leader pre-election won for term 1
I20260709 12:25:10.013520  9508 raft_consensus.cc:493] T 17da24262ab34c6c847a08b645b7ef8c P c74618ad69cd41f89213bdf7943bc66e [term 0 FOLLOWER]: Starting leader election (no leader contacted us within the election timeout)
I20260709 12:25:10.013860  9508 raft_consensus.cc:3060] T 17da24262ab34c6c847a08b645b7ef8c P c74618ad69cd41f89213bdf7943bc66e [term 0 FOLLOWER]: Advancing to term 1
I20260709 12:25:10.014307  9499 tablet_bootstrap.cc:492] T ab9cc9b294414da9994f61f618ff3e7d P c74618ad69cd41f89213bdf7943bc66e: Bootstrap starting.
I20260709 12:25:10.014317  9501 tablet_bootstrap.cc:654] T 9f40906f3d564ec8acba63581f7d8df6 P d956b41d76f241dea0c0bf203220c9e9: Neither blocks nor log segments found. Creating new log.
I20260709 12:25:10.021070  9499 tablet_bootstrap.cc:654] T ab9cc9b294414da9994f61f618ff3e7d P c74618ad69cd41f89213bdf7943bc66e: Neither blocks nor log segments found. Creating new log.
I20260709 12:25:10.021095  9500 tablet_bootstrap.cc:492] T 899bcc97677f4b169b627076ec798cdc P b196ee6e89b2464695c8220d77dcdb30: No bootstrap required, opened a new log
I20260709 12:25:10.021889  9500 ts_tablet_manager.cc:1403] T 899bcc97677f4b169b627076ec798cdc P b196ee6e89b2464695c8220d77dcdb30: Time spent bootstrapping tablet: real 0.024s	user 0.015s	sys 0.008s
I20260709 12:25:10.021605  9508 raft_consensus.cc:515] T 17da24262ab34c6c847a08b645b7ef8c P c74618ad69cd41f89213bdf7943bc66e [term 1 FOLLOWER]: Starting leader election with config: opid_index: -1 OBSOLETE_local: false peers { permanent_uuid: "b196ee6e89b2464695c8220d77dcdb30" member_type: VOTER last_known_addr { host: "127.8.111.65" port: 38665 } } peers { permanent_uuid: "c74618ad69cd41f89213bdf7943bc66e" member_type: VOTER last_known_addr { host: "127.8.111.66" port: 38911 } } peers { permanent_uuid: "d956b41d76f241dea0c0bf203220c9e9" member_type: VOTER last_known_addr { host: "127.8.111.67" port: 45549 } }
I20260709 12:25:10.024335  9501 tablet_bootstrap.cc:492] T 9f40906f3d564ec8acba63581f7d8df6 P d956b41d76f241dea0c0bf203220c9e9: No bootstrap required, opened a new log
I20260709 12:25:10.024662  9310 tablet_service.cc:1917] Received RequestConsensusVote() RPC: tablet_id: "17da24262ab34c6c847a08b645b7ef8c" candidate_uuid: "c74618ad69cd41f89213bdf7943bc66e" candidate_term: 1 candidate_status { last_received { term: 0 index: 0 } } ignore_live_leader: false dest_uuid: "b196ee6e89b2464695c8220d77dcdb30"
I20260709 12:25:10.024784  9501 ts_tablet_manager.cc:1403] T 9f40906f3d564ec8acba63581f7d8df6 P d956b41d76f241dea0c0bf203220c9e9: Time spent bootstrapping tablet: real 0.020s	user 0.014s	sys 0.001s
I20260709 12:25:10.025214  9310 raft_consensus.cc:3060] T 17da24262ab34c6c847a08b645b7ef8c P b196ee6e89b2464695c8220d77dcdb30 [term 0 FOLLOWER]: Advancing to term 1
I20260709 12:25:10.024814  9500 raft_consensus.cc:359] T 899bcc97677f4b169b627076ec798cdc P b196ee6e89b2464695c8220d77dcdb30 [term 0 FOLLOWER]: Replica starting. Triggering 0 pending ops. Active config: opid_index: -1 OBSOLETE_local: false peers { permanent_uuid: "b196ee6e89b2464695c8220d77dcdb30" member_type: VOTER last_known_addr { host: "127.8.111.65" port: 38665 } } peers { permanent_uuid: "c74618ad69cd41f89213bdf7943bc66e" member_type: VOTER last_known_addr { host: "127.8.111.66" port: 38911 } } peers { permanent_uuid: "d956b41d76f241dea0c0bf203220c9e9" member_type: VOTER last_known_addr { host: "127.8.111.67" port: 45549 } }
I20260709 12:25:10.025664  9500 raft_consensus.cc:385] T 899bcc97677f4b169b627076ec798cdc P b196ee6e89b2464695c8220d77dcdb30 [term 0 FOLLOWER]: Consensus starting up: Expiring failure detector timer to make a prompt election more likely
I20260709 12:25:10.025950  9500 raft_consensus.cc:740] T 899bcc97677f4b169b627076ec798cdc P b196ee6e89b2464695c8220d77dcdb30 [term 0 FOLLOWER]: Becoming Follower/Learner. State: Replica: b196ee6e89b2464695c8220d77dcdb30, State: Initialized, Role: FOLLOWER
I20260709 12:25:10.026688  9500 consensus_queue.cc:260] T 899bcc97677f4b169b627076ec798cdc P b196ee6e89b2464695c8220d77dcdb30 [NON_LEADER]: Queue going to NON_LEADER mode. State: All replicated index: 0, Majority replicated index: 0, Committed index: 0, Last appended: 0.0, Last appended by leader: 0, Current term: 0, Majority size: -1, State: 0, Mode: NON_LEADER, active raft config: opid_index: -1 OBSOLETE_local: false peers { permanent_uuid: "b196ee6e89b2464695c8220d77dcdb30" member_type: VOTER last_known_addr { host: "127.8.111.65" port: 38665 } } peers { permanent_uuid: "c74618ad69cd41f89213bdf7943bc66e" member_type: VOTER last_known_addr { host: "127.8.111.66" port: 38911 } } peers { permanent_uuid: "d956b41d76f241dea0c0bf203220c9e9" member_type: VOTER last_known_addr { host: "127.8.111.67" port: 45549 } }
I20260709 12:25:10.027704  9501 raft_consensus.cc:359] T 9f40906f3d564ec8acba63581f7d8df6 P d956b41d76f241dea0c0bf203220c9e9 [term 0 FOLLOWER]: Replica starting. Triggering 0 pending ops. Active config: opid_index: -1 OBSOLETE_local: false peers { permanent_uuid: "b196ee6e89b2464695c8220d77dcdb30" member_type: VOTER last_known_addr { host: "127.8.111.65" port: 38665 } } peers { permanent_uuid: "c74618ad69cd41f89213bdf7943bc66e" member_type: VOTER last_known_addr { host: "127.8.111.66" port: 38911 } } peers { permanent_uuid: "d956b41d76f241dea0c0bf203220c9e9" member_type: VOTER last_known_addr { host: "127.8.111.67" port: 45549 } }
I20260709 12:25:10.028477  9501 raft_consensus.cc:385] T 9f40906f3d564ec8acba63581f7d8df6 P d956b41d76f241dea0c0bf203220c9e9 [term 0 FOLLOWER]: Consensus starting up: Expiring failure detector timer to make a prompt election more likely
I20260709 12:25:10.028771  9501 raft_consensus.cc:740] T 9f40906f3d564ec8acba63581f7d8df6 P d956b41d76f241dea0c0bf203220c9e9 [term 0 FOLLOWER]: Becoming Follower/Learner. State: Replica: d956b41d76f241dea0c0bf203220c9e9, State: Initialized, Role: FOLLOWER
I20260709 12:25:10.028955  9500 ts_tablet_manager.cc:1434] T 899bcc97677f4b169b627076ec798cdc P b196ee6e89b2464695c8220d77dcdb30: Time spent starting tablet: real 0.007s	user 0.005s	sys 0.000s
I20260709 12:25:10.029867  9500 tablet_bootstrap.cc:492] T d70263eac7b74896af9db829c2518019 P b196ee6e89b2464695c8220d77dcdb30: Bootstrap starting.
I20260709 12:25:10.029682  9501 consensus_queue.cc:260] T 9f40906f3d564ec8acba63581f7d8df6 P d956b41d76f241dea0c0bf203220c9e9 [NON_LEADER]: Queue going to NON_LEADER mode. State: All replicated index: 0, Majority replicated index: 0, Committed index: 0, Last appended: 0.0, Last appended by leader: 0, Current term: 0, Majority size: -1, State: 0, Mode: NON_LEADER, active raft config: opid_index: -1 OBSOLETE_local: false peers { permanent_uuid: "b196ee6e89b2464695c8220d77dcdb30" member_type: VOTER last_known_addr { host: "127.8.111.65" port: 38665 } } peers { permanent_uuid: "c74618ad69cd41f89213bdf7943bc66e" member_type: VOTER last_known_addr { host: "127.8.111.66" port: 38911 } } peers { permanent_uuid: "d956b41d76f241dea0c0bf203220c9e9" member_type: VOTER last_known_addr { host: "127.8.111.67" port: 45549 } }
I20260709 12:25:10.035761  9501 ts_tablet_manager.cc:1434] T 9f40906f3d564ec8acba63581f7d8df6 P d956b41d76f241dea0c0bf203220c9e9: Time spent starting tablet: real 0.011s	user 0.008s	sys 0.000s
I20260709 12:25:10.036064  9500 tablet_bootstrap.cc:654] T d70263eac7b74896af9db829c2518019 P b196ee6e89b2464695c8220d77dcdb30: Neither blocks nor log segments found. Creating new log.
I20260709 12:25:10.036804  9501 tablet_bootstrap.cc:492] T 17da24262ab34c6c847a08b645b7ef8c P d956b41d76f241dea0c0bf203220c9e9: Bootstrap starting.
I20260709 12:25:10.040730  9506 raft_consensus.cc:493] T 78d391d80524431c90ec3ec0348a848d P c74618ad69cd41f89213bdf7943bc66e [term 0 FOLLOWER]: Starting pre-election (no leader contacted us within the election timeout)
I20260709 12:25:10.041193  9506 raft_consensus.cc:515] T 78d391d80524431c90ec3ec0348a848d P c74618ad69cd41f89213bdf7943bc66e [term 0 FOLLOWER]: Starting pre-election with config: opid_index: -1 OBSOLETE_local: false peers { permanent_uuid: "c74618ad69cd41f89213bdf7943bc66e" member_type: VOTER last_known_addr { host: "127.8.111.66" port: 38911 } } peers { permanent_uuid: "b196ee6e89b2464695c8220d77dcdb30" member_type: VOTER last_known_addr { host: "127.8.111.65" port: 38665 } } peers { permanent_uuid: "d956b41d76f241dea0c0bf203220c9e9" member_type: VOTER last_known_addr { host: "127.8.111.67" port: 45549 } }
I20260709 12:25:10.043318  9506 leader_election.cc:290] T 78d391d80524431c90ec3ec0348a848d P c74618ad69cd41f89213bdf7943bc66e [CANDIDATE]: Term 1 pre-election: Requested pre-vote from peers b196ee6e89b2464695c8220d77dcdb30 (127.8.111.65:38665), d956b41d76f241dea0c0bf203220c9e9 (127.8.111.67:45549)
I20260709 12:25:10.044809  9459 tablet_service.cc:1917] Received RequestConsensusVote() RPC: tablet_id: "78d391d80524431c90ec3ec0348a848d" candidate_uuid: "c74618ad69cd41f89213bdf7943bc66e" candidate_term: 1 candidate_status { last_received { term: 0 index: 0 } } ignore_live_leader: false dest_uuid: "d956b41d76f241dea0c0bf203220c9e9" is_pre_election: true
I20260709 12:25:10.045435  9459 raft_consensus.cc:2468] T 78d391d80524431c90ec3ec0348a848d P d956b41d76f241dea0c0bf203220c9e9 [term 0 FOLLOWER]: Leader pre-election vote request: Granting yes vote for candidate c74618ad69cd41f89213bdf7943bc66e in term 0.
I20260709 12:25:10.047235  9348 leader_election.cc:304] T 78d391d80524431c90ec3ec0348a848d P c74618ad69cd41f89213bdf7943bc66e [CANDIDATE]: Term 1 pre-election: Election decided. Result: candidate won. Election summary: received 2 responses out of 3 voters: 2 yes votes; 0 no votes. yes voters: c74618ad69cd41f89213bdf7943bc66e, d956b41d76f241dea0c0bf203220c9e9; no voters: 
I20260709 12:25:10.048825  9506 raft_consensus.cc:2804] T 78d391d80524431c90ec3ec0348a848d P c74618ad69cd41f89213bdf7943bc66e [term 0 FOLLOWER]: Leader pre-election won for term 1
I20260709 12:25:10.049168  9309 tablet_service.cc:1917] Received RequestConsensusVote() RPC: tablet_id: "78d391d80524431c90ec3ec0348a848d" candidate_uuid: "c74618ad69cd41f89213bdf7943bc66e" candidate_term: 1 candidate_status { last_received { term: 0 index: 0 } } ignore_live_leader: false dest_uuid: "b196ee6e89b2464695c8220d77dcdb30" is_pre_election: true
W20260709 12:25:10.050613  9351 leader_election.cc:343] T 78d391d80524431c90ec3ec0348a848d P c74618ad69cd41f89213bdf7943bc66e [CANDIDATE]: Term 1 pre-election: Tablet error from VoteRequest() call to peer b196ee6e89b2464695c8220d77dcdb30 (127.8.111.65:38665): Illegal state: must be running to vote when last-logged opid is not known
I20260709 12:25:10.049160  9506 raft_consensus.cc:493] T 78d391d80524431c90ec3ec0348a848d P c74618ad69cd41f89213bdf7943bc66e [term 0 FOLLOWER]: Starting leader election (no leader contacted us within the election timeout)
I20260709 12:25:10.051815  9506 raft_consensus.cc:3060] T 78d391d80524431c90ec3ec0348a848d P c74618ad69cd41f89213bdf7943bc66e [term 0 FOLLOWER]: Advancing to term 1
I20260709 12:25:10.054939  9310 raft_consensus.cc:2468] T 17da24262ab34c6c847a08b645b7ef8c P b196ee6e89b2464695c8220d77dcdb30 [term 1 FOLLOWER]: Leader election vote request: Granting yes vote for candidate c74618ad69cd41f89213bdf7943bc66e in term 1.
I20260709 12:25:10.056039  9351 leader_election.cc:304] T 17da24262ab34c6c847a08b645b7ef8c P c74618ad69cd41f89213bdf7943bc66e [CANDIDATE]: Term 1 election: Election decided. Result: candidate won. Election summary: received 2 responses out of 3 voters: 2 yes votes; 0 no votes. yes voters: b196ee6e89b2464695c8220d77dcdb30, c74618ad69cd41f89213bdf7943bc66e; no voters: 
I20260709 12:25:10.056279  9501 tablet_bootstrap.cc:654] T 17da24262ab34c6c847a08b645b7ef8c P d956b41d76f241dea0c0bf203220c9e9: Neither blocks nor log segments found. Creating new log.
I20260709 12:25:10.058553  9508 leader_election.cc:290] T 17da24262ab34c6c847a08b645b7ef8c P c74618ad69cd41f89213bdf7943bc66e [CANDIDATE]: Term 1 election: Requested vote from peers b196ee6e89b2464695c8220d77dcdb30 (127.8.111.65:38665), d956b41d76f241dea0c0bf203220c9e9 (127.8.111.67:45549)
I20260709 12:25:10.059666  9459 tablet_service.cc:1917] Received RequestConsensusVote() RPC: tablet_id: "17da24262ab34c6c847a08b645b7ef8c" candidate_uuid: "c74618ad69cd41f89213bdf7943bc66e" candidate_term: 1 candidate_status { last_received { term: 0 index: 0 } } ignore_live_leader: false dest_uuid: "d956b41d76f241dea0c0bf203220c9e9"
I20260709 12:25:10.059142  9508 raft_consensus.cc:2804] T 17da24262ab34c6c847a08b645b7ef8c P c74618ad69cd41f89213bdf7943bc66e [term 1 FOLLOWER]: Leader election won for term 1
I20260709 12:25:10.060878  9509 raft_consensus.cc:493] T 760a965208844aeba856202c350ec597 P d956b41d76f241dea0c0bf203220c9e9 [term 0 FOLLOWER]: Starting pre-election (no leader contacted us within the election timeout)
W20260709 12:25:10.061069  9348 leader_election.cc:343] T 17da24262ab34c6c847a08b645b7ef8c P c74618ad69cd41f89213bdf7943bc66e [CANDIDATE]: Term 1 election: Tablet error from VoteRequest() call to peer d956b41d76f241dea0c0bf203220c9e9 (127.8.111.67:45549): Illegal state: must be running to vote when last-logged opid is not known
I20260709 12:25:10.062222  9508 raft_consensus.cc:697] T 17da24262ab34c6c847a08b645b7ef8c P c74618ad69cd41f89213bdf7943bc66e [term 1 LEADER]: Becoming Leader. State: Replica: c74618ad69cd41f89213bdf7943bc66e, State: Running, Role: LEADER
I20260709 12:25:10.062188  9509 raft_consensus.cc:515] T 760a965208844aeba856202c350ec597 P d956b41d76f241dea0c0bf203220c9e9 [term 0 FOLLOWER]: Starting pre-election with config: opid_index: -1 OBSOLETE_local: false peers { permanent_uuid: "b196ee6e89b2464695c8220d77dcdb30" member_type: VOTER last_known_addr { host: "127.8.111.65" port: 38665 } } peers { permanent_uuid: "c74618ad69cd41f89213bdf7943bc66e" member_type: VOTER last_known_addr { host: "127.8.111.66" port: 38911 } } peers { permanent_uuid: "d956b41d76f241dea0c0bf203220c9e9" member_type: VOTER last_known_addr { host: "127.8.111.67" port: 45549 } }
I20260709 12:25:10.063409  9508 consensus_queue.cc:237] T 17da24262ab34c6c847a08b645b7ef8c P c74618ad69cd41f89213bdf7943bc66e [LEADER]: Queue going to LEADER mode. State: All replicated index: 0, Majority replicated index: 0, Committed index: 0, Last appended: 0.0, Last appended by leader: 0, Current term: 1, Majority size: 2, State: 0, Mode: LEADER, active raft config: opid_index: -1 OBSOLETE_local: false peers { permanent_uuid: "b196ee6e89b2464695c8220d77dcdb30" member_type: VOTER last_known_addr { host: "127.8.111.65" port: 38665 } } peers { permanent_uuid: "c74618ad69cd41f89213bdf7943bc66e" member_type: VOTER last_known_addr { host: "127.8.111.66" port: 38911 } } peers { permanent_uuid: "d956b41d76f241dea0c0bf203220c9e9" member_type: VOTER last_known_addr { host: "127.8.111.67" port: 45549 } }
I20260709 12:25:10.064718  9506 raft_consensus.cc:515] T 78d391d80524431c90ec3ec0348a848d P c74618ad69cd41f89213bdf7943bc66e [term 1 FOLLOWER]: Starting leader election with config: opid_index: -1 OBSOLETE_local: false peers { permanent_uuid: "c74618ad69cd41f89213bdf7943bc66e" member_type: VOTER last_known_addr { host: "127.8.111.66" port: 38911 } } peers { permanent_uuid: "b196ee6e89b2464695c8220d77dcdb30" member_type: VOTER last_known_addr { host: "127.8.111.65" port: 38665 } } peers { permanent_uuid: "d956b41d76f241dea0c0bf203220c9e9" member_type: VOTER last_known_addr { host: "127.8.111.67" port: 45549 } }
I20260709 12:25:10.065680  9501 tablet_bootstrap.cc:492] T 17da24262ab34c6c847a08b645b7ef8c P d956b41d76f241dea0c0bf203220c9e9: No bootstrap required, opened a new log
I20260709 12:25:10.066187  9501 ts_tablet_manager.cc:1403] T 17da24262ab34c6c847a08b645b7ef8c P d956b41d76f241dea0c0bf203220c9e9: Time spent bootstrapping tablet: real 0.030s	user 0.014s	sys 0.000s
I20260709 12:25:10.069425  9509 leader_election.cc:290] T 760a965208844aeba856202c350ec597 P d956b41d76f241dea0c0bf203220c9e9 [CANDIDATE]: Term 1 pre-election: Requested pre-vote from peers b196ee6e89b2464695c8220d77dcdb30 (127.8.111.65:38665), c74618ad69cd41f89213bdf7943bc66e (127.8.111.66:38911)
I20260709 12:25:10.069389  9501 raft_consensus.cc:359] T 17da24262ab34c6c847a08b645b7ef8c P d956b41d76f241dea0c0bf203220c9e9 [term 0 FOLLOWER]: Replica starting. Triggering 0 pending ops. Active config: opid_index: -1 OBSOLETE_local: false peers { permanent_uuid: "b196ee6e89b2464695c8220d77dcdb30" member_type: VOTER last_known_addr { host: "127.8.111.65" port: 38665 } } peers { permanent_uuid: "c74618ad69cd41f89213bdf7943bc66e" member_type: VOTER last_known_addr { host: "127.8.111.66" port: 38911 } } peers { permanent_uuid: "d956b41d76f241dea0c0bf203220c9e9" member_type: VOTER last_known_addr { host: "127.8.111.67" port: 45549 } }
I20260709 12:25:10.070207  9501 raft_consensus.cc:385] T 17da24262ab34c6c847a08b645b7ef8c P d956b41d76f241dea0c0bf203220c9e9 [term 0 FOLLOWER]: Consensus starting up: Expiring failure detector timer to make a prompt election more likely
I20260709 12:25:10.070600  9501 raft_consensus.cc:740] T 17da24262ab34c6c847a08b645b7ef8c P d956b41d76f241dea0c0bf203220c9e9 [term 0 FOLLOWER]: Becoming Follower/Learner. State: Replica: d956b41d76f241dea0c0bf203220c9e9, State: Initialized, Role: FOLLOWER
I20260709 12:25:10.071163  9499 tablet_bootstrap.cc:492] T ab9cc9b294414da9994f61f618ff3e7d P c74618ad69cd41f89213bdf7943bc66e: No bootstrap required, opened a new log
I20260709 12:25:10.071753  9499 ts_tablet_manager.cc:1403] T ab9cc9b294414da9994f61f618ff3e7d P c74618ad69cd41f89213bdf7943bc66e: Time spent bootstrapping tablet: real 0.058s	user 0.010s	sys 0.013s
I20260709 12:25:10.071472  9501 consensus_queue.cc:260] T 17da24262ab34c6c847a08b645b7ef8c P d956b41d76f241dea0c0bf203220c9e9 [NON_LEADER]: Queue going to NON_LEADER mode. State: All replicated index: 0, Majority replicated index: 0, Committed index: 0, Last appended: 0.0, Last appended by leader: 0, Current term: 0, Majority size: -1, State: 0, Mode: NON_LEADER, active raft config: opid_index: -1 OBSOLETE_local: false peers { permanent_uuid: "b196ee6e89b2464695c8220d77dcdb30" member_type: VOTER last_known_addr { host: "127.8.111.65" port: 38665 } } peers { permanent_uuid: "c74618ad69cd41f89213bdf7943bc66e" member_type: VOTER last_known_addr { host: "127.8.111.66" port: 38911 } } peers { permanent_uuid: "d956b41d76f241dea0c0bf203220c9e9" member_type: VOTER last_known_addr { host: "127.8.111.67" port: 45549 } }
I20260709 12:25:10.073935  9501 ts_tablet_manager.cc:1434] T 17da24262ab34c6c847a08b645b7ef8c P d956b41d76f241dea0c0bf203220c9e9: Time spent starting tablet: real 0.007s	user 0.004s	sys 0.000s
I20260709 12:25:10.074837  9501 tablet_bootstrap.cc:492] T d70263eac7b74896af9db829c2518019 P d956b41d76f241dea0c0bf203220c9e9: Bootstrap starting.
I20260709 12:25:10.082002  9501 tablet_bootstrap.cc:654] T d70263eac7b74896af9db829c2518019 P d956b41d76f241dea0c0bf203220c9e9: Neither blocks nor log segments found. Creating new log.
I20260709 12:25:10.082593  9506 leader_election.cc:290] T 78d391d80524431c90ec3ec0348a848d P c74618ad69cd41f89213bdf7943bc66e [CANDIDATE]: Term 1 election: Requested vote from peers b196ee6e89b2464695c8220d77dcdb30 (127.8.111.65:38665), d956b41d76f241dea0c0bf203220c9e9 (127.8.111.67:45549)
I20260709 12:25:10.089321  9459 tablet_service.cc:1917] Received RequestConsensusVote() RPC: tablet_id: "78d391d80524431c90ec3ec0348a848d" candidate_uuid: "c74618ad69cd41f89213bdf7943bc66e" candidate_term: 1 candidate_status { last_received { term: 0 index: 0 } } ignore_live_leader: false dest_uuid: "d956b41d76f241dea0c0bf203220c9e9"
I20260709 12:25:10.090138  9459 raft_consensus.cc:3060] T 78d391d80524431c90ec3ec0348a848d P d956b41d76f241dea0c0bf203220c9e9 [term 0 FOLLOWER]: Advancing to term 1
I20260709 12:25:10.090477  9504 raft_consensus.cc:493] T ab9cc9b294414da9994f61f618ff3e7d P b196ee6e89b2464695c8220d77dcdb30 [term 0 FOLLOWER]: Starting pre-election (no leader contacted us within the election timeout)
I20260709 12:25:10.090991  9504 raft_consensus.cc:515] T ab9cc9b294414da9994f61f618ff3e7d P b196ee6e89b2464695c8220d77dcdb30 [term 0 FOLLOWER]: Starting pre-election with config: opid_index: -1 OBSOLETE_local: false peers { permanent_uuid: "b196ee6e89b2464695c8220d77dcdb30" member_type: VOTER last_known_addr { host: "127.8.111.65" port: 38665 } } peers { permanent_uuid: "c74618ad69cd41f89213bdf7943bc66e" member_type: VOTER last_known_addr { host: "127.8.111.66" port: 38911 } } peers { permanent_uuid: "d956b41d76f241dea0c0bf203220c9e9" member_type: VOTER last_known_addr { host: "127.8.111.67" port: 45549 } }
I20260709 12:25:10.095096  9310 tablet_service.cc:1917] Received RequestConsensusVote() RPC: tablet_id: "78d391d80524431c90ec3ec0348a848d" candidate_uuid: "c74618ad69cd41f89213bdf7943bc66e" candidate_term: 1 candidate_status { last_received { term: 0 index: 0 } } ignore_live_leader: false dest_uuid: "b196ee6e89b2464695c8220d77dcdb30"
I20260709 12:25:10.097414  9504 leader_election.cc:290] T ab9cc9b294414da9994f61f618ff3e7d P b196ee6e89b2464695c8220d77dcdb30 [CANDIDATE]: Term 1 pre-election: Requested pre-vote from peers c74618ad69cd41f89213bdf7943bc66e (127.8.111.66:38911), d956b41d76f241dea0c0bf203220c9e9 (127.8.111.67:45549)
I20260709 12:25:10.101380  9500 tablet_bootstrap.cc:492] T d70263eac7b74896af9db829c2518019 P b196ee6e89b2464695c8220d77dcdb30: No bootstrap required, opened a new log
I20260709 12:25:10.102018  9500 ts_tablet_manager.cc:1403] T d70263eac7b74896af9db829c2518019 P b196ee6e89b2464695c8220d77dcdb30: Time spent bootstrapping tablet: real 0.072s	user 0.015s	sys 0.016s
W20260709 12:25:10.102826  9351 leader_election.cc:343] T 78d391d80524431c90ec3ec0348a848d P c74618ad69cd41f89213bdf7943bc66e [CANDIDATE]: Term 1 election: Tablet error from VoteRequest() call to peer b196ee6e89b2464695c8220d77dcdb30 (127.8.111.65:38665): Illegal state: must be running to vote when last-logged opid is not known
I20260709 12:25:10.104072  9499 raft_consensus.cc:359] T ab9cc9b294414da9994f61f618ff3e7d P c74618ad69cd41f89213bdf7943bc66e [term 0 FOLLOWER]: Replica starting. Triggering 0 pending ops. Active config: opid_index: -1 OBSOLETE_local: false peers { permanent_uuid: "b196ee6e89b2464695c8220d77dcdb30" member_type: VOTER last_known_addr { host: "127.8.111.65" port: 38665 } } peers { permanent_uuid: "c74618ad69cd41f89213bdf7943bc66e" member_type: VOTER last_known_addr { host: "127.8.111.66" port: 38911 } } peers { permanent_uuid: "d956b41d76f241dea0c0bf203220c9e9" member_type: VOTER last_known_addr { host: "127.8.111.67" port: 45549 } }
I20260709 12:25:10.105093  9499 raft_consensus.cc:385] T ab9cc9b294414da9994f61f618ff3e7d P c74618ad69cd41f89213bdf7943bc66e [term 0 FOLLOWER]: Consensus starting up: Expiring failure detector timer to make a prompt election more likely
I20260709 12:25:10.105444  9499 raft_consensus.cc:740] T ab9cc9b294414da9994f61f618ff3e7d P c74618ad69cd41f89213bdf7943bc66e [term 0 FOLLOWER]: Becoming Follower/Learner. State: Replica: c74618ad69cd41f89213bdf7943bc66e, State: Initialized, Role: FOLLOWER
I20260709 12:25:10.105800  9500 raft_consensus.cc:359] T d70263eac7b74896af9db829c2518019 P b196ee6e89b2464695c8220d77dcdb30 [term 0 FOLLOWER]: Replica starting. Triggering 0 pending ops. Active config: opid_index: -1 OBSOLETE_local: false peers { permanent_uuid: "b196ee6e89b2464695c8220d77dcdb30" member_type: VOTER last_known_addr { host: "127.8.111.65" port: 38665 } } peers { permanent_uuid: "c74618ad69cd41f89213bdf7943bc66e" member_type: VOTER last_known_addr { host: "127.8.111.66" port: 38911 } } peers { permanent_uuid: "d956b41d76f241dea0c0bf203220c9e9" member_type: VOTER last_known_addr { host: "127.8.111.67" port: 45549 } }
I20260709 12:25:10.106803  9500 raft_consensus.cc:385] T d70263eac7b74896af9db829c2518019 P b196ee6e89b2464695c8220d77dcdb30 [term 0 FOLLOWER]: Consensus starting up: Expiring failure detector timer to make a prompt election more likely
I20260709 12:25:10.107198  9500 raft_consensus.cc:740] T d70263eac7b74896af9db829c2518019 P b196ee6e89b2464695c8220d77dcdb30 [term 0 FOLLOWER]: Becoming Follower/Learner. State: Replica: b196ee6e89b2464695c8220d77dcdb30, State: Initialized, Role: FOLLOWER
I20260709 12:25:10.108439  9500 consensus_queue.cc:260] T d70263eac7b74896af9db829c2518019 P b196ee6e89b2464695c8220d77dcdb30 [NON_LEADER]: Queue going to NON_LEADER mode. State: All replicated index: 0, Majority replicated index: 0, Committed index: 0, Last appended: 0.0, Last appended by leader: 0, Current term: 0, Majority size: -1, State: 0, Mode: NON_LEADER, active raft config: opid_index: -1 OBSOLETE_local: false peers { permanent_uuid: "b196ee6e89b2464695c8220d77dcdb30" member_type: VOTER last_known_addr { host: "127.8.111.65" port: 38665 } } peers { permanent_uuid: "c74618ad69cd41f89213bdf7943bc66e" member_type: VOTER last_known_addr { host: "127.8.111.66" port: 38911 } } peers { permanent_uuid: "d956b41d76f241dea0c0bf203220c9e9" member_type: VOTER last_known_addr { host: "127.8.111.67" port: 45549 } }
I20260709 12:25:10.111310  9500 ts_tablet_manager.cc:1434] T d70263eac7b74896af9db829c2518019 P b196ee6e89b2464695c8220d77dcdb30: Time spent starting tablet: real 0.009s	user 0.007s	sys 0.001s
I20260709 12:25:10.112344  9500 tablet_bootstrap.cc:492] T 78d391d80524431c90ec3ec0348a848d P b196ee6e89b2464695c8220d77dcdb30: Bootstrap starting.
I20260709 12:25:10.113626  9205 catalog_manager.cc:5697] T 17da24262ab34c6c847a08b645b7ef8c P c74618ad69cd41f89213bdf7943bc66e reported cstate change: term changed from 0 to 1, leader changed from <none> to c74618ad69cd41f89213bdf7943bc66e (127.8.111.66). New cstate: current_term: 1 leader_uuid: "c74618ad69cd41f89213bdf7943bc66e" committed_config { opid_index: -1 OBSOLETE_local: false peers { permanent_uuid: "b196ee6e89b2464695c8220d77dcdb30" member_type: VOTER last_known_addr { host: "127.8.111.65" port: 38665 } health_report { overall_health: UNKNOWN } } peers { permanent_uuid: "c74618ad69cd41f89213bdf7943bc66e" member_type: VOTER last_known_addr { host: "127.8.111.66" port: 38911 } health_report { overall_health: HEALTHY } } peers { permanent_uuid: "d956b41d76f241dea0c0bf203220c9e9" member_type: VOTER last_known_addr { host: "127.8.111.67" port: 45549 } health_report { overall_health: UNKNOWN } } }
I20260709 12:25:10.117007  9459 raft_consensus.cc:2468] T 78d391d80524431c90ec3ec0348a848d P d956b41d76f241dea0c0bf203220c9e9 [term 1 FOLLOWER]: Leader election vote request: Granting yes vote for candidate c74618ad69cd41f89213bdf7943bc66e in term 1.
I20260709 12:25:10.120510  9499 consensus_queue.cc:260] T ab9cc9b294414da9994f61f618ff3e7d P c74618ad69cd41f89213bdf7943bc66e [NON_LEADER]: Queue going to NON_LEADER mode. State: All replicated index: 0, Majority replicated index: 0, Committed index: 0, Last appended: 0.0, Last appended by leader: 0, Current term: 0, Majority size: -1, State: 0, Mode: NON_LEADER, active raft config: opid_index: -1 OBSOLETE_local: false peers { permanent_uuid: "b196ee6e89b2464695c8220d77dcdb30" member_type: VOTER last_known_addr { host: "127.8.111.65" port: 38665 } } peers { permanent_uuid: "c74618ad69cd41f89213bdf7943bc66e" member_type: VOTER last_known_addr { host: "127.8.111.66" port: 38911 } } peers { permanent_uuid: "d956b41d76f241dea0c0bf203220c9e9" member_type: VOTER last_known_addr { host: "127.8.111.67" port: 45549 } }
I20260709 12:25:10.124399  9348 leader_election.cc:304] T 78d391d80524431c90ec3ec0348a848d P c74618ad69cd41f89213bdf7943bc66e [CANDIDATE]: Term 1 election: Election decided. Result: candidate won. Election summary: received 3 responses out of 3 voters: 2 yes votes; 1 no votes. yes voters: c74618ad69cd41f89213bdf7943bc66e, d956b41d76f241dea0c0bf203220c9e9; no voters: b196ee6e89b2464695c8220d77dcdb30
I20260709 12:25:10.126114  9522 raft_consensus.cc:2804] T 78d391d80524431c90ec3ec0348a848d P c74618ad69cd41f89213bdf7943bc66e [term 1 FOLLOWER]: Leader election won for term 1
I20260709 12:25:10.126397  9499 ts_tablet_manager.cc:1434] T ab9cc9b294414da9994f61f618ff3e7d P c74618ad69cd41f89213bdf7943bc66e: Time spent starting tablet: real 0.054s	user 0.006s	sys 0.004s
I20260709 12:25:10.126600  9522 raft_consensus.cc:697] T 78d391d80524431c90ec3ec0348a848d P c74618ad69cd41f89213bdf7943bc66e [term 1 LEADER]: Becoming Leader. State: Replica: c74618ad69cd41f89213bdf7943bc66e, State: Running, Role: LEADER
I20260709 12:25:10.127372  9499 tablet_bootstrap.cc:492] T d70263eac7b74896af9db829c2518019 P c74618ad69cd41f89213bdf7943bc66e: Bootstrap starting.
I20260709 12:25:10.127682  9501 tablet_bootstrap.cc:492] T d70263eac7b74896af9db829c2518019 P d956b41d76f241dea0c0bf203220c9e9: No bootstrap required, opened a new log
I20260709 12:25:10.128141  9501 ts_tablet_manager.cc:1403] T d70263eac7b74896af9db829c2518019 P d956b41d76f241dea0c0bf203220c9e9: Time spent bootstrapping tablet: real 0.054s	user 0.024s	sys 0.020s
I20260709 12:25:10.127486  9522 consensus_queue.cc:237] T 78d391d80524431c90ec3ec0348a848d P c74618ad69cd41f89213bdf7943bc66e [LEADER]: Queue going to LEADER mode. State: All replicated index: 0, Majority replicated index: 0, Committed index: 0, Last appended: 0.0, Last appended by leader: 0, Current term: 1, Majority size: 2, State: 0, Mode: LEADER, active raft config: opid_index: -1 OBSOLETE_local: false peers { permanent_uuid: "c74618ad69cd41f89213bdf7943bc66e" member_type: VOTER last_known_addr { host: "127.8.111.66" port: 38911 } } peers { permanent_uuid: "b196ee6e89b2464695c8220d77dcdb30" member_type: VOTER last_known_addr { host: "127.8.111.65" port: 38665 } } peers { permanent_uuid: "d956b41d76f241dea0c0bf203220c9e9" member_type: VOTER last_known_addr { host: "127.8.111.67" port: 45549 } }
I20260709 12:25:10.130450  9500 tablet_bootstrap.cc:654] T 78d391d80524431c90ec3ec0348a848d P b196ee6e89b2464695c8220d77dcdb30: Neither blocks nor log segments found. Creating new log.
I20260709 12:25:10.130409  9506 raft_consensus.cc:493] T ab9cc9b294414da9994f61f618ff3e7d P c74618ad69cd41f89213bdf7943bc66e [term 0 FOLLOWER]: Starting pre-election (no leader contacted us within the election timeout)
I20260709 12:25:10.131006  9506 raft_consensus.cc:515] T ab9cc9b294414da9994f61f618ff3e7d P c74618ad69cd41f89213bdf7943bc66e [term 0 FOLLOWER]: Starting pre-election with config: opid_index: -1 OBSOLETE_local: false peers { permanent_uuid: "b196ee6e89b2464695c8220d77dcdb30" member_type: VOTER last_known_addr { host: "127.8.111.65" port: 38665 } } peers { permanent_uuid: "c74618ad69cd41f89213bdf7943bc66e" member_type: VOTER last_known_addr { host: "127.8.111.66" port: 38911 } } peers { permanent_uuid: "d956b41d76f241dea0c0bf203220c9e9" member_type: VOTER last_known_addr { host: "127.8.111.67" port: 45549 } }
I20260709 12:25:10.137773  9501 raft_consensus.cc:359] T d70263eac7b74896af9db829c2518019 P d956b41d76f241dea0c0bf203220c9e9 [term 0 FOLLOWER]: Replica starting. Triggering 0 pending ops. Active config: opid_index: -1 OBSOLETE_local: false peers { permanent_uuid: "b196ee6e89b2464695c8220d77dcdb30" member_type: VOTER last_known_addr { host: "127.8.111.65" port: 38665 } } peers { permanent_uuid: "c74618ad69cd41f89213bdf7943bc66e" member_type: VOTER last_known_addr { host: "127.8.111.66" port: 38911 } } peers { permanent_uuid: "d956b41d76f241dea0c0bf203220c9e9" member_type: VOTER last_known_addr { host: "127.8.111.67" port: 45549 } }
I20260709 12:25:10.138576  9499 tablet_bootstrap.cc:654] T d70263eac7b74896af9db829c2518019 P c74618ad69cd41f89213bdf7943bc66e: Neither blocks nor log segments found. Creating new log.
I20260709 12:25:10.138556  9501 raft_consensus.cc:385] T d70263eac7b74896af9db829c2518019 P d956b41d76f241dea0c0bf203220c9e9 [term 0 FOLLOWER]: Consensus starting up: Expiring failure detector timer to make a prompt election more likely
I20260709 12:25:10.142170  9501 raft_consensus.cc:740] T d70263eac7b74896af9db829c2518019 P d956b41d76f241dea0c0bf203220c9e9 [term 0 FOLLOWER]: Becoming Follower/Learner. State: Replica: d956b41d76f241dea0c0bf203220c9e9, State: Initialized, Role: FOLLOWER
I20260709 12:25:10.144471  9501 consensus_queue.cc:260] T d70263eac7b74896af9db829c2518019 P d956b41d76f241dea0c0bf203220c9e9 [NON_LEADER]: Queue going to NON_LEADER mode. State: All replicated index: 0, Majority replicated index: 0, Committed index: 0, Last appended: 0.0, Last appended by leader: 0, Current term: 0, Majority size: -1, State: 0, Mode: NON_LEADER, active raft config: opid_index: -1 OBSOLETE_local: false peers { permanent_uuid: "b196ee6e89b2464695c8220d77dcdb30" member_type: VOTER last_known_addr { host: "127.8.111.65" port: 38665 } } peers { permanent_uuid: "c74618ad69cd41f89213bdf7943bc66e" member_type: VOTER last_known_addr { host: "127.8.111.66" port: 38911 } } peers { permanent_uuid: "d956b41d76f241dea0c0bf203220c9e9" member_type: VOTER last_known_addr { host: "127.8.111.67" port: 45549 } }
I20260709 12:25:10.145601  9459 tablet_service.cc:1917] Received RequestConsensusVote() RPC: tablet_id: "ab9cc9b294414da9994f61f618ff3e7d" candidate_uuid: "c74618ad69cd41f89213bdf7943bc66e" candidate_term: 1 candidate_status { last_received { term: 0 index: 0 } } ignore_live_leader: false dest_uuid: "d956b41d76f241dea0c0bf203220c9e9" is_pre_election: true
I20260709 12:25:10.141438  9506 leader_election.cc:290] T ab9cc9b294414da9994f61f618ff3e7d P c74618ad69cd41f89213bdf7943bc66e [CANDIDATE]: Term 1 pre-election: Requested pre-vote from peers b196ee6e89b2464695c8220d77dcdb30 (127.8.111.65:38665), d956b41d76f241dea0c0bf203220c9e9 (127.8.111.67:45549)
I20260709 12:25:10.156977  9310 tablet_service.cc:1917] Received RequestConsensusVote() RPC: tablet_id: "ab9cc9b294414da9994f61f618ff3e7d" candidate_uuid: "c74618ad69cd41f89213bdf7943bc66e" candidate_term: 1 candidate_status { last_received { term: 0 index: 0 } } ignore_live_leader: false dest_uuid: "b196ee6e89b2464695c8220d77dcdb30" is_pre_election: true
I20260709 12:25:10.157603  9310 raft_consensus.cc:2468] T ab9cc9b294414da9994f61f618ff3e7d P b196ee6e89b2464695c8220d77dcdb30 [term 0 FOLLOWER]: Leader pre-election vote request: Granting yes vote for candidate c74618ad69cd41f89213bdf7943bc66e in term 0.
I20260709 12:25:10.161067  9501 ts_tablet_manager.cc:1434] T d70263eac7b74896af9db829c2518019 P d956b41d76f241dea0c0bf203220c9e9: Time spent starting tablet: real 0.033s	user 0.006s	sys 0.003s
I20260709 12:25:10.162019  9501 tablet_bootstrap.cc:492] T ab9cc9b294414da9994f61f618ff3e7d P d956b41d76f241dea0c0bf203220c9e9: Bootstrap starting.
W20260709 12:25:10.159227  9348 leader_election.cc:343] T ab9cc9b294414da9994f61f618ff3e7d P c74618ad69cd41f89213bdf7943bc66e [CANDIDATE]: Term 1 pre-election: Tablet error from VoteRequest() call to peer d956b41d76f241dea0c0bf203220c9e9 (127.8.111.67:45549): Illegal state: must be running to vote when last-logged opid is not known
I20260709 12:25:10.168468  9501 tablet_bootstrap.cc:654] T ab9cc9b294414da9994f61f618ff3e7d P d956b41d76f241dea0c0bf203220c9e9: Neither blocks nor log segments found. Creating new log.
I20260709 12:25:10.175663  9351 leader_election.cc:304] T ab9cc9b294414da9994f61f618ff3e7d P c74618ad69cd41f89213bdf7943bc66e [CANDIDATE]: Term 1 pre-election: Election decided. Result: candidate won. Election summary: received 3 responses out of 3 voters: 2 yes votes; 1 no votes. yes voters: b196ee6e89b2464695c8220d77dcdb30, c74618ad69cd41f89213bdf7943bc66e; no voters: d956b41d76f241dea0c0bf203220c9e9
I20260709 12:25:10.175922  9385 tablet_service.cc:1917] Received RequestConsensusVote() RPC: tablet_id: "760a965208844aeba856202c350ec597" candidate_uuid: "d956b41d76f241dea0c0bf203220c9e9" candidate_term: 1 candidate_status { last_received { term: 0 index: 0 } } ignore_live_leader: false dest_uuid: "c74618ad69cd41f89213bdf7943bc66e" is_pre_election: true
I20260709 12:25:10.177618  9310 tablet_service.cc:1917] Received RequestConsensusVote() RPC: tablet_id: "760a965208844aeba856202c350ec597" candidate_uuid: "d956b41d76f241dea0c0bf203220c9e9" candidate_term: 1 candidate_status { last_received { term: 0 index: 0 } } ignore_live_leader: false dest_uuid: "b196ee6e89b2464695c8220d77dcdb30" is_pre_election: true
W20260709 12:25:10.178328  9256 auto_rebalancer.cc:288] Could not retrieve cluster info: Service unavailable: Tablet not running
I20260709 12:25:10.179095  9522 raft_consensus.cc:493] T 11128abd1e764a12b8d231570608b56d P c74618ad69cd41f89213bdf7943bc66e [term 0 FOLLOWER]: Starting pre-election (no leader contacted us within the election timeout)
W20260709 12:25:10.179221  9425 leader_election.cc:343] T 760a965208844aeba856202c350ec597 P d956b41d76f241dea0c0bf203220c9e9 [CANDIDATE]: Term 1 pre-election: Tablet error from VoteRequest() call to peer b196ee6e89b2464695c8220d77dcdb30 (127.8.111.65:38665): Illegal state: must be running to vote when last-logged opid is not known
I20260709 12:25:10.179627  9522 raft_consensus.cc:515] T 11128abd1e764a12b8d231570608b56d P c74618ad69cd41f89213bdf7943bc66e [term 0 FOLLOWER]: Starting pre-election with config: opid_index: -1 OBSOLETE_local: false peers { permanent_uuid: "b196ee6e89b2464695c8220d77dcdb30" member_type: VOTER last_known_addr { host: "127.8.111.65" port: 38665 } } peers { permanent_uuid: "c74618ad69cd41f89213bdf7943bc66e" member_type: VOTER last_known_addr { host: "127.8.111.66" port: 38911 } } peers { permanent_uuid: "d956b41d76f241dea0c0bf203220c9e9" member_type: VOTER last_known_addr { host: "127.8.111.67" port: 45549 } }
I20260709 12:25:10.184971  9459 tablet_service.cc:1917] Received RequestConsensusVote() RPC: tablet_id: "ab9cc9b294414da9994f61f618ff3e7d" candidate_uuid: "b196ee6e89b2464695c8220d77dcdb30" candidate_term: 1 candidate_status { last_received { term: 0 index: 0 } } ignore_live_leader: false dest_uuid: "d956b41d76f241dea0c0bf203220c9e9" is_pre_election: true
I20260709 12:25:10.185338  9522 leader_election.cc:290] T 11128abd1e764a12b8d231570608b56d P c74618ad69cd41f89213bdf7943bc66e [CANDIDATE]: Term 1 pre-election: Requested pre-vote from peers b196ee6e89b2464695c8220d77dcdb30 (127.8.111.65:38665), d956b41d76f241dea0c0bf203220c9e9 (127.8.111.67:45549)
W20260709 12:25:10.186462  9273 leader_election.cc:343] T ab9cc9b294414da9994f61f618ff3e7d P b196ee6e89b2464695c8220d77dcdb30 [CANDIDATE]: Term 1 pre-election: Tablet error from VoteRequest() call to peer d956b41d76f241dea0c0bf203220c9e9 (127.8.111.67:45549): Illegal state: must be running to vote when last-logged opid is not known
I20260709 12:25:10.186503  9459 tablet_service.cc:1917] Received RequestConsensusVote() RPC: tablet_id: "11128abd1e764a12b8d231570608b56d" candidate_uuid: "c74618ad69cd41f89213bdf7943bc66e" candidate_term: 1 candidate_status { last_received { term: 0 index: 0 } } ignore_live_leader: false dest_uuid: "d956b41d76f241dea0c0bf203220c9e9" is_pre_election: true
I20260709 12:25:10.187301  9501 tablet_bootstrap.cc:492] T ab9cc9b294414da9994f61f618ff3e7d P d956b41d76f241dea0c0bf203220c9e9: No bootstrap required, opened a new log
W20260709 12:25:10.187288  9422 leader_election.cc:343] T 760a965208844aeba856202c350ec597 P d956b41d76f241dea0c0bf203220c9e9 [CANDIDATE]: Term 1 pre-election: Tablet error from VoteRequest() call to peer c74618ad69cd41f89213bdf7943bc66e (127.8.111.66:38911): Illegal state: must be running to vote when last-logged opid is not known
I20260709 12:25:10.187906  9501 ts_tablet_manager.cc:1403] T ab9cc9b294414da9994f61f618ff3e7d P d956b41d76f241dea0c0bf203220c9e9: Time spent bootstrapping tablet: real 0.026s	user 0.003s	sys 0.015s
I20260709 12:25:10.187860  9422 leader_election.cc:304] T 760a965208844aeba856202c350ec597 P d956b41d76f241dea0c0bf203220c9e9 [CANDIDATE]: Term 1 pre-election: Election decided. Result: candidate lost. Election summary: received 3 responses out of 3 voters: 1 yes votes; 2 no votes. yes voters: d956b41d76f241dea0c0bf203220c9e9; no voters: b196ee6e89b2464695c8220d77dcdb30, c74618ad69cd41f89213bdf7943bc66e
W20260709 12:25:10.188112  9348 leader_election.cc:343] T 11128abd1e764a12b8d231570608b56d P c74618ad69cd41f89213bdf7943bc66e [CANDIDATE]: Term 1 pre-election: Tablet error from VoteRequest() call to peer d956b41d76f241dea0c0bf203220c9e9 (127.8.111.67:45549): Illegal state: must be running to vote when last-logged opid is not known
I20260709 12:25:10.189000  9509 raft_consensus.cc:2749] T 760a965208844aeba856202c350ec597 P d956b41d76f241dea0c0bf203220c9e9 [term 0 FOLLOWER]: Leader pre-election lost for term 1. Reason: could not achieve majority
I20260709 12:25:10.190368  9500 tablet_bootstrap.cc:492] T 78d391d80524431c90ec3ec0348a848d P b196ee6e89b2464695c8220d77dcdb30: No bootstrap required, opened a new log
I20260709 12:25:10.190873  9500 ts_tablet_manager.cc:1403] T 78d391d80524431c90ec3ec0348a848d P b196ee6e89b2464695c8220d77dcdb30: Time spent bootstrapping tablet: real 0.079s	user 0.019s	sys 0.014s
I20260709 12:25:10.190968  9501 raft_consensus.cc:359] T ab9cc9b294414da9994f61f618ff3e7d P d956b41d76f241dea0c0bf203220c9e9 [term 0 FOLLOWER]: Replica starting. Triggering 0 pending ops. Active config: opid_index: -1 OBSOLETE_local: false peers { permanent_uuid: "b196ee6e89b2464695c8220d77dcdb30" member_type: VOTER last_known_addr { host: "127.8.111.65" port: 38665 } } peers { permanent_uuid: "c74618ad69cd41f89213bdf7943bc66e" member_type: VOTER last_known_addr { host: "127.8.111.66" port: 38911 } } peers { permanent_uuid: "d956b41d76f241dea0c0bf203220c9e9" member_type: VOTER last_known_addr { host: "127.8.111.67" port: 45549 } }
I20260709 12:25:10.191699  9501 raft_consensus.cc:385] T ab9cc9b294414da9994f61f618ff3e7d P d956b41d76f241dea0c0bf203220c9e9 [term 0 FOLLOWER]: Consensus starting up: Expiring failure detector timer to make a prompt election more likely
I20260709 12:25:10.192013  9501 raft_consensus.cc:740] T ab9cc9b294414da9994f61f618ff3e7d P d956b41d76f241dea0c0bf203220c9e9 [term 0 FOLLOWER]: Becoming Follower/Learner. State: Replica: d956b41d76f241dea0c0bf203220c9e9, State: Initialized, Role: FOLLOWER
I20260709 12:25:10.192732  9501 consensus_queue.cc:260] T ab9cc9b294414da9994f61f618ff3e7d P d956b41d76f241dea0c0bf203220c9e9 [NON_LEADER]: Queue going to NON_LEADER mode. State: All replicated index: 0, Majority replicated index: 0, Committed index: 0, Last appended: 0.0, Last appended by leader: 0, Current term: 0, Majority size: -1, State: 0, Mode: NON_LEADER, active raft config: opid_index: -1 OBSOLETE_local: false peers { permanent_uuid: "b196ee6e89b2464695c8220d77dcdb30" member_type: VOTER last_known_addr { host: "127.8.111.65" port: 38665 } } peers { permanent_uuid: "c74618ad69cd41f89213bdf7943bc66e" member_type: VOTER last_known_addr { host: "127.8.111.66" port: 38911 } } peers { permanent_uuid: "d956b41d76f241dea0c0bf203220c9e9" member_type: VOTER last_known_addr { host: "127.8.111.67" port: 45549 } }
I20260709 12:25:10.194216  9385 tablet_service.cc:1917] Received RequestConsensusVote() RPC: tablet_id: "ab9cc9b294414da9994f61f618ff3e7d" candidate_uuid: "b196ee6e89b2464695c8220d77dcdb30" candidate_term: 1 candidate_status { last_received { term: 0 index: 0 } } ignore_live_leader: false dest_uuid: "c74618ad69cd41f89213bdf7943bc66e" is_pre_election: true
I20260709 12:25:10.194919  9385 raft_consensus.cc:2468] T ab9cc9b294414da9994f61f618ff3e7d P c74618ad69cd41f89213bdf7943bc66e [term 0 FOLLOWER]: Leader pre-election vote request: Granting yes vote for candidate b196ee6e89b2464695c8220d77dcdb30 in term 0.
I20260709 12:25:10.195007  9499 tablet_bootstrap.cc:492] T d70263eac7b74896af9db829c2518019 P c74618ad69cd41f89213bdf7943bc66e: No bootstrap required, opened a new log
I20260709 12:25:10.195007  9501 ts_tablet_manager.cc:1434] T ab9cc9b294414da9994f61f618ff3e7d P d956b41d76f241dea0c0bf203220c9e9: Time spent starting tablet: real 0.007s	user 0.007s	sys 0.000s
I20260709 12:25:10.194212  9310 tablet_service.cc:1917] Received RequestConsensusVote() RPC: tablet_id: "11128abd1e764a12b8d231570608b56d" candidate_uuid: "c74618ad69cd41f89213bdf7943bc66e" candidate_term: 1 candidate_status { last_received { term: 0 index: 0 } } ignore_live_leader: false dest_uuid: "b196ee6e89b2464695c8220d77dcdb30" is_pre_election: true
I20260709 12:25:10.195627  9499 ts_tablet_manager.cc:1403] T d70263eac7b74896af9db829c2518019 P c74618ad69cd41f89213bdf7943bc66e: Time spent bootstrapping tablet: real 0.068s	user 0.021s	sys 0.012s
I20260709 12:25:10.196350  9501 tablet_bootstrap.cc:492] T 11128abd1e764a12b8d231570608b56d P d956b41d76f241dea0c0bf203220c9e9: Bootstrap starting.
I20260709 12:25:10.196698  9273 leader_election.cc:304] T ab9cc9b294414da9994f61f618ff3e7d P b196ee6e89b2464695c8220d77dcdb30 [CANDIDATE]: Term 1 pre-election: Election decided. Result: candidate won. Election summary: received 3 responses out of 3 voters: 2 yes votes; 1 no votes. yes voters: b196ee6e89b2464695c8220d77dcdb30, c74618ad69cd41f89213bdf7943bc66e; no voters: d956b41d76f241dea0c0bf203220c9e9
I20260709 12:25:10.197842  9504 raft_consensus.cc:2804] T ab9cc9b294414da9994f61f618ff3e7d P b196ee6e89b2464695c8220d77dcdb30 [term 0 FOLLOWER]: Leader pre-election won for term 1
I20260709 12:25:10.198185  9504 raft_consensus.cc:493] T ab9cc9b294414da9994f61f618ff3e7d P b196ee6e89b2464695c8220d77dcdb30 [term 0 FOLLOWER]: Starting leader election (no leader contacted us within the election timeout)
I20260709 12:25:10.198555  9504 raft_consensus.cc:3060] T ab9cc9b294414da9994f61f618ff3e7d P b196ee6e89b2464695c8220d77dcdb30 [term 0 FOLLOWER]: Advancing to term 1
