I20260709 12:24:53.056919  8459 raft_consensus.cc:493] T 90b54c75360243b3bc0577c09944ed56 P df984d4f7e26469a950b9ed0f88e6d28 [term 0 FOLLOWER]: Starting pre-election (no leader contacted us within the election timeout)
I20260709 12:24:53.057415  8460 raft_consensus.cc:493] T 0cdd6671cab6490db85494c51774221d P 99ea61a4dafd4e548c4a9352cfbe76ee [term 0 FOLLOWER]: Starting pre-election (no leader contacted us within the election timeout)
I20260709 12:24:53.057535  8459 raft_consensus.cc:515] T 90b54c75360243b3bc0577c09944ed56 P df984d4f7e26469a950b9ed0f88e6d28 [term 0 FOLLOWER]: Starting pre-election with config: opid_index: -1 OBSOLETE_local: false peers { permanent_uuid: "df984d4f7e26469a950b9ed0f88e6d28" member_type: VOTER last_known_addr { host: "127.7.113.129" port: 33339 } } peers { permanent_uuid: "99ea61a4dafd4e548c4a9352cfbe76ee" member_type: VOTER last_known_addr { host: "127.7.113.130" port: 44135 } } peers { permanent_uuid: "d9cae6ffc58049139b76064156e4427f" member_type: VOTER last_known_addr { host: "127.7.113.131" port: 35221 } }
I20260709 12:24:53.057900  8460 raft_consensus.cc:515] T 0cdd6671cab6490db85494c51774221d P 99ea61a4dafd4e548c4a9352cfbe76ee [term 0 FOLLOWER]: Starting pre-election with config: opid_index: -1 OBSOLETE_local: false peers { permanent_uuid: "99ea61a4dafd4e548c4a9352cfbe76ee" member_type: VOTER last_known_addr { host: "127.7.113.130" port: 44135 } } peers { permanent_uuid: "df984d4f7e26469a950b9ed0f88e6d28" member_type: VOTER last_known_addr { host: "127.7.113.129" port: 33339 } } peers { permanent_uuid: "d9cae6ffc58049139b76064156e4427f" member_type: VOTER last_known_addr { host: "127.7.113.131" port: 35221 } }
I20260709 12:24:53.059633  8459 leader_election.cc:290] T 90b54c75360243b3bc0577c09944ed56 P df984d4f7e26469a950b9ed0f88e6d28 [CANDIDATE]: Term 1 pre-election: Requested pre-vote from peers 99ea61a4dafd4e548c4a9352cfbe76ee (127.7.113.130:44135), d9cae6ffc58049139b76064156e4427f (127.7.113.131:35221)
I20260709 12:24:53.059937  8460 leader_election.cc:290] T 0cdd6671cab6490db85494c51774221d P 99ea61a4dafd4e548c4a9352cfbe76ee [CANDIDATE]: Term 1 pre-election: Requested pre-vote from peers df984d4f7e26469a950b9ed0f88e6d28 (127.7.113.129:33339), d9cae6ffc58049139b76064156e4427f (127.7.113.131:35221)
I20260709 12:24:53.061244  8456 raft_consensus.cc:359] T a22faa99eeb34af98a90cb9d172e8355 P d9cae6ffc58049139b76064156e4427f [term 0 FOLLOWER]: Replica starting. Triggering 0 pending ops. Active config: opid_index: -1 OBSOLETE_local: false peers { permanent_uuid: "df984d4f7e26469a950b9ed0f88e6d28" member_type: VOTER last_known_addr { host: "127.7.113.129" port: 33339 } } peers { permanent_uuid: "99ea61a4dafd4e548c4a9352cfbe76ee" member_type: VOTER last_known_addr { host: "127.7.113.130" port: 44135 } } peers { permanent_uuid: "d9cae6ffc58049139b76064156e4427f" member_type: VOTER last_known_addr { host: "127.7.113.131" port: 35221 } }
I20260709 12:24:53.062163  8460 raft_consensus.cc:493] T fe710092d5fc487393c1624b275617b7 P 99ea61a4dafd4e548c4a9352cfbe76ee [term 0 FOLLOWER]: Starting pre-election (no leader contacted us within the election timeout)
I20260709 12:24:53.062620  8460 raft_consensus.cc:515] T fe710092d5fc487393c1624b275617b7 P 99ea61a4dafd4e548c4a9352cfbe76ee [term 0 FOLLOWER]: Starting pre-election with config: opid_index: -1 OBSOLETE_local: false peers { permanent_uuid: "df984d4f7e26469a950b9ed0f88e6d28" member_type: VOTER last_known_addr { host: "127.7.113.129" port: 33339 } } peers { permanent_uuid: "99ea61a4dafd4e548c4a9352cfbe76ee" member_type: VOTER last_known_addr { host: "127.7.113.130" port: 44135 } } peers { permanent_uuid: "d9cae6ffc58049139b76064156e4427f" member_type: VOTER last_known_addr { host: "127.7.113.131" port: 35221 } }
I20260709 12:24:53.064599  8460 leader_election.cc:290] T fe710092d5fc487393c1624b275617b7 P 99ea61a4dafd4e548c4a9352cfbe76ee [CANDIDATE]: Term 1 pre-election: Requested pre-vote from peers df984d4f7e26469a950b9ed0f88e6d28 (127.7.113.129:33339), d9cae6ffc58049139b76064156e4427f (127.7.113.131:35221)
I20260709 12:24:53.035153  8454 raft_consensus.cc:359] T 98f1dfc0bd7e477f9405ff2799ecba9d P 99ea61a4dafd4e548c4a9352cfbe76ee [term 0 FOLLOWER]: Replica starting. Triggering 0 pending ops. Active config: opid_index: -1 OBSOLETE_local: false peers { permanent_uuid: "df984d4f7e26469a950b9ed0f88e6d28" member_type: VOTER last_known_addr { host: "127.7.113.129" port: 33339 } } peers { permanent_uuid: "99ea61a4dafd4e548c4a9352cfbe76ee" member_type: VOTER last_known_addr { host: "127.7.113.130" port: 44135 } } peers { permanent_uuid: "d9cae6ffc58049139b76064156e4427f" member_type: VOTER last_known_addr { host: "127.7.113.131" port: 35221 } }
I20260709 12:24:53.066960  8454 raft_consensus.cc:385] T 98f1dfc0bd7e477f9405ff2799ecba9d P 99ea61a4dafd4e548c4a9352cfbe76ee [term 0 FOLLOWER]: Consensus starting up: Expiring failure detector timer to make a prompt election more likely
I20260709 12:24:53.067303  8454 raft_consensus.cc:740] T 98f1dfc0bd7e477f9405ff2799ecba9d P 99ea61a4dafd4e548c4a9352cfbe76ee [term 0 FOLLOWER]: Becoming Follower/Learner. State: Replica: 99ea61a4dafd4e548c4a9352cfbe76ee, State: Initialized, Role: FOLLOWER
I20260709 12:24:53.068164  8454 consensus_queue.cc:260] T 98f1dfc0bd7e477f9405ff2799ecba9d P 99ea61a4dafd4e548c4a9352cfbe76ee [NON_LEADER]: Queue going to NON_LEADER mode. State: All replicated index: 0, Majority replicated index: 0, Committed index: 0, Last appended: 0.0, Last appended by leader: 0, Current term: 0, Majority size: -1, State: 0, Mode: NON_LEADER, active raft config: opid_index: -1 OBSOLETE_local: false peers { permanent_uuid: "df984d4f7e26469a950b9ed0f88e6d28" member_type: VOTER last_known_addr { host: "127.7.113.129" port: 33339 } } peers { permanent_uuid: "99ea61a4dafd4e548c4a9352cfbe76ee" member_type: VOTER last_known_addr { host: "127.7.113.130" port: 44135 } } peers { permanent_uuid: "d9cae6ffc58049139b76064156e4427f" member_type: VOTER last_known_addr { host: "127.7.113.131" port: 35221 } }
I20260709 12:24:53.070360  8454 ts_tablet_manager.cc:1434] T 98f1dfc0bd7e477f9405ff2799ecba9d P 99ea61a4dafd4e548c4a9352cfbe76ee: Time spent starting tablet: real 0.038s	user 0.006s	sys 0.000s
I20260709 12:24:53.071228  8454 tablet_bootstrap.cc:492] T 6fb21799a68944cea605bd684b630222 P 99ea61a4dafd4e548c4a9352cfbe76ee: Bootstrap starting.
I20260709 12:24:53.074476  8456 raft_consensus.cc:385] T a22faa99eeb34af98a90cb9d172e8355 P d9cae6ffc58049139b76064156e4427f [term 0 FOLLOWER]: Consensus starting up: Expiring failure detector timer to make a prompt election more likely
I20260709 12:24:53.074851  8456 raft_consensus.cc:740] T a22faa99eeb34af98a90cb9d172e8355 P d9cae6ffc58049139b76064156e4427f [term 0 FOLLOWER]: Becoming Follower/Learner. State: Replica: d9cae6ffc58049139b76064156e4427f, State: Initialized, Role: FOLLOWER
I20260709 12:24:53.081921  8456 consensus_queue.cc:260] T a22faa99eeb34af98a90cb9d172e8355 P d9cae6ffc58049139b76064156e4427f [NON_LEADER]: Queue going to NON_LEADER mode. State: All replicated index: 0, Majority replicated index: 0, Committed index: 0, Last appended: 0.0, Last appended by leader: 0, Current term: 0, Majority size: -1, State: 0, Mode: NON_LEADER, active raft config: opid_index: -1 OBSOLETE_local: false peers { permanent_uuid: "df984d4f7e26469a950b9ed0f88e6d28" member_type: VOTER last_known_addr { host: "127.7.113.129" port: 33339 } } peers { permanent_uuid: "99ea61a4dafd4e548c4a9352cfbe76ee" member_type: VOTER last_known_addr { host: "127.7.113.130" port: 44135 } } peers { permanent_uuid: "d9cae6ffc58049139b76064156e4427f" member_type: VOTER last_known_addr { host: "127.7.113.131" port: 35221 } }
I20260709 12:24:53.084910  8340 tablet_service.cc:1917] Received RequestConsensusVote() RPC: tablet_id: "98f1dfc0bd7e477f9405ff2799ecba9d" candidate_uuid: "d9cae6ffc58049139b76064156e4427f" candidate_term: 1 candidate_status { last_received { term: 0 index: 0 } } ignore_live_leader: false dest_uuid: "99ea61a4dafd4e548c4a9352cfbe76ee" is_pre_election: true
I20260709 12:24:53.085683  8340 raft_consensus.cc:2468] T 98f1dfc0bd7e477f9405ff2799ecba9d P 99ea61a4dafd4e548c4a9352cfbe76ee [term 0 FOLLOWER]: Leader pre-election vote request: Granting yes vote for candidate d9cae6ffc58049139b76064156e4427f in term 0.
I20260709 12:24:53.087143  8379 leader_election.cc:304] T 98f1dfc0bd7e477f9405ff2799ecba9d P d9cae6ffc58049139b76064156e4427f [CANDIDATE]: Term 1 pre-election: Election decided. Result: candidate won. Election summary: received 2 responses out of 3 voters: 2 yes votes; 0 no votes. yes voters: 99ea61a4dafd4e548c4a9352cfbe76ee, d9cae6ffc58049139b76064156e4427f; no voters: 
I20260709 12:24:53.091377  8340 tablet_service.cc:1917] Received RequestConsensusVote() RPC: tablet_id: "98f1dfc0bd7e477f9405ff2799ecba9d" candidate_uuid: "df984d4f7e26469a950b9ed0f88e6d28" candidate_term: 1 candidate_status { last_received { term: 0 index: 0 } } ignore_live_leader: false dest_uuid: "99ea61a4dafd4e548c4a9352cfbe76ee" is_pre_election: true
I20260709 12:24:53.091971  8340 raft_consensus.cc:2468] T 98f1dfc0bd7e477f9405ff2799ecba9d P 99ea61a4dafd4e548c4a9352cfbe76ee [term 0 FOLLOWER]: Leader pre-election vote request: Granting yes vote for candidate df984d4f7e26469a950b9ed0f88e6d28 in term 0.
I20260709 12:24:53.092967  8339 tablet_service.cc:1917] Received RequestConsensusVote() RPC: tablet_id: "90b54c75360243b3bc0577c09944ed56" candidate_uuid: "df984d4f7e26469a950b9ed0f88e6d28" candidate_term: 1 candidate_status { last_received { term: 0 index: 0 } } ignore_live_leader: false dest_uuid: "99ea61a4dafd4e548c4a9352cfbe76ee" is_pre_election: true
I20260709 12:24:53.094419  8339 raft_consensus.cc:2468] T 90b54c75360243b3bc0577c09944ed56 P 99ea61a4dafd4e548c4a9352cfbe76ee [term 0 FOLLOWER]: Leader pre-election vote request: Granting yes vote for candidate df984d4f7e26469a950b9ed0f88e6d28 in term 0.
I20260709 12:24:53.093693  8463 raft_consensus.cc:2804] T 98f1dfc0bd7e477f9405ff2799ecba9d P d9cae6ffc58049139b76064156e4427f [term 0 FOLLOWER]: Leader pre-election won for term 1
I20260709 12:24:53.095402  8463 raft_consensus.cc:493] T 98f1dfc0bd7e477f9405ff2799ecba9d P d9cae6ffc58049139b76064156e4427f [term 0 FOLLOWER]: Starting leader election (no leader contacted us within the election timeout)
I20260709 12:24:53.095491  8263 tablet_service.cc:1917] Received RequestConsensusVote() RPC: tablet_id: "fe710092d5fc487393c1624b275617b7" candidate_uuid: "99ea61a4dafd4e548c4a9352cfbe76ee" candidate_term: 1 candidate_status { last_received { term: 0 index: 0 } } ignore_live_leader: false dest_uuid: "df984d4f7e26469a950b9ed0f88e6d28" is_pre_election: true
I20260709 12:24:53.095788  8463 raft_consensus.cc:3060] T 98f1dfc0bd7e477f9405ff2799ecba9d P d9cae6ffc58049139b76064156e4427f [term 0 FOLLOWER]: Advancing to term 1
W20260709 12:24:53.097002  8303 leader_election.cc:343] T fe710092d5fc487393c1624b275617b7 P 99ea61a4dafd4e548c4a9352cfbe76ee [CANDIDATE]: Term 1 pre-election: Tablet error from VoteRequest() call to peer df984d4f7e26469a950b9ed0f88e6d28 (127.7.113.129:33339): Illegal state: must be running to vote when last-logged opid is not known
I20260709 12:24:53.097949  8230 leader_election.cc:304] T 98f1dfc0bd7e477f9405ff2799ecba9d P df984d4f7e26469a950b9ed0f88e6d28 [CANDIDATE]: Term 1 pre-election: Election decided. Result: candidate won. Election summary: received 2 responses out of 3 voters: 2 yes votes; 0 no votes. yes voters: 99ea61a4dafd4e548c4a9352cfbe76ee, df984d4f7e26469a950b9ed0f88e6d28; no voters: 
I20260709 12:24:53.098764  8459 raft_consensus.cc:2804] T 98f1dfc0bd7e477f9405ff2799ecba9d P df984d4f7e26469a950b9ed0f88e6d28 [term 0 FOLLOWER]: Leader pre-election won for term 1
I20260709 12:24:53.099120  8459 raft_consensus.cc:493] T 98f1dfc0bd7e477f9405ff2799ecba9d P df984d4f7e26469a950b9ed0f88e6d28 [term 0 FOLLOWER]: Starting leader election (no leader contacted us within the election timeout)
I20260709 12:24:53.099464  8459 raft_consensus.cc:3060] T 98f1dfc0bd7e477f9405ff2799ecba9d P df984d4f7e26469a950b9ed0f88e6d28 [term 0 FOLLOWER]: Advancing to term 1
I20260709 12:24:53.100023  8264 tablet_service.cc:1917] Received RequestConsensusVote() RPC: tablet_id: "0cdd6671cab6490db85494c51774221d" candidate_uuid: "99ea61a4dafd4e548c4a9352cfbe76ee" candidate_term: 1 candidate_status { last_received { term: 0 index: 0 } } ignore_live_leader: false dest_uuid: "df984d4f7e26469a950b9ed0f88e6d28" is_pre_election: true
I20260709 12:24:53.100651  8264 raft_consensus.cc:2468] T 0cdd6671cab6490db85494c51774221d P df984d4f7e26469a950b9ed0f88e6d28 [term 0 FOLLOWER]: Leader pre-election vote request: Granting yes vote for candidate 99ea61a4dafd4e548c4a9352cfbe76ee in term 0.
I20260709 12:24:53.101665  8265 tablet_service.cc:1917] Received RequestConsensusVote() RPC: tablet_id: "4fb78ef4490d414eab994aaa9bd20901" candidate_uuid: "99ea61a4dafd4e548c4a9352cfbe76ee" candidate_term: 1 candidate_status { last_received { term: 0 index: 0 } } ignore_live_leader: false dest_uuid: "df984d4f7e26469a950b9ed0f88e6d28" is_pre_election: true
I20260709 12:24:53.103536  8303 leader_election.cc:304] T 0cdd6671cab6490db85494c51774221d P 99ea61a4dafd4e548c4a9352cfbe76ee [CANDIDATE]: Term 1 pre-election: Election decided. Result: candidate won. Election summary: received 2 responses out of 3 voters: 2 yes votes; 0 no votes. yes voters: 99ea61a4dafd4e548c4a9352cfbe76ee, df984d4f7e26469a950b9ed0f88e6d28; no voters: 
I20260709 12:24:53.104360  8460 raft_consensus.cc:2804] T 0cdd6671cab6490db85494c51774221d P 99ea61a4dafd4e548c4a9352cfbe76ee [term 0 FOLLOWER]: Leader pre-election won for term 1
I20260709 12:24:53.104537  8456 ts_tablet_manager.cc:1434] T a22faa99eeb34af98a90cb9d172e8355 P d9cae6ffc58049139b76064156e4427f: Time spent starting tablet: real 0.062s	user 0.008s	sys 0.000s
I20260709 12:24:53.104719  8460 raft_consensus.cc:493] T 0cdd6671cab6490db85494c51774221d P 99ea61a4dafd4e548c4a9352cfbe76ee [term 0 FOLLOWER]: Starting leader election (no leader contacted us within the election timeout)
I20260709 12:24:53.105057  8460 raft_consensus.cc:3060] T 0cdd6671cab6490db85494c51774221d P 99ea61a4dafd4e548c4a9352cfbe76ee [term 0 FOLLOWER]: Advancing to term 1
W20260709 12:24:53.110503  8303 leader_election.cc:343] T 4fb78ef4490d414eab994aaa9bd20901 P 99ea61a4dafd4e548c4a9352cfbe76ee [CANDIDATE]: Term 1 pre-election: Tablet error from VoteRequest() call to peer df984d4f7e26469a950b9ed0f88e6d28 (127.7.113.129:33339): Illegal state: must be running to vote when last-logged opid is not known
I20260709 12:24:53.113978  8265 tablet_service.cc:1917] Received RequestConsensusVote() RPC: tablet_id: "98f1dfc0bd7e477f9405ff2799ecba9d" candidate_uuid: "d9cae6ffc58049139b76064156e4427f" candidate_term: 1 candidate_status { last_received { term: 0 index: 0 } } ignore_live_leader: false dest_uuid: "df984d4f7e26469a950b9ed0f88e6d28" is_pre_election: true
I20260709 12:24:53.114437  8230 leader_election.cc:304] T 90b54c75360243b3bc0577c09944ed56 P df984d4f7e26469a950b9ed0f88e6d28 [CANDIDATE]: Term 1 pre-election: Election decided. Result: candidate won. Election summary: received 2 responses out of 3 voters: 2 yes votes; 0 no votes. yes voters: 99ea61a4dafd4e548c4a9352cfbe76ee, df984d4f7e26469a950b9ed0f88e6d28; no voters: 
I20260709 12:24:53.115782  8454 tablet_bootstrap.cc:654] T 6fb21799a68944cea605bd684b630222 P 99ea61a4dafd4e548c4a9352cfbe76ee: Neither blocks nor log segments found. Creating new log.
I20260709 12:24:53.115729  8414 tablet_service.cc:1917] Received RequestConsensusVote() RPC: tablet_id: "4fb78ef4490d414eab994aaa9bd20901" candidate_uuid: "99ea61a4dafd4e548c4a9352cfbe76ee" candidate_term: 1 candidate_status { last_received { term: 0 index: 0 } } ignore_live_leader: false dest_uuid: "d9cae6ffc58049139b76064156e4427f" is_pre_election: true
I20260709 12:24:53.116530  8414 raft_consensus.cc:2468] T 4fb78ef4490d414eab994aaa9bd20901 P d9cae6ffc58049139b76064156e4427f [term 0 FOLLOWER]: Leader pre-election vote request: Granting yes vote for candidate 99ea61a4dafd4e548c4a9352cfbe76ee in term 0.
I20260709 12:24:53.117460  8456 tablet_bootstrap.cc:492] T 4fc3a35531654951a1b4cbee96473cef P d9cae6ffc58049139b76064156e4427f: Bootstrap starting.
I20260709 12:24:53.117954  8414 tablet_service.cc:1917] Received RequestConsensusVote() RPC: tablet_id: "0cdd6671cab6490db85494c51774221d" candidate_uuid: "99ea61a4dafd4e548c4a9352cfbe76ee" candidate_term: 1 candidate_status { last_received { term: 0 index: 0 } } ignore_live_leader: false dest_uuid: "d9cae6ffc58049139b76064156e4427f" is_pre_election: true
I20260709 12:24:53.118556  8414 raft_consensus.cc:2468] T 0cdd6671cab6490db85494c51774221d P d9cae6ffc58049139b76064156e4427f [term 0 FOLLOWER]: Leader pre-election vote request: Granting yes vote for candidate 99ea61a4dafd4e548c4a9352cfbe76ee in term 0.
I20260709 12:24:53.119853  8414 tablet_service.cc:1917] Received RequestConsensusVote() RPC: tablet_id: "fe710092d5fc487393c1624b275617b7" candidate_uuid: "99ea61a4dafd4e548c4a9352cfbe76ee" candidate_term: 1 candidate_status { last_received { term: 0 index: 0 } } ignore_live_leader: false dest_uuid: "d9cae6ffc58049139b76064156e4427f" is_pre_election: true
I20260709 12:24:53.121163  8305 leader_election.cc:304] T 4fb78ef4490d414eab994aaa9bd20901 P 99ea61a4dafd4e548c4a9352cfbe76ee [CANDIDATE]: Term 1 pre-election: Election decided. Result: candidate won. Election summary: received 3 responses out of 3 voters: 2 yes votes; 1 no votes. yes voters: 99ea61a4dafd4e548c4a9352cfbe76ee, d9cae6ffc58049139b76064156e4427f; no voters: df984d4f7e26469a950b9ed0f88e6d28
I20260709 12:24:53.123593  8456 tablet_bootstrap.cc:654] T 4fc3a35531654951a1b4cbee96473cef P d9cae6ffc58049139b76064156e4427f: Neither blocks nor log segments found. Creating new log.
I20260709 12:24:53.124403  8459 raft_consensus.cc:515] T 98f1dfc0bd7e477f9405ff2799ecba9d P df984d4f7e26469a950b9ed0f88e6d28 [term 1 FOLLOWER]: Starting leader election with config: opid_index: -1 OBSOLETE_local: false peers { permanent_uuid: "df984d4f7e26469a950b9ed0f88e6d28" member_type: VOTER last_known_addr { host: "127.7.113.129" port: 33339 } } peers { permanent_uuid: "99ea61a4dafd4e548c4a9352cfbe76ee" member_type: VOTER last_known_addr { host: "127.7.113.130" port: 44135 } } peers { permanent_uuid: "d9cae6ffc58049139b76064156e4427f" member_type: VOTER last_known_addr { host: "127.7.113.131" port: 35221 } }
I20260709 12:24:53.123724  8463 raft_consensus.cc:515] T 98f1dfc0bd7e477f9405ff2799ecba9d P d9cae6ffc58049139b76064156e4427f [term 1 FOLLOWER]: Starting leader election with config: opid_index: -1 OBSOLETE_local: false peers { permanent_uuid: "df984d4f7e26469a950b9ed0f88e6d28" member_type: VOTER last_known_addr { host: "127.7.113.129" port: 33339 } } peers { permanent_uuid: "99ea61a4dafd4e548c4a9352cfbe76ee" member_type: VOTER last_known_addr { host: "127.7.113.130" port: 44135 } } peers { permanent_uuid: "d9cae6ffc58049139b76064156e4427f" member_type: VOTER last_known_addr { host: "127.7.113.131" port: 35221 } }
I20260709 12:24:53.122920  8460 raft_consensus.cc:515] T 0cdd6671cab6490db85494c51774221d P 99ea61a4dafd4e548c4a9352cfbe76ee [term 1 FOLLOWER]: Starting leader election with config: opid_index: -1 OBSOLETE_local: false peers { permanent_uuid: "99ea61a4dafd4e548c4a9352cfbe76ee" member_type: VOTER last_known_addr { host: "127.7.113.130" port: 44135 } } peers { permanent_uuid: "df984d4f7e26469a950b9ed0f88e6d28" member_type: VOTER last_known_addr { host: "127.7.113.129" port: 33339 } } peers { permanent_uuid: "d9cae6ffc58049139b76064156e4427f" member_type: VOTER last_known_addr { host: "127.7.113.131" port: 35221 } }
I20260709 12:24:53.133112  8265 raft_consensus.cc:2393] T 98f1dfc0bd7e477f9405ff2799ecba9d P df984d4f7e26469a950b9ed0f88e6d28 [term 1 FOLLOWER]: Leader pre-election vote request: Denying vote to candidate d9cae6ffc58049139b76064156e4427f in current term 1: Already voted for candidate df984d4f7e26469a950b9ed0f88e6d28 in this term.
W20260709 12:24:53.134298  8211 auto_rebalancer.cc:288] Could not retrieve cluster info: Service unavailable: Tablet not running
W20260709 12:24:53.135800  8305 leader_election.cc:343] T fe710092d5fc487393c1624b275617b7 P 99ea61a4dafd4e548c4a9352cfbe76ee [CANDIDATE]: Term 1 pre-election: Tablet error from VoteRequest() call to peer d9cae6ffc58049139b76064156e4427f (127.7.113.131:35221): Illegal state: must be running to vote when last-logged opid is not known
I20260709 12:24:53.136294  8305 leader_election.cc:304] T fe710092d5fc487393c1624b275617b7 P 99ea61a4dafd4e548c4a9352cfbe76ee [CANDIDATE]: Term 1 pre-election: Election decided. Result: candidate lost. Election summary: received 3 responses out of 3 voters: 1 yes votes; 2 no votes. yes voters: 99ea61a4dafd4e548c4a9352cfbe76ee; no voters: d9cae6ffc58049139b76064156e4427f, df984d4f7e26469a950b9ed0f88e6d28
I20260709 12:24:53.138579  8491 raft_consensus.cc:2804] T 4fb78ef4490d414eab994aaa9bd20901 P 99ea61a4dafd4e548c4a9352cfbe76ee [term 0 FOLLOWER]: Leader pre-election won for term 1
I20260709 12:24:53.138962  8491 raft_consensus.cc:493] T 4fb78ef4490d414eab994aaa9bd20901 P 99ea61a4dafd4e548c4a9352cfbe76ee [term 0 FOLLOWER]: Starting leader election (no leader contacted us within the election timeout)
I20260709 12:24:53.139310  8491 raft_consensus.cc:3060] T 4fb78ef4490d414eab994aaa9bd20901 P 99ea61a4dafd4e548c4a9352cfbe76ee [term 0 FOLLOWER]: Advancing to term 1
I20260709 12:24:53.156143  8488 raft_consensus.cc:493] T 6fb21799a68944cea605bd684b630222 P d9cae6ffc58049139b76064156e4427f [term 0 FOLLOWER]: Starting pre-election (no leader contacted us within the election timeout)
I20260709 12:24:53.156965  8455 tablet_bootstrap.cc:492] T 1ac2c90fb6634874b1ca31de74b979b9 P df984d4f7e26469a950b9ed0f88e6d28: No bootstrap required, opened a new log
I20260709 12:24:53.156816  8488 raft_consensus.cc:515] T 6fb21799a68944cea605bd684b630222 P d9cae6ffc58049139b76064156e4427f [term 0 FOLLOWER]: Starting pre-election with config: opid_index: -1 OBSOLETE_local: false peers { permanent_uuid: "df984d4f7e26469a950b9ed0f88e6d28" member_type: VOTER last_known_addr { host: "127.7.113.129" port: 33339 } } peers { permanent_uuid: "99ea61a4dafd4e548c4a9352cfbe76ee" member_type: VOTER last_known_addr { host: "127.7.113.130" port: 44135 } } peers { permanent_uuid: "d9cae6ffc58049139b76064156e4427f" member_type: VOTER last_known_addr { host: "127.7.113.131" port: 35221 } }
I20260709 12:24:53.157550  8455 ts_tablet_manager.cc:1403] T 1ac2c90fb6634874b1ca31de74b979b9 P df984d4f7e26469a950b9ed0f88e6d28: Time spent bootstrapping tablet: real 0.132s	user 0.052s	sys 0.028s
I20260709 12:24:53.159142  8265 tablet_service.cc:1917] Received RequestConsensusVote() RPC: tablet_id: "98f1dfc0bd7e477f9405ff2799ecba9d" candidate_uuid: "d9cae6ffc58049139b76064156e4427f" candidate_term: 1 candidate_status { last_received { term: 0 index: 0 } } ignore_live_leader: false dest_uuid: "df984d4f7e26469a950b9ed0f88e6d28"
I20260709 12:24:53.159945  8265 raft_consensus.cc:2393] T 98f1dfc0bd7e477f9405ff2799ecba9d P df984d4f7e26469a950b9ed0f88e6d28 [term 1 FOLLOWER]: Leader election vote request: Denying vote to candidate d9cae6ffc58049139b76064156e4427f in current term 1: Already voted for candidate df984d4f7e26469a950b9ed0f88e6d28 in this term.
I20260709 12:24:53.160578  8455 raft_consensus.cc:359] T 1ac2c90fb6634874b1ca31de74b979b9 P df984d4f7e26469a950b9ed0f88e6d28 [term 0 FOLLOWER]: Replica starting. Triggering 0 pending ops. Active config: opid_index: -1 OBSOLETE_local: false peers { permanent_uuid: "df984d4f7e26469a950b9ed0f88e6d28" member_type: VOTER last_known_addr { host: "127.7.113.129" port: 33339 } } peers { permanent_uuid: "99ea61a4dafd4e548c4a9352cfbe76ee" member_type: VOTER last_known_addr { host: "127.7.113.130" port: 44135 } } peers { permanent_uuid: "d9cae6ffc58049139b76064156e4427f" member_type: VOTER last_known_addr { host: "127.7.113.131" port: 35221 } }
I20260709 12:24:53.161325  8455 raft_consensus.cc:385] T 1ac2c90fb6634874b1ca31de74b979b9 P df984d4f7e26469a950b9ed0f88e6d28 [term 0 FOLLOWER]: Consensus starting up: Expiring failure detector timer to make a prompt election more likely
I20260709 12:24:53.161610  8455 raft_consensus.cc:740] T 1ac2c90fb6634874b1ca31de74b979b9 P df984d4f7e26469a950b9ed0f88e6d28 [term 0 FOLLOWER]: Becoming Follower/Learner. State: Replica: df984d4f7e26469a950b9ed0f88e6d28, State: Initialized, Role: FOLLOWER
I20260709 12:24:53.161880  8463 leader_election.cc:290] T 98f1dfc0bd7e477f9405ff2799ecba9d P d9cae6ffc58049139b76064156e4427f [CANDIDATE]: Term 1 election: Requested vote from peers df984d4f7e26469a950b9ed0f88e6d28 (127.7.113.129:33339), 99ea61a4dafd4e548c4a9352cfbe76ee (127.7.113.130:44135)
I20260709 12:24:53.162608  8492 raft_consensus.cc:2804] T 90b54c75360243b3bc0577c09944ed56 P df984d4f7e26469a950b9ed0f88e6d28 [term 0 FOLLOWER]: Leader pre-election won for term 1
I20260709 12:24:53.163123  8489 raft_consensus.cc:493] T 6fb21799a68944cea605bd684b630222 P df984d4f7e26469a950b9ed0f88e6d28 [term 0 FOLLOWER]: Starting pre-election (no leader contacted us within the election timeout)
I20260709 12:24:53.163772  8455 consensus_queue.cc:260] T 1ac2c90fb6634874b1ca31de74b979b9 P df984d4f7e26469a950b9ed0f88e6d28 [NON_LEADER]: Queue going to NON_LEADER mode. State: All replicated index: 0, Majority replicated index: 0, Committed index: 0, Last appended: 0.0, Last appended by leader: 0, Current term: 0, Majority size: -1, State: 0, Mode: NON_LEADER, active raft config: opid_index: -1 OBSOLETE_local: false peers { permanent_uuid: "df984d4f7e26469a950b9ed0f88e6d28" member_type: VOTER last_known_addr { host: "127.7.113.129" port: 33339 } } peers { permanent_uuid: "99ea61a4dafd4e548c4a9352cfbe76ee" member_type: VOTER last_known_addr { host: "127.7.113.130" port: 44135 } } peers { permanent_uuid: "d9cae6ffc58049139b76064156e4427f" member_type: VOTER last_known_addr { host: "127.7.113.131" port: 35221 } }
I20260709 12:24:53.164584  8414 tablet_service.cc:1917] Received RequestConsensusVote() RPC: tablet_id: "98f1dfc0bd7e477f9405ff2799ecba9d" candidate_uuid: "df984d4f7e26469a950b9ed0f88e6d28" candidate_term: 1 candidate_status { last_received { term: 0 index: 0 } } ignore_live_leader: false dest_uuid: "d9cae6ffc58049139b76064156e4427f" is_pre_election: true
I20260709 12:24:53.164999  8413 tablet_service.cc:1917] Received RequestConsensusVote() RPC: tablet_id: "90b54c75360243b3bc0577c09944ed56" candidate_uuid: "df984d4f7e26469a950b9ed0f88e6d28" candidate_term: 1 candidate_status { last_received { term: 0 index: 0 } } ignore_live_leader: false dest_uuid: "d9cae6ffc58049139b76064156e4427f" is_pre_election: true
I20260709 12:24:53.165146  8460 leader_election.cc:290] T 0cdd6671cab6490db85494c51774221d P 99ea61a4dafd4e548c4a9352cfbe76ee [CANDIDATE]: Term 1 election: Requested vote from peers df984d4f7e26469a950b9ed0f88e6d28 (127.7.113.129:33339), d9cae6ffc58049139b76064156e4427f (127.7.113.131:35221)
I20260709 12:24:53.165349  8414 raft_consensus.cc:2393] T 98f1dfc0bd7e477f9405ff2799ecba9d P d9cae6ffc58049139b76064156e4427f [term 1 FOLLOWER]: Leader pre-election vote request: Denying vote to candidate df984d4f7e26469a950b9ed0f88e6d28 in current term 1: Already voted for candidate d9cae6ffc58049139b76064156e4427f in this term.
I20260709 12:24:53.165304  8265 tablet_service.cc:1917] Received RequestConsensusVote() RPC: tablet_id: "0cdd6671cab6490db85494c51774221d" candidate_uuid: "99ea61a4dafd4e548c4a9352cfbe76ee" candidate_term: 1 candidate_status { last_received { term: 0 index: 0 } } ignore_live_leader: false dest_uuid: "df984d4f7e26469a950b9ed0f88e6d28"
I20260709 12:24:53.166028  8265 raft_consensus.cc:3060] T 0cdd6671cab6490db85494c51774221d P df984d4f7e26469a950b9ed0f88e6d28 [term 0 FOLLOWER]: Advancing to term 1
I20260709 12:24:53.163064  8492 raft_consensus.cc:493] T 90b54c75360243b3bc0577c09944ed56 P df984d4f7e26469a950b9ed0f88e6d28 [term 0 FOLLOWER]: Starting leader election (no leader contacted us within the election timeout)
I20260709 12:24:53.166363  8459 leader_election.cc:290] T 98f1dfc0bd7e477f9405ff2799ecba9d P df984d4f7e26469a950b9ed0f88e6d28 [CANDIDATE]: Term 1 election: Requested vote from peers 99ea61a4dafd4e548c4a9352cfbe76ee (127.7.113.130:44135), d9cae6ffc58049139b76064156e4427f (127.7.113.131:35221)
I20260709 12:24:53.166591  8492 raft_consensus.cc:3060] T 90b54c75360243b3bc0577c09944ed56 P df984d4f7e26469a950b9ed0f88e6d28 [term 0 FOLLOWER]: Advancing to term 1
I20260709 12:24:53.163733  8489 raft_consensus.cc:515] T 6fb21799a68944cea605bd684b630222 P df984d4f7e26469a950b9ed0f88e6d28 [term 0 FOLLOWER]: Starting pre-election with config: opid_index: -1 OBSOLETE_local: false peers { permanent_uuid: "df984d4f7e26469a950b9ed0f88e6d28" member_type: VOTER last_known_addr { host: "127.7.113.129" port: 33339 } } peers { permanent_uuid: "99ea61a4dafd4e548c4a9352cfbe76ee" member_type: VOTER last_known_addr { host: "127.7.113.130" port: 44135 } } peers { permanent_uuid: "d9cae6ffc58049139b76064156e4427f" member_type: VOTER last_known_addr { host: "127.7.113.131" port: 35221 } }
I20260709 12:24:53.168838  8339 tablet_service.cc:1917] Received RequestConsensusVote() RPC: tablet_id: "98f1dfc0bd7e477f9405ff2799ecba9d" candidate_uuid: "df984d4f7e26469a950b9ed0f88e6d28" candidate_term: 1 candidate_status { last_received { term: 0 index: 0 } } ignore_live_leader: false dest_uuid: "99ea61a4dafd4e548c4a9352cfbe76ee"
I20260709 12:24:53.168195  8460 raft_consensus.cc:2749] T fe710092d5fc487393c1624b275617b7 P 99ea61a4dafd4e548c4a9352cfbe76ee [term 0 FOLLOWER]: Leader pre-election lost for term 1. Reason: could not achieve majority
I20260709 12:24:53.169991  8264 tablet_service.cc:1917] Received RequestConsensusVote() RPC: tablet_id: "6fb21799a68944cea605bd684b630222" candidate_uuid: "d9cae6ffc58049139b76064156e4427f" candidate_term: 1 candidate_status { last_received { term: 0 index: 0 } } ignore_live_leader: false dest_uuid: "df984d4f7e26469a950b9ed0f88e6d28" is_pre_election: true
I20260709 12:24:53.169386  8339 raft_consensus.cc:3060] T 98f1dfc0bd7e477f9405ff2799ecba9d P 99ea61a4dafd4e548c4a9352cfbe76ee [term 0 FOLLOWER]: Advancing to term 1
I20260709 12:24:53.171883  8493 raft_consensus.cc:493] T a22faa99eeb34af98a90cb9d172e8355 P d9cae6ffc58049139b76064156e4427f [term 0 FOLLOWER]: Starting pre-election (no leader contacted us within the election timeout)
I20260709 12:24:53.172396  8414 tablet_service.cc:1917] Received RequestConsensusVote() RPC: tablet_id: "0cdd6671cab6490db85494c51774221d" candidate_uuid: "99ea61a4dafd4e548c4a9352cfbe76ee" candidate_term: 1 candidate_status { last_received { term: 0 index: 0 } } ignore_live_leader: false dest_uuid: "d9cae6ffc58049139b76064156e4427f"
I20260709 12:24:53.172425  8493 raft_consensus.cc:515] T a22faa99eeb34af98a90cb9d172e8355 P d9cae6ffc58049139b76064156e4427f [term 0 FOLLOWER]: Starting pre-election with config: opid_index: -1 OBSOLETE_local: false peers { permanent_uuid: "df984d4f7e26469a950b9ed0f88e6d28" member_type: VOTER last_known_addr { host: "127.7.113.129" port: 33339 } } peers { permanent_uuid: "99ea61a4dafd4e548c4a9352cfbe76ee" member_type: VOTER last_known_addr { host: "127.7.113.130" port: 44135 } } peers { permanent_uuid: "d9cae6ffc58049139b76064156e4427f" member_type: VOTER last_known_addr { host: "127.7.113.131" port: 35221 } }
I20260709 12:24:53.173000  8414 raft_consensus.cc:3060] T 0cdd6671cab6490db85494c51774221d P d9cae6ffc58049139b76064156e4427f [term 0 FOLLOWER]: Advancing to term 1
I20260709 12:24:53.174741  8264 raft_consensus.cc:2468] T 6fb21799a68944cea605bd684b630222 P df984d4f7e26469a950b9ed0f88e6d28 [term 0 FOLLOWER]: Leader pre-election vote request: Granting yes vote for candidate d9cae6ffc58049139b76064156e4427f in term 0.
I20260709 12:24:53.162514  8463 raft_consensus.cc:493] T 1ac2c90fb6634874b1ca31de74b979b9 P d9cae6ffc58049139b76064156e4427f [term 0 FOLLOWER]: Starting pre-election (no leader contacted us within the election timeout)
I20260709 12:24:53.179940  8377 leader_election.cc:304] T 6fb21799a68944cea605bd684b630222 P d9cae6ffc58049139b76064156e4427f [CANDIDATE]: Term 1 pre-election: Election decided. Result: candidate won. Election summary: received 2 responses out of 3 voters: 2 yes votes; 0 no votes. yes voters: d9cae6ffc58049139b76064156e4427f, df984d4f7e26469a950b9ed0f88e6d28; no voters: 
I20260709 12:24:53.180181  8264 tablet_service.cc:1917] Received RequestConsensusVote() RPC: tablet_id: "a22faa99eeb34af98a90cb9d172e8355" candidate_uuid: "d9cae6ffc58049139b76064156e4427f" candidate_term: 1 candidate_status { last_received { term: 0 index: 0 } } ignore_live_leader: false dest_uuid: "df984d4f7e26469a950b9ed0f88e6d28" is_pre_election: true
I20260709 12:24:53.180794  8264 raft_consensus.cc:2468] T a22faa99eeb34af98a90cb9d172e8355 P df984d4f7e26469a950b9ed0f88e6d28 [term 0 FOLLOWER]: Leader pre-election vote request: Granting yes vote for candidate d9cae6ffc58049139b76064156e4427f in term 0.
W20260709 12:24:53.181470  8230 leader_election.cc:343] T 90b54c75360243b3bc0577c09944ed56 P df984d4f7e26469a950b9ed0f88e6d28 [CANDIDATE]: Term 1 pre-election: Tablet error from VoteRequest() call to peer d9cae6ffc58049139b76064156e4427f (127.7.113.131:35221): Illegal state: must be running to vote when last-logged opid is not known
I20260709 12:24:53.183032  8377 leader_election.cc:304] T a22faa99eeb34af98a90cb9d172e8355 P d9cae6ffc58049139b76064156e4427f [CANDIDATE]: Term 1 pre-election: Election decided. Result: candidate won. Election summary: received 2 responses out of 3 voters: 2 yes votes; 0 no votes. yes voters: d9cae6ffc58049139b76064156e4427f, df984d4f7e26469a950b9ed0f88e6d28; no voters: 
I20260709 12:24:53.186048  8455 ts_tablet_manager.cc:1434] T 1ac2c90fb6634874b1ca31de74b979b9 P df984d4f7e26469a950b9ed0f88e6d28: Time spent starting tablet: real 0.028s	user 0.007s	sys 0.002s
I20260709 12:24:53.190127  8454 tablet_bootstrap.cc:492] T 6fb21799a68944cea605bd684b630222 P 99ea61a4dafd4e548c4a9352cfbe76ee: No bootstrap required, opened a new log
I20260709 12:24:53.190613  8454 ts_tablet_manager.cc:1403] T 6fb21799a68944cea605bd684b630222 P 99ea61a4dafd4e548c4a9352cfbe76ee: Time spent bootstrapping tablet: real 0.120s	user 0.004s	sys 0.008s
I20260709 12:24:53.191344  8455 tablet_bootstrap.cc:492] T 4fc3a35531654951a1b4cbee96473cef P df984d4f7e26469a950b9ed0f88e6d28: Bootstrap starting.
I20260709 12:24:53.186120  8340 tablet_service.cc:1917] Received RequestConsensusVote() RPC: tablet_id: "98f1dfc0bd7e477f9405ff2799ecba9d" candidate_uuid: "d9cae6ffc58049139b76064156e4427f" candidate_term: 1 candidate_status { last_received { term: 0 index: 0 } } ignore_live_leader: false dest_uuid: "99ea61a4dafd4e548c4a9352cfbe76ee"
I20260709 12:24:53.193410  8454 raft_consensus.cc:359] T 6fb21799a68944cea605bd684b630222 P 99ea61a4dafd4e548c4a9352cfbe76ee [term 0 FOLLOWER]: Replica starting. Triggering 0 pending ops. Active config: opid_index: -1 OBSOLETE_local: false peers { permanent_uuid: "df984d4f7e26469a950b9ed0f88e6d28" member_type: VOTER last_known_addr { host: "127.7.113.129" port: 33339 } } peers { permanent_uuid: "99ea61a4dafd4e548c4a9352cfbe76ee" member_type: VOTER last_known_addr { host: "127.7.113.130" port: 44135 } } peers { permanent_uuid: "d9cae6ffc58049139b76064156e4427f" member_type: VOTER last_known_addr { host: "127.7.113.131" port: 35221 } }
I20260709 12:24:53.194124  8454 raft_consensus.cc:385] T 6fb21799a68944cea605bd684b630222 P 99ea61a4dafd4e548c4a9352cfbe76ee [term 0 FOLLOWER]: Consensus starting up: Expiring failure detector timer to make a prompt election more likely
I20260709 12:24:53.194435  8454 raft_consensus.cc:740] T 6fb21799a68944cea605bd684b630222 P 99ea61a4dafd4e548c4a9352cfbe76ee [term 0 FOLLOWER]: Becoming Follower/Learner. State: Replica: 99ea61a4dafd4e548c4a9352cfbe76ee, State: Initialized, Role: FOLLOWER
I20260709 12:24:53.183974  8463 raft_consensus.cc:515] T 1ac2c90fb6634874b1ca31de74b979b9 P d9cae6ffc58049139b76064156e4427f [term 0 FOLLOWER]: Starting pre-election with config: opid_index: -1 OBSOLETE_local: false peers { permanent_uuid: "df984d4f7e26469a950b9ed0f88e6d28" member_type: VOTER last_known_addr { host: "127.7.113.129" port: 33339 } } peers { permanent_uuid: "99ea61a4dafd4e548c4a9352cfbe76ee" member_type: VOTER last_known_addr { host: "127.7.113.130" port: 44135 } } peers { permanent_uuid: "d9cae6ffc58049139b76064156e4427f" member_type: VOTER last_known_addr { host: "127.7.113.131" port: 35221 } }
I20260709 12:24:53.197184  8463 leader_election.cc:290] T 1ac2c90fb6634874b1ca31de74b979b9 P d9cae6ffc58049139b76064156e4427f [CANDIDATE]: Term 1 pre-election: Requested pre-vote from peers df984d4f7e26469a950b9ed0f88e6d28 (127.7.113.129:33339), 99ea61a4dafd4e548c4a9352cfbe76ee (127.7.113.130:44135)
I20260709 12:24:53.197706  8455 tablet_bootstrap.cc:654] T 4fc3a35531654951a1b4cbee96473cef P df984d4f7e26469a950b9ed0f88e6d28: Neither blocks nor log segments found. Creating new log.
I20260709 12:24:53.197681  8463 raft_consensus.cc:2804] T 6fb21799a68944cea605bd684b630222 P d9cae6ffc58049139b76064156e4427f [term 0 FOLLOWER]: Leader pre-election won for term 1
I20260709 12:24:53.187305  8414 raft_consensus.cc:2468] T 0cdd6671cab6490db85494c51774221d P d9cae6ffc58049139b76064156e4427f [term 1 FOLLOWER]: Leader election vote request: Granting yes vote for candidate 99ea61a4dafd4e548c4a9352cfbe76ee in term 1.
I20260709 12:24:53.184064  8459 raft_consensus.cc:493] T 1ac2c90fb6634874b1ca31de74b979b9 P df984d4f7e26469a950b9ed0f88e6d28 [term 0 FOLLOWER]: Starting pre-election (no leader contacted us within the election timeout)
I20260709 12:24:53.199306  8459 raft_consensus.cc:515] T 1ac2c90fb6634874b1ca31de74b979b9 P df984d4f7e26469a950b9ed0f88e6d28 [term 0 FOLLOWER]: Starting pre-election with config: opid_index: -1 OBSOLETE_local: false peers { permanent_uuid: "df984d4f7e26469a950b9ed0f88e6d28" member_type: VOTER last_known_addr { host: "127.7.113.129" port: 33339 } } peers { permanent_uuid: "99ea61a4dafd4e548c4a9352cfbe76ee" member_type: VOTER last_known_addr { host: "127.7.113.130" port: 44135 } } peers { permanent_uuid: "d9cae6ffc58049139b76064156e4427f" member_type: VOTER last_known_addr { host: "127.7.113.131" port: 35221 } }
I20260709 12:24:53.199736  8265 raft_consensus.cc:2468] T 0cdd6671cab6490db85494c51774221d P df984d4f7e26469a950b9ed0f88e6d28 [term 1 FOLLOWER]: Leader election vote request: Granting yes vote for candidate 99ea61a4dafd4e548c4a9352cfbe76ee in term 1.
I20260709 12:24:53.198115  8463 raft_consensus.cc:493] T 6fb21799a68944cea605bd684b630222 P d9cae6ffc58049139b76064156e4427f [term 0 FOLLOWER]: Starting leader election (no leader contacted us within the election timeout)
I20260709 12:24:53.201115  8463 raft_consensus.cc:3060] T 6fb21799a68944cea605bd684b630222 P d9cae6ffc58049139b76064156e4427f [term 0 FOLLOWER]: Advancing to term 1
I20260709 12:24:53.201977  8340 tablet_service.cc:1917] Received RequestConsensusVote() RPC: tablet_id: "6fb21799a68944cea605bd684b630222" candidate_uuid: "df984d4f7e26469a950b9ed0f88e6d28" candidate_term: 1 candidate_status { last_received { term: 0 index: 0 } } ignore_live_leader: false dest_uuid: "99ea61a4dafd4e548c4a9352cfbe76ee" is_pre_election: true
I20260709 12:24:53.202899  8339 raft_consensus.cc:2468] T 98f1dfc0bd7e477f9405ff2799ecba9d P 99ea61a4dafd4e548c4a9352cfbe76ee [term 1 FOLLOWER]: Leader election vote request: Granting yes vote for candidate df984d4f7e26469a950b9ed0f88e6d28 in term 1.
I20260709 12:24:53.204008  8379 leader_election.cc:304] T 98f1dfc0bd7e477f9405ff2799ecba9d P d9cae6ffc58049139b76064156e4427f [CANDIDATE]: Term 1 election: Election decided. Result: candidate lost. Election summary: received 3 responses out of 3 voters: 1 yes votes; 2 no votes. yes voters: d9cae6ffc58049139b76064156e4427f; no voters: 99ea61a4dafd4e548c4a9352cfbe76ee, df984d4f7e26469a950b9ed0f88e6d28
I20260709 12:24:53.204267  8230 leader_election.cc:304] T 98f1dfc0bd7e477f9405ff2799ecba9d P df984d4f7e26469a950b9ed0f88e6d28 [CANDIDATE]: Term 1 election: Election decided. Result: candidate won. Election summary: received 2 responses out of 3 voters: 2 yes votes; 0 no votes. yes voters: 99ea61a4dafd4e548c4a9352cfbe76ee, df984d4f7e26469a950b9ed0f88e6d28; no voters: 
I20260709 12:24:53.208271  8489 leader_election.cc:290] T 6fb21799a68944cea605bd684b630222 P df984d4f7e26469a950b9ed0f88e6d28 [CANDIDATE]: Term 1 pre-election: Requested pre-vote from peers 99ea61a4dafd4e548c4a9352cfbe76ee (127.7.113.130:44135), d9cae6ffc58049139b76064156e4427f (127.7.113.131:35221)
I20260709 12:24:53.208751  8459 leader_election.cc:290] T 1ac2c90fb6634874b1ca31de74b979b9 P df984d4f7e26469a950b9ed0f88e6d28 [CANDIDATE]: Term 1 pre-election: Requested pre-vote from peers 99ea61a4dafd4e548c4a9352cfbe76ee (127.7.113.130:44135), d9cae6ffc58049139b76064156e4427f (127.7.113.131:35221)
I20260709 12:24:53.208832  8489 raft_consensus.cc:2804] T 98f1dfc0bd7e477f9405ff2799ecba9d P df984d4f7e26469a950b9ed0f88e6d28 [term 1 FOLLOWER]: Leader election won for term 1
I20260709 12:24:53.209368  8489 raft_consensus.cc:697] T 98f1dfc0bd7e477f9405ff2799ecba9d P df984d4f7e26469a950b9ed0f88e6d28 [term 1 LEADER]: Becoming Leader. State: Replica: df984d4f7e26469a950b9ed0f88e6d28, State: Running, Role: LEADER
I20260709 12:24:53.209923  8495 raft_consensus.cc:2804] T a22faa99eeb34af98a90cb9d172e8355 P d9cae6ffc58049139b76064156e4427f [term 0 FOLLOWER]: Leader pre-election won for term 1
I20260709 12:24:53.209962  8264 tablet_service.cc:1917] Received RequestConsensusVote() RPC: tablet_id: "1ac2c90fb6634874b1ca31de74b979b9" candidate_uuid: "d9cae6ffc58049139b76064156e4427f" candidate_term: 1 candidate_status { last_received { term: 0 index: 0 } } ignore_live_leader: false dest_uuid: "df984d4f7e26469a950b9ed0f88e6d28" is_pre_election: true
I20260709 12:24:53.210238  8456 tablet_bootstrap.cc:492] T 4fc3a35531654951a1b4cbee96473cef P d9cae6ffc58049139b76064156e4427f: No bootstrap required, opened a new log
I20260709 12:24:53.198077  8491 raft_consensus.cc:515] T 4fb78ef4490d414eab994aaa9bd20901 P 99ea61a4dafd4e548c4a9352cfbe76ee [term 1 FOLLOWER]: Starting leader election with config: opid_index: -1 OBSOLETE_local: false peers { permanent_uuid: "df984d4f7e26469a950b9ed0f88e6d28" member_type: VOTER last_known_addr { host: "127.7.113.129" port: 33339 } } peers { permanent_uuid: "99ea61a4dafd4e548c4a9352cfbe76ee" member_type: VOTER last_known_addr { host: "127.7.113.130" port: 44135 } } peers { permanent_uuid: "d9cae6ffc58049139b76064156e4427f" member_type: VOTER last_known_addr { host: "127.7.113.131" port: 35221 } }
I20260709 12:24:53.210731  8264 raft_consensus.cc:2468] T 1ac2c90fb6634874b1ca31de74b979b9 P df984d4f7e26469a950b9ed0f88e6d28 [term 0 FOLLOWER]: Leader pre-election vote request: Granting yes vote for candidate d9cae6ffc58049139b76064156e4427f in term 0.
I20260709 12:24:53.210909  8456 ts_tablet_manager.cc:1403] T 4fc3a35531654951a1b4cbee96473cef P d9cae6ffc58049139b76064156e4427f: Time spent bootstrapping tablet: real 0.094s	user 0.018s	sys 0.026s
I20260709 12:24:53.211999  8414 tablet_service.cc:1917] Received RequestConsensusVote() RPC: tablet_id: "98f1dfc0bd7e477f9405ff2799ecba9d" candidate_uuid: "df984d4f7e26469a950b9ed0f88e6d28" candidate_term: 1 candidate_status { last_received { term: 0 index: 0 } } ignore_live_leader: false dest_uuid: "d9cae6ffc58049139b76064156e4427f"
I20260709 12:24:53.212980  8305 leader_election.cc:304] T 0cdd6671cab6490db85494c51774221d P 99ea61a4dafd4e548c4a9352cfbe76ee [CANDIDATE]: Term 1 election: Election decided. Result: candidate won. Election summary: received 2 responses out of 3 voters: 2 yes votes; 0 no votes. yes voters: 99ea61a4dafd4e548c4a9352cfbe76ee, d9cae6ffc58049139b76064156e4427f; no voters: 
I20260709 12:24:53.207967  8497 raft_consensus.cc:2749] T 98f1dfc0bd7e477f9405ff2799ecba9d P d9cae6ffc58049139b76064156e4427f [term 1 FOLLOWER]: Leader election lost for term 1. Reason: could not achieve majority
I20260709 12:24:53.213040  8377 leader_election.cc:304] T 1ac2c90fb6634874b1ca31de74b979b9 P d9cae6ffc58049139b76064156e4427f [CANDIDATE]: Term 1 pre-election: Election decided. Result: candidate won. Election summary: received 2 responses out of 3 voters: 2 yes votes; 0 no votes. yes voters: d9cae6ffc58049139b76064156e4427f, df984d4f7e26469a950b9ed0f88e6d28; no voters: 
I20260709 12:24:53.214299  8414 raft_consensus.cc:2393] T 98f1dfc0bd7e477f9405ff2799ecba9d P d9cae6ffc58049139b76064156e4427f [term 1 FOLLOWER]: Leader election vote request: Denying vote to candidate df984d4f7e26469a950b9ed0f88e6d28 in current term 1: Already voted for candidate d9cae6ffc58049139b76064156e4427f in this term.
I20260709 12:24:53.214085  8494 raft_consensus.cc:2804] T 0cdd6671cab6490db85494c51774221d P 99ea61a4dafd4e548c4a9352cfbe76ee [term 1 FOLLOWER]: Leader election won for term 1
I20260709 12:24:53.214795  8489 consensus_queue.cc:237] T 98f1dfc0bd7e477f9405ff2799ecba9d P df984d4f7e26469a950b9ed0f88e6d28 [LEADER]: Queue going to LEADER mode. State: All replicated index: 0, Majority replicated index: 0, Committed index: 0, Last appended: 0.0, Last appended by leader: 0, Current term: 1, Majority size: 2, State: 0, Mode: LEADER, active raft config: opid_index: -1 OBSOLETE_local: false peers { permanent_uuid: "df984d4f7e26469a950b9ed0f88e6d28" member_type: VOTER last_known_addr { host: "127.7.113.129" port: 33339 } } peers { permanent_uuid: "99ea61a4dafd4e548c4a9352cfbe76ee" member_type: VOTER last_known_addr { host: "127.7.113.130" port: 44135 } } peers { permanent_uuid: "d9cae6ffc58049139b76064156e4427f" member_type: VOTER last_known_addr { host: "127.7.113.131" port: 35221 } }
I20260709 12:24:53.216045  8494 raft_consensus.cc:697] T 0cdd6671cab6490db85494c51774221d P 99ea61a4dafd4e548c4a9352cfbe76ee [term 1 LEADER]: Becoming Leader. State: Replica: 99ea61a4dafd4e548c4a9352cfbe76ee, State: Running, Role: LEADER
I20260709 12:24:53.216336  8488 leader_election.cc:290] T 6fb21799a68944cea605bd684b630222 P d9cae6ffc58049139b76064156e4427f [CANDIDATE]: Term 1 pre-election: Requested pre-vote from peers df984d4f7e26469a950b9ed0f88e6d28 (127.7.113.129:33339), 99ea61a4dafd4e548c4a9352cfbe76ee (127.7.113.130:44135)
I20260709 12:24:53.216986  8494 consensus_queue.cc:237] T 0cdd6671cab6490db85494c51774221d P 99ea61a4dafd4e548c4a9352cfbe76ee [LEADER]: Queue going to LEADER mode. State: All replicated index: 0, Majority replicated index: 0, Committed index: 0, Last appended: 0.0, Last appended by leader: 0, Current term: 1, Majority size: 2, State: 0, Mode: LEADER, active raft config: opid_index: -1 OBSOLETE_local: false peers { permanent_uuid: "99ea61a4dafd4e548c4a9352cfbe76ee" member_type: VOTER last_known_addr { host: "127.7.113.130" port: 44135 } } peers { permanent_uuid: "df984d4f7e26469a950b9ed0f88e6d28" member_type: VOTER last_known_addr { host: "127.7.113.129" port: 33339 } } peers { permanent_uuid: "d9cae6ffc58049139b76064156e4427f" member_type: VOTER last_known_addr { host: "127.7.113.131" port: 35221 } }
I20260709 12:24:53.215663  8456 raft_consensus.cc:359] T 4fc3a35531654951a1b4cbee96473cef P d9cae6ffc58049139b76064156e4427f [term 0 FOLLOWER]: Replica starting. Triggering 0 pending ops. Active config: opid_index: -1 OBSOLETE_local: false peers { permanent_uuid: "df984d4f7e26469a950b9ed0f88e6d28" member_type: VOTER last_known_addr { host: "127.7.113.129" port: 33339 } } peers { permanent_uuid: "99ea61a4dafd4e548c4a9352cfbe76ee" member_type: VOTER last_known_addr { host: "127.7.113.130" port: 44135 } } peers { permanent_uuid: "d9cae6ffc58049139b76064156e4427f" member_type: VOTER last_known_addr { host: "127.7.113.131" port: 35221 } }
I20260709 12:24:53.217826  8491 leader_election.cc:290] T 4fb78ef4490d414eab994aaa9bd20901 P 99ea61a4dafd4e548c4a9352cfbe76ee [CANDIDATE]: Term 1 election: Requested vote from peers df984d4f7e26469a950b9ed0f88e6d28 (127.7.113.129:33339), d9cae6ffc58049139b76064156e4427f (127.7.113.131:35221)
I20260709 12:24:53.195175  8454 consensus_queue.cc:260] T 6fb21799a68944cea605bd684b630222 P 99ea61a4dafd4e548c4a9352cfbe76ee [NON_LEADER]: Queue going to NON_LEADER mode. State: All replicated index: 0, Majority replicated index: 0, Committed index: 0, Last appended: 0.0, Last appended by leader: 0, Current term: 0, Majority size: -1, State: 0, Mode: NON_LEADER, active raft config: opid_index: -1 OBSOLETE_local: false peers { permanent_uuid: "df984d4f7e26469a950b9ed0f88e6d28" member_type: VOTER last_known_addr { host: "127.7.113.129" port: 33339 } } peers { permanent_uuid: "99ea61a4dafd4e548c4a9352cfbe76ee" member_type: VOTER last_known_addr { host: "127.7.113.130" port: 44135 } } peers { permanent_uuid: "d9cae6ffc58049139b76064156e4427f" member_type: VOTER last_known_addr { host: "127.7.113.131" port: 35221 } }
I20260709 12:24:53.219286  8456 raft_consensus.cc:385] T 4fc3a35531654951a1b4cbee96473cef P d9cae6ffc58049139b76064156e4427f [term 0 FOLLOWER]: Consensus starting up: Expiring failure detector timer to make a prompt election more likely
I20260709 12:24:53.219532  8340 raft_consensus.cc:2468] T 6fb21799a68944cea605bd684b630222 P 99ea61a4dafd4e548c4a9352cfbe76ee [term 0 FOLLOWER]: Leader pre-election vote request: Granting yes vote for candidate df984d4f7e26469a950b9ed0f88e6d28 in term 0.
I20260709 12:24:53.219996  8456 raft_consensus.cc:740] T 4fc3a35531654951a1b4cbee96473cef P d9cae6ffc58049139b76064156e4427f [term 0 FOLLOWER]: Becoming Follower/Learner. State: Replica: d9cae6ffc58049139b76064156e4427f, State: Initialized, Role: FOLLOWER
I20260709 12:24:53.220865  8454 ts_tablet_manager.cc:1434] T 6fb21799a68944cea605bd684b630222 P 99ea61a4dafd4e548c4a9352cfbe76ee: Time spent starting tablet: real 0.030s	user 0.004s	sys 0.002s
I20260709 12:24:53.221818  8454 tablet_bootstrap.cc:492] T 4fc3a35531654951a1b4cbee96473cef P 99ea61a4dafd4e548c4a9352cfbe76ee: Bootstrap starting.
