I20260709 12:24:13.396864 15527 raft_consensus.cc:606] T b52579b8ab63499e842b0c8c19d64deb P e63c69873c5749d3ad6f47cf55176926 [term 4 LEADER]: Received request to transfer leadership to TS cf8c6584c03d47ecaed1a2036f54e645
I20260709 12:24:13.397615 15319 auto_leader_rebalancer.cc:440] table: test-workload, leader rebalance finish, leader transfer count: 5
I20260709 12:24:13.397959 15319 auto_leader_rebalancer.cc:515] All tables' leader rebalancing finished this round
I20260709 12:24:13.431557 15798 raft_consensus.cc:993] T 2c40b6fe68094dc6b16c1de27271e9e8 P e63c69873c5749d3ad6f47cf55176926: : Instructing follower cf8c6584c03d47ecaed1a2036f54e645 to start an election
I20260709 12:24:13.431972 15788 raft_consensus.cc:1081] T 2c40b6fe68094dc6b16c1de27271e9e8 P e63c69873c5749d3ad6f47cf55176926 [term 3 LEADER]: Signalling peer cf8c6584c03d47ecaed1a2036f54e645 to start an election
I20260709 12:24:13.433328 15453 tablet_service.cc:2044] Received Run Leader Election RPC: tablet_id: "2c40b6fe68094dc6b16c1de27271e9e8"
dest_uuid: "cf8c6584c03d47ecaed1a2036f54e645"
 from {username='slave'} at 127.0.0.1:56852
I20260709 12:24:13.433741 15453 raft_consensus.cc:493] T 2c40b6fe68094dc6b16c1de27271e9e8 P cf8c6584c03d47ecaed1a2036f54e645 [term 3 FOLLOWER]: Starting forced leader election (received explicit request)
I20260709 12:24:13.434022 15453 raft_consensus.cc:3060] T 2c40b6fe68094dc6b16c1de27271e9e8 P cf8c6584c03d47ecaed1a2036f54e645 [term 3 FOLLOWER]: Advancing to term 4
I20260709 12:24:13.439486 15788 raft_consensus.cc:993] T 9efe63b12c1a482da1a6b73705045ff7 P e63c69873c5749d3ad6f47cf55176926: : Instructing follower 01d5babe4b654be8a1305268b75aaa5f to start an election
I20260709 12:24:13.439227 15453 raft_consensus.cc:515] T 2c40b6fe68094dc6b16c1de27271e9e8 P cf8c6584c03d47ecaed1a2036f54e645 [term 4 FOLLOWER]: Starting forced leader election with config: opid_index: -1 OBSOLETE_local: false peers { permanent_uuid: "cf8c6584c03d47ecaed1a2036f54e645" member_type: VOTER last_known_addr { host: "127.14.245.193" port: 46601 } } peers { permanent_uuid: "e63c69873c5749d3ad6f47cf55176926" member_type: VOTER last_known_addr { host: "127.14.245.194" port: 43919 } } peers { permanent_uuid: "01d5babe4b654be8a1305268b75aaa5f" member_type: VOTER last_known_addr { host: "127.14.245.195" port: 45441 } }
I20260709 12:24:13.439936 15798 raft_consensus.cc:1081] T 9efe63b12c1a482da1a6b73705045ff7 P e63c69873c5749d3ad6f47cf55176926 [term 3 LEADER]: Signalling peer 01d5babe4b654be8a1305268b75aaa5f to start an election
I20260709 12:24:13.441375 15798 raft_consensus.cc:993] T 5e5afb626c62464aa5101e506ebc8c64 P e63c69873c5749d3ad6f47cf55176926: : Instructing follower 01d5babe4b654be8a1305268b75aaa5f to start an election
I20260709 12:24:13.441836 15788 raft_consensus.cc:1081] T 5e5afb626c62464aa5101e506ebc8c64 P e63c69873c5749d3ad6f47cf55176926 [term 1 LEADER]: Signalling peer 01d5babe4b654be8a1305268b75aaa5f to start an election
I20260709 12:24:13.441991 15602 tablet_service.cc:2044] Received Run Leader Election RPC: tablet_id: "9efe63b12c1a482da1a6b73705045ff7"
dest_uuid: "01d5babe4b654be8a1305268b75aaa5f"
 from {username='slave'} at 127.0.0.1:47332
I20260709 12:24:13.442327 15453 leader_election.cc:290] T 2c40b6fe68094dc6b16c1de27271e9e8 P cf8c6584c03d47ecaed1a2036f54e645 [CANDIDATE]: Term 4 election: Requested vote from peers e63c69873c5749d3ad6f47cf55176926 (127.14.245.194:43919), 01d5babe4b654be8a1305268b75aaa5f (127.14.245.195:45441)
I20260709 12:24:13.442590 15602 raft_consensus.cc:493] T 9efe63b12c1a482da1a6b73705045ff7 P 01d5babe4b654be8a1305268b75aaa5f [term 3 FOLLOWER]: Starting forced leader election (received explicit request)
I20260709 12:24:13.442924 15602 raft_consensus.cc:3060] T 9efe63b12c1a482da1a6b73705045ff7 P 01d5babe4b654be8a1305268b75aaa5f [term 3 FOLLOWER]: Advancing to term 4
I20260709 12:24:13.443287 15601 tablet_service.cc:2044] Received Run Leader Election RPC: tablet_id: "5e5afb626c62464aa5101e506ebc8c64"
dest_uuid: "01d5babe4b654be8a1305268b75aaa5f"
 from {username='slave'} at 127.0.0.1:47332
I20260709 12:24:13.443362 15603 tablet_service.cc:1917] Received RequestConsensusVote() RPC: tablet_id: "2c40b6fe68094dc6b16c1de27271e9e8" candidate_uuid: "cf8c6584c03d47ecaed1a2036f54e645" candidate_term: 4 candidate_status { last_received { term: 3 index: 3 } } ignore_live_leader: true dest_uuid: "01d5babe4b654be8a1305268b75aaa5f"
I20260709 12:24:13.443722 15527 tablet_service.cc:1917] Received RequestConsensusVote() RPC: tablet_id: "2c40b6fe68094dc6b16c1de27271e9e8" candidate_uuid: "cf8c6584c03d47ecaed1a2036f54e645" candidate_term: 4 candidate_status { last_received { term: 3 index: 3 } } ignore_live_leader: true dest_uuid: "e63c69873c5749d3ad6f47cf55176926"
I20260709 12:24:13.443888 15601 raft_consensus.cc:493] T 5e5afb626c62464aa5101e506ebc8c64 P 01d5babe4b654be8a1305268b75aaa5f [term 1 FOLLOWER]: Starting forced leader election (received explicit request)
I20260709 12:24:13.443953 15603 raft_consensus.cc:3060] T 2c40b6fe68094dc6b16c1de27271e9e8 P 01d5babe4b654be8a1305268b75aaa5f [term 3 FOLLOWER]: Advancing to term 4
I20260709 12:24:13.444221 15527 raft_consensus.cc:3055] T 2c40b6fe68094dc6b16c1de27271e9e8 P e63c69873c5749d3ad6f47cf55176926 [term 3 LEADER]: Stepping down as leader of term 3
I20260709 12:24:13.444298 15601 raft_consensus.cc:3060] T 5e5afb626c62464aa5101e506ebc8c64 P 01d5babe4b654be8a1305268b75aaa5f [term 1 FOLLOWER]: Advancing to term 2
I20260709 12:24:13.444650 15527 raft_consensus.cc:740] T 2c40b6fe68094dc6b16c1de27271e9e8 P e63c69873c5749d3ad6f47cf55176926 [term 3 LEADER]: Becoming Follower/Learner. State: Replica: e63c69873c5749d3ad6f47cf55176926, State: Running, Role: LEADER
I20260709 12:24:13.445350 15527 consensus_queue.cc:260] T 2c40b6fe68094dc6b16c1de27271e9e8 P e63c69873c5749d3ad6f47cf55176926 [NON_LEADER]: Queue going to NON_LEADER mode. State: All replicated index: 0, Majority replicated index: 3, Committed index: 3, Last appended: 3.3, Last appended by leader: 3, Current term: 3, Majority size: -1, State: 0, Mode: NON_LEADER, active raft config: opid_index: -1 OBSOLETE_local: false peers { permanent_uuid: "cf8c6584c03d47ecaed1a2036f54e645" member_type: VOTER last_known_addr { host: "127.14.245.193" port: 46601 } } peers { permanent_uuid: "e63c69873c5749d3ad6f47cf55176926" member_type: VOTER last_known_addr { host: "127.14.245.194" port: 43919 } } peers { permanent_uuid: "01d5babe4b654be8a1305268b75aaa5f" member_type: VOTER last_known_addr { host: "127.14.245.195" port: 45441 } }
I20260709 12:24:13.446297 15527 raft_consensus.cc:3060] T 2c40b6fe68094dc6b16c1de27271e9e8 P e63c69873c5749d3ad6f47cf55176926 [term 3 FOLLOWER]: Advancing to term 4
I20260709 12:24:13.448964 15602 raft_consensus.cc:515] T 9efe63b12c1a482da1a6b73705045ff7 P 01d5babe4b654be8a1305268b75aaa5f [term 4 FOLLOWER]: Starting forced leader election with config: opid_index: -1 OBSOLETE_local: false peers { permanent_uuid: "cf8c6584c03d47ecaed1a2036f54e645" member_type: VOTER last_known_addr { host: "127.14.245.193" port: 46601 } } peers { permanent_uuid: "e63c69873c5749d3ad6f47cf55176926" member_type: VOTER last_known_addr { host: "127.14.245.194" port: 43919 } } peers { permanent_uuid: "01d5babe4b654be8a1305268b75aaa5f" member_type: VOTER last_known_addr { host: "127.14.245.195" port: 45441 } }
I20260709 12:24:13.450078 15603 raft_consensus.cc:2468] T 2c40b6fe68094dc6b16c1de27271e9e8 P 01d5babe4b654be8a1305268b75aaa5f [term 4 FOLLOWER]: Leader election vote request: Granting yes vote for candidate cf8c6584c03d47ecaed1a2036f54e645 in term 4.
I20260709 12:24:13.450868 15601 raft_consensus.cc:515] T 5e5afb626c62464aa5101e506ebc8c64 P 01d5babe4b654be8a1305268b75aaa5f [term 2 FOLLOWER]: Starting forced leader election with config: opid_index: -1 OBSOLETE_local: false peers { permanent_uuid: "cf8c6584c03d47ecaed1a2036f54e645" member_type: VOTER last_known_addr { host: "127.14.245.193" port: 46601 } } peers { permanent_uuid: "e63c69873c5749d3ad6f47cf55176926" member_type: VOTER last_known_addr { host: "127.14.245.194" port: 43919 } } peers { permanent_uuid: "01d5babe4b654be8a1305268b75aaa5f" member_type: VOTER last_known_addr { host: "127.14.245.195" port: 45441 } }
I20260709 12:24:13.451309 15602 leader_election.cc:290] T 9efe63b12c1a482da1a6b73705045ff7 P 01d5babe4b654be8a1305268b75aaa5f [CANDIDATE]: Term 4 election: Requested vote from peers cf8c6584c03d47ecaed1a2036f54e645 (127.14.245.193:46601), e63c69873c5749d3ad6f47cf55176926 (127.14.245.194:43919)
I20260709 12:24:13.452280 15527 raft_consensus.cc:2468] T 2c40b6fe68094dc6b16c1de27271e9e8 P e63c69873c5749d3ad6f47cf55176926 [term 4 FOLLOWER]: Leader election vote request: Granting yes vote for candidate cf8c6584c03d47ecaed1a2036f54e645 in term 4.
I20260709 12:24:13.452836 15454 tablet_service.cc:1917] Received RequestConsensusVote() RPC: tablet_id: "9efe63b12c1a482da1a6b73705045ff7" candidate_uuid: "01d5babe4b654be8a1305268b75aaa5f" candidate_term: 4 candidate_status { last_received { term: 3 index: 3 } } ignore_live_leader: true dest_uuid: "cf8c6584c03d47ecaed1a2036f54e645"
I20260709 12:24:13.453222 15601 leader_election.cc:290] T 5e5afb626c62464aa5101e506ebc8c64 P 01d5babe4b654be8a1305268b75aaa5f [CANDIDATE]: Term 2 election: Requested vote from peers cf8c6584c03d47ecaed1a2036f54e645 (127.14.245.193:46601), e63c69873c5749d3ad6f47cf55176926 (127.14.245.194:43919)
I20260709 12:24:13.453346 15454 raft_consensus.cc:3060] T 9efe63b12c1a482da1a6b73705045ff7 P cf8c6584c03d47ecaed1a2036f54e645 [term 3 FOLLOWER]: Advancing to term 4
I20260709 12:24:13.453605 15452 tablet_service.cc:1917] Received RequestConsensusVote() RPC: tablet_id: "5e5afb626c62464aa5101e506ebc8c64" candidate_uuid: "01d5babe4b654be8a1305268b75aaa5f" candidate_term: 2 candidate_status { last_received { term: 1 index: 1 } } ignore_live_leader: true dest_uuid: "cf8c6584c03d47ecaed1a2036f54e645"
I20260709 12:24:13.454167 15452 raft_consensus.cc:3060] T 5e5afb626c62464aa5101e506ebc8c64 P cf8c6584c03d47ecaed1a2036f54e645 [term 1 FOLLOWER]: Advancing to term 2
I20260709 12:24:13.453631 15417 leader_election.cc:304] T 2c40b6fe68094dc6b16c1de27271e9e8 P cf8c6584c03d47ecaed1a2036f54e645 [CANDIDATE]: Term 4 election: Election decided. Result: candidate won. Election summary: received 2 responses out of 3 voters: 2 yes votes; 0 no votes. yes voters: cf8c6584c03d47ecaed1a2036f54e645, e63c69873c5749d3ad6f47cf55176926; no voters: 
I20260709 12:24:13.455500 15800 raft_consensus.cc:2804] T 2c40b6fe68094dc6b16c1de27271e9e8 P cf8c6584c03d47ecaed1a2036f54e645 [term 4 FOLLOWER]: Leader election won for term 4
I20260709 12:24:13.455509 15528 tablet_service.cc:1917] Received RequestConsensusVote() RPC: tablet_id: "9efe63b12c1a482da1a6b73705045ff7" candidate_uuid: "01d5babe4b654be8a1305268b75aaa5f" candidate_term: 4 candidate_status { last_received { term: 3 index: 3 } } ignore_live_leader: true dest_uuid: "e63c69873c5749d3ad6f47cf55176926"
I20260709 12:24:13.456190 15528 raft_consensus.cc:3055] T 9efe63b12c1a482da1a6b73705045ff7 P e63c69873c5749d3ad6f47cf55176926 [term 3 LEADER]: Stepping down as leader of term 3
I20260709 12:24:13.456507 15528 raft_consensus.cc:740] T 9efe63b12c1a482da1a6b73705045ff7 P e63c69873c5749d3ad6f47cf55176926 [term 3 LEADER]: Becoming Follower/Learner. State: Replica: e63c69873c5749d3ad6f47cf55176926, State: Running, Role: LEADER
I20260709 12:24:13.457237 15528 consensus_queue.cc:260] T 9efe63b12c1a482da1a6b73705045ff7 P e63c69873c5749d3ad6f47cf55176926 [NON_LEADER]: Queue going to NON_LEADER mode. State: All replicated index: 0, Majority replicated index: 3, Committed index: 3, Last appended: 3.3, Last appended by leader: 3, Current term: 3, Majority size: -1, State: 0, Mode: NON_LEADER, active raft config: opid_index: -1 OBSOLETE_local: false peers { permanent_uuid: "cf8c6584c03d47ecaed1a2036f54e645" member_type: VOTER last_known_addr { host: "127.14.245.193" port: 46601 } } peers { permanent_uuid: "e63c69873c5749d3ad6f47cf55176926" member_type: VOTER last_known_addr { host: "127.14.245.194" port: 43919 } } peers { permanent_uuid: "01d5babe4b654be8a1305268b75aaa5f" member_type: VOTER last_known_addr { host: "127.14.245.195" port: 45441 } }
I20260709 12:24:13.458258 15528 raft_consensus.cc:3060] T 9efe63b12c1a482da1a6b73705045ff7 P e63c69873c5749d3ad6f47cf55176926 [term 3 FOLLOWER]: Advancing to term 4
I20260709 12:24:13.460678 15452 raft_consensus.cc:2468] T 5e5afb626c62464aa5101e506ebc8c64 P cf8c6584c03d47ecaed1a2036f54e645 [term 2 FOLLOWER]: Leader election vote request: Granting yes vote for candidate 01d5babe4b654be8a1305268b75aaa5f in term 2.
I20260709 12:24:13.460769 15454 raft_consensus.cc:2468] T 9efe63b12c1a482da1a6b73705045ff7 P cf8c6584c03d47ecaed1a2036f54e645 [term 4 FOLLOWER]: Leader election vote request: Granting yes vote for candidate 01d5babe4b654be8a1305268b75aaa5f in term 4.
I20260709 12:24:13.462092 15566 leader_election.cc:304] T 9efe63b12c1a482da1a6b73705045ff7 P 01d5babe4b654be8a1305268b75aaa5f [CANDIDATE]: Term 4 election: Election decided. Result: candidate won. Election summary: received 2 responses out of 3 voters: 2 yes votes; 0 no votes. yes voters: 01d5babe4b654be8a1305268b75aaa5f, cf8c6584c03d47ecaed1a2036f54e645; no voters: 
I20260709 12:24:13.462836 15800 raft_consensus.cc:697] T 2c40b6fe68094dc6b16c1de27271e9e8 P cf8c6584c03d47ecaed1a2036f54e645 [term 4 LEADER]: Becoming Leader. State: Replica: cf8c6584c03d47ecaed1a2036f54e645, State: Running, Role: LEADER
I20260709 12:24:13.462888 15566 leader_election.cc:304] T 5e5afb626c62464aa5101e506ebc8c64 P 01d5babe4b654be8a1305268b75aaa5f [CANDIDATE]: Term 2 election: Election decided. Result: candidate won. Election summary: received 2 responses out of 3 voters: 2 yes votes; 0 no votes. yes voters: 01d5babe4b654be8a1305268b75aaa5f, cf8c6584c03d47ecaed1a2036f54e645; no voters: 
I20260709 12:24:13.463613 15800 consensus_queue.cc:237] T 2c40b6fe68094dc6b16c1de27271e9e8 P cf8c6584c03d47ecaed1a2036f54e645 [LEADER]: Queue going to LEADER mode. State: All replicated index: 0, Majority replicated index: 3, Committed index: 3, Last appended: 3.3, Last appended by leader: 3, Current term: 4, Majority size: 2, State: 0, Mode: LEADER, active raft config: opid_index: -1 OBSOLETE_local: false peers { permanent_uuid: "cf8c6584c03d47ecaed1a2036f54e645" member_type: VOTER last_known_addr { host: "127.14.245.193" port: 46601 } } peers { permanent_uuid: "e63c69873c5749d3ad6f47cf55176926" member_type: VOTER last_known_addr { host: "127.14.245.194" port: 43919 } } peers { permanent_uuid: "01d5babe4b654be8a1305268b75aaa5f" member_type: VOTER last_known_addr { host: "127.14.245.195" port: 45441 } }
I20260709 12:24:13.464114 15797 raft_consensus.cc:2804] T 9efe63b12c1a482da1a6b73705045ff7 P 01d5babe4b654be8a1305268b75aaa5f [term 4 FOLLOWER]: Leader election won for term 4
I20260709 12:24:13.464233 15528 raft_consensus.cc:2468] T 9efe63b12c1a482da1a6b73705045ff7 P e63c69873c5749d3ad6f47cf55176926 [term 4 FOLLOWER]: Leader election vote request: Granting yes vote for candidate 01d5babe4b654be8a1305268b75aaa5f in term 4.
I20260709 12:24:13.464807 15802 raft_consensus.cc:2804] T 5e5afb626c62464aa5101e506ebc8c64 P 01d5babe4b654be8a1305268b75aaa5f [term 2 FOLLOWER]: Leader election won for term 2
I20260709 12:24:13.466116 15802 raft_consensus.cc:697] T 5e5afb626c62464aa5101e506ebc8c64 P 01d5babe4b654be8a1305268b75aaa5f [term 2 LEADER]: Becoming Leader. State: Replica: 01d5babe4b654be8a1305268b75aaa5f, State: Running, Role: LEADER
I20260709 12:24:13.467037 15802 consensus_queue.cc:237] T 5e5afb626c62464aa5101e506ebc8c64 P 01d5babe4b654be8a1305268b75aaa5f [LEADER]: Queue going to LEADER mode. State: All replicated index: 0, Majority replicated index: 1, Committed index: 1, Last appended: 1.1, Last appended by leader: 1, Current term: 2, Majority size: 2, State: 0, Mode: LEADER, active raft config: opid_index: -1 OBSOLETE_local: false peers { permanent_uuid: "cf8c6584c03d47ecaed1a2036f54e645" member_type: VOTER last_known_addr { host: "127.14.245.193" port: 46601 } } peers { permanent_uuid: "e63c69873c5749d3ad6f47cf55176926" member_type: VOTER last_known_addr { host: "127.14.245.194" port: 43919 } } peers { permanent_uuid: "01d5babe4b654be8a1305268b75aaa5f" member_type: VOTER last_known_addr { host: "127.14.245.195" port: 45441 } }
I20260709 12:24:13.472628 15527 tablet_service.cc:1917] Received RequestConsensusVote() RPC: tablet_id: "5e5afb626c62464aa5101e506ebc8c64" candidate_uuid: "01d5babe4b654be8a1305268b75aaa5f" candidate_term: 2 candidate_status { last_received { term: 1 index: 1 } } ignore_live_leader: true dest_uuid: "e63c69873c5749d3ad6f47cf55176926"
I20260709 12:24:13.472985 15797 raft_consensus.cc:697] T 9efe63b12c1a482da1a6b73705045ff7 P 01d5babe4b654be8a1305268b75aaa5f [term 4 LEADER]: Becoming Leader. State: Replica: 01d5babe4b654be8a1305268b75aaa5f, State: Running, Role: LEADER
I20260709 12:24:13.473863 15797 consensus_queue.cc:237] T 9efe63b12c1a482da1a6b73705045ff7 P 01d5babe4b654be8a1305268b75aaa5f [LEADER]: Queue going to LEADER mode. State: All replicated index: 0, Majority replicated index: 3, Committed index: 3, Last appended: 3.3, Last appended by leader: 3, Current term: 4, Majority size: 2, State: 0, Mode: LEADER, active raft config: opid_index: -1 OBSOLETE_local: false peers { permanent_uuid: "cf8c6584c03d47ecaed1a2036f54e645" member_type: VOTER last_known_addr { host: "127.14.245.193" port: 46601 } } peers { permanent_uuid: "e63c69873c5749d3ad6f47cf55176926" member_type: VOTER last_known_addr { host: "127.14.245.194" port: 43919 } } peers { permanent_uuid: "01d5babe4b654be8a1305268b75aaa5f" member_type: VOTER last_known_addr { host: "127.14.245.195" port: 45441 } }
I20260709 12:24:13.473232 15527 raft_consensus.cc:3055] T 5e5afb626c62464aa5101e506ebc8c64 P e63c69873c5749d3ad6f47cf55176926 [term 1 LEADER]: Stepping down as leader of term 1
I20260709 12:24:13.474788 15527 raft_consensus.cc:740] T 5e5afb626c62464aa5101e506ebc8c64 P e63c69873c5749d3ad6f47cf55176926 [term 1 LEADER]: Becoming Follower/Learner. State: Replica: e63c69873c5749d3ad6f47cf55176926, State: Running, Role: LEADER
I20260709 12:24:13.475553 15527 consensus_queue.cc:260] T 5e5afb626c62464aa5101e506ebc8c64 P e63c69873c5749d3ad6f47cf55176926 [NON_LEADER]: Queue going to NON_LEADER mode. State: All replicated index: 0, Majority replicated index: 1, Committed index: 1, Last appended: 1.1, Last appended by leader: 1, Current term: 1, Majority size: -1, State: 0, Mode: NON_LEADER, active raft config: opid_index: -1 OBSOLETE_local: false peers { permanent_uuid: "cf8c6584c03d47ecaed1a2036f54e645" member_type: VOTER last_known_addr { host: "127.14.245.193" port: 46601 } } peers { permanent_uuid: "e63c69873c5749d3ad6f47cf55176926" member_type: VOTER last_known_addr { host: "127.14.245.194" port: 43919 } } peers { permanent_uuid: "01d5babe4b654be8a1305268b75aaa5f" member_type: VOTER last_known_addr { host: "127.14.245.195" port: 45441 } }
I20260709 12:24:13.476670 15527 raft_consensus.cc:3060] T 5e5afb626c62464aa5101e506ebc8c64 P e63c69873c5749d3ad6f47cf55176926 [term 1 FOLLOWER]: Advancing to term 2
I20260709 12:24:13.477694 15351 catalog_manager.cc:5697] T 2c40b6fe68094dc6b16c1de27271e9e8 P cf8c6584c03d47ecaed1a2036f54e645 reported cstate change: term changed from 3 to 4, leader changed from e63c69873c5749d3ad6f47cf55176926 (127.14.245.194) to cf8c6584c03d47ecaed1a2036f54e645 (127.14.245.193). New cstate: current_term: 4 leader_uuid: "cf8c6584c03d47ecaed1a2036f54e645" committed_config { opid_index: -1 OBSOLETE_local: false peers { permanent_uuid: "cf8c6584c03d47ecaed1a2036f54e645" member_type: VOTER last_known_addr { host: "127.14.245.193" port: 46601 } health_report { overall_health: HEALTHY } } peers { permanent_uuid: "e63c69873c5749d3ad6f47cf55176926" member_type: VOTER last_known_addr { host: "127.14.245.194" port: 43919 } health_report { overall_health: UNKNOWN } } peers { permanent_uuid: "01d5babe4b654be8a1305268b75aaa5f" member_type: VOTER last_known_addr { host: "127.14.245.195" port: 45441 } health_report { overall_health: UNKNOWN } } }
I20260709 12:24:13.480986 15349 catalog_manager.cc:5697] T 9efe63b12c1a482da1a6b73705045ff7 P 01d5babe4b654be8a1305268b75aaa5f reported cstate change: term changed from 3 to 4, leader changed from e63c69873c5749d3ad6f47cf55176926 (127.14.245.194) to 01d5babe4b654be8a1305268b75aaa5f (127.14.245.195). New cstate: current_term: 4 leader_uuid: "01d5babe4b654be8a1305268b75aaa5f" committed_config { opid_index: -1 OBSOLETE_local: false peers { permanent_uuid: "cf8c6584c03d47ecaed1a2036f54e645" member_type: VOTER last_known_addr { host: "127.14.245.193" port: 46601 } health_report { overall_health: UNKNOWN } } peers { permanent_uuid: "e63c69873c5749d3ad6f47cf55176926" member_type: VOTER last_known_addr { host: "127.14.245.194" port: 43919 } health_report { overall_health: UNKNOWN } } peers { permanent_uuid: "01d5babe4b654be8a1305268b75aaa5f" member_type: VOTER last_known_addr { host: "127.14.245.195" port: 45441 } health_report { overall_health: HEALTHY } } }
I20260709 12:24:13.482015 15527 raft_consensus.cc:2468] T 5e5afb626c62464aa5101e506ebc8c64 P e63c69873c5749d3ad6f47cf55176926 [term 2 FOLLOWER]: Leader election vote request: Granting yes vote for candidate 01d5babe4b654be8a1305268b75aaa5f in term 2.
I20260709 12:24:13.493034 15349 catalog_manager.cc:5697] T 5e5afb626c62464aa5101e506ebc8c64 P 01d5babe4b654be8a1305268b75aaa5f reported cstate change: term changed from 1 to 2, leader changed from e63c69873c5749d3ad6f47cf55176926 (127.14.245.194) to 01d5babe4b654be8a1305268b75aaa5f (127.14.245.195). New cstate: current_term: 2 leader_uuid: "01d5babe4b654be8a1305268b75aaa5f" committed_config { opid_index: -1 OBSOLETE_local: false peers { permanent_uuid: "cf8c6584c03d47ecaed1a2036f54e645" member_type: VOTER last_known_addr { host: "127.14.245.193" port: 46601 } health_report { overall_health: UNKNOWN } } peers { permanent_uuid: "e63c69873c5749d3ad6f47cf55176926" member_type: VOTER last_known_addr { host: "127.14.245.194" port: 43919 } health_report { overall_health: UNKNOWN } } peers { permanent_uuid: "01d5babe4b654be8a1305268b75aaa5f" member_type: VOTER last_known_addr { host: "127.14.245.195" port: 45441 } health_report { overall_health: HEALTHY } } }
I20260709 12:24:13.656955 15798 raft_consensus.cc:993] T b52579b8ab63499e842b0c8c19d64deb P e63c69873c5749d3ad6f47cf55176926: : Instructing follower cf8c6584c03d47ecaed1a2036f54e645 to start an election
I20260709 12:24:13.657361 15788 raft_consensus.cc:1081] T b52579b8ab63499e842b0c8c19d64deb P e63c69873c5749d3ad6f47cf55176926 [term 4 LEADER]: Signalling peer cf8c6584c03d47ecaed1a2036f54e645 to start an election
I20260709 12:24:13.658660 15453 tablet_service.cc:2044] Received Run Leader Election RPC: tablet_id: "b52579b8ab63499e842b0c8c19d64deb"
dest_uuid: "cf8c6584c03d47ecaed1a2036f54e645"
 from {username='slave'} at 127.0.0.1:56852
I20260709 12:24:13.659099 15453 raft_consensus.cc:493] T b52579b8ab63499e842b0c8c19d64deb P cf8c6584c03d47ecaed1a2036f54e645 [term 4 FOLLOWER]: Starting forced leader election (received explicit request)
I20260709 12:24:13.659386 15453 raft_consensus.cc:3060] T b52579b8ab63499e842b0c8c19d64deb P cf8c6584c03d47ecaed1a2036f54e645 [term 4 FOLLOWER]: Advancing to term 5
I20260709 12:24:13.663645 15453 raft_consensus.cc:515] T b52579b8ab63499e842b0c8c19d64deb P cf8c6584c03d47ecaed1a2036f54e645 [term 5 FOLLOWER]: Starting forced leader election with config: opid_index: -1 OBSOLETE_local: false peers { permanent_uuid: "cf8c6584c03d47ecaed1a2036f54e645" member_type: VOTER last_known_addr { host: "127.14.245.193" port: 46601 } } peers { permanent_uuid: "e63c69873c5749d3ad6f47cf55176926" member_type: VOTER last_known_addr { host: "127.14.245.194" port: 43919 } } peers { permanent_uuid: "01d5babe4b654be8a1305268b75aaa5f" member_type: VOTER last_known_addr { host: "127.14.245.195" port: 45441 } }
I20260709 12:24:13.665212 15453 leader_election.cc:290] T b52579b8ab63499e842b0c8c19d64deb P cf8c6584c03d47ecaed1a2036f54e645 [CANDIDATE]: Term 5 election: Requested vote from peers e63c69873c5749d3ad6f47cf55176926 (127.14.245.194:43919), 01d5babe4b654be8a1305268b75aaa5f (127.14.245.195:45441)
I20260709 12:24:13.665825 15527 tablet_service.cc:1917] Received RequestConsensusVote() RPC: tablet_id: "b52579b8ab63499e842b0c8c19d64deb" candidate_uuid: "cf8c6584c03d47ecaed1a2036f54e645" candidate_term: 5 candidate_status { last_received { term: 4 index: 4 } } ignore_live_leader: true dest_uuid: "e63c69873c5749d3ad6f47cf55176926"
I20260709 12:24:13.666292 15527 raft_consensus.cc:3055] T b52579b8ab63499e842b0c8c19d64deb P e63c69873c5749d3ad6f47cf55176926 [term 4 LEADER]: Stepping down as leader of term 4
I20260709 12:24:13.666229 15603 tablet_service.cc:1917] Received RequestConsensusVote() RPC: tablet_id: "b52579b8ab63499e842b0c8c19d64deb" candidate_uuid: "cf8c6584c03d47ecaed1a2036f54e645" candidate_term: 5 candidate_status { last_received { term: 4 index: 4 } } ignore_live_leader: true dest_uuid: "01d5babe4b654be8a1305268b75aaa5f"
I20260709 12:24:13.666638 15527 raft_consensus.cc:740] T b52579b8ab63499e842b0c8c19d64deb P e63c69873c5749d3ad6f47cf55176926 [term 4 LEADER]: Becoming Follower/Learner. State: Replica: e63c69873c5749d3ad6f47cf55176926, State: Running, Role: LEADER
I20260709 12:24:13.666800 15603 raft_consensus.cc:3060] T b52579b8ab63499e842b0c8c19d64deb P 01d5babe4b654be8a1305268b75aaa5f [term 4 FOLLOWER]: Advancing to term 5
I20260709 12:24:13.667331 15527 consensus_queue.cc:260] T b52579b8ab63499e842b0c8c19d64deb P e63c69873c5749d3ad6f47cf55176926 [NON_LEADER]: Queue going to NON_LEADER mode. State: All replicated index: 0, Majority replicated index: 4, Committed index: 4, Last appended: 4.4, Last appended by leader: 4, Current term: 4, Majority size: -1, State: 0, Mode: NON_LEADER, active raft config: opid_index: -1 OBSOLETE_local: false peers { permanent_uuid: "cf8c6584c03d47ecaed1a2036f54e645" member_type: VOTER last_known_addr { host: "127.14.245.193" port: 46601 } } peers { permanent_uuid: "e63c69873c5749d3ad6f47cf55176926" member_type: VOTER last_known_addr { host: "127.14.245.194" port: 43919 } } peers { permanent_uuid: "01d5babe4b654be8a1305268b75aaa5f" member_type: VOTER last_known_addr { host: "127.14.245.195" port: 45441 } }
I20260709 12:24:13.668107 15527 raft_consensus.cc:3060] T b52579b8ab63499e842b0c8c19d64deb P e63c69873c5749d3ad6f47cf55176926 [term 4 FOLLOWER]: Advancing to term 5
I20260709 12:24:13.671690 15603 raft_consensus.cc:2468] T b52579b8ab63499e842b0c8c19d64deb P 01d5babe4b654be8a1305268b75aaa5f [term 5 FOLLOWER]: Leader election vote request: Granting yes vote for candidate cf8c6584c03d47ecaed1a2036f54e645 in term 5.
I20260709 12:24:13.672631 15419 leader_election.cc:304] T b52579b8ab63499e842b0c8c19d64deb P cf8c6584c03d47ecaed1a2036f54e645 [CANDIDATE]: Term 5 election: Election decided. Result: candidate won. Election summary: received 2 responses out of 3 voters: 2 yes votes; 0 no votes. yes voters: 01d5babe4b654be8a1305268b75aaa5f, cf8c6584c03d47ecaed1a2036f54e645; no voters: 
I20260709 12:24:13.673193 15800 raft_consensus.cc:2804] T b52579b8ab63499e842b0c8c19d64deb P cf8c6584c03d47ecaed1a2036f54e645 [term 5 FOLLOWER]: Leader election won for term 5
I20260709 12:24:13.673264 15527 raft_consensus.cc:2468] T b52579b8ab63499e842b0c8c19d64deb P e63c69873c5749d3ad6f47cf55176926 [term 5 FOLLOWER]: Leader election vote request: Granting yes vote for candidate cf8c6584c03d47ecaed1a2036f54e645 in term 5.
I20260709 12:24:13.673732 15800 raft_consensus.cc:697] T b52579b8ab63499e842b0c8c19d64deb P cf8c6584c03d47ecaed1a2036f54e645 [term 5 LEADER]: Becoming Leader. State: Replica: cf8c6584c03d47ecaed1a2036f54e645, State: Running, Role: LEADER
I20260709 12:24:13.674494 15800 consensus_queue.cc:237] T b52579b8ab63499e842b0c8c19d64deb P cf8c6584c03d47ecaed1a2036f54e645 [LEADER]: Queue going to LEADER mode. State: All replicated index: 0, Majority replicated index: 4, Committed index: 4, Last appended: 4.4, Last appended by leader: 4, Current term: 5, Majority size: 2, State: 0, Mode: LEADER, active raft config: opid_index: -1 OBSOLETE_local: false peers { permanent_uuid: "cf8c6584c03d47ecaed1a2036f54e645" member_type: VOTER last_known_addr { host: "127.14.245.193" port: 46601 } } peers { permanent_uuid: "e63c69873c5749d3ad6f47cf55176926" member_type: VOTER last_known_addr { host: "127.14.245.194" port: 43919 } } peers { permanent_uuid: "01d5babe4b654be8a1305268b75aaa5f" member_type: VOTER last_known_addr { host: "127.14.245.195" port: 45441 } }
I20260709 12:24:13.680953 15349 catalog_manager.cc:5697] T b52579b8ab63499e842b0c8c19d64deb P cf8c6584c03d47ecaed1a2036f54e645 reported cstate change: term changed from 4 to 5, leader changed from e63c69873c5749d3ad6f47cf55176926 (127.14.245.194) to cf8c6584c03d47ecaed1a2036f54e645 (127.14.245.193). New cstate: current_term: 5 leader_uuid: "cf8c6584c03d47ecaed1a2036f54e645" committed_config { opid_index: -1 OBSOLETE_local: false peers { permanent_uuid: "cf8c6584c03d47ecaed1a2036f54e645" member_type: VOTER last_known_addr { host: "127.14.245.193" port: 46601 } health_report { overall_health: HEALTHY } } peers { permanent_uuid: "e63c69873c5749d3ad6f47cf55176926" member_type: VOTER last_known_addr { host: "127.14.245.194" port: 43919 } health_report { overall_health: UNKNOWN } } peers { permanent_uuid: "01d5babe4b654be8a1305268b75aaa5f" member_type: VOTER last_known_addr { host: "127.14.245.195" port: 45441 } health_report { overall_health: UNKNOWN } } }
I20260709 12:24:13.760885 15798 raft_consensus.cc:993] T 83006afa6a0c42f4ba7a67e3b84bcef2 P e63c69873c5749d3ad6f47cf55176926: : Instructing follower cf8c6584c03d47ecaed1a2036f54e645 to start an election
I20260709 12:24:13.761272 15788 raft_consensus.cc:1081] T 83006afa6a0c42f4ba7a67e3b84bcef2 P e63c69873c5749d3ad6f47cf55176926 [term 2 LEADER]: Signalling peer cf8c6584c03d47ecaed1a2036f54e645 to start an election
I20260709 12:24:13.762516 15453 tablet_service.cc:2044] Received Run Leader Election RPC: tablet_id: "83006afa6a0c42f4ba7a67e3b84bcef2"
dest_uuid: "cf8c6584c03d47ecaed1a2036f54e645"
 from {username='slave'} at 127.0.0.1:56852
I20260709 12:24:13.762941 15453 raft_consensus.cc:493] T 83006afa6a0c42f4ba7a67e3b84bcef2 P cf8c6584c03d47ecaed1a2036f54e645 [term 2 FOLLOWER]: Starting forced leader election (received explicit request)
I20260709 12:24:13.763209 15453 raft_consensus.cc:3060] T 83006afa6a0c42f4ba7a67e3b84bcef2 P cf8c6584c03d47ecaed1a2036f54e645 [term 2 FOLLOWER]: Advancing to term 3
I20260709 12:24:13.767601 15453 raft_consensus.cc:515] T 83006afa6a0c42f4ba7a67e3b84bcef2 P cf8c6584c03d47ecaed1a2036f54e645 [term 3 FOLLOWER]: Starting forced leader election with config: opid_index: -1 OBSOLETE_local: false peers { permanent_uuid: "cf8c6584c03d47ecaed1a2036f54e645" member_type: VOTER last_known_addr { host: "127.14.245.193" port: 46601 } } peers { permanent_uuid: "e63c69873c5749d3ad6f47cf55176926" member_type: VOTER last_known_addr { host: "127.14.245.194" port: 43919 } } peers { permanent_uuid: "01d5babe4b654be8a1305268b75aaa5f" member_type: VOTER last_known_addr { host: "127.14.245.195" port: 45441 } }
I20260709 12:24:13.769359 15453 leader_election.cc:290] T 83006afa6a0c42f4ba7a67e3b84bcef2 P cf8c6584c03d47ecaed1a2036f54e645 [CANDIDATE]: Term 3 election: Requested vote from peers e63c69873c5749d3ad6f47cf55176926 (127.14.245.194:43919), 01d5babe4b654be8a1305268b75aaa5f (127.14.245.195:45441)
I20260709 12:24:13.770162 15527 tablet_service.cc:1917] Received RequestConsensusVote() RPC: tablet_id: "83006afa6a0c42f4ba7a67e3b84bcef2" candidate_uuid: "cf8c6584c03d47ecaed1a2036f54e645" candidate_term: 3 candidate_status { last_received { term: 2 index: 2 } } ignore_live_leader: true dest_uuid: "e63c69873c5749d3ad6f47cf55176926"
I20260709 12:24:13.770351 15603 tablet_service.cc:1917] Received RequestConsensusVote() RPC: tablet_id: "83006afa6a0c42f4ba7a67e3b84bcef2" candidate_uuid: "cf8c6584c03d47ecaed1a2036f54e645" candidate_term: 3 candidate_status { last_received { term: 2 index: 2 } } ignore_live_leader: true dest_uuid: "01d5babe4b654be8a1305268b75aaa5f"
I20260709 12:24:13.770614 15527 raft_consensus.cc:3055] T 83006afa6a0c42f4ba7a67e3b84bcef2 P e63c69873c5749d3ad6f47cf55176926 [term 2 LEADER]: Stepping down as leader of term 2
I20260709 12:24:13.770782 15603 raft_consensus.cc:3060] T 83006afa6a0c42f4ba7a67e3b84bcef2 P 01d5babe4b654be8a1305268b75aaa5f [term 2 FOLLOWER]: Advancing to term 3
I20260709 12:24:13.770995 15527 raft_consensus.cc:740] T 83006afa6a0c42f4ba7a67e3b84bcef2 P e63c69873c5749d3ad6f47cf55176926 [term 2 LEADER]: Becoming Follower/Learner. State: Replica: e63c69873c5749d3ad6f47cf55176926, State: Running, Role: LEADER
I20260709 12:24:13.771628 15527 consensus_queue.cc:260] T 83006afa6a0c42f4ba7a67e3b84bcef2 P e63c69873c5749d3ad6f47cf55176926 [NON_LEADER]: Queue going to NON_LEADER mode. State: All replicated index: 0, Majority replicated index: 2, Committed index: 2, Last appended: 2.2, Last appended by leader: 2, Current term: 2, Majority size: -1, State: 0, Mode: NON_LEADER, active raft config: opid_index: -1 OBSOLETE_local: false peers { permanent_uuid: "cf8c6584c03d47ecaed1a2036f54e645" member_type: VOTER last_known_addr { host: "127.14.245.193" port: 46601 } } peers { permanent_uuid: "e63c69873c5749d3ad6f47cf55176926" member_type: VOTER last_known_addr { host: "127.14.245.194" port: 43919 } } peers { permanent_uuid: "01d5babe4b654be8a1305268b75aaa5f" member_type: VOTER last_known_addr { host: "127.14.245.195" port: 45441 } }
I20260709 12:24:13.772418 15527 raft_consensus.cc:3060] T 83006afa6a0c42f4ba7a67e3b84bcef2 P e63c69873c5749d3ad6f47cf55176926 [term 2 FOLLOWER]: Advancing to term 3
I20260709 12:24:13.774493 15603 raft_consensus.cc:2468] T 83006afa6a0c42f4ba7a67e3b84bcef2 P 01d5babe4b654be8a1305268b75aaa5f [term 3 FOLLOWER]: Leader election vote request: Granting yes vote for candidate cf8c6584c03d47ecaed1a2036f54e645 in term 3.
I20260709 12:24:13.775219 15419 leader_election.cc:304] T 83006afa6a0c42f4ba7a67e3b84bcef2 P cf8c6584c03d47ecaed1a2036f54e645 [CANDIDATE]: Term 3 election: Election decided. Result: candidate won. Election summary: received 2 responses out of 3 voters: 2 yes votes; 0 no votes. yes voters: 01d5babe4b654be8a1305268b75aaa5f, cf8c6584c03d47ecaed1a2036f54e645; no voters: 
I20260709 12:24:13.775785 15800 raft_consensus.cc:2804] T 83006afa6a0c42f4ba7a67e3b84bcef2 P cf8c6584c03d47ecaed1a2036f54e645 [term 3 FOLLOWER]: Leader election won for term 3
I20260709 12:24:13.776211 15800 raft_consensus.cc:697] T 83006afa6a0c42f4ba7a67e3b84bcef2 P cf8c6584c03d47ecaed1a2036f54e645 [term 3 LEADER]: Becoming Leader. State: Replica: cf8c6584c03d47ecaed1a2036f54e645, State: Running, Role: LEADER
I20260709 12:24:13.776358 15527 raft_consensus.cc:2468] T 83006afa6a0c42f4ba7a67e3b84bcef2 P e63c69873c5749d3ad6f47cf55176926 [term 3 FOLLOWER]: Leader election vote request: Granting yes vote for candidate cf8c6584c03d47ecaed1a2036f54e645 in term 3.
I20260709 12:24:13.778759 15800 consensus_queue.cc:237] T 83006afa6a0c42f4ba7a67e3b84bcef2 P cf8c6584c03d47ecaed1a2036f54e645 [LEADER]: Queue going to LEADER mode. State: All replicated index: 0, Majority replicated index: 2, Committed index: 2, Last appended: 2.2, Last appended by leader: 2, Current term: 3, Majority size: 2, State: 0, Mode: LEADER, active raft config: opid_index: -1 OBSOLETE_local: false peers { permanent_uuid: "cf8c6584c03d47ecaed1a2036f54e645" member_type: VOTER last_known_addr { host: "127.14.245.193" port: 46601 } } peers { permanent_uuid: "e63c69873c5749d3ad6f47cf55176926" member_type: VOTER last_known_addr { host: "127.14.245.194" port: 43919 } } peers { permanent_uuid: "01d5babe4b654be8a1305268b75aaa5f" member_type: VOTER last_known_addr { host: "127.14.245.195" port: 45441 } }
I20260709 12:24:13.784528 15349 catalog_manager.cc:5697] T 83006afa6a0c42f4ba7a67e3b84bcef2 P cf8c6584c03d47ecaed1a2036f54e645 reported cstate change: term changed from 2 to 3, leader changed from e63c69873c5749d3ad6f47cf55176926 (127.14.245.194) to cf8c6584c03d47ecaed1a2036f54e645 (127.14.245.193). New cstate: current_term: 3 leader_uuid: "cf8c6584c03d47ecaed1a2036f54e645" committed_config { opid_index: -1 OBSOLETE_local: false peers { permanent_uuid: "cf8c6584c03d47ecaed1a2036f54e645" member_type: VOTER last_known_addr { host: "127.14.245.193" port: 46601 } health_report { overall_health: HEALTHY } } peers { permanent_uuid: "e63c69873c5749d3ad6f47cf55176926" member_type: VOTER last_known_addr { host: "127.14.245.194" port: 43919 } health_report { overall_health: UNKNOWN } } peers { permanent_uuid: "01d5babe4b654be8a1305268b75aaa5f" member_type: VOTER last_known_addr { host: "127.14.245.195" port: 45441 } health_report { overall_health: UNKNOWN } } }
I20260709 12:24:13.848009 15453 raft_consensus.cc:1275] T 5e5afb626c62464aa5101e506ebc8c64 P cf8c6584c03d47ecaed1a2036f54e645 [term 2 FOLLOWER]: Refusing update from remote peer 01d5babe4b654be8a1305268b75aaa5f: Log matching property violated. Preceding OpId in replica: term: 1 index: 1. Preceding OpId from leader: term: 2 index: 2. (index mismatch)
I20260709 12:24:13.849057 15797 consensus_queue.cc:1048] T 5e5afb626c62464aa5101e506ebc8c64 P 01d5babe4b654be8a1305268b75aaa5f [LEADER]: Connected to new peer: Peer: permanent_uuid: "cf8c6584c03d47ecaed1a2036f54e645" member_type: VOTER last_known_addr { host: "127.14.245.193" port: 46601 }, Status: LMP_MISMATCH, Last received: 0.0, Next index: 2, Last known committed idx: 1, Time since last communication: 0.000s
I20260709 12:24:13.858893 15527 raft_consensus.cc:1275] T 5e5afb626c62464aa5101e506ebc8c64 P e63c69873c5749d3ad6f47cf55176926 [term 2 FOLLOWER]: Refusing update from remote peer 01d5babe4b654be8a1305268b75aaa5f: Log matching property violated. Preceding OpId in replica: term: 1 index: 1. Preceding OpId from leader: term: 2 index: 2. (index mismatch)
I20260709 12:24:13.860140 15802 consensus_queue.cc:1048] T 5e5afb626c62464aa5101e506ebc8c64 P 01d5babe4b654be8a1305268b75aaa5f [LEADER]: Connected to new peer: Peer: permanent_uuid: "e63c69873c5749d3ad6f47cf55176926" member_type: VOTER last_known_addr { host: "127.14.245.194" port: 43919 }, Status: LMP_MISMATCH, Last received: 0.0, Next index: 2, Last known committed idx: 1, Time since last communication: 0.000s
I20260709 12:24:13.861372 15527 raft_consensus.cc:1275] T 2c40b6fe68094dc6b16c1de27271e9e8 P e63c69873c5749d3ad6f47cf55176926 [term 4 FOLLOWER]: Refusing update from remote peer cf8c6584c03d47ecaed1a2036f54e645: Log matching property violated. Preceding OpId in replica: term: 3 index: 3. Preceding OpId from leader: term: 4 index: 4. (index mismatch)
I20260709 12:24:13.864454 15800 consensus_queue.cc:1048] T 2c40b6fe68094dc6b16c1de27271e9e8 P cf8c6584c03d47ecaed1a2036f54e645 [LEADER]: Connected to new peer: Peer: permanent_uuid: "e63c69873c5749d3ad6f47cf55176926" member_type: VOTER last_known_addr { host: "127.14.245.194" port: 43919 }, Status: LMP_MISMATCH, Last received: 0.0, Next index: 4, Last known committed idx: 3, Time since last communication: 0.000s
I20260709 12:24:13.874466 15527 raft_consensus.cc:1275] T 9efe63b12c1a482da1a6b73705045ff7 P e63c69873c5749d3ad6f47cf55176926 [term 4 FOLLOWER]: Refusing update from remote peer 01d5babe4b654be8a1305268b75aaa5f: Log matching property violated. Preceding OpId in replica: term: 3 index: 3. Preceding OpId from leader: term: 4 index: 4. (index mismatch)
I20260709 12:24:13.875504 15603 raft_consensus.cc:1275] T 2c40b6fe68094dc6b16c1de27271e9e8 P 01d5babe4b654be8a1305268b75aaa5f [term 4 FOLLOWER]: Refusing update from remote peer cf8c6584c03d47ecaed1a2036f54e645: Log matching property violated. Preceding OpId in replica: term: 3 index: 3. Preceding OpId from leader: term: 4 index: 4. (index mismatch)
I20260709 12:24:13.877054 15800 consensus_queue.cc:1048] T 2c40b6fe68094dc6b16c1de27271e9e8 P cf8c6584c03d47ecaed1a2036f54e645 [LEADER]: Connected to new peer: Peer: permanent_uuid: "01d5babe4b654be8a1305268b75aaa5f" member_type: VOTER last_known_addr { host: "127.14.245.195" port: 45441 }, Status: LMP_MISMATCH, Last received: 0.0, Next index: 4, Last known committed idx: 3, Time since last communication: 0.000s
I20260709 12:24:13.878752 15802 consensus_queue.cc:1048] T 9efe63b12c1a482da1a6b73705045ff7 P 01d5babe4b654be8a1305268b75aaa5f [LEADER]: Connected to new peer: Peer: permanent_uuid: "e63c69873c5749d3ad6f47cf55176926" member_type: VOTER last_known_addr { host: "127.14.245.194" port: 43919 }, Status: LMP_MISMATCH, Last received: 0.0, Next index: 4, Last known committed idx: 3, Time since last communication: 0.000s
I20260709 12:24:13.895431 15453 raft_consensus.cc:1275] T 9efe63b12c1a482da1a6b73705045ff7 P cf8c6584c03d47ecaed1a2036f54e645 [term 4 FOLLOWER]: Refusing update from remote peer 01d5babe4b654be8a1305268b75aaa5f: Log matching property violated. Preceding OpId in replica: term: 3 index: 3. Preceding OpId from leader: term: 4 index: 4. (index mismatch)
I20260709 12:24:13.896909 15803 consensus_queue.cc:1048] T 9efe63b12c1a482da1a6b73705045ff7 P 01d5babe4b654be8a1305268b75aaa5f [LEADER]: Connected to new peer: Peer: permanent_uuid: "cf8c6584c03d47ecaed1a2036f54e645" member_type: VOTER last_known_addr { host: "127.14.245.193" port: 46601 }, Status: LMP_MISMATCH, Last received: 0.0, Next index: 4, Last known committed idx: 3, Time since last communication: 0.001s
I20260709 12:24:14.149345 15527 raft_consensus.cc:1275] T b52579b8ab63499e842b0c8c19d64deb P e63c69873c5749d3ad6f47cf55176926 [term 5 FOLLOWER]: Refusing update from remote peer cf8c6584c03d47ecaed1a2036f54e645: Log matching property violated. Preceding OpId in replica: term: 4 index: 4. Preceding OpId from leader: term: 5 index: 5. (index mismatch)
I20260709 12:24:14.151012 15800 consensus_queue.cc:1048] T b52579b8ab63499e842b0c8c19d64deb P cf8c6584c03d47ecaed1a2036f54e645 [LEADER]: Connected to new peer: Peer: permanent_uuid: "e63c69873c5749d3ad6f47cf55176926" member_type: VOTER last_known_addr { host: "127.14.245.194" port: 43919 }, Status: LMP_MISMATCH, Last received: 0.0, Next index: 5, Last known committed idx: 4, Time since last communication: 0.001s
I20260709 12:24:14.160396 15603 raft_consensus.cc:1275] T b52579b8ab63499e842b0c8c19d64deb P 01d5babe4b654be8a1305268b75aaa5f [term 5 FOLLOWER]: Refusing update from remote peer cf8c6584c03d47ecaed1a2036f54e645: Log matching property violated. Preceding OpId in replica: term: 4 index: 4. Preceding OpId from leader: term: 5 index: 5. (index mismatch)
I20260709 12:24:14.162137 15800 consensus_queue.cc:1048] T b52579b8ab63499e842b0c8c19d64deb P cf8c6584c03d47ecaed1a2036f54e645 [LEADER]: Connected to new peer: Peer: permanent_uuid: "01d5babe4b654be8a1305268b75aaa5f" member_type: VOTER last_known_addr { host: "127.14.245.195" port: 45441 }, Status: LMP_MISMATCH, Last received: 0.0, Next index: 5, Last known committed idx: 4, Time since last communication: 0.000s
I20260709 12:24:14.209945 15603 raft_consensus.cc:1275] T 83006afa6a0c42f4ba7a67e3b84bcef2 P 01d5babe4b654be8a1305268b75aaa5f [term 3 FOLLOWER]: Refusing update from remote peer cf8c6584c03d47ecaed1a2036f54e645: Log matching property violated. Preceding OpId in replica: term: 2 index: 2. Preceding OpId from leader: term: 3 index: 3. (index mismatch)
I20260709 12:24:14.210996 15800 consensus_queue.cc:1048] T 83006afa6a0c42f4ba7a67e3b84bcef2 P cf8c6584c03d47ecaed1a2036f54e645 [LEADER]: Connected to new peer: Peer: permanent_uuid: "01d5babe4b654be8a1305268b75aaa5f" member_type: VOTER last_known_addr { host: "127.14.245.195" port: 45441 }, Status: LMP_MISMATCH, Last received: 0.0, Next index: 3, Last known committed idx: 2, Time since last communication: 0.000s
I20260709 12:24:14.220286 15527 raft_consensus.cc:1275] T 83006afa6a0c42f4ba7a67e3b84bcef2 P e63c69873c5749d3ad6f47cf55176926 [term 3 FOLLOWER]: Refusing update from remote peer cf8c6584c03d47ecaed1a2036f54e645: Log matching property violated. Preceding OpId in replica: term: 2 index: 2. Preceding OpId from leader: term: 3 index: 3. (index mismatch)
I20260709 12:24:14.221850 15801 consensus_queue.cc:1048] T 83006afa6a0c42f4ba7a67e3b84bcef2 P cf8c6584c03d47ecaed1a2036f54e645 [LEADER]: Connected to new peer: Peer: permanent_uuid: "e63c69873c5749d3ad6f47cf55176926" member_type: VOTER last_known_addr { host: "127.14.245.194" port: 43919 }, Status: LMP_MISMATCH, Last received: 0.0, Next index: 3, Last known committed idx: 2, Time since last communication: 0.001s
I20260709 12:24:14.399142 15319 auto_leader_rebalancer.cc:141] leader rebalance for table test-workload
I20260709 12:24:14.404006 15319 auto_leader_rebalancer.cc:440] table: test-workload, leader rebalance finish, leader transfer count: 0
I20260709 12:24:14.404371 15319 auto_leader_rebalancer.cc:515] All tables' leader rebalancing finished this round
I20260709 12:24:15.405483 15319 auto_leader_rebalancer.cc:141] leader rebalance for table test-workload
I20260709 12:24:15.411614 15319 auto_leader_rebalancer.cc:440] table: test-workload, leader rebalance finish, leader transfer count: 0
I20260709 12:24:15.412074 15319 auto_leader_rebalancer.cc:515] All tables' leader rebalancing finished this round
I20260709 12:24:16.413061 15319 auto_leader_rebalancer.cc:141] leader rebalance for table test-workload
I20260709 12:24:16.418304 15319 auto_leader_rebalancer.cc:440] table: test-workload, leader rebalance finish, leader transfer count: 0
I20260709 12:24:16.418622 15319 auto_leader_rebalancer.cc:515] All tables' leader rebalancing finished this round
I20260709 12:24:17.419584 15319 auto_leader_rebalancer.cc:141] leader rebalance for table test-workload
I20260709 12:24:17.425298 15319 auto_leader_rebalancer.cc:440] table: test-workload, leader rebalance finish, leader transfer count: 0
I20260709 12:24:17.425624 15319 auto_leader_rebalancer.cc:515] All tables' leader rebalancing finished this round
I20260709 12:24:18.426607 15319 auto_leader_rebalancer.cc:141] leader rebalance for table test-workload
I20260709 12:24:18.434087 15319 auto_leader_rebalancer.cc:440] table: test-workload, leader rebalance finish, leader transfer count: 0
I20260709 12:24:18.434464 15319 auto_leader_rebalancer.cc:515] All tables' leader rebalancing finished this round
I20260709 12:24:19.435475 15319 auto_leader_rebalancer.cc:141] leader rebalance for table test-workload
I20260709 12:24:19.443184 15319 auto_leader_rebalancer.cc:440] table: test-workload, leader rebalance finish, leader transfer count: 0
I20260709 12:24:19.443715 15319 auto_leader_rebalancer.cc:515] All tables' leader rebalancing finished this round
I20260709 12:24:20.444810 15319 auto_leader_rebalancer.cc:141] leader rebalance for table test-workload
I20260709 12:24:20.451685 15319 auto_leader_rebalancer.cc:440] table: test-workload, leader rebalance finish, leader transfer count: 0
I20260709 12:24:20.452204 15319 auto_leader_rebalancer.cc:515] All tables' leader rebalancing finished this round
I20260709 12:24:21.453306 15319 auto_leader_rebalancer.cc:141] leader rebalance for table test-workload
I20260709 12:24:21.458343 15319 auto_leader_rebalancer.cc:440] table: test-workload, leader rebalance finish, leader transfer count: 0
I20260709 12:24:21.458839 15319 auto_leader_rebalancer.cc:515] All tables' leader rebalancing finished this round
I20260709 12:24:22.459931 15319 auto_leader_rebalancer.cc:141] leader rebalance for table test-workload
I20260709 12:24:22.464638 15319 auto_leader_rebalancer.cc:440] table: test-workload, leader rebalance finish, leader transfer count: 0
I20260709 12:24:22.464962 15319 auto_leader_rebalancer.cc:515] All tables' leader rebalancing finished this round
I20260709 12:24:23.491231 15319 auto_leader_rebalancer-test.cc:340] The leader distribution is 
I20260709 12:24:23.491750 15319 tablet_server.cc:179] TabletServer@127.14.245.193:0 shutting down...
W20260709 12:24:23.507838 15492 proxy.cc:239] Call had error, refreshing address and retrying: Remote error: Service unavailable: service kudu.consensus.ConsensusService not registered on TabletServer
W20260709 12:24:23.512674 15492 consensus_peers.cc:597] T d3b8c899c3d34c42916c39fb6c9175ce P e63c69873c5749d3ad6f47cf55176926 -> Peer cf8c6584c03d47ecaed1a2036f54e645 (127.14.245.193:46601): Couldn't send request to peer cf8c6584c03d47ecaed1a2036f54e645. Status: Remote error: Service unavailable: service kudu.consensus.ConsensusService not registered on TabletServer. This is attempt 1: this message will repeat every 5th retry.
I20260709 12:24:23.517580 15319 ts_tablet_manager.cc:1507] Shutting down tablet manager...
I20260709 12:24:23.518258 15319 tablet_replica.cc:333] T d3b8c899c3d34c42916c39fb6c9175ce P cf8c6584c03d47ecaed1a2036f54e645: stopping tablet replica
I20260709 12:24:23.518937 15319 raft_consensus.cc:2243] T d3b8c899c3d34c42916c39fb6c9175ce P cf8c6584c03d47ecaed1a2036f54e645 [term 4 FOLLOWER]: Raft consensus shutting down.
I20260709 12:24:23.519377 15319 raft_consensus.cc:2272] T d3b8c899c3d34c42916c39fb6c9175ce P cf8c6584c03d47ecaed1a2036f54e645 [term 4 FOLLOWER]: Raft consensus is shut down!
I20260709 12:24:23.521528 15319 tablet_replica.cc:333] T 2c40b6fe68094dc6b16c1de27271e9e8 P cf8c6584c03d47ecaed1a2036f54e645: stopping tablet replica
I20260709 12:24:23.521983 15319 raft_consensus.cc:2243] T 2c40b6fe68094dc6b16c1de27271e9e8 P cf8c6584c03d47ecaed1a2036f54e645 [term 4 LEADER]: Raft consensus shutting down.
I20260709 12:24:23.522614 15319 raft_consensus.cc:2272] T 2c40b6fe68094dc6b16c1de27271e9e8 P cf8c6584c03d47ecaed1a2036f54e645 [term 4 FOLLOWER]: Raft consensus is shut down!
I20260709 12:24:23.524194 15319 tablet_replica.cc:333] T b52579b8ab63499e842b0c8c19d64deb P cf8c6584c03d47ecaed1a2036f54e645: stopping tablet replica
I20260709 12:24:23.524688 15319 raft_consensus.cc:2243] T b52579b8ab63499e842b0c8c19d64deb P cf8c6584c03d47ecaed1a2036f54e645 [term 5 LEADER]: Raft consensus shutting down.
