I20260709 12:09:18.412441 17061 raft_consensus.cc:515] T b93a986c88c54724a39932af8683b856 P 8b28b76721e14af3a4806c43fe63dded [term 1 FOLLOWER]: Starting leader election with config: opid_index: -1 OBSOLETE_local: false peers { permanent_uuid: "ae519676224748db9a50d95da5e4aeb0" member_type: VOTER last_known_addr { host: "127.15.80.129" port: 36435 } } peers { permanent_uuid: "8b28b76721e14af3a4806c43fe63dded" member_type: VOTER last_known_addr { host: "127.15.80.130" port: 34393 } } peers { permanent_uuid: "8b66b1b8e757499691b1c668dc8c6f00" member_type: VOTER last_known_addr { host: "127.15.80.131" port: 37591 } }
I20260709 12:09:18.442588 16831 leader_election.cc:304] T 4a97c6eb6870476787cb2768c1b606e3 P ae519676224748db9a50d95da5e4aeb0 [CANDIDATE]: Term 1 election: Election decided. Result: candidate won. Election summary: received 2 responses out of 3 voters: 2 yes votes; 0 no votes. yes voters: 8b28b76721e14af3a4806c43fe63dded, ae519676224748db9a50d95da5e4aeb0; no voters: 
I20260709 12:09:18.442832 17014 tablet_service.cc:1917] Received RequestConsensusVote() RPC: tablet_id: "5879cfa1fcbc465aaaef351212090360" candidate_uuid: "ae519676224748db9a50d95da5e4aeb0" candidate_term: 1 candidate_status { last_received { term: 0 index: 0 } } ignore_live_leader: false dest_uuid: "8b66b1b8e757499691b1c668dc8c6f00" is_pre_election: true
I20260709 12:09:18.443771 17014 raft_consensus.cc:2468] T 5879cfa1fcbc465aaaef351212090360 P 8b66b1b8e757499691b1c668dc8c6f00 [term 0 FOLLOWER]: Leader pre-election vote request: Granting yes vote for candidate ae519676224748db9a50d95da5e4aeb0 in term 0.
I20260709 12:09:18.444025 17091 raft_consensus.cc:2804] T 4a97c6eb6870476787cb2768c1b606e3 P ae519676224748db9a50d95da5e4aeb0 [term 1 FOLLOWER]: Leader election won for term 1
I20260709 12:09:18.444674 17091 raft_consensus.cc:697] T 4a97c6eb6870476787cb2768c1b606e3 P ae519676224748db9a50d95da5e4aeb0 [term 1 LEADER]: Becoming Leader. State: Replica: ae519676224748db9a50d95da5e4aeb0, State: Running, Role: LEADER
I20260709 12:09:18.445523 17091 consensus_queue.cc:237] T 4a97c6eb6870476787cb2768c1b606e3 P ae519676224748db9a50d95da5e4aeb0 [LEADER]: Queue going to LEADER mode. State: All replicated index: 0, Majority replicated index: 0, Committed index: 0, Last appended: 0.0, Last appended by leader: 0, Current term: 1, Majority size: 2, State: 0, Mode: LEADER, active raft config: opid_index: -1 OBSOLETE_local: false peers { permanent_uuid: "ae519676224748db9a50d95da5e4aeb0" member_type: VOTER last_known_addr { host: "127.15.80.129" port: 36435 } } peers { permanent_uuid: "8b28b76721e14af3a4806c43fe63dded" member_type: VOTER last_known_addr { host: "127.15.80.130" port: 34393 } } peers { permanent_uuid: "8b66b1b8e757499691b1c668dc8c6f00" member_type: VOTER last_known_addr { host: "127.15.80.131" port: 37591 } }
I20260709 12:09:18.450093 16936 raft_consensus.cc:2393] T b93a986c88c54724a39932af8683b856 P 8b28b76721e14af3a4806c43fe63dded [term 1 FOLLOWER]: Leader election vote request: Denying vote to candidate ae519676224748db9a50d95da5e4aeb0 in current term 1: Already voted for candidate 8b28b76721e14af3a4806c43fe63dded in this term.
I20260709 12:09:18.454488 16863 tablet_service.cc:1917] Received RequestConsensusVote() RPC: tablet_id: "5879cfa1fcbc465aaaef351212090360" candidate_uuid: "8b66b1b8e757499691b1c668dc8c6f00" candidate_term: 1 candidate_status { last_received { term: 0 index: 0 } } ignore_live_leader: false dest_uuid: "ae519676224748db9a50d95da5e4aeb0" is_pre_election: true
I20260709 12:09:18.448055 17092 raft_consensus.cc:515] T 5879cfa1fcbc465aaaef351212090360 P ae519676224748db9a50d95da5e4aeb0 [term 1 FOLLOWER]: Starting leader election with config: opid_index: -1 OBSOLETE_local: false peers { permanent_uuid: "ae519676224748db9a50d95da5e4aeb0" member_type: VOTER last_known_addr { host: "127.15.80.129" port: 36435 } } peers { permanent_uuid: "8b28b76721e14af3a4806c43fe63dded" member_type: VOTER last_known_addr { host: "127.15.80.130" port: 34393 } } peers { permanent_uuid: "8b66b1b8e757499691b1c668dc8c6f00" member_type: VOTER last_known_addr { host: "127.15.80.131" port: 37591 } }
I20260709 12:09:18.458612 17014 tablet_service.cc:1917] Received RequestConsensusVote() RPC: tablet_id: "b93a986c88c54724a39932af8683b856" candidate_uuid: "ae519676224748db9a50d95da5e4aeb0" candidate_term: 1 candidate_status { last_received { term: 0 index: 0 } } ignore_live_leader: false dest_uuid: "8b66b1b8e757499691b1c668dc8c6f00"
I20260709 12:09:18.459407 17014 raft_consensus.cc:3060] T b93a986c88c54724a39932af8683b856 P 8b66b1b8e757499691b1c668dc8c6f00 [term 0 FOLLOWER]: Advancing to term 1
I20260709 12:09:18.459836 16863 raft_consensus.cc:2393] T 5879cfa1fcbc465aaaef351212090360 P ae519676224748db9a50d95da5e4aeb0 [term 1 FOLLOWER]: Leader pre-election vote request: Denying vote to candidate 8b66b1b8e757499691b1c668dc8c6f00 in current term 1: Already voted for candidate ae519676224748db9a50d95da5e4aeb0 in this term.
I20260709 12:09:18.462747 17067 consensus_queue.cc:1048] T 3697ae0f64eb41e18e3d94c474121d4a P ae519676224748db9a50d95da5e4aeb0 [LEADER]: Connected to new peer: Peer: permanent_uuid: "8b28b76721e14af3a4806c43fe63dded" member_type: VOTER last_known_addr { host: "127.15.80.130" port: 34393 }, Status: LMP_MISMATCH, Last received: 0.0, Next index: 1, Last known committed idx: 0, Time since last communication: 0.000s
I20260709 12:09:18.462365 17055 tablet_bootstrap.cc:654] T 2578b80bdf44484ab8ac7f5e538226c8 P 8b28b76721e14af3a4806c43fe63dded: Neither blocks nor log segments found. Creating new log.
I20260709 12:09:18.465658 17061 leader_election.cc:290] T b93a986c88c54724a39932af8683b856 P 8b28b76721e14af3a4806c43fe63dded [CANDIDATE]: Term 1 election: Requested vote from peers ae519676224748db9a50d95da5e4aeb0 (127.15.80.129:36435), 8b66b1b8e757499691b1c668dc8c6f00 (127.15.80.131:37591)
I20260709 12:09:18.467072 17012 tablet_service.cc:1917] Received RequestConsensusVote() RPC: tablet_id: "b93a986c88c54724a39932af8683b856" candidate_uuid: "8b28b76721e14af3a4806c43fe63dded" candidate_term: 1 candidate_status { last_received { term: 0 index: 0 } } ignore_live_leader: false dest_uuid: "8b66b1b8e757499691b1c668dc8c6f00"
I20260709 12:09:18.467902 17212 leader_election.cc:290] T 5879cfa1fcbc465aaaef351212090360 P 8b66b1b8e757499691b1c668dc8c6f00 [CANDIDATE]: Term 1 pre-election: Requested pre-vote from peers ae519676224748db9a50d95da5e4aeb0 (127.15.80.129:36435), 8b28b76721e14af3a4806c43fe63dded (127.15.80.130:34393)
I20260709 12:09:18.459308 17092 leader_election.cc:290] T 5879cfa1fcbc465aaaef351212090360 P ae519676224748db9a50d95da5e4aeb0 [CANDIDATE]: Term 1 election: Requested vote from peers 8b28b76721e14af3a4806c43fe63dded (127.15.80.130:34393), 8b66b1b8e757499691b1c668dc8c6f00 (127.15.80.131:37591)
I20260709 12:09:18.471999 17176 raft_consensus.cc:2749] T 1a4b6aecc7cd4cb197086063d5d30fb9 P ae519676224748db9a50d95da5e4aeb0 [term 1 FOLLOWER]: Leader pre-election lost for term 1. Reason: could not achieve majority
W20260709 12:09:18.456344 16828 leader_election.cc:343] T 4a97c6eb6870476787cb2768c1b606e3 P ae519676224748db9a50d95da5e4aeb0 [CANDIDATE]: Term 1 election: Tablet error from VoteRequest() call to peer 8b66b1b8e757499691b1c668dc8c6f00 (127.15.80.131:37591): Illegal state: must be running to vote when last-logged opid is not known
I20260709 12:09:18.467057 17014 raft_consensus.cc:2468] T b93a986c88c54724a39932af8683b856 P 8b66b1b8e757499691b1c668dc8c6f00 [term 1 FOLLOWER]: Leader election vote request: Granting yes vote for candidate ae519676224748db9a50d95da5e4aeb0 in term 1.
I20260709 12:09:18.484848 17061 raft_consensus.cc:493] T 31f4fff25a494f4b819ccb37d0dbf497 P 8b28b76721e14af3a4806c43fe63dded [term 0 FOLLOWER]: Starting pre-election (no leader contacted us within the election timeout)
I20260709 12:09:18.488981 17061 raft_consensus.cc:515] T 31f4fff25a494f4b819ccb37d0dbf497 P 8b28b76721e14af3a4806c43fe63dded [term 0 FOLLOWER]: Starting pre-election with config: opid_index: -1 OBSOLETE_local: false peers { permanent_uuid: "ae519676224748db9a50d95da5e4aeb0" member_type: VOTER last_known_addr { host: "127.15.80.129" port: 36435 } } peers { permanent_uuid: "8b28b76721e14af3a4806c43fe63dded" member_type: VOTER last_known_addr { host: "127.15.80.130" port: 34393 } } peers { permanent_uuid: "8b66b1b8e757499691b1c668dc8c6f00" member_type: VOTER last_known_addr { host: "127.15.80.131" port: 37591 } }
I20260709 12:09:18.491325 16864 raft_consensus.cc:2468] T 1a4b6aecc7cd4cb197086063d5d30fb9 P ae519676224748db9a50d95da5e4aeb0 [term 1 FOLLOWER]: Leader election vote request: Granting yes vote for candidate 8b66b1b8e757499691b1c668dc8c6f00 in term 1.
I20260709 12:09:18.492005 17061 leader_election.cc:290] T 31f4fff25a494f4b819ccb37d0dbf497 P 8b28b76721e14af3a4806c43fe63dded [CANDIDATE]: Term 1 pre-election: Requested pre-vote from peers ae519676224748db9a50d95da5e4aeb0 (127.15.80.129:36435), 8b66b1b8e757499691b1c668dc8c6f00 (127.15.80.131:37591)
I20260709 12:09:18.498659 17014 tablet_service.cc:1917] Received RequestConsensusVote() RPC: tablet_id: "31f4fff25a494f4b819ccb37d0dbf497" candidate_uuid: "8b28b76721e14af3a4806c43fe63dded" candidate_term: 1 candidate_status { last_received { term: 0 index: 0 } } ignore_live_leader: false dest_uuid: "8b66b1b8e757499691b1c668dc8c6f00" is_pre_election: true
I20260709 12:09:18.499455 17014 raft_consensus.cc:2393] T 31f4fff25a494f4b819ccb37d0dbf497 P 8b66b1b8e757499691b1c668dc8c6f00 [term 1 FOLLOWER]: Leader pre-election vote request: Denying vote to candidate 8b28b76721e14af3a4806c43fe63dded in current term 1: Already voted for candidate ae519676224748db9a50d95da5e4aeb0 in this term.
I20260709 12:09:18.492458 16936 tablet_service.cc:1917] Received RequestConsensusVote() RPC: tablet_id: "5879cfa1fcbc465aaaef351212090360" candidate_uuid: "ae519676224748db9a50d95da5e4aeb0" candidate_term: 1 candidate_status { last_received { term: 0 index: 0 } } ignore_live_leader: false dest_uuid: "8b28b76721e14af3a4806c43fe63dded"
I20260709 12:09:18.500419 16936 raft_consensus.cc:3060] T 5879cfa1fcbc465aaaef351212090360 P 8b28b76721e14af3a4806c43fe63dded [term 0 FOLLOWER]: Advancing to term 1
I20260709 12:09:18.501025 17067 consensus_queue.cc:1048] T 0cebaf822d13443db74ab4ef41a3a635 P ae519676224748db9a50d95da5e4aeb0 [LEADER]: Connected to new peer: Peer: permanent_uuid: "8b66b1b8e757499691b1c668dc8c6f00" member_type: VOTER last_known_addr { host: "127.15.80.131" port: 37591 }, Status: LMP_MISMATCH, Last received: 0.0, Next index: 1, Last known committed idx: 0, Time since last communication: 0.000s
I20260709 12:09:18.497956 17056 raft_consensus.cc:359] T 49a1e1a676cc4929b28c57803eff1e8a P ae519676224748db9a50d95da5e4aeb0 [term 0 FOLLOWER]: Replica starting. Triggering 0 pending ops. Active config: opid_index: -1 OBSOLETE_local: false peers { permanent_uuid: "ae519676224748db9a50d95da5e4aeb0" member_type: VOTER last_known_addr { host: "127.15.80.129" port: 36435 } } peers { permanent_uuid: "8b28b76721e14af3a4806c43fe63dded" member_type: VOTER last_known_addr { host: "127.15.80.130" port: 34393 } } peers { permanent_uuid: "8b66b1b8e757499691b1c668dc8c6f00" member_type: VOTER last_known_addr { host: "127.15.80.131" port: 37591 } }
I20260709 12:09:18.503562 17056 raft_consensus.cc:385] T 49a1e1a676cc4929b28c57803eff1e8a P ae519676224748db9a50d95da5e4aeb0 [term 0 FOLLOWER]: Consensus starting up: Expiring failure detector timer to make a prompt election more likely
I20260709 12:09:18.503990 17056 raft_consensus.cc:740] T 49a1e1a676cc4929b28c57803eff1e8a P ae519676224748db9a50d95da5e4aeb0 [term 0 FOLLOWER]: Becoming Follower/Learner. State: Replica: ae519676224748db9a50d95da5e4aeb0, State: Initialized, Role: FOLLOWER
I20260709 12:09:18.504676 17056 consensus_queue.cc:260] T 49a1e1a676cc4929b28c57803eff1e8a P ae519676224748db9a50d95da5e4aeb0 [NON_LEADER]: Queue going to NON_LEADER mode. State: All replicated index: 0, Majority replicated index: 0, Committed index: 0, Last appended: 0.0, Last appended by leader: 0, Current term: 0, Majority size: -1, State: 0, Mode: NON_LEADER, active raft config: opid_index: -1 OBSOLETE_local: false peers { permanent_uuid: "ae519676224748db9a50d95da5e4aeb0" member_type: VOTER last_known_addr { host: "127.15.80.129" port: 36435 } } peers { permanent_uuid: "8b28b76721e14af3a4806c43fe63dded" member_type: VOTER last_known_addr { host: "127.15.80.130" port: 34393 } } peers { permanent_uuid: "8b66b1b8e757499691b1c668dc8c6f00" member_type: VOTER last_known_addr { host: "127.15.80.131" port: 37591 } }
W20260709 12:09:18.492633 16980 leader_election.cc:343] T 2578b80bdf44484ab8ac7f5e538226c8 P 8b66b1b8e757499691b1c668dc8c6f00 [CANDIDATE]: Term 1 election: Tablet error from VoteRequest() call to peer 8b28b76721e14af3a4806c43fe63dded (127.15.80.130:34393): Illegal state: must be running to vote when last-logged opid is not known
I20260709 12:09:18.508592 17054 tablet_bootstrap.cc:654] T 182a1a958d5648649478e21281c80645 P 8b66b1b8e757499691b1c668dc8c6f00: Neither blocks nor log segments found. Creating new log.
I20260709 12:09:18.525830 16763 catalog_manager.cc:5697] T 4a97c6eb6870476787cb2768c1b606e3 P ae519676224748db9a50d95da5e4aeb0 reported cstate change: term changed from 0 to 1, leader changed from <none> to ae519676224748db9a50d95da5e4aeb0 (127.15.80.129). New cstate: current_term: 1 leader_uuid: "ae519676224748db9a50d95da5e4aeb0" committed_config { opid_index: -1 OBSOLETE_local: false peers { permanent_uuid: "ae519676224748db9a50d95da5e4aeb0" member_type: VOTER last_known_addr { host: "127.15.80.129" port: 36435 } health_report { overall_health: HEALTHY } } peers { permanent_uuid: "8b28b76721e14af3a4806c43fe63dded" member_type: VOTER last_known_addr { host: "127.15.80.130" port: 34393 } health_report { overall_health: UNKNOWN } } peers { permanent_uuid: "8b66b1b8e757499691b1c668dc8c6f00" member_type: VOTER last_known_addr { host: "127.15.80.131" port: 37591 } health_report { overall_health: UNKNOWN } } }
I20260709 12:09:18.527324 16977 leader_election.cc:304] T 1a4b6aecc7cd4cb197086063d5d30fb9 P 8b66b1b8e757499691b1c668dc8c6f00 [CANDIDATE]: Term 1 election: Election decided. Result: candidate won. Election summary: received 2 responses out of 3 voters: 2 yes votes; 0 no votes. yes voters: 8b66b1b8e757499691b1c668dc8c6f00, ae519676224748db9a50d95da5e4aeb0; no voters: 
I20260709 12:09:18.528548 16980 leader_election.cc:304] T 3697ae0f64eb41e18e3d94c474121d4a P 8b66b1b8e757499691b1c668dc8c6f00 [CANDIDATE]: Term 1 pre-election: Election decided. Result: candidate lost. Election summary: received 3 responses out of 3 voters: 1 yes votes; 2 no votes. yes voters: 8b66b1b8e757499691b1c668dc8c6f00; no voters: 8b28b76721e14af3a4806c43fe63dded, ae519676224748db9a50d95da5e4aeb0
I20260709 12:09:18.529162 16828 leader_election.cc:304] T 46929bf548f24074b20ebcfb7ce245c2 P ae519676224748db9a50d95da5e4aeb0 [CANDIDATE]: Term 1 pre-election: Election decided. Result: candidate won. Election summary: received 3 responses out of 3 voters: 2 yes votes; 1 no votes. yes voters: 8b66b1b8e757499691b1c668dc8c6f00, ae519676224748db9a50d95da5e4aeb0; no voters: 8b28b76721e14af3a4806c43fe63dded
I20260709 12:09:18.530974 17212 raft_consensus.cc:2804] T 1a4b6aecc7cd4cb197086063d5d30fb9 P 8b66b1b8e757499691b1c668dc8c6f00 [term 1 FOLLOWER]: Leader election won for term 1
I20260709 12:09:18.534190 17056 ts_tablet_manager.cc:1434] T 49a1e1a676cc4929b28c57803eff1e8a P ae519676224748db9a50d95da5e4aeb0: Time spent starting tablet: real 0.105s	user 0.007s	sys 0.002s
I20260709 12:09:18.534250 17212 raft_consensus.cc:697] T 1a4b6aecc7cd4cb197086063d5d30fb9 P 8b66b1b8e757499691b1c668dc8c6f00 [term 1 LEADER]: Becoming Leader. State: Replica: 8b66b1b8e757499691b1c668dc8c6f00, State: Running, Role: LEADER
I20260709 12:09:18.535264 17056 tablet_bootstrap.cc:492] T 1b35e1a3cb3b4b6496d4a6bf96670211 P ae519676224748db9a50d95da5e4aeb0: Bootstrap starting.
I20260709 12:09:18.535243 17212 consensus_queue.cc:237] T 1a4b6aecc7cd4cb197086063d5d30fb9 P 8b66b1b8e757499691b1c668dc8c6f00 [LEADER]: Queue going to LEADER mode. State: All replicated index: 0, Majority replicated index: 0, Committed index: 0, Last appended: 0.0, Last appended by leader: 0, Current term: 1, Majority size: 2, State: 0, Mode: LEADER, active raft config: opid_index: -1 OBSOLETE_local: false peers { permanent_uuid: "ae519676224748db9a50d95da5e4aeb0" member_type: VOTER last_known_addr { host: "127.15.80.129" port: 36435 } } peers { permanent_uuid: "8b28b76721e14af3a4806c43fe63dded" member_type: VOTER last_known_addr { host: "127.15.80.130" port: 34393 } } peers { permanent_uuid: "8b66b1b8e757499691b1c668dc8c6f00" member_type: VOTER last_known_addr { host: "127.15.80.131" port: 37591 } }
I20260709 12:09:18.536185 17055 tablet_bootstrap.cc:492] T 2578b80bdf44484ab8ac7f5e538226c8 P 8b28b76721e14af3a4806c43fe63dded: No bootstrap required, opened a new log
I20260709 12:09:18.531665 17076 raft_consensus.cc:2749] T 3697ae0f64eb41e18e3d94c474121d4a P 8b66b1b8e757499691b1c668dc8c6f00 [term 1 FOLLOWER]: Leader pre-election lost for term 1. Reason: could not achieve majority
I20260709 12:09:18.536638 17055 ts_tablet_manager.cc:1403] T 2578b80bdf44484ab8ac7f5e538226c8 P 8b28b76721e14af3a4806c43fe63dded: Time spent bootstrapping tablet: real 0.175s	user 0.023s	sys 0.030s
I20260709 12:09:18.538141 16760 catalog_manager.cc:5697] T 2578b80bdf44484ab8ac7f5e538226c8 P 8b66b1b8e757499691b1c668dc8c6f00 reported cstate change: term changed from 0 to 1, leader changed from <none> to 8b66b1b8e757499691b1c668dc8c6f00 (127.15.80.131). New cstate: current_term: 1 leader_uuid: "8b66b1b8e757499691b1c668dc8c6f00" committed_config { opid_index: -1 OBSOLETE_local: false peers { permanent_uuid: "ae519676224748db9a50d95da5e4aeb0" member_type: VOTER last_known_addr { host: "127.15.80.129" port: 36435 } health_report { overall_health: UNKNOWN } } peers { permanent_uuid: "8b28b76721e14af3a4806c43fe63dded" member_type: VOTER last_known_addr { host: "127.15.80.130" port: 34393 } health_report { overall_health: UNKNOWN } } peers { permanent_uuid: "8b66b1b8e757499691b1c668dc8c6f00" member_type: VOTER last_known_addr { host: "127.15.80.131" port: 37591 } health_report { overall_health: HEALTHY } } }
W20260709 12:09:18.542488 16903 leader_election.cc:343] T 1299083cc6534829ad81b0edee91255e P 8b28b76721e14af3a4806c43fe63dded [CANDIDATE]: Term 1 election: Tablet error from VoteRequest() call to peer ae519676224748db9a50d95da5e4aeb0 (127.15.80.129:36435): Illegal state: must be running to vote when last-logged opid is not known
I20260709 12:09:18.542644 16936 raft_consensus.cc:2468] T 5879cfa1fcbc465aaaef351212090360 P 8b28b76721e14af3a4806c43fe63dded [term 1 FOLLOWER]: Leader election vote request: Granting yes vote for candidate ae519676224748db9a50d95da5e4aeb0 in term 1.
I20260709 12:09:18.543788 16862 tablet_service.cc:1917] Received RequestConsensusVote() RPC: tablet_id: "b93a986c88c54724a39932af8683b856" candidate_uuid: "8b28b76721e14af3a4806c43fe63dded" candidate_term: 1 candidate_status { last_received { term: 0 index: 0 } } ignore_live_leader: false dest_uuid: "ae519676224748db9a50d95da5e4aeb0"
I20260709 12:09:18.544610 16862 raft_consensus.cc:2393] T b93a986c88c54724a39932af8683b856 P ae519676224748db9a50d95da5e4aeb0 [term 1 FOLLOWER]: Leader election vote request: Denying vote to candidate 8b28b76721e14af3a4806c43fe63dded in current term 1: Already voted for candidate ae519676224748db9a50d95da5e4aeb0 in this term.
I20260709 12:09:18.544648 16831 leader_election.cc:304] T 5879cfa1fcbc465aaaef351212090360 P ae519676224748db9a50d95da5e4aeb0 [CANDIDATE]: Term 1 election: Election decided. Result: candidate won. Election summary: received 2 responses out of 3 voters: 2 yes votes; 0 no votes. yes voters: 8b28b76721e14af3a4806c43fe63dded, ae519676224748db9a50d95da5e4aeb0; no voters: 
I20260709 12:09:18.543825 16903 leader_election.cc:304] T 4d519ec81dc94fa08428facb6f682bfd P 8b28b76721e14af3a4806c43fe63dded [CANDIDATE]: Term 1 election: Election decided. Result: candidate won. Election summary: received 3 responses out of 3 voters: 2 yes votes; 1 no votes. yes voters: 8b28b76721e14af3a4806c43fe63dded, ae519676224748db9a50d95da5e4aeb0; no voters: 8b66b1b8e757499691b1c668dc8c6f00
I20260709 12:09:18.545969 17062 consensus_queue.cc:1048] T c0d48fc6d9d948729be7b933fbc01797 P 8b66b1b8e757499691b1c668dc8c6f00 [LEADER]: Connected to new peer: Peer: permanent_uuid: "8b28b76721e14af3a4806c43fe63dded" member_type: VOTER last_known_addr { host: "127.15.80.130" port: 34393 }, Status: LMP_MISMATCH, Last received: 0.0, Next index: 1, Last known committed idx: 0, Time since last communication: 0.000s
I20260709 12:09:18.548982 17249 raft_consensus.cc:2804] T 46929bf548f24074b20ebcfb7ce245c2 P ae519676224748db9a50d95da5e4aeb0 [term 0 FOLLOWER]: Leader pre-election won for term 1
I20260709 12:09:18.551080 17249 raft_consensus.cc:493] T 46929bf548f24074b20ebcfb7ce245c2 P ae519676224748db9a50d95da5e4aeb0 [term 0 FOLLOWER]: Starting leader election (no leader contacted us within the election timeout)
I20260709 12:09:18.551671 16937 raft_consensus.cc:2468] T 1a4b6aecc7cd4cb197086063d5d30fb9 P 8b28b76721e14af3a4806c43fe63dded [term 1 FOLLOWER]: Leader election vote request: Granting yes vote for candidate 8b66b1b8e757499691b1c668dc8c6f00 in term 1.
I20260709 12:09:18.551721 17157 consensus_queue.cc:1048] T 49a1e1a676cc4929b28c57803eff1e8a P 8b66b1b8e757499691b1c668dc8c6f00 [LEADER]: Connected to new peer: Peer: permanent_uuid: "8b28b76721e14af3a4806c43fe63dded" member_type: VOTER last_known_addr { host: "127.15.80.130" port: 34393 }, Status: LMP_MISMATCH, Last received: 0.0, Next index: 1, Last known committed idx: 0, Time since last communication: 0.002s
I20260709 12:09:18.550946 17241 raft_consensus.cc:2804] T 4d519ec81dc94fa08428facb6f682bfd P 8b28b76721e14af3a4806c43fe63dded [term 1 FOLLOWER]: Leader election won for term 1
I20260709 12:09:18.555640 17241 raft_consensus.cc:697] T 4d519ec81dc94fa08428facb6f682bfd P 8b28b76721e14af3a4806c43fe63dded [term 1 LEADER]: Becoming Leader. State: Replica: 8b28b76721e14af3a4806c43fe63dded, State: Running, Role: LEADER
I20260709 12:09:18.556828 17241 consensus_queue.cc:237] T 4d519ec81dc94fa08428facb6f682bfd P 8b28b76721e14af3a4806c43fe63dded [LEADER]: Queue going to LEADER mode. State: All replicated index: 0, Majority replicated index: 0, Committed index: 0, Last appended: 0.0, Last appended by leader: 0, Current term: 1, Majority size: 2, State: 0, Mode: LEADER, active raft config: opid_index: -1 OBSOLETE_local: false peers { permanent_uuid: "ae519676224748db9a50d95da5e4aeb0" member_type: VOTER last_known_addr { host: "127.15.80.129" port: 36435 } } peers { permanent_uuid: "8b28b76721e14af3a4806c43fe63dded" member_type: VOTER last_known_addr { host: "127.15.80.130" port: 34393 } } peers { permanent_uuid: "8b66b1b8e757499691b1c668dc8c6f00" member_type: VOTER last_known_addr { host: "127.15.80.131" port: 37591 } }
I20260709 12:09:18.548195 17067 raft_consensus.cc:2804] T 5879cfa1fcbc465aaaef351212090360 P ae519676224748db9a50d95da5e4aeb0 [term 1 FOLLOWER]: Leader election won for term 1
I20260709 12:09:18.562215 17067 raft_consensus.cc:697] T 5879cfa1fcbc465aaaef351212090360 P ae519676224748db9a50d95da5e4aeb0 [term 1 LEADER]: Becoming Leader. State: Replica: ae519676224748db9a50d95da5e4aeb0, State: Running, Role: LEADER
I20260709 12:09:18.563148 17067 consensus_queue.cc:237] T 5879cfa1fcbc465aaaef351212090360 P ae519676224748db9a50d95da5e4aeb0 [LEADER]: Queue going to LEADER mode. State: All replicated index: 0, Majority replicated index: 0, Committed index: 0, Last appended: 0.0, Last appended by leader: 0, Current term: 1, Majority size: 2, State: 0, Mode: LEADER, active raft config: opid_index: -1 OBSOLETE_local: false peers { permanent_uuid: "ae519676224748db9a50d95da5e4aeb0" member_type: VOTER last_known_addr { host: "127.15.80.129" port: 36435 } } peers { permanent_uuid: "8b28b76721e14af3a4806c43fe63dded" member_type: VOTER last_known_addr { host: "127.15.80.130" port: 34393 } } peers { permanent_uuid: "8b66b1b8e757499691b1c668dc8c6f00" member_type: VOTER last_known_addr { host: "127.15.80.131" port: 37591 } }
I20260709 12:09:18.551671 17249 raft_consensus.cc:3060] T 46929bf548f24074b20ebcfb7ce245c2 P ae519676224748db9a50d95da5e4aeb0 [term 0 FOLLOWER]: Advancing to term 1
I20260709 12:09:18.577790 17055 raft_consensus.cc:359] T 2578b80bdf44484ab8ac7f5e538226c8 P 8b28b76721e14af3a4806c43fe63dded [term 0 FOLLOWER]: Replica starting. Triggering 0 pending ops. Active config: opid_index: -1 OBSOLETE_local: false peers { permanent_uuid: "ae519676224748db9a50d95da5e4aeb0" member_type: VOTER last_known_addr { host: "127.15.80.129" port: 36435 } } peers { permanent_uuid: "8b28b76721e14af3a4806c43fe63dded" member_type: VOTER last_known_addr { host: "127.15.80.130" port: 34393 } } peers { permanent_uuid: "8b66b1b8e757499691b1c668dc8c6f00" member_type: VOTER last_known_addr { host: "127.15.80.131" port: 37591 } }
I20260709 12:09:18.578706 17055 raft_consensus.cc:385] T 2578b80bdf44484ab8ac7f5e538226c8 P 8b28b76721e14af3a4806c43fe63dded [term 0 FOLLOWER]: Consensus starting up: Expiring failure detector timer to make a prompt election more likely
I20260709 12:09:18.578991 17055 raft_consensus.cc:740] T 2578b80bdf44484ab8ac7f5e538226c8 P 8b28b76721e14af3a4806c43fe63dded [term 0 FOLLOWER]: Becoming Follower/Learner. State: Replica: 8b28b76721e14af3a4806c43fe63dded, State: Initialized, Role: FOLLOWER
I20260709 12:09:18.585107 16903 leader_election.cc:304] T b93a986c88c54724a39932af8683b856 P 8b28b76721e14af3a4806c43fe63dded [CANDIDATE]: Term 1 election: Election decided. Result: candidate lost. Election summary: received 3 responses out of 3 voters: 1 yes votes; 2 no votes. yes voters: 8b28b76721e14af3a4806c43fe63dded; no voters: 8b66b1b8e757499691b1c668dc8c6f00, ae519676224748db9a50d95da5e4aeb0
I20260709 12:09:18.586161 17061 raft_consensus.cc:2749] T b93a986c88c54724a39932af8683b856 P 8b28b76721e14af3a4806c43fe63dded [term 1 FOLLOWER]: Leader election lost for term 1. Reason: could not achieve majority
I20260709 12:09:18.574618 16864 tablet_service.cc:1917] Received RequestConsensusVote() RPC: tablet_id: "31f4fff25a494f4b819ccb37d0dbf497" candidate_uuid: "8b28b76721e14af3a4806c43fe63dded" candidate_term: 1 candidate_status { last_received { term: 0 index: 0 } } ignore_live_leader: false dest_uuid: "ae519676224748db9a50d95da5e4aeb0" is_pre_election: true
I20260709 12:09:18.601511 17055 consensus_queue.cc:260] T 2578b80bdf44484ab8ac7f5e538226c8 P 8b28b76721e14af3a4806c43fe63dded [NON_LEADER]: Queue going to NON_LEADER mode. State: All replicated index: 0, Majority replicated index: 0, Committed index: 0, Last appended: 0.0, Last appended by leader: 0, Current term: 0, Majority size: -1, State: 0, Mode: NON_LEADER, active raft config: opid_index: -1 OBSOLETE_local: false peers { permanent_uuid: "ae519676224748db9a50d95da5e4aeb0" member_type: VOTER last_known_addr { host: "127.15.80.129" port: 36435 } } peers { permanent_uuid: "8b28b76721e14af3a4806c43fe63dded" member_type: VOTER last_known_addr { host: "127.15.80.130" port: 34393 } } peers { permanent_uuid: "8b66b1b8e757499691b1c668dc8c6f00" member_type: VOTER last_known_addr { host: "127.15.80.131" port: 37591 } }
I20260709 12:09:18.606074 16763 catalog_manager.cc:5697] T 1299083cc6534829ad81b0edee91255e P 8b28b76721e14af3a4806c43fe63dded reported cstate change: term changed from 0 to 1, leader changed from <none> to 8b28b76721e14af3a4806c43fe63dded (127.15.80.130). New cstate: current_term: 1 leader_uuid: "8b28b76721e14af3a4806c43fe63dded" committed_config { opid_index: -1 OBSOLETE_local: false peers { permanent_uuid: "ae519676224748db9a50d95da5e4aeb0" member_type: VOTER last_known_addr { host: "127.15.80.129" port: 36435 } health_report { overall_health: UNKNOWN } } peers { permanent_uuid: "8b28b76721e14af3a4806c43fe63dded" member_type: VOTER last_known_addr { host: "127.15.80.130" port: 34393 } health_report { overall_health: HEALTHY } } peers { permanent_uuid: "8b66b1b8e757499691b1c668dc8c6f00" member_type: VOTER last_known_addr { host: "127.15.80.131" port: 37591 } health_report { overall_health: UNKNOWN } } }
I20260709 12:09:18.615957 17055 ts_tablet_manager.cc:1434] T 2578b80bdf44484ab8ac7f5e538226c8 P 8b28b76721e14af3a4806c43fe63dded: Time spent starting tablet: real 0.079s	user 0.007s	sys 0.000s
I20260709 12:09:18.616990 17055 tablet_bootstrap.cc:492] T 1b35e1a3cb3b4b6496d4a6bf96670211 P 8b28b76721e14af3a4806c43fe63dded: Bootstrap starting.
I20260709 12:09:18.598976 17249 raft_consensus.cc:515] T 46929bf548f24074b20ebcfb7ce245c2 P ae519676224748db9a50d95da5e4aeb0 [term 1 FOLLOWER]: Starting leader election with config: opid_index: -1 OBSOLETE_local: false peers { permanent_uuid: "ae519676224748db9a50d95da5e4aeb0" member_type: VOTER last_known_addr { host: "127.15.80.129" port: 36435 } } peers { permanent_uuid: "8b28b76721e14af3a4806c43fe63dded" member_type: VOTER last_known_addr { host: "127.15.80.130" port: 34393 } } peers { permanent_uuid: "8b66b1b8e757499691b1c668dc8c6f00" member_type: VOTER last_known_addr { host: "127.15.80.131" port: 37591 } }
I20260709 12:09:18.621451 16761 catalog_manager.cc:5697] T 5879cfa1fcbc465aaaef351212090360 P ae519676224748db9a50d95da5e4aeb0 reported cstate change: term changed from 0 to 1, leader changed from <none> to ae519676224748db9a50d95da5e4aeb0 (127.15.80.129). New cstate: current_term: 1 leader_uuid: "ae519676224748db9a50d95da5e4aeb0" committed_config { opid_index: -1 OBSOLETE_local: false peers { permanent_uuid: "ae519676224748db9a50d95da5e4aeb0" member_type: VOTER last_known_addr { host: "127.15.80.129" port: 36435 } health_report { overall_health: HEALTHY } } peers { permanent_uuid: "8b28b76721e14af3a4806c43fe63dded" member_type: VOTER last_known_addr { host: "127.15.80.130" port: 34393 } health_report { overall_health: UNKNOWN } } peers { permanent_uuid: "8b66b1b8e757499691b1c668dc8c6f00" member_type: VOTER last_known_addr { host: "127.15.80.131" port: 37591 } health_report { overall_health: UNKNOWN } } }
I20260709 12:09:18.622349 16903 leader_election.cc:304] T 31f4fff25a494f4b819ccb37d0dbf497 P 8b28b76721e14af3a4806c43fe63dded [CANDIDATE]: Term 1 pre-election: Election decided. Result: candidate lost. Election summary: received 3 responses out of 3 voters: 1 yes votes; 2 no votes. yes voters: 8b28b76721e14af3a4806c43fe63dded; no voters: 8b66b1b8e757499691b1c668dc8c6f00, ae519676224748db9a50d95da5e4aeb0
W20260709 12:09:18.611784 16980 outbound_call.cc:321] RPC callback for RPC call kudu.consensus.ConsensusService.UpdateConsensus -> {remote=127.15.80.130:34393, user_credentials={real_user=slave}} blocked reactor thread for 60435.9us
I20260709 12:09:18.624822 17061 raft_consensus.cc:3060] T 31f4fff25a494f4b819ccb37d0dbf497 P 8b28b76721e14af3a4806c43fe63dded [term 0 FOLLOWER]: Advancing to term 1
I20260709 12:09:18.631896 16937 tablet_service.cc:1917] Received RequestConsensusVote() RPC: tablet_id: "5879cfa1fcbc465aaaef351212090360" candidate_uuid: "8b66b1b8e757499691b1c668dc8c6f00" candidate_term: 1 candidate_status { last_received { term: 0 index: 0 } } ignore_live_leader: false dest_uuid: "8b28b76721e14af3a4806c43fe63dded" is_pre_election: true
I20260709 12:09:18.632757 16937 raft_consensus.cc:2393] T 5879cfa1fcbc465aaaef351212090360 P 8b28b76721e14af3a4806c43fe63dded [term 1 FOLLOWER]: Leader pre-election vote request: Denying vote to candidate 8b66b1b8e757499691b1c668dc8c6f00 in current term 1: Already voted for candidate ae519676224748db9a50d95da5e4aeb0 in this term.
I20260709 12:09:18.626948 17249 leader_election.cc:290] T 46929bf548f24074b20ebcfb7ce245c2 P ae519676224748db9a50d95da5e4aeb0 [CANDIDATE]: Term 1 election: Requested vote from peers 8b28b76721e14af3a4806c43fe63dded (127.15.80.130:34393), 8b66b1b8e757499691b1c668dc8c6f00 (127.15.80.131:37591)
I20260709 12:09:18.627362 16936 tablet_service.cc:1917] Received RequestConsensusVote() RPC: tablet_id: "46929bf548f24074b20ebcfb7ce245c2" candidate_uuid: "ae519676224748db9a50d95da5e4aeb0" candidate_term: 1 candidate_status { last_received { term: 0 index: 0 } } ignore_live_leader: false dest_uuid: "8b28b76721e14af3a4806c43fe63dded"
W20260709 12:09:18.636150 16831 leader_election.cc:343] T 46929bf548f24074b20ebcfb7ce245c2 P ae519676224748db9a50d95da5e4aeb0 [CANDIDATE]: Term 1 election: Tablet error from VoteRequest() call to peer 8b28b76721e14af3a4806c43fe63dded (127.15.80.130:34393): Illegal state: must be running to vote when last-logged opid is not known
I20260709 12:09:18.636348 17061 raft_consensus.cc:2749] T 31f4fff25a494f4b819ccb37d0dbf497 P 8b28b76721e14af3a4806c43fe63dded [term 1 FOLLOWER]: Leader pre-election lost for term 1. Reason: could not achieve majority
I20260709 12:09:18.639827 16828 leader_election.cc:304] T b93a986c88c54724a39932af8683b856 P ae519676224748db9a50d95da5e4aeb0 [CANDIDATE]: Term 1 election: Election decided. Result: candidate won. Election summary: received 3 responses out of 3 voters: 2 yes votes; 1 no votes. yes voters: 8b66b1b8e757499691b1c668dc8c6f00, ae519676224748db9a50d95da5e4aeb0; no voters: 8b28b76721e14af3a4806c43fe63dded
I20260709 12:09:18.643170 17067 raft_consensus.cc:2804] T b93a986c88c54724a39932af8683b856 P ae519676224748db9a50d95da5e4aeb0 [term 1 FOLLOWER]: Leader election won for term 1
I20260709 12:09:18.643689 17056 tablet_bootstrap.cc:654] T 1b35e1a3cb3b4b6496d4a6bf96670211 P ae519676224748db9a50d95da5e4aeb0: Neither blocks nor log segments found. Creating new log.
I20260709 12:09:18.646389 17054 tablet_bootstrap.cc:492] T 182a1a958d5648649478e21281c80645 P 8b66b1b8e757499691b1c668dc8c6f00: No bootstrap required, opened a new log
I20260709 12:09:18.646798 17054 ts_tablet_manager.cc:1403] T 182a1a958d5648649478e21281c80645 P 8b66b1b8e757499691b1c668dc8c6f00: Time spent bootstrapping tablet: real 0.241s	user 0.007s	sys 0.007s
I20260709 12:09:18.647326 17248 consensus_queue.cc:1048] T 3697ae0f64eb41e18e3d94c474121d4a P ae519676224748db9a50d95da5e4aeb0 [LEADER]: Connected to new peer: Peer: permanent_uuid: "8b66b1b8e757499691b1c668dc8c6f00" member_type: VOTER last_known_addr { host: "127.15.80.131" port: 37591 }, Status: LMP_MISMATCH, Last received: 0.0, Next index: 1, Last known committed idx: 0, Time since last communication: 0.005s
I20260709 12:09:18.643733 17067 raft_consensus.cc:697] T b93a986c88c54724a39932af8683b856 P ae519676224748db9a50d95da5e4aeb0 [term 1 LEADER]: Becoming Leader. State: Replica: ae519676224748db9a50d95da5e4aeb0, State: Running, Role: LEADER
I20260709 12:09:18.661592 17054 raft_consensus.cc:359] T 182a1a958d5648649478e21281c80645 P 8b66b1b8e757499691b1c668dc8c6f00 [term 0 FOLLOWER]: Replica starting. Triggering 0 pending ops. Active config: opid_index: -1 OBSOLETE_local: false peers { permanent_uuid: "ae519676224748db9a50d95da5e4aeb0" member_type: VOTER last_known_addr { host: "127.15.80.129" port: 36435 } } peers { permanent_uuid: "8b28b76721e14af3a4806c43fe63dded" member_type: VOTER last_known_addr { host: "127.15.80.130" port: 34393 } } peers { permanent_uuid: "8b66b1b8e757499691b1c668dc8c6f00" member_type: VOTER last_known_addr { host: "127.15.80.131" port: 37591 } }
I20260709 12:09:18.662297 17054 raft_consensus.cc:385] T 182a1a958d5648649478e21281c80645 P 8b66b1b8e757499691b1c668dc8c6f00 [term 0 FOLLOWER]: Consensus starting up: Expiring failure detector timer to make a prompt election more likely
I20260709 12:09:18.662576 17054 raft_consensus.cc:740] T 182a1a958d5648649478e21281c80645 P 8b66b1b8e757499691b1c668dc8c6f00 [term 0 FOLLOWER]: Becoming Follower/Learner. State: Replica: 8b66b1b8e757499691b1c668dc8c6f00, State: Initialized, Role: FOLLOWER
I20260709 12:09:18.648537 17255 raft_consensus.cc:493] T aebfeedc331e4f3197d48033c7c5f124 P 8b66b1b8e757499691b1c668dc8c6f00 [term 0 FOLLOWER]: Starting pre-election (no leader contacted us within the election timeout)
I20260709 12:09:18.666034 17054 consensus_queue.cc:260] T 182a1a958d5648649478e21281c80645 P 8b66b1b8e757499691b1c668dc8c6f00 [NON_LEADER]: Queue going to NON_LEADER mode. State: All replicated index: 0, Majority replicated index: 0, Committed index: 0, Last appended: 0.0, Last appended by leader: 0, Current term: 0, Majority size: -1, State: 0, Mode: NON_LEADER, active raft config: opid_index: -1 OBSOLETE_local: false peers { permanent_uuid: "ae519676224748db9a50d95da5e4aeb0" member_type: VOTER last_known_addr { host: "127.15.80.129" port: 36435 } } peers { permanent_uuid: "8b28b76721e14af3a4806c43fe63dded" member_type: VOTER last_known_addr { host: "127.15.80.130" port: 34393 } } peers { permanent_uuid: "8b66b1b8e757499691b1c668dc8c6f00" member_type: VOTER last_known_addr { host: "127.15.80.131" port: 37591 } }
I20260709 12:09:18.668184 17054 ts_tablet_manager.cc:1434] T 182a1a958d5648649478e21281c80645 P 8b66b1b8e757499691b1c668dc8c6f00: Time spent starting tablet: real 0.021s	user 0.008s	sys 0.006s
I20260709 12:09:18.669006 17054 tablet_bootstrap.cc:492] T 4a97c6eb6870476787cb2768c1b606e3 P 8b66b1b8e757499691b1c668dc8c6f00: Bootstrap starting.
I20260709 12:09:18.673228 17067 consensus_queue.cc:237] T b93a986c88c54724a39932af8683b856 P ae519676224748db9a50d95da5e4aeb0 [LEADER]: Queue going to LEADER mode. State: All replicated index: 0, Majority replicated index: 0, Committed index: 0, Last appended: 0.0, Last appended by leader: 0, Current term: 1, Majority size: 2, State: 0, Mode: LEADER, active raft config: opid_index: -1 OBSOLETE_local: false peers { permanent_uuid: "ae519676224748db9a50d95da5e4aeb0" member_type: VOTER last_known_addr { host: "127.15.80.129" port: 36435 } } peers { permanent_uuid: "8b28b76721e14af3a4806c43fe63dded" member_type: VOTER last_known_addr { host: "127.15.80.130" port: 34393 } } peers { permanent_uuid: "8b66b1b8e757499691b1c668dc8c6f00" member_type: VOTER last_known_addr { host: "127.15.80.131" port: 37591 } }
I20260709 12:09:18.667259 17255 raft_consensus.cc:515] T aebfeedc331e4f3197d48033c7c5f124 P 8b66b1b8e757499691b1c668dc8c6f00 [term 0 FOLLOWER]: Starting pre-election with config: opid_index: -1 OBSOLETE_local: false peers { permanent_uuid: "ae519676224748db9a50d95da5e4aeb0" member_type: VOTER last_known_addr { host: "127.15.80.129" port: 36435 } } peers { permanent_uuid: "8b28b76721e14af3a4806c43fe63dded" member_type: VOTER last_known_addr { host: "127.15.80.130" port: 34393 } } peers { permanent_uuid: "8b66b1b8e757499691b1c668dc8c6f00" member_type: VOTER last_known_addr { host: "127.15.80.131" port: 37591 } }
I20260709 12:09:18.676258 17055 tablet_bootstrap.cc:654] T 1b35e1a3cb3b4b6496d4a6bf96670211 P 8b28b76721e14af3a4806c43fe63dded: Neither blocks nor log segments found. Creating new log.
I20260709 12:09:18.688724 17009 tablet_service.cc:1917] Received RequestConsensusVote() RPC: tablet_id: "5879cfa1fcbc465aaaef351212090360" candidate_uuid: "ae519676224748db9a50d95da5e4aeb0" candidate_term: 1 candidate_status { last_received { term: 0 index: 0 } } ignore_live_leader: false dest_uuid: "8b66b1b8e757499691b1c668dc8c6f00"
I20260709 12:09:18.689453 17009 raft_consensus.cc:3060] T 5879cfa1fcbc465aaaef351212090360 P 8b66b1b8e757499691b1c668dc8c6f00 [term 0 FOLLOWER]: Advancing to term 1
I20260709 12:09:18.689535 17056 tablet_bootstrap.cc:492] T 1b35e1a3cb3b4b6496d4a6bf96670211 P ae519676224748db9a50d95da5e4aeb0: No bootstrap required, opened a new log
I20260709 12:09:18.690164 17056 ts_tablet_manager.cc:1403] T 1b35e1a3cb3b4b6496d4a6bf96670211 P ae519676224748db9a50d95da5e4aeb0: Time spent bootstrapping tablet: real 0.155s	user 0.015s	sys 0.008s
I20260709 12:09:18.691454 16863 tablet_service.cc:1917] Received RequestConsensusVote() RPC: tablet_id: "aebfeedc331e4f3197d48033c7c5f124" candidate_uuid: "8b66b1b8e757499691b1c668dc8c6f00" candidate_term: 1 candidate_status { last_received { term: 0 index: 0 } } ignore_live_leader: false dest_uuid: "ae519676224748db9a50d95da5e4aeb0" is_pre_election: true
I20260709 12:09:18.697193 16763 catalog_manager.cc:5697] T 1a4b6aecc7cd4cb197086063d5d30fb9 P 8b66b1b8e757499691b1c668dc8c6f00 reported cstate change: term changed from 0 to 1, leader changed from <none> to 8b66b1b8e757499691b1c668dc8c6f00 (127.15.80.131). New cstate: current_term: 1 leader_uuid: "8b66b1b8e757499691b1c668dc8c6f00" committed_config { opid_index: -1 OBSOLETE_local: false peers { permanent_uuid: "ae519676224748db9a50d95da5e4aeb0" member_type: VOTER last_known_addr { host: "127.15.80.129" port: 36435 } health_report { overall_health: UNKNOWN } } peers { permanent_uuid: "8b28b76721e14af3a4806c43fe63dded" member_type: VOTER last_known_addr { host: "127.15.80.130" port: 34393 } health_report { overall_health: UNKNOWN } } peers { permanent_uuid: "8b66b1b8e757499691b1c668dc8c6f00" member_type: VOTER last_known_addr { host: "127.15.80.131" port: 37591 } health_report { overall_health: HEALTHY } } }
I20260709 12:09:18.697750 17255 leader_election.cc:290] T aebfeedc331e4f3197d48033c7c5f124 P 8b66b1b8e757499691b1c668dc8c6f00 [CANDIDATE]: Term 1 pre-election: Requested pre-vote from peers ae519676224748db9a50d95da5e4aeb0 (127.15.80.129:36435), 8b28b76721e14af3a4806c43fe63dded (127.15.80.130:34393)
I20260709 12:09:18.704567 17054 tablet_bootstrap.cc:654] T 4a97c6eb6870476787cb2768c1b606e3 P 8b66b1b8e757499691b1c668dc8c6f00: Neither blocks nor log segments found. Creating new log.
I20260709 12:09:18.709949 17055 tablet_bootstrap.cc:492] T 1b35e1a3cb3b4b6496d4a6bf96670211 P 8b28b76721e14af3a4806c43fe63dded: No bootstrap required, opened a new log
I20260709 12:09:18.710455 17055 ts_tablet_manager.cc:1403] T 1b35e1a3cb3b4b6496d4a6bf96670211 P 8b28b76721e14af3a4806c43fe63dded: Time spent bootstrapping tablet: real 0.094s	user 0.005s	sys 0.013s
W20260709 12:09:18.715811 16977 leader_election.cc:343] T aebfeedc331e4f3197d48033c7c5f124 P 8b66b1b8e757499691b1c668dc8c6f00 [CANDIDATE]: Term 1 pre-election: Tablet error from VoteRequest() call to peer ae519676224748db9a50d95da5e4aeb0 (127.15.80.129:36435): Illegal state: must be running to vote when last-logged opid is not known
I20260709 12:09:18.717490 17011 tablet_service.cc:1917] Received RequestConsensusVote() RPC: tablet_id: "46929bf548f24074b20ebcfb7ce245c2" candidate_uuid: "ae519676224748db9a50d95da5e4aeb0" candidate_term: 1 candidate_status { last_received { term: 0 index: 0 } } ignore_live_leader: false dest_uuid: "8b66b1b8e757499691b1c668dc8c6f00"
I20260709 12:09:18.718137 17011 raft_consensus.cc:3060] T 46929bf548f24074b20ebcfb7ce245c2 P 8b66b1b8e757499691b1c668dc8c6f00 [term 0 FOLLOWER]: Advancing to term 1
I20260709 12:09:18.728891 17009 raft_consensus.cc:2468] T 5879cfa1fcbc465aaaef351212090360 P 8b66b1b8e757499691b1c668dc8c6f00 [term 1 FOLLOWER]: Leader election vote request: Granting yes vote for candidate ae519676224748db9a50d95da5e4aeb0 in term 1.
I20260709 12:09:18.731545 17248 consensus_queue.cc:1048] T 31f4fff25a494f4b819ccb37d0dbf497 P ae519676224748db9a50d95da5e4aeb0 [LEADER]: Connected to new peer: Peer: permanent_uuid: "8b28b76721e14af3a4806c43fe63dded" member_type: VOTER last_known_addr { host: "127.15.80.130" port: 34393 }, Status: LMP_MISMATCH, Last received: 0.0, Next index: 1, Last known committed idx: 0, Time since last communication: 0.001s
I20260709 12:09:18.736892 17056 raft_consensus.cc:359] T 1b35e1a3cb3b4b6496d4a6bf96670211 P ae519676224748db9a50d95da5e4aeb0 [term 0 FOLLOWER]: Replica starting. Triggering 0 pending ops. Active config: opid_index: -1 OBSOLETE_local: false peers { permanent_uuid: "ae519676224748db9a50d95da5e4aeb0" member_type: VOTER last_known_addr { host: "127.15.80.129" port: 36435 } } peers { permanent_uuid: "8b28b76721e14af3a4806c43fe63dded" member_type: VOTER last_known_addr { host: "127.15.80.130" port: 34393 } } peers { permanent_uuid: "8b66b1b8e757499691b1c668dc8c6f00" member_type: VOTER last_known_addr { host: "127.15.80.131" port: 37591 } }
I20260709 12:09:18.737748 17056 raft_consensus.cc:385] T 1b35e1a3cb3b4b6496d4a6bf96670211 P ae519676224748db9a50d95da5e4aeb0 [term 0 FOLLOWER]: Consensus starting up: Expiring failure detector timer to make a prompt election more likely
I20260709 12:09:18.738037 17056 raft_consensus.cc:740] T 1b35e1a3cb3b4b6496d4a6bf96670211 P ae519676224748db9a50d95da5e4aeb0 [term 0 FOLLOWER]: Becoming Follower/Learner. State: Replica: ae519676224748db9a50d95da5e4aeb0, State: Initialized, Role: FOLLOWER
I20260709 12:09:18.738801 17056 consensus_queue.cc:260] T 1b35e1a3cb3b4b6496d4a6bf96670211 P ae519676224748db9a50d95da5e4aeb0 [NON_LEADER]: Queue going to NON_LEADER mode. State: All replicated index: 0, Majority replicated index: 0, Committed index: 0, Last appended: 0.0, Last appended by leader: 0, Current term: 0, Majority size: -1, State: 0, Mode: NON_LEADER, active raft config: opid_index: -1 OBSOLETE_local: false peers { permanent_uuid: "ae519676224748db9a50d95da5e4aeb0" member_type: VOTER last_known_addr { host: "127.15.80.129" port: 36435 } } peers { permanent_uuid: "8b28b76721e14af3a4806c43fe63dded" member_type: VOTER last_known_addr { host: "127.15.80.130" port: 34393 } } peers { permanent_uuid: "8b66b1b8e757499691b1c668dc8c6f00" member_type: VOTER last_known_addr { host: "127.15.80.131" port: 37591 } }
I20260709 12:09:18.743381 16980 leader_election.cc:304] T 5879cfa1fcbc465aaaef351212090360 P 8b66b1b8e757499691b1c668dc8c6f00 [CANDIDATE]: Term 1 pre-election: Election decided. Result: candidate lost. Election summary: received 3 responses out of 3 voters: 1 yes votes; 2 no votes. yes voters: 8b66b1b8e757499691b1c668dc8c6f00; no voters: 8b28b76721e14af3a4806c43fe63dded, ae519676224748db9a50d95da5e4aeb0
I20260709 12:09:18.745148 17255 raft_consensus.cc:2749] T 5879cfa1fcbc465aaaef351212090360 P 8b66b1b8e757499691b1c668dc8c6f00 [term 1 FOLLOWER]: Leader pre-election lost for term 1. Reason: could not achieve majority
I20260709 12:09:18.744915 17055 raft_consensus.cc:359] T 1b35e1a3cb3b4b6496d4a6bf96670211 P 8b28b76721e14af3a4806c43fe63dded [term 0 FOLLOWER]: Replica starting. Triggering 0 pending ops. Active config: opid_index: -1 OBSOLETE_local: false peers { permanent_uuid: "ae519676224748db9a50d95da5e4aeb0" member_type: VOTER last_known_addr { host: "127.15.80.129" port: 36435 } } peers { permanent_uuid: "8b28b76721e14af3a4806c43fe63dded" member_type: VOTER last_known_addr { host: "127.15.80.130" port: 34393 } } peers { permanent_uuid: "8b66b1b8e757499691b1c668dc8c6f00" member_type: VOTER last_known_addr { host: "127.15.80.131" port: 37591 } }
I20260709 12:09:18.745800 17055 raft_consensus.cc:385] T 1b35e1a3cb3b4b6496d4a6bf96670211 P 8b28b76721e14af3a4806c43fe63dded [term 0 FOLLOWER]: Consensus starting up: Expiring failure detector timer to make a prompt election more likely
I20260709 12:09:18.746596 17055 raft_consensus.cc:740] T 1b35e1a3cb3b4b6496d4a6bf96670211 P 8b28b76721e14af3a4806c43fe63dded [term 0 FOLLOWER]: Becoming Follower/Learner. State: Replica: 8b28b76721e14af3a4806c43fe63dded, State: Initialized, Role: FOLLOWER
I20260709 12:09:18.745813 17255 consensus_queue.cc:1048] T 50edfb3213f44569a32b0aa0dc1b8c8e P 8b66b1b8e757499691b1c668dc8c6f00 [LEADER]: Connected to new peer: Peer: permanent_uuid: "ae519676224748db9a50d95da5e4aeb0" member_type: VOTER last_known_addr { host: "127.15.80.129" port: 36435 }, Status: LMP_MISMATCH, Last received: 0.0, Next index: 1, Last known committed idx: 0, Time since last communication: 0.000s
I20260709 12:09:18.765866 17056 ts_tablet_manager.cc:1434] T 1b35e1a3cb3b4b6496d4a6bf96670211 P ae519676224748db9a50d95da5e4aeb0: Time spent starting tablet: real 0.075s	user 0.006s	sys 0.002s
I20260709 12:09:18.767714 17056 tablet_bootstrap.cc:492] T 1299083cc6534829ad81b0edee91255e P ae519676224748db9a50d95da5e4aeb0: Bootstrap starting.
I20260709 12:09:18.776129 17101 raft_consensus.cc:493] T 182a1a958d5648649478e21281c80645 P 8b66b1b8e757499691b1c668dc8c6f00 [term 0 FOLLOWER]: Starting pre-election (no leader contacted us within the election timeout)
I20260709 12:09:18.776736 17101 raft_consensus.cc:515] T 182a1a958d5648649478e21281c80645 P 8b66b1b8e757499691b1c668dc8c6f00 [term 0 FOLLOWER]: Starting pre-election with config: opid_index: -1 OBSOLETE_local: false peers { permanent_uuid: "ae519676224748db9a50d95da5e4aeb0" member_type: VOTER last_known_addr { host: "127.15.80.129" port: 36435 } } peers { permanent_uuid: "8b28b76721e14af3a4806c43fe63dded" member_type: VOTER last_known_addr { host: "127.15.80.130" port: 34393 } } peers { permanent_uuid: "8b66b1b8e757499691b1c668dc8c6f00" member_type: VOTER last_known_addr { host: "127.15.80.131" port: 37591 } }
I20260709 12:09:18.778947 17101 leader_election.cc:290] T 182a1a958d5648649478e21281c80645 P 8b66b1b8e757499691b1c668dc8c6f00 [CANDIDATE]: Term 1 pre-election: Requested pre-vote from peers ae519676224748db9a50d95da5e4aeb0 (127.15.80.129:36435), 8b28b76721e14af3a4806c43fe63dded (127.15.80.130:34393)
I20260709 12:09:18.788875 17091 raft_consensus.cc:493] T 1b35e1a3cb3b4b6496d4a6bf96670211 P ae519676224748db9a50d95da5e4aeb0 [term 0 FOLLOWER]: Starting pre-election (no leader contacted us within the election timeout)
I20260709 12:09:18.789739 17091 raft_consensus.cc:515] T 1b35e1a3cb3b4b6496d4a6bf96670211 P ae519676224748db9a50d95da5e4aeb0 [term 0 FOLLOWER]: Starting pre-election with config: opid_index: -1 OBSOLETE_local: false peers { permanent_uuid: "ae519676224748db9a50d95da5e4aeb0" member_type: VOTER last_known_addr { host: "127.15.80.129" port: 36435 } } peers { permanent_uuid: "8b28b76721e14af3a4806c43fe63dded" member_type: VOTER last_known_addr { host: "127.15.80.130" port: 34393 } } peers { permanent_uuid: "8b66b1b8e757499691b1c668dc8c6f00" member_type: VOTER last_known_addr { host: "127.15.80.131" port: 37591 } }
I20260709 12:09:18.788889 17248 raft_consensus.cc:493] T 49a1e1a676cc4929b28c57803eff1e8a P ae519676224748db9a50d95da5e4aeb0 [term 0 FOLLOWER]: Starting pre-election (no leader contacted us within the election timeout)
