I20260709 12:23:48.671732 20537 raft_consensus.cc:3060] T 165a693d03cd4a9e825e2dc4bef11745 P bd22b596023b4d888a59d45d493e21de [term 2 FOLLOWER]: Advancing to term 3
I20260709 12:23:48.676573 20537 raft_consensus.cc:515] T 165a693d03cd4a9e825e2dc4bef11745 P bd22b596023b4d888a59d45d493e21de [term 3 FOLLOWER]: Starting forced leader election with config: opid_index: -1 OBSOLETE_local: false peers { permanent_uuid: "ac350f627e29440e994667de91e9dcbc" member_type: VOTER last_known_addr { host: "127.19.199.1" port: 39117 } } peers { permanent_uuid: "bd22b596023b4d888a59d45d493e21de" member_type: VOTER last_known_addr { host: "127.19.199.3" port: 39391 } } peers { permanent_uuid: "0cc3ed97e4be4198b5ce7eb7bdbb6eb0" member_type: VOTER last_known_addr { host: "127.19.199.2" port: 37681 } }
I20260709 12:23:48.678052 20537 leader_election.cc:290] T 165a693d03cd4a9e825e2dc4bef11745 P bd22b596023b4d888a59d45d493e21de [CANDIDATE]: Term 3 election: Requested vote from peers ac350f627e29440e994667de91e9dcbc (127.19.199.1:39117), 0cc3ed97e4be4198b5ce7eb7bdbb6eb0 (127.19.199.2:37681)
I20260709 12:23:48.678931 20387 tablet_service.cc:1917] Received RequestConsensusVote() RPC: tablet_id: "165a693d03cd4a9e825e2dc4bef11745" candidate_uuid: "bd22b596023b4d888a59d45d493e21de" candidate_term: 3 candidate_status { last_received { term: 2 index: 2 } } ignore_live_leader: true dest_uuid: "ac350f627e29440e994667de91e9dcbc"
I20260709 12:23:48.679265 20460 tablet_service.cc:1917] Received RequestConsensusVote() RPC: tablet_id: "165a693d03cd4a9e825e2dc4bef11745" candidate_uuid: "bd22b596023b4d888a59d45d493e21de" candidate_term: 3 candidate_status { last_received { term: 2 index: 2 } } ignore_live_leader: true dest_uuid: "0cc3ed97e4be4198b5ce7eb7bdbb6eb0"
I20260709 12:23:48.679549 20387 raft_consensus.cc:3055] T 165a693d03cd4a9e825e2dc4bef11745 P ac350f627e29440e994667de91e9dcbc [term 2 LEADER]: Stepping down as leader of term 2
I20260709 12:23:48.679827 20460 raft_consensus.cc:3060] T 165a693d03cd4a9e825e2dc4bef11745 P 0cc3ed97e4be4198b5ce7eb7bdbb6eb0 [term 2 FOLLOWER]: Advancing to term 3
I20260709 12:23:48.679877 20387 raft_consensus.cc:740] T 165a693d03cd4a9e825e2dc4bef11745 P ac350f627e29440e994667de91e9dcbc [term 2 LEADER]: Becoming Follower/Learner. State: Replica: ac350f627e29440e994667de91e9dcbc, State: Running, Role: LEADER
I20260709 12:23:48.680779 20387 consensus_queue.cc:260] T 165a693d03cd4a9e825e2dc4bef11745 P ac350f627e29440e994667de91e9dcbc [NON_LEADER]: Queue going to NON_LEADER mode. State: All replicated index: 0, Majority replicated index: 2, Committed index: 2, Last appended: 2.2, Last appended by leader: 2, Current term: 2, Majority size: -1, State: 0, Mode: NON_LEADER, active raft config: opid_index: -1 OBSOLETE_local: false peers { permanent_uuid: "ac350f627e29440e994667de91e9dcbc" member_type: VOTER last_known_addr { host: "127.19.199.1" port: 39117 } } peers { permanent_uuid: "bd22b596023b4d888a59d45d493e21de" member_type: VOTER last_known_addr { host: "127.19.199.3" port: 39391 } } peers { permanent_uuid: "0cc3ed97e4be4198b5ce7eb7bdbb6eb0" member_type: VOTER last_known_addr { host: "127.19.199.2" port: 37681 } }
I20260709 12:23:48.681964 20387 raft_consensus.cc:3060] T 165a693d03cd4a9e825e2dc4bef11745 P ac350f627e29440e994667de91e9dcbc [term 2 FOLLOWER]: Advancing to term 3
I20260709 12:23:48.686473 20460 raft_consensus.cc:2468] T 165a693d03cd4a9e825e2dc4bef11745 P 0cc3ed97e4be4198b5ce7eb7bdbb6eb0 [term 3 FOLLOWER]: Leader election vote request: Granting yes vote for candidate bd22b596023b4d888a59d45d493e21de in term 3.
I20260709 12:23:48.687700 20499 leader_election.cc:304] T 165a693d03cd4a9e825e2dc4bef11745 P bd22b596023b4d888a59d45d493e21de [CANDIDATE]: Term 3 election: Election decided. Result: candidate won. Election summary: received 2 responses out of 3 voters: 2 yes votes; 0 no votes. yes voters: 0cc3ed97e4be4198b5ce7eb7bdbb6eb0, bd22b596023b4d888a59d45d493e21de; no voters: 
I20260709 12:23:48.688464 20619 raft_consensus.cc:2804] T 165a693d03cd4a9e825e2dc4bef11745 P bd22b596023b4d888a59d45d493e21de [term 3 FOLLOWER]: Leader election won for term 3
I20260709 12:23:48.688567 20387 raft_consensus.cc:2468] T 165a693d03cd4a9e825e2dc4bef11745 P ac350f627e29440e994667de91e9dcbc [term 3 FOLLOWER]: Leader election vote request: Granting yes vote for candidate bd22b596023b4d888a59d45d493e21de in term 3.
I20260709 12:23:48.689764 20619 raft_consensus.cc:697] T 165a693d03cd4a9e825e2dc4bef11745 P bd22b596023b4d888a59d45d493e21de [term 3 LEADER]: Becoming Leader. State: Replica: bd22b596023b4d888a59d45d493e21de, State: Running, Role: LEADER
I20260709 12:23:48.690634 20619 consensus_queue.cc:237] T 165a693d03cd4a9e825e2dc4bef11745 P bd22b596023b4d888a59d45d493e21de [LEADER]: Queue going to LEADER mode. State: All replicated index: 0, Majority replicated index: 2, Committed index: 2, Last appended: 2.2, Last appended by leader: 2, Current term: 3, Majority size: 2, State: 0, Mode: LEADER, active raft config: opid_index: -1 OBSOLETE_local: false peers { permanent_uuid: "ac350f627e29440e994667de91e9dcbc" member_type: VOTER last_known_addr { host: "127.19.199.1" port: 39117 } } peers { permanent_uuid: "bd22b596023b4d888a59d45d493e21de" member_type: VOTER last_known_addr { host: "127.19.199.3" port: 39391 } } peers { permanent_uuid: "0cc3ed97e4be4198b5ce7eb7bdbb6eb0" member_type: VOTER last_known_addr { host: "127.19.199.2" port: 37681 } }
I20260709 12:23:48.697837 20283 catalog_manager.cc:5697] T 165a693d03cd4a9e825e2dc4bef11745 P bd22b596023b4d888a59d45d493e21de reported cstate change: term changed from 2 to 3, leader changed from ac350f627e29440e994667de91e9dcbc (127.19.199.1) to bd22b596023b4d888a59d45d493e21de (127.19.199.3). New cstate: current_term: 3 leader_uuid: "bd22b596023b4d888a59d45d493e21de" committed_config { opid_index: -1 OBSOLETE_local: false peers { permanent_uuid: "ac350f627e29440e994667de91e9dcbc" member_type: VOTER last_known_addr { host: "127.19.199.1" port: 39117 } health_report { overall_health: UNKNOWN } } peers { permanent_uuid: "bd22b596023b4d888a59d45d493e21de" member_type: VOTER last_known_addr { host: "127.19.199.3" port: 39391 } health_report { overall_health: HEALTHY } } peers { permanent_uuid: "0cc3ed97e4be4198b5ce7eb7bdbb6eb0" member_type: VOTER last_known_addr { host: "127.19.199.2" port: 37681 } health_report { overall_health: UNKNOWN } } }
I20260709 12:23:48.712018 20634 raft_consensus.cc:993] T 30d6cf2695ac4a29854a810a5946c272 P 0cc3ed97e4be4198b5ce7eb7bdbb6eb0: : Instructing follower bd22b596023b4d888a59d45d493e21de to start an election
I20260709 12:23:48.712431 20682 raft_consensus.cc:1081] T 30d6cf2695ac4a29854a810a5946c272 P 0cc3ed97e4be4198b5ce7eb7bdbb6eb0 [term 1 LEADER]: Signalling peer bd22b596023b4d888a59d45d493e21de to start an election
I20260709 12:23:48.713732 20537 tablet_service.cc:2044] Received Run Leader Election RPC: tablet_id: "30d6cf2695ac4a29854a810a5946c272"
dest_uuid: "bd22b596023b4d888a59d45d493e21de"
 from {username='slave'} at 127.0.0.1:54416
I20260709 12:23:48.714295 20537 raft_consensus.cc:493] T 30d6cf2695ac4a29854a810a5946c272 P bd22b596023b4d888a59d45d493e21de [term 1 FOLLOWER]: Starting forced leader election (received explicit request)
I20260709 12:23:48.714699 20537 raft_consensus.cc:3060] T 30d6cf2695ac4a29854a810a5946c272 P bd22b596023b4d888a59d45d493e21de [term 1 FOLLOWER]: Advancing to term 2
I20260709 12:23:48.718791 20537 raft_consensus.cc:515] T 30d6cf2695ac4a29854a810a5946c272 P bd22b596023b4d888a59d45d493e21de [term 2 FOLLOWER]: Starting forced leader election with config: opid_index: -1 OBSOLETE_local: false peers { permanent_uuid: "ac350f627e29440e994667de91e9dcbc" member_type: VOTER last_known_addr { host: "127.19.199.1" port: 39117 } } peers { permanent_uuid: "0cc3ed97e4be4198b5ce7eb7bdbb6eb0" member_type: VOTER last_known_addr { host: "127.19.199.2" port: 37681 } } peers { permanent_uuid: "bd22b596023b4d888a59d45d493e21de" member_type: VOTER last_known_addr { host: "127.19.199.3" port: 39391 } }
I20260709 12:23:48.720177 20537 leader_election.cc:290] T 30d6cf2695ac4a29854a810a5946c272 P bd22b596023b4d888a59d45d493e21de [CANDIDATE]: Term 2 election: Requested vote from peers ac350f627e29440e994667de91e9dcbc (127.19.199.1:39117), 0cc3ed97e4be4198b5ce7eb7bdbb6eb0 (127.19.199.2:37681)
I20260709 12:23:48.720978 20387 tablet_service.cc:1917] Received RequestConsensusVote() RPC: tablet_id: "30d6cf2695ac4a29854a810a5946c272" candidate_uuid: "bd22b596023b4d888a59d45d493e21de" candidate_term: 2 candidate_status { last_received { term: 1 index: 1 } } ignore_live_leader: true dest_uuid: "ac350f627e29440e994667de91e9dcbc"
I20260709 12:23:48.721223 20460 tablet_service.cc:1917] Received RequestConsensusVote() RPC: tablet_id: "30d6cf2695ac4a29854a810a5946c272" candidate_uuid: "bd22b596023b4d888a59d45d493e21de" candidate_term: 2 candidate_status { last_received { term: 1 index: 1 } } ignore_live_leader: true dest_uuid: "0cc3ed97e4be4198b5ce7eb7bdbb6eb0"
I20260709 12:23:48.721486 20387 raft_consensus.cc:3060] T 30d6cf2695ac4a29854a810a5946c272 P ac350f627e29440e994667de91e9dcbc [term 1 FOLLOWER]: Advancing to term 2
I20260709 12:23:48.721791 20460 raft_consensus.cc:3055] T 30d6cf2695ac4a29854a810a5946c272 P 0cc3ed97e4be4198b5ce7eb7bdbb6eb0 [term 1 LEADER]: Stepping down as leader of term 1
I20260709 12:23:48.722077 20460 raft_consensus.cc:740] T 30d6cf2695ac4a29854a810a5946c272 P 0cc3ed97e4be4198b5ce7eb7bdbb6eb0 [term 1 LEADER]: Becoming Follower/Learner. State: Replica: 0cc3ed97e4be4198b5ce7eb7bdbb6eb0, State: Running, Role: LEADER
I20260709 12:23:48.722790 20460 consensus_queue.cc:260] T 30d6cf2695ac4a29854a810a5946c272 P 0cc3ed97e4be4198b5ce7eb7bdbb6eb0 [NON_LEADER]: Queue going to NON_LEADER mode. State: All replicated index: 0, Majority replicated index: 1, Committed index: 1, Last appended: 1.1, Last appended by leader: 1, Current term: 1, Majority size: -1, State: 0, Mode: NON_LEADER, active raft config: opid_index: -1 OBSOLETE_local: false peers { permanent_uuid: "ac350f627e29440e994667de91e9dcbc" member_type: VOTER last_known_addr { host: "127.19.199.1" port: 39117 } } peers { permanent_uuid: "0cc3ed97e4be4198b5ce7eb7bdbb6eb0" member_type: VOTER last_known_addr { host: "127.19.199.2" port: 37681 } } peers { permanent_uuid: "bd22b596023b4d888a59d45d493e21de" member_type: VOTER last_known_addr { host: "127.19.199.3" port: 39391 } }
I20260709 12:23:48.723716 20460 raft_consensus.cc:3060] T 30d6cf2695ac4a29854a810a5946c272 P 0cc3ed97e4be4198b5ce7eb7bdbb6eb0 [term 1 FOLLOWER]: Advancing to term 2
I20260709 12:23:48.725689 20387 raft_consensus.cc:2468] T 30d6cf2695ac4a29854a810a5946c272 P ac350f627e29440e994667de91e9dcbc [term 2 FOLLOWER]: Leader election vote request: Granting yes vote for candidate bd22b596023b4d888a59d45d493e21de in term 2.
I20260709 12:23:48.726640 20499 leader_election.cc:304] T 30d6cf2695ac4a29854a810a5946c272 P bd22b596023b4d888a59d45d493e21de [CANDIDATE]: Term 2 election: Election decided. Result: candidate won. Election summary: received 2 responses out of 3 voters: 2 yes votes; 0 no votes. yes voters: ac350f627e29440e994667de91e9dcbc, bd22b596023b4d888a59d45d493e21de; no voters: 
I20260709 12:23:48.727293 20619 raft_consensus.cc:2804] T 30d6cf2695ac4a29854a810a5946c272 P bd22b596023b4d888a59d45d493e21de [term 2 FOLLOWER]: Leader election won for term 2
I20260709 12:23:48.727721 20619 raft_consensus.cc:697] T 30d6cf2695ac4a29854a810a5946c272 P bd22b596023b4d888a59d45d493e21de [term 2 LEADER]: Becoming Leader. State: Replica: bd22b596023b4d888a59d45d493e21de, State: Running, Role: LEADER
I20260709 12:23:48.728575 20460 raft_consensus.cc:2468] T 30d6cf2695ac4a29854a810a5946c272 P 0cc3ed97e4be4198b5ce7eb7bdbb6eb0 [term 2 FOLLOWER]: Leader election vote request: Granting yes vote for candidate bd22b596023b4d888a59d45d493e21de in term 2.
I20260709 12:23:48.728404 20619 consensus_queue.cc:237] T 30d6cf2695ac4a29854a810a5946c272 P bd22b596023b4d888a59d45d493e21de [LEADER]: Queue going to LEADER mode. State: All replicated index: 0, Majority replicated index: 1, Committed index: 1, Last appended: 1.1, Last appended by leader: 1, Current term: 2, Majority size: 2, State: 0, Mode: LEADER, active raft config: opid_index: -1 OBSOLETE_local: false peers { permanent_uuid: "ac350f627e29440e994667de91e9dcbc" member_type: VOTER last_known_addr { host: "127.19.199.1" port: 39117 } } peers { permanent_uuid: "0cc3ed97e4be4198b5ce7eb7bdbb6eb0" member_type: VOTER last_known_addr { host: "127.19.199.2" port: 37681 } } peers { permanent_uuid: "bd22b596023b4d888a59d45d493e21de" member_type: VOTER last_known_addr { host: "127.19.199.3" port: 39391 } }
I20260709 12:23:48.735369 20283 catalog_manager.cc:5697] T 30d6cf2695ac4a29854a810a5946c272 P bd22b596023b4d888a59d45d493e21de reported cstate change: term changed from 1 to 2, leader changed from 0cc3ed97e4be4198b5ce7eb7bdbb6eb0 (127.19.199.2) to bd22b596023b4d888a59d45d493e21de (127.19.199.3). New cstate: current_term: 2 leader_uuid: "bd22b596023b4d888a59d45d493e21de" committed_config { opid_index: -1 OBSOLETE_local: false peers { permanent_uuid: "ac350f627e29440e994667de91e9dcbc" member_type: VOTER last_known_addr { host: "127.19.199.1" port: 39117 } health_report { overall_health: UNKNOWN } } peers { permanent_uuid: "0cc3ed97e4be4198b5ce7eb7bdbb6eb0" member_type: VOTER last_known_addr { host: "127.19.199.2" port: 37681 } health_report { overall_health: UNKNOWN } } peers { permanent_uuid: "bd22b596023b4d888a59d45d493e21de" member_type: VOTER last_known_addr { host: "127.19.199.3" port: 39391 } health_report { overall_health: HEALTHY } } }
I20260709 12:23:49.112171 20460 raft_consensus.cc:1275] T 165a693d03cd4a9e825e2dc4bef11745 P 0cc3ed97e4be4198b5ce7eb7bdbb6eb0 [term 3 FOLLOWER]: Refusing update from remote peer bd22b596023b4d888a59d45d493e21de: Log matching property violated. Preceding OpId in replica: term: 2 index: 2. Preceding OpId from leader: term: 3 index: 3. (index mismatch)
I20260709 12:23:49.113379 20619 consensus_queue.cc:1048] T 165a693d03cd4a9e825e2dc4bef11745 P bd22b596023b4d888a59d45d493e21de [LEADER]: Connected to new peer: Peer: permanent_uuid: "0cc3ed97e4be4198b5ce7eb7bdbb6eb0" member_type: VOTER last_known_addr { host: "127.19.199.2" port: 37681 }, Status: LMP_MISMATCH, Last received: 0.0, Next index: 3, Last known committed idx: 2, Time since last communication: 0.000s
I20260709 12:23:49.123175 20387 raft_consensus.cc:1275] T 165a693d03cd4a9e825e2dc4bef11745 P ac350f627e29440e994667de91e9dcbc [term 3 FOLLOWER]: Refusing update from remote peer bd22b596023b4d888a59d45d493e21de: Log matching property violated. Preceding OpId in replica: term: 2 index: 2. Preceding OpId from leader: term: 3 index: 3. (index mismatch)
I20260709 12:23:49.125712 20619 consensus_queue.cc:1048] T 165a693d03cd4a9e825e2dc4bef11745 P bd22b596023b4d888a59d45d493e21de [LEADER]: Connected to new peer: Peer: permanent_uuid: "ac350f627e29440e994667de91e9dcbc" member_type: VOTER last_known_addr { host: "127.19.199.1" port: 39117 }, Status: LMP_MISMATCH, Last received: 0.0, Next index: 3, Last known committed idx: 2, Time since last communication: 0.000s
I20260709 12:23:49.130905 20460 raft_consensus.cc:1275] T 30d6cf2695ac4a29854a810a5946c272 P 0cc3ed97e4be4198b5ce7eb7bdbb6eb0 [term 2 FOLLOWER]: Refusing update from remote peer bd22b596023b4d888a59d45d493e21de: Log matching property violated. Preceding OpId in replica: term: 1 index: 1. Preceding OpId from leader: term: 2 index: 2. (index mismatch)
I20260709 12:23:49.132313 20619 consensus_queue.cc:1048] T 30d6cf2695ac4a29854a810a5946c272 P bd22b596023b4d888a59d45d493e21de [LEADER]: Connected to new peer: Peer: permanent_uuid: "0cc3ed97e4be4198b5ce7eb7bdbb6eb0" member_type: VOTER last_known_addr { host: "127.19.199.2" port: 37681 }, Status: LMP_MISMATCH, Last received: 0.0, Next index: 2, Last known committed idx: 1, Time since last communication: 0.000s
I20260709 12:23:49.150732 20386 raft_consensus.cc:1275] T 30d6cf2695ac4a29854a810a5946c272 P ac350f627e29440e994667de91e9dcbc [term 2 FOLLOWER]: Refusing update from remote peer bd22b596023b4d888a59d45d493e21de: Log matching property violated. Preceding OpId in replica: term: 1 index: 1. Preceding OpId from leader: term: 2 index: 2. (index mismatch)
I20260709 12:23:49.152245 20691 consensus_queue.cc:1048] T 30d6cf2695ac4a29854a810a5946c272 P bd22b596023b4d888a59d45d493e21de [LEADER]: Connected to new peer: Peer: permanent_uuid: "ac350f627e29440e994667de91e9dcbc" member_type: VOTER last_known_addr { host: "127.19.199.1" port: 39117 }, Status: LMP_MISMATCH, Last received: 0.0, Next index: 2, Last known committed idx: 1, Time since last communication: 0.000s
I20260709 12:23:49.430907 20252 auto_leader_rebalancer.cc:141] leader rebalance for table test-workload
I20260709 12:23:49.436408 20252 auto_leader_rebalancer.cc:440] table: test-workload, leader rebalance finish, leader transfer count: 0
I20260709 12:23:49.436798 20252 auto_leader_rebalancer.cc:515] All tables' leader rebalancing finished this round
I20260709 12:23:50.437668 20252 auto_leader_rebalancer.cc:141] leader rebalance for table test-workload
I20260709 12:23:50.442713 20252 auto_leader_rebalancer.cc:440] table: test-workload, leader rebalance finish, leader transfer count: 0
I20260709 12:23:50.443040 20252 auto_leader_rebalancer.cc:515] All tables' leader rebalancing finished this round
I20260709 12:23:51.443995 20252 auto_leader_rebalancer.cc:141] leader rebalance for table test-workload
I20260709 12:23:51.448961 20252 auto_leader_rebalancer.cc:440] table: test-workload, leader rebalance finish, leader transfer count: 0
I20260709 12:23:51.449308 20252 auto_leader_rebalancer.cc:515] All tables' leader rebalancing finished this round
I20260709 12:23:52.450358 20252 auto_leader_rebalancer.cc:141] leader rebalance for table test-workload
I20260709 12:23:52.456089 20252 auto_leader_rebalancer.cc:440] table: test-workload, leader rebalance finish, leader transfer count: 0
I20260709 12:23:52.456441 20252 auto_leader_rebalancer.cc:515] All tables' leader rebalancing finished this round
I20260709 12:23:53.457566 20252 auto_leader_rebalancer.cc:141] leader rebalance for table test-workload
I20260709 12:23:53.462666 20252 auto_leader_rebalancer.cc:440] table: test-workload, leader rebalance finish, leader transfer count: 0
I20260709 12:23:53.463073 20252 auto_leader_rebalancer.cc:515] All tables' leader rebalancing finished this round
I20260709 12:23:54.464010 20252 auto_leader_rebalancer.cc:141] leader rebalance for table test-workload
I20260709 12:23:54.469089 20252 auto_leader_rebalancer.cc:440] table: test-workload, leader rebalance finish, leader transfer count: 0
I20260709 12:23:54.469497 20252 auto_leader_rebalancer.cc:515] All tables' leader rebalancing finished this round
I20260709 12:23:55.470468 20252 auto_leader_rebalancer.cc:141] leader rebalance for table test-workload
I20260709 12:23:55.475201 20252 auto_leader_rebalancer.cc:440] table: test-workload, leader rebalance finish, leader transfer count: 0
I20260709 12:23:55.475605 20252 auto_leader_rebalancer.cc:515] All tables' leader rebalancing finished this round
I20260709 12:23:56.476487 20252 auto_leader_rebalancer.cc:141] leader rebalance for table test-workload
I20260709 12:23:56.481536 20252 auto_leader_rebalancer.cc:440] table: test-workload, leader rebalance finish, leader transfer count: 0
I20260709 12:23:56.482100 20252 auto_leader_rebalancer.cc:515] All tables' leader rebalancing finished this round
I20260709 12:23:57.483162 20252 auto_leader_rebalancer.cc:141] leader rebalance for table test-workload
I20260709 12:23:57.487937 20252 auto_leader_rebalancer.cc:440] table: test-workload, leader rebalance finish, leader transfer count: 0
I20260709 12:23:57.488343 20252 auto_leader_rebalancer.cc:515] All tables' leader rebalancing finished this round
I20260709 12:23:58.515354 20252 auto_leader_rebalancer-test.cc:313] The leader distribution is 
I20260709 12:23:58.519910 20536 tablet_service.cc:2072] Received LeaderStepDown RPC: tablet_id: "165a693d03cd4a9e825e2dc4bef11745"
dest_uuid: "bd22b596023b4d888a59d45d493e21de"
mode: GRACEFUL
new_leader_uuid: "0cc3ed97e4be4198b5ce7eb7bdbb6eb0"
 from {username='slave'} at 127.0.0.1:54430
I20260709 12:23:58.520586 20536 raft_consensus.cc:606] T 165a693d03cd4a9e825e2dc4bef11745 P bd22b596023b4d888a59d45d493e21de [term 3 LEADER]: Received request to transfer leadership to TS 0cc3ed97e4be4198b5ce7eb7bdbb6eb0
I20260709 12:23:58.525210 20387 tablet_service.cc:2072] Received LeaderStepDown RPC: tablet_id: "f5bb2ce6b76d4c0db14803d7eafbe254"
dest_uuid: "ac350f627e29440e994667de91e9dcbc"
mode: GRACEFUL
new_leader_uuid: "0cc3ed97e4be4198b5ce7eb7bdbb6eb0"
 from {username='slave'} at 127.0.0.1:57358
I20260709 12:23:58.525586 20387 raft_consensus.cc:606] T f5bb2ce6b76d4c0db14803d7eafbe254 P ac350f627e29440e994667de91e9dcbc [term 1 LEADER]: Received request to transfer leadership to TS 0cc3ed97e4be4198b5ce7eb7bdbb6eb0
I20260709 12:23:58.529983 20387 tablet_service.cc:2072] Received LeaderStepDown RPC: tablet_id: "f5601349b457437ea0dec776507043ae"
dest_uuid: "ac350f627e29440e994667de91e9dcbc"
mode: GRACEFUL
new_leader_uuid: "0cc3ed97e4be4198b5ce7eb7bdbb6eb0"
 from {username='slave'} at 127.0.0.1:57358
I20260709 12:23:58.530438 20387 raft_consensus.cc:606] T f5601349b457437ea0dec776507043ae P ac350f627e29440e994667de91e9dcbc [term 2 LEADER]: Received request to transfer leadership to TS 0cc3ed97e4be4198b5ce7eb7bdbb6eb0
I20260709 12:23:58.534739 20387 tablet_service.cc:2072] Received LeaderStepDown RPC: tablet_id: "a35f1996dbd540afa2071f38ca97c8e6"
dest_uuid: "ac350f627e29440e994667de91e9dcbc"
mode: GRACEFUL
new_leader_uuid: "0cc3ed97e4be4198b5ce7eb7bdbb6eb0"
 from {username='slave'} at 127.0.0.1:57358
I20260709 12:23:58.535080 20387 raft_consensus.cc:606] T a35f1996dbd540afa2071f38ca97c8e6 P ac350f627e29440e994667de91e9dcbc [term 1 LEADER]: Received request to transfer leadership to TS 0cc3ed97e4be4198b5ce7eb7bdbb6eb0
I20260709 12:23:58.541891 20536 tablet_service.cc:2072] Received LeaderStepDown RPC: tablet_id: "30d6cf2695ac4a29854a810a5946c272"
dest_uuid: "bd22b596023b4d888a59d45d493e21de"
mode: GRACEFUL
new_leader_uuid: "0cc3ed97e4be4198b5ce7eb7bdbb6eb0"
 from {username='slave'} at 127.0.0.1:54430
I20260709 12:23:58.542305 20536 raft_consensus.cc:606] T 30d6cf2695ac4a29854a810a5946c272 P bd22b596023b4d888a59d45d493e21de [term 2 LEADER]: Received request to transfer leadership to TS 0cc3ed97e4be4198b5ce7eb7bdbb6eb0
I20260709 12:23:58.616361 20700 raft_consensus.cc:993] T f5601349b457437ea0dec776507043ae P ac350f627e29440e994667de91e9dcbc: : Instructing follower 0cc3ed97e4be4198b5ce7eb7bdbb6eb0 to start an election
I20260709 12:23:58.616921 20704 raft_consensus.cc:1081] T f5601349b457437ea0dec776507043ae P ac350f627e29440e994667de91e9dcbc [term 2 LEADER]: Signalling peer 0cc3ed97e4be4198b5ce7eb7bdbb6eb0 to start an election
I20260709 12:23:58.618525 20460 tablet_service.cc:2044] Received Run Leader Election RPC: tablet_id: "f5601349b457437ea0dec776507043ae"
dest_uuid: "0cc3ed97e4be4198b5ce7eb7bdbb6eb0"
 from {username='slave'} at 127.0.0.1:41454
I20260709 12:23:58.619105 20460 raft_consensus.cc:493] T f5601349b457437ea0dec776507043ae P 0cc3ed97e4be4198b5ce7eb7bdbb6eb0 [term 2 FOLLOWER]: Starting forced leader election (received explicit request)
I20260709 12:23:58.619475 20460 raft_consensus.cc:3060] T f5601349b457437ea0dec776507043ae P 0cc3ed97e4be4198b5ce7eb7bdbb6eb0 [term 2 FOLLOWER]: Advancing to term 3
I20260709 12:23:58.625039 20460 raft_consensus.cc:515] T f5601349b457437ea0dec776507043ae P 0cc3ed97e4be4198b5ce7eb7bdbb6eb0 [term 3 FOLLOWER]: Starting forced leader election with config: opid_index: -1 OBSOLETE_local: false peers { permanent_uuid: "ac350f627e29440e994667de91e9dcbc" member_type: VOTER last_known_addr { host: "127.19.199.1" port: 39117 } } peers { permanent_uuid: "0cc3ed97e4be4198b5ce7eb7bdbb6eb0" member_type: VOTER last_known_addr { host: "127.19.199.2" port: 37681 } } peers { permanent_uuid: "bd22b596023b4d888a59d45d493e21de" member_type: VOTER last_known_addr { host: "127.19.199.3" port: 39391 } }
I20260709 12:23:58.627019 20460 leader_election.cc:290] T f5601349b457437ea0dec776507043ae P 0cc3ed97e4be4198b5ce7eb7bdbb6eb0 [CANDIDATE]: Term 3 election: Requested vote from peers ac350f627e29440e994667de91e9dcbc (127.19.199.1:39117), bd22b596023b4d888a59d45d493e21de (127.19.199.3:39391)
I20260709 12:23:58.627851 20387 tablet_service.cc:1917] Received RequestConsensusVote() RPC: tablet_id: "f5601349b457437ea0dec776507043ae" candidate_uuid: "0cc3ed97e4be4198b5ce7eb7bdbb6eb0" candidate_term: 3 candidate_status { last_received { term: 2 index: 2 } } ignore_live_leader: true dest_uuid: "ac350f627e29440e994667de91e9dcbc"
I20260709 12:23:58.628284 20536 tablet_service.cc:1917] Received RequestConsensusVote() RPC: tablet_id: "f5601349b457437ea0dec776507043ae" candidate_uuid: "0cc3ed97e4be4198b5ce7eb7bdbb6eb0" candidate_term: 3 candidate_status { last_received { term: 2 index: 2 } } ignore_live_leader: true dest_uuid: "bd22b596023b4d888a59d45d493e21de"
I20260709 12:23:58.628583 20387 raft_consensus.cc:3055] T f5601349b457437ea0dec776507043ae P ac350f627e29440e994667de91e9dcbc [term 2 LEADER]: Stepping down as leader of term 2
I20260709 12:23:58.628893 20536 raft_consensus.cc:3060] T f5601349b457437ea0dec776507043ae P bd22b596023b4d888a59d45d493e21de [term 2 FOLLOWER]: Advancing to term 3
I20260709 12:23:58.628921 20387 raft_consensus.cc:740] T f5601349b457437ea0dec776507043ae P ac350f627e29440e994667de91e9dcbc [term 2 LEADER]: Becoming Follower/Learner. State: Replica: ac350f627e29440e994667de91e9dcbc, State: Running, Role: LEADER
I20260709 12:23:58.629850 20387 consensus_queue.cc:260] T f5601349b457437ea0dec776507043ae P ac350f627e29440e994667de91e9dcbc [NON_LEADER]: Queue going to NON_LEADER mode. State: All replicated index: 0, Majority replicated index: 2, Committed index: 2, Last appended: 2.2, Last appended by leader: 2, Current term: 2, Majority size: -1, State: 0, Mode: NON_LEADER, active raft config: opid_index: -1 OBSOLETE_local: false peers { permanent_uuid: "ac350f627e29440e994667de91e9dcbc" member_type: VOTER last_known_addr { host: "127.19.199.1" port: 39117 } } peers { permanent_uuid: "0cc3ed97e4be4198b5ce7eb7bdbb6eb0" member_type: VOTER last_known_addr { host: "127.19.199.2" port: 37681 } } peers { permanent_uuid: "bd22b596023b4d888a59d45d493e21de" member_type: VOTER last_known_addr { host: "127.19.199.3" port: 39391 } }
I20260709 12:23:58.630825 20387 raft_consensus.cc:3060] T f5601349b457437ea0dec776507043ae P ac350f627e29440e994667de91e9dcbc [term 2 FOLLOWER]: Advancing to term 3
I20260709 12:23:58.633893 20536 raft_consensus.cc:2468] T f5601349b457437ea0dec776507043ae P bd22b596023b4d888a59d45d493e21de [term 3 FOLLOWER]: Leader election vote request: Granting yes vote for candidate 0cc3ed97e4be4198b5ce7eb7bdbb6eb0 in term 3.
I20260709 12:23:58.635232 20426 leader_election.cc:304] T f5601349b457437ea0dec776507043ae P 0cc3ed97e4be4198b5ce7eb7bdbb6eb0 [CANDIDATE]: Term 3 election: Election decided. Result: candidate won. Election summary: received 2 responses out of 3 voters: 2 yes votes; 0 no votes. yes voters: 0cc3ed97e4be4198b5ce7eb7bdbb6eb0, bd22b596023b4d888a59d45d493e21de; no voters: 
I20260709 12:23:58.635382 20387 raft_consensus.cc:2468] T f5601349b457437ea0dec776507043ae P ac350f627e29440e994667de91e9dcbc [term 3 FOLLOWER]: Leader election vote request: Granting yes vote for candidate 0cc3ed97e4be4198b5ce7eb7bdbb6eb0 in term 3.
I20260709 12:23:58.636248 20634 raft_consensus.cc:2804] T f5601349b457437ea0dec776507043ae P 0cc3ed97e4be4198b5ce7eb7bdbb6eb0 [term 3 FOLLOWER]: Leader election won for term 3
I20260709 12:23:58.637389 20634 raft_consensus.cc:697] T f5601349b457437ea0dec776507043ae P 0cc3ed97e4be4198b5ce7eb7bdbb6eb0 [term 3 LEADER]: Becoming Leader. State: Replica: 0cc3ed97e4be4198b5ce7eb7bdbb6eb0, State: Running, Role: LEADER
I20260709 12:23:58.638288 20634 consensus_queue.cc:237] T f5601349b457437ea0dec776507043ae P 0cc3ed97e4be4198b5ce7eb7bdbb6eb0 [LEADER]: Queue going to LEADER mode. State: All replicated index: 0, Majority replicated index: 2, Committed index: 2, Last appended: 2.2, Last appended by leader: 2, Current term: 3, Majority size: 2, State: 0, Mode: LEADER, active raft config: opid_index: -1 OBSOLETE_local: false peers { permanent_uuid: "ac350f627e29440e994667de91e9dcbc" member_type: VOTER last_known_addr { host: "127.19.199.1" port: 39117 } } peers { permanent_uuid: "0cc3ed97e4be4198b5ce7eb7bdbb6eb0" member_type: VOTER last_known_addr { host: "127.19.199.2" port: 37681 } } peers { permanent_uuid: "bd22b596023b4d888a59d45d493e21de" member_type: VOTER last_known_addr { host: "127.19.199.3" port: 39391 } }
I20260709 12:23:58.645141 20282 catalog_manager.cc:5697] T f5601349b457437ea0dec776507043ae P 0cc3ed97e4be4198b5ce7eb7bdbb6eb0 reported cstate change: term changed from 2 to 3, leader changed from ac350f627e29440e994667de91e9dcbc (127.19.199.1) to 0cc3ed97e4be4198b5ce7eb7bdbb6eb0 (127.19.199.2). New cstate: current_term: 3 leader_uuid: "0cc3ed97e4be4198b5ce7eb7bdbb6eb0" committed_config { opid_index: -1 OBSOLETE_local: false peers { permanent_uuid: "ac350f627e29440e994667de91e9dcbc" member_type: VOTER last_known_addr { host: "127.19.199.1" port: 39117 } health_report { overall_health: UNKNOWN } } peers { permanent_uuid: "0cc3ed97e4be4198b5ce7eb7bdbb6eb0" member_type: VOTER last_known_addr { host: "127.19.199.2" port: 37681 } health_report { overall_health: HEALTHY } } peers { permanent_uuid: "bd22b596023b4d888a59d45d493e21de" member_type: VOTER last_known_addr { host: "127.19.199.3" port: 39391 } health_report { overall_health: UNKNOWN } } }
I20260709 12:23:58.658697 20703 raft_consensus.cc:993] T 30d6cf2695ac4a29854a810a5946c272 P bd22b596023b4d888a59d45d493e21de: : Instructing follower 0cc3ed97e4be4198b5ce7eb7bdbb6eb0 to start an election
I20260709 12:23:58.659164 20711 raft_consensus.cc:1081] T 30d6cf2695ac4a29854a810a5946c272 P bd22b596023b4d888a59d45d493e21de [term 2 LEADER]: Signalling peer 0cc3ed97e4be4198b5ce7eb7bdbb6eb0 to start an election
I20260709 12:23:58.660425 20460 tablet_service.cc:2044] Received Run Leader Election RPC: tablet_id: "30d6cf2695ac4a29854a810a5946c272"
dest_uuid: "0cc3ed97e4be4198b5ce7eb7bdbb6eb0"
 from {username='slave'} at 127.0.0.1:41460
I20260709 12:23:58.660837 20460 raft_consensus.cc:493] T 30d6cf2695ac4a29854a810a5946c272 P 0cc3ed97e4be4198b5ce7eb7bdbb6eb0 [term 2 FOLLOWER]: Starting forced leader election (received explicit request)
I20260709 12:23:58.661103 20460 raft_consensus.cc:3060] T 30d6cf2695ac4a29854a810a5946c272 P 0cc3ed97e4be4198b5ce7eb7bdbb6eb0 [term 2 FOLLOWER]: Advancing to term 3
I20260709 12:23:58.665292 20460 raft_consensus.cc:515] T 30d6cf2695ac4a29854a810a5946c272 P 0cc3ed97e4be4198b5ce7eb7bdbb6eb0 [term 3 FOLLOWER]: Starting forced leader election with config: opid_index: -1 OBSOLETE_local: false peers { permanent_uuid: "ac350f627e29440e994667de91e9dcbc" member_type: VOTER last_known_addr { host: "127.19.199.1" port: 39117 } } peers { permanent_uuid: "0cc3ed97e4be4198b5ce7eb7bdbb6eb0" member_type: VOTER last_known_addr { host: "127.19.199.2" port: 37681 } } peers { permanent_uuid: "bd22b596023b4d888a59d45d493e21de" member_type: VOTER last_known_addr { host: "127.19.199.3" port: 39391 } }
I20260709 12:23:58.666745 20460 leader_election.cc:290] T 30d6cf2695ac4a29854a810a5946c272 P 0cc3ed97e4be4198b5ce7eb7bdbb6eb0 [CANDIDATE]: Term 3 election: Requested vote from peers ac350f627e29440e994667de91e9dcbc (127.19.199.1:39117), bd22b596023b4d888a59d45d493e21de (127.19.199.3:39391)
I20260709 12:23:58.667415 20387 tablet_service.cc:1917] Received RequestConsensusVote() RPC: tablet_id: "30d6cf2695ac4a29854a810a5946c272" candidate_uuid: "0cc3ed97e4be4198b5ce7eb7bdbb6eb0" candidate_term: 3 candidate_status { last_received { term: 2 index: 2 } } ignore_live_leader: true dest_uuid: "ac350f627e29440e994667de91e9dcbc"
I20260709 12:23:58.667680 20536 tablet_service.cc:1917] Received RequestConsensusVote() RPC: tablet_id: "30d6cf2695ac4a29854a810a5946c272" candidate_uuid: "0cc3ed97e4be4198b5ce7eb7bdbb6eb0" candidate_term: 3 candidate_status { last_received { term: 2 index: 2 } } ignore_live_leader: true dest_uuid: "bd22b596023b4d888a59d45d493e21de"
I20260709 12:23:58.667954 20387 raft_consensus.cc:3060] T 30d6cf2695ac4a29854a810a5946c272 P ac350f627e29440e994667de91e9dcbc [term 2 FOLLOWER]: Advancing to term 3
I20260709 12:23:58.668174 20536 raft_consensus.cc:3055] T 30d6cf2695ac4a29854a810a5946c272 P bd22b596023b4d888a59d45d493e21de [term 2 LEADER]: Stepping down as leader of term 2
I20260709 12:23:58.668483 20536 raft_consensus.cc:740] T 30d6cf2695ac4a29854a810a5946c272 P bd22b596023b4d888a59d45d493e21de [term 2 LEADER]: Becoming Follower/Learner. State: Replica: bd22b596023b4d888a59d45d493e21de, State: Running, Role: LEADER
I20260709 12:23:58.669198 20536 consensus_queue.cc:260] T 30d6cf2695ac4a29854a810a5946c272 P bd22b596023b4d888a59d45d493e21de [NON_LEADER]: Queue going to NON_LEADER mode. State: All replicated index: 0, Majority replicated index: 2, Committed index: 2, Last appended: 2.2, Last appended by leader: 2, Current term: 2, Majority size: -1, State: 0, Mode: NON_LEADER, active raft config: opid_index: -1 OBSOLETE_local: false peers { permanent_uuid: "ac350f627e29440e994667de91e9dcbc" member_type: VOTER last_known_addr { host: "127.19.199.1" port: 39117 } } peers { permanent_uuid: "0cc3ed97e4be4198b5ce7eb7bdbb6eb0" member_type: VOTER last_known_addr { host: "127.19.199.2" port: 37681 } } peers { permanent_uuid: "bd22b596023b4d888a59d45d493e21de" member_type: VOTER last_known_addr { host: "127.19.199.3" port: 39391 } }
I20260709 12:23:58.670289 20536 raft_consensus.cc:3060] T 30d6cf2695ac4a29854a810a5946c272 P bd22b596023b4d888a59d45d493e21de [term 2 FOLLOWER]: Advancing to term 3
I20260709 12:23:58.673765 20387 raft_consensus.cc:2468] T 30d6cf2695ac4a29854a810a5946c272 P ac350f627e29440e994667de91e9dcbc [term 3 FOLLOWER]: Leader election vote request: Granting yes vote for candidate 0cc3ed97e4be4198b5ce7eb7bdbb6eb0 in term 3.
I20260709 12:23:58.674829 20425 leader_election.cc:304] T 30d6cf2695ac4a29854a810a5946c272 P 0cc3ed97e4be4198b5ce7eb7bdbb6eb0 [CANDIDATE]: Term 3 election: Election decided. Result: candidate won. Election summary: received 2 responses out of 3 voters: 2 yes votes; 0 no votes. yes voters: 0cc3ed97e4be4198b5ce7eb7bdbb6eb0, ac350f627e29440e994667de91e9dcbc; no voters: 
I20260709 12:23:58.675513 20634 raft_consensus.cc:2804] T 30d6cf2695ac4a29854a810a5946c272 P 0cc3ed97e4be4198b5ce7eb7bdbb6eb0 [term 3 FOLLOWER]: Leader election won for term 3
I20260709 12:23:58.675688 20536 raft_consensus.cc:2468] T 30d6cf2695ac4a29854a810a5946c272 P bd22b596023b4d888a59d45d493e21de [term 3 FOLLOWER]: Leader election vote request: Granting yes vote for candidate 0cc3ed97e4be4198b5ce7eb7bdbb6eb0 in term 3.
I20260709 12:23:58.675968 20634 raft_consensus.cc:697] T 30d6cf2695ac4a29854a810a5946c272 P 0cc3ed97e4be4198b5ce7eb7bdbb6eb0 [term 3 LEADER]: Becoming Leader. State: Replica: 0cc3ed97e4be4198b5ce7eb7bdbb6eb0, State: Running, Role: LEADER
I20260709 12:23:58.676781 20634 consensus_queue.cc:237] T 30d6cf2695ac4a29854a810a5946c272 P 0cc3ed97e4be4198b5ce7eb7bdbb6eb0 [LEADER]: Queue going to LEADER mode. State: All replicated index: 0, Majority replicated index: 2, Committed index: 2, Last appended: 2.2, Last appended by leader: 2, Current term: 3, Majority size: 2, State: 0, Mode: LEADER, active raft config: opid_index: -1 OBSOLETE_local: false peers { permanent_uuid: "ac350f627e29440e994667de91e9dcbc" member_type: VOTER last_known_addr { host: "127.19.199.1" port: 39117 } } peers { permanent_uuid: "0cc3ed97e4be4198b5ce7eb7bdbb6eb0" member_type: VOTER last_known_addr { host: "127.19.199.2" port: 37681 } } peers { permanent_uuid: "bd22b596023b4d888a59d45d493e21de" member_type: VOTER last_known_addr { host: "127.19.199.3" port: 39391 } }
I20260709 12:23:58.683039 20282 catalog_manager.cc:5697] T 30d6cf2695ac4a29854a810a5946c272 P 0cc3ed97e4be4198b5ce7eb7bdbb6eb0 reported cstate change: term changed from 2 to 3, leader changed from bd22b596023b4d888a59d45d493e21de (127.19.199.3) to 0cc3ed97e4be4198b5ce7eb7bdbb6eb0 (127.19.199.2). New cstate: current_term: 3 leader_uuid: "0cc3ed97e4be4198b5ce7eb7bdbb6eb0" committed_config { opid_index: -1 OBSOLETE_local: false peers { permanent_uuid: "ac350f627e29440e994667de91e9dcbc" member_type: VOTER last_known_addr { host: "127.19.199.1" port: 39117 } health_report { overall_health: UNKNOWN } } peers { permanent_uuid: "0cc3ed97e4be4198b5ce7eb7bdbb6eb0" member_type: VOTER last_known_addr { host: "127.19.199.2" port: 37681 } health_report { overall_health: HEALTHY } } peers { permanent_uuid: "bd22b596023b4d888a59d45d493e21de" member_type: VOTER last_known_addr { host: "127.19.199.3" port: 39391 } health_report { overall_health: UNKNOWN } } }
I20260709 12:23:58.719534 20700 raft_consensus.cc:993] T a35f1996dbd540afa2071f38ca97c8e6 P ac350f627e29440e994667de91e9dcbc: : Instructing follower 0cc3ed97e4be4198b5ce7eb7bdbb6eb0 to start an election
I20260709 12:23:58.720000 20704 raft_consensus.cc:1081] T a35f1996dbd540afa2071f38ca97c8e6 P ac350f627e29440e994667de91e9dcbc [term 1 LEADER]: Signalling peer 0cc3ed97e4be4198b5ce7eb7bdbb6eb0 to start an election
I20260709 12:23:58.721283 20460 tablet_service.cc:2044] Received Run Leader Election RPC: tablet_id: "a35f1996dbd540afa2071f38ca97c8e6"
dest_uuid: "0cc3ed97e4be4198b5ce7eb7bdbb6eb0"
 from {username='slave'} at 127.0.0.1:41454
I20260709 12:23:58.721829 20460 raft_consensus.cc:493] T a35f1996dbd540afa2071f38ca97c8e6 P 0cc3ed97e4be4198b5ce7eb7bdbb6eb0 [term 1 FOLLOWER]: Starting forced leader election (received explicit request)
I20260709 12:23:58.722185 20460 raft_consensus.cc:3060] T a35f1996dbd540afa2071f38ca97c8e6 P 0cc3ed97e4be4198b5ce7eb7bdbb6eb0 [term 1 FOLLOWER]: Advancing to term 2
I20260709 12:23:58.726898 20460 raft_consensus.cc:515] T a35f1996dbd540afa2071f38ca97c8e6 P 0cc3ed97e4be4198b5ce7eb7bdbb6eb0 [term 2 FOLLOWER]: Starting forced leader election with config: opid_index: -1 OBSOLETE_local: false peers { permanent_uuid: "ac350f627e29440e994667de91e9dcbc" member_type: VOTER last_known_addr { host: "127.19.199.1" port: 39117 } } peers { permanent_uuid: "0cc3ed97e4be4198b5ce7eb7bdbb6eb0" member_type: VOTER last_known_addr { host: "127.19.199.2" port: 37681 } } peers { permanent_uuid: "bd22b596023b4d888a59d45d493e21de" member_type: VOTER last_known_addr { host: "127.19.199.3" port: 39391 } }
I20260709 12:23:58.728360 20460 leader_election.cc:290] T a35f1996dbd540afa2071f38ca97c8e6 P 0cc3ed97e4be4198b5ce7eb7bdbb6eb0 [CANDIDATE]: Term 2 election: Requested vote from peers ac350f627e29440e994667de91e9dcbc (127.19.199.1:39117), bd22b596023b4d888a59d45d493e21de (127.19.199.3:39391)
I20260709 12:23:58.729071 20387 tablet_service.cc:1917] Received RequestConsensusVote() RPC: tablet_id: "a35f1996dbd540afa2071f38ca97c8e6" candidate_uuid: "0cc3ed97e4be4198b5ce7eb7bdbb6eb0" candidate_term: 2 candidate_status { last_received { term: 1 index: 1 } } ignore_live_leader: true dest_uuid: "ac350f627e29440e994667de91e9dcbc"
I20260709 12:23:58.729382 20536 tablet_service.cc:1917] Received RequestConsensusVote() RPC: tablet_id: "a35f1996dbd540afa2071f38ca97c8e6" candidate_uuid: "0cc3ed97e4be4198b5ce7eb7bdbb6eb0" candidate_term: 2 candidate_status { last_received { term: 1 index: 1 } } ignore_live_leader: true dest_uuid: "bd22b596023b4d888a59d45d493e21de"
I20260709 12:23:58.729686 20387 raft_consensus.cc:3055] T a35f1996dbd540afa2071f38ca97c8e6 P ac350f627e29440e994667de91e9dcbc [term 1 LEADER]: Stepping down as leader of term 1
I20260709 12:23:58.729902 20536 raft_consensus.cc:3060] T a35f1996dbd540afa2071f38ca97c8e6 P bd22b596023b4d888a59d45d493e21de [term 1 FOLLOWER]: Advancing to term 2
I20260709 12:23:58.729991 20387 raft_consensus.cc:740] T a35f1996dbd540afa2071f38ca97c8e6 P ac350f627e29440e994667de91e9dcbc [term 1 LEADER]: Becoming Follower/Learner. State: Replica: ac350f627e29440e994667de91e9dcbc, State: Running, Role: LEADER
I20260709 12:23:58.730773 20387 consensus_queue.cc:260] T a35f1996dbd540afa2071f38ca97c8e6 P ac350f627e29440e994667de91e9dcbc [NON_LEADER]: Queue going to NON_LEADER mode. State: All replicated index: 0, Majority replicated index: 1, Committed index: 1, Last appended: 1.1, Last appended by leader: 1, Current term: 1, Majority size: -1, State: 0, Mode: NON_LEADER, active raft config: opid_index: -1 OBSOLETE_local: false peers { permanent_uuid: "ac350f627e29440e994667de91e9dcbc" member_type: VOTER last_known_addr { host: "127.19.199.1" port: 39117 } } peers { permanent_uuid: "0cc3ed97e4be4198b5ce7eb7bdbb6eb0" member_type: VOTER last_known_addr { host: "127.19.199.2" port: 37681 } } peers { permanent_uuid: "bd22b596023b4d888a59d45d493e21de" member_type: VOTER last_known_addr { host: "127.19.199.3" port: 39391 } }
I20260709 12:23:58.731880 20387 raft_consensus.cc:3060] T a35f1996dbd540afa2071f38ca97c8e6 P ac350f627e29440e994667de91e9dcbc [term 1 FOLLOWER]: Advancing to term 2
I20260709 12:23:58.735673 20536 raft_consensus.cc:2468] T a35f1996dbd540afa2071f38ca97c8e6 P bd22b596023b4d888a59d45d493e21de [term 2 FOLLOWER]: Leader election vote request: Granting yes vote for candidate 0cc3ed97e4be4198b5ce7eb7bdbb6eb0 in term 2.
I20260709 12:23:58.736668 20426 leader_election.cc:304] T a35f1996dbd540afa2071f38ca97c8e6 P 0cc3ed97e4be4198b5ce7eb7bdbb6eb0 [CANDIDATE]: Term 2 election: Election decided. Result: candidate won. Election summary: received 2 responses out of 3 voters: 2 yes votes; 0 no votes. yes voters: 0cc3ed97e4be4198b5ce7eb7bdbb6eb0, bd22b596023b4d888a59d45d493e21de; no voters: 
I20260709 12:23:58.737450 20634 raft_consensus.cc:2804] T a35f1996dbd540afa2071f38ca97c8e6 P 0cc3ed97e4be4198b5ce7eb7bdbb6eb0 [term 2 FOLLOWER]: Leader election won for term 2
I20260709 12:23:58.737735 20387 raft_consensus.cc:2468] T a35f1996dbd540afa2071f38ca97c8e6 P ac350f627e29440e994667de91e9dcbc [term 2 FOLLOWER]: Leader election vote request: Granting yes vote for candidate 0cc3ed97e4be4198b5ce7eb7bdbb6eb0 in term 2.
I20260709 12:23:58.737919 20634 raft_consensus.cc:697] T a35f1996dbd540afa2071f38ca97c8e6 P 0cc3ed97e4be4198b5ce7eb7bdbb6eb0 [term 2 LEADER]: Becoming Leader. State: Replica: 0cc3ed97e4be4198b5ce7eb7bdbb6eb0, State: Running, Role: LEADER
I20260709 12:23:58.738849 20634 consensus_queue.cc:237] T a35f1996dbd540afa2071f38ca97c8e6 P 0cc3ed97e4be4198b5ce7eb7bdbb6eb0 [LEADER]: Queue going to LEADER mode. State: All replicated index: 0, Majority replicated index: 1, Committed index: 1, Last appended: 1.1, Last appended by leader: 1, Current term: 2, Majority size: 2, State: 0, Mode: LEADER, active raft config: opid_index: -1 OBSOLETE_local: false peers { permanent_uuid: "ac350f627e29440e994667de91e9dcbc" member_type: VOTER last_known_addr { host: "127.19.199.1" port: 39117 } } peers { permanent_uuid: "0cc3ed97e4be4198b5ce7eb7bdbb6eb0" member_type: VOTER last_known_addr { host: "127.19.199.2" port: 37681 } } peers { permanent_uuid: "bd22b596023b4d888a59d45d493e21de" member_type: VOTER last_known_addr { host: "127.19.199.3" port: 39391 } }
I20260709 12:23:58.745188 20282 catalog_manager.cc:5697] T a35f1996dbd540afa2071f38ca97c8e6 P 0cc3ed97e4be4198b5ce7eb7bdbb6eb0 reported cstate change: term changed from 1 to 2, leader changed from ac350f627e29440e994667de91e9dcbc (127.19.199.1) to 0cc3ed97e4be4198b5ce7eb7bdbb6eb0 (127.19.199.2). New cstate: current_term: 2 leader_uuid: "0cc3ed97e4be4198b5ce7eb7bdbb6eb0" committed_config { opid_index: -1 OBSOLETE_local: false peers { permanent_uuid: "ac350f627e29440e994667de91e9dcbc" member_type: VOTER last_known_addr { host: "127.19.199.1" port: 39117 } health_report { overall_health: UNKNOWN } } peers { permanent_uuid: "0cc3ed97e4be4198b5ce7eb7bdbb6eb0" member_type: VOTER last_known_addr { host: "127.19.199.2" port: 37681 } health_report { overall_health: HEALTHY } } peers { permanent_uuid: "bd22b596023b4d888a59d45d493e21de" member_type: VOTER last_known_addr { host: "127.19.199.3" port: 39391 } health_report { overall_health: UNKNOWN } } }
I20260709 12:23:58.765607 20700 raft_consensus.cc:993] T f5bb2ce6b76d4c0db14803d7eafbe254 P ac350f627e29440e994667de91e9dcbc: : Instructing follower 0cc3ed97e4be4198b5ce7eb7bdbb6eb0 to start an election
I20260709 12:23:58.766043 20704 raft_consensus.cc:1081] T f5bb2ce6b76d4c0db14803d7eafbe254 P ac350f627e29440e994667de91e9dcbc [term 1 LEADER]: Signalling peer 0cc3ed97e4be4198b5ce7eb7bdbb6eb0 to start an election
I20260709 12:23:58.767396 20460 tablet_service.cc:2044] Received Run Leader Election RPC: tablet_id: "f5bb2ce6b76d4c0db14803d7eafbe254"
dest_uuid: "0cc3ed97e4be4198b5ce7eb7bdbb6eb0"
 from {username='slave'} at 127.0.0.1:41454
I20260709 12:23:58.767784 20460 raft_consensus.cc:493] T f5bb2ce6b76d4c0db14803d7eafbe254 P 0cc3ed97e4be4198b5ce7eb7bdbb6eb0 [term 1 FOLLOWER]: Starting forced leader election (received explicit request)
I20260709 12:23:58.768007 20460 raft_consensus.cc:3060] T f5bb2ce6b76d4c0db14803d7eafbe254 P 0cc3ed97e4be4198b5ce7eb7bdbb6eb0 [term 1 FOLLOWER]: Advancing to term 2
I20260709 12:23:58.771740 20460 raft_consensus.cc:515] T f5bb2ce6b76d4c0db14803d7eafbe254 P 0cc3ed97e4be4198b5ce7eb7bdbb6eb0 [term 2 FOLLOWER]: Starting forced leader election with config: opid_index: -1 OBSOLETE_local: false peers { permanent_uuid: "ac350f627e29440e994667de91e9dcbc" member_type: VOTER last_known_addr { host: "127.19.199.1" port: 39117 } } peers { permanent_uuid: "0cc3ed97e4be4198b5ce7eb7bdbb6eb0" member_type: VOTER last_known_addr { host: "127.19.199.2" port: 37681 } } peers { permanent_uuid: "bd22b596023b4d888a59d45d493e21de" member_type: VOTER last_known_addr { host: "127.19.199.3" port: 39391 } }
I20260709 12:23:58.772986 20460 leader_election.cc:290] T f5bb2ce6b76d4c0db14803d7eafbe254 P 0cc3ed97e4be4198b5ce7eb7bdbb6eb0 [CANDIDATE]: Term 2 election: Requested vote from peers ac350f627e29440e994667de91e9dcbc (127.19.199.1:39117), bd22b596023b4d888a59d45d493e21de (127.19.199.3:39391)
I20260709 12:23:58.773749 20387 tablet_service.cc:1917] Received RequestConsensusVote() RPC: tablet_id: "f5bb2ce6b76d4c0db14803d7eafbe254" candidate_uuid: "0cc3ed97e4be4198b5ce7eb7bdbb6eb0" candidate_term: 2 candidate_status { last_received { term: 1 index: 1 } } ignore_live_leader: true dest_uuid: "ac350f627e29440e994667de91e9dcbc"
I20260709 12:23:58.773916 20536 tablet_service.cc:1917] Received RequestConsensusVote() RPC: tablet_id: "f5bb2ce6b76d4c0db14803d7eafbe254" candidate_uuid: "0cc3ed97e4be4198b5ce7eb7bdbb6eb0" candidate_term: 2 candidate_status { last_received { term: 1 index: 1 } } ignore_live_leader: true dest_uuid: "bd22b596023b4d888a59d45d493e21de"
I20260709 12:23:58.774230 20387 raft_consensus.cc:3055] T f5bb2ce6b76d4c0db14803d7eafbe254 P ac350f627e29440e994667de91e9dcbc [term 1 LEADER]: Stepping down as leader of term 1
I20260709 12:23:58.774381 20536 raft_consensus.cc:3060] T f5bb2ce6b76d4c0db14803d7eafbe254 P bd22b596023b4d888a59d45d493e21de [term 1 FOLLOWER]: Advancing to term 2
I20260709 12:23:58.774605 20387 raft_consensus.cc:740] T f5bb2ce6b76d4c0db14803d7eafbe254 P ac350f627e29440e994667de91e9dcbc [term 1 LEADER]: Becoming Follower/Learner. State: Replica: ac350f627e29440e994667de91e9dcbc, State: Running, Role: LEADER
I20260709 12:23:58.775338 20387 consensus_queue.cc:260] T f5bb2ce6b76d4c0db14803d7eafbe254 P ac350f627e29440e994667de91e9dcbc [NON_LEADER]: Queue going to NON_LEADER mode. State: All replicated index: 0, Majority replicated index: 1, Committed index: 1, Last appended: 1.1, Last appended by leader: 1, Current term: 1, Majority size: -1, State: 0, Mode: NON_LEADER, active raft config: opid_index: -1 OBSOLETE_local: false peers { permanent_uuid: "ac350f627e29440e994667de91e9dcbc" member_type: VOTER last_known_addr { host: "127.19.199.1" port: 39117 } } peers { permanent_uuid: "0cc3ed97e4be4198b5ce7eb7bdbb6eb0" member_type: VOTER last_known_addr { host: "127.19.199.2" port: 37681 } } peers { permanent_uuid: "bd22b596023b4d888a59d45d493e21de" member_type: VOTER last_known_addr { host: "127.19.199.3" port: 39391 } }
I20260709 12:23:58.776366 20387 raft_consensus.cc:3060] T f5bb2ce6b76d4c0db14803d7eafbe254 P ac350f627e29440e994667de91e9dcbc [term 1 FOLLOWER]: Advancing to term 2
I20260709 12:23:58.778877 20536 raft_consensus.cc:2468] T f5bb2ce6b76d4c0db14803d7eafbe254 P bd22b596023b4d888a59d45d493e21de [term 2 FOLLOWER]: Leader election vote request: Granting yes vote for candidate 0cc3ed97e4be4198b5ce7eb7bdbb6eb0 in term 2.
I20260709 12:23:58.779768 20426 leader_election.cc:304] T f5bb2ce6b76d4c0db14803d7eafbe254 P 0cc3ed97e4be4198b5ce7eb7bdbb6eb0 [CANDIDATE]: Term 2 election: Election decided. Result: candidate won. Election summary: received 2 responses out of 3 voters: 2 yes votes; 0 no votes. yes voters: 0cc3ed97e4be4198b5ce7eb7bdbb6eb0, bd22b596023b4d888a59d45d493e21de; no voters: 
I20260709 12:23:58.780491 20634 raft_consensus.cc:2804] T f5bb2ce6b76d4c0db14803d7eafbe254 P 0cc3ed97e4be4198b5ce7eb7bdbb6eb0 [term 2 FOLLOWER]: Leader election won for term 2
I20260709 12:23:58.780617 20387 raft_consensus.cc:2468] T f5bb2ce6b76d4c0db14803d7eafbe254 P ac350f627e29440e994667de91e9dcbc [term 2 FOLLOWER]: Leader election vote request: Granting yes vote for candidate 0cc3ed97e4be4198b5ce7eb7bdbb6eb0 in term 2.
I20260709 12:23:58.780880 20634 raft_consensus.cc:697] T f5bb2ce6b76d4c0db14803d7eafbe254 P 0cc3ed97e4be4198b5ce7eb7bdbb6eb0 [term 2 LEADER]: Becoming Leader. State: Replica: 0cc3ed97e4be4198b5ce7eb7bdbb6eb0, State: Running, Role: LEADER
