I20260709 12:24:14.884790 21099 consensus_queue.cc:1048] T d7cd130b6bf54ff99c4aab4e63a2c059 P cb5ab5bc2cb34fc2956e8598a3a52e85 [LEADER]: Connected to new peer: Peer: permanent_uuid: "ee5946883e0e4e1594c32fb59f29ec92" member_type: VOTER last_known_addr { host: "127.19.199.1" port: 35609 }, Status: LMP_MISMATCH, Last received: 0.0, Next index: 2, Last known committed idx: 1, Time since last communication: 0.000s
I20260709 12:24:15.046763 21050 raft_consensus.cc:1275] T 50977c150027400ca0cad605810850d5 P d5639cfa738746db806e184eadcea8d6 [term 2 FOLLOWER]: Refusing update from remote peer ee5946883e0e4e1594c32fb59f29ec92: Log matching property violated. Preceding OpId in replica: term: 1 index: 1. Preceding OpId from leader: term: 2 index: 2. (index mismatch)
I20260709 12:24:15.048004 21133 consensus_queue.cc:1048] T 50977c150027400ca0cad605810850d5 P ee5946883e0e4e1594c32fb59f29ec92 [LEADER]: Connected to new peer: Peer: permanent_uuid: "d5639cfa738746db806e184eadcea8d6" member_type: VOTER last_known_addr { host: "127.19.199.3" port: 39991 }, Status: LMP_MISMATCH, Last received: 0.0, Next index: 2, Last known committed idx: 1, Time since last communication: 0.000s
I20260709 12:24:15.054723 20976 raft_consensus.cc:1275] T 50977c150027400ca0cad605810850d5 P cb5ab5bc2cb34fc2956e8598a3a52e85 [term 2 FOLLOWER]: Refusing update from remote peer ee5946883e0e4e1594c32fb59f29ec92: Log matching property violated. Preceding OpId in replica: term: 1 index: 1. Preceding OpId from leader: term: 2 index: 2. (index mismatch)
I20260709 12:24:15.057134 21098 consensus_queue.cc:1048] T 50977c150027400ca0cad605810850d5 P ee5946883e0e4e1594c32fb59f29ec92 [LEADER]: Connected to new peer: Peer: permanent_uuid: "cb5ab5bc2cb34fc2956e8598a3a52e85" member_type: VOTER last_known_addr { host: "127.19.199.2" port: 34453 }, Status: LMP_MISMATCH, Last received: 0.0, Next index: 2, Last known committed idx: 1, Time since last communication: 0.000s
I20260709 12:24:15.201468 21050 raft_consensus.cc:1275] T 1f67bcf7d87141429f0878ae73b9b006 P d5639cfa738746db806e184eadcea8d6 [term 2 FOLLOWER]: Refusing update from remote peer ee5946883e0e4e1594c32fb59f29ec92: Log matching property violated. Preceding OpId in replica: term: 1 index: 1. Preceding OpId from leader: term: 2 index: 2. (index mismatch)
I20260709 12:24:15.203006 21098 consensus_queue.cc:1048] T 1f67bcf7d87141429f0878ae73b9b006 P ee5946883e0e4e1594c32fb59f29ec92 [LEADER]: Connected to new peer: Peer: permanent_uuid: "d5639cfa738746db806e184eadcea8d6" member_type: VOTER last_known_addr { host: "127.19.199.3" port: 39991 }, Status: LMP_MISMATCH, Last received: 0.0, Next index: 2, Last known committed idx: 1, Time since last communication: 0.000s
I20260709 12:24:15.213428 20976 raft_consensus.cc:1275] T 1f67bcf7d87141429f0878ae73b9b006 P cb5ab5bc2cb34fc2956e8598a3a52e85 [term 2 FOLLOWER]: Refusing update from remote peer ee5946883e0e4e1594c32fb59f29ec92: Log matching property violated. Preceding OpId in replica: term: 1 index: 1. Preceding OpId from leader: term: 2 index: 2. (index mismatch)
I20260709 12:24:15.215312 21133 consensus_queue.cc:1048] T 1f67bcf7d87141429f0878ae73b9b006 P ee5946883e0e4e1594c32fb59f29ec92 [LEADER]: Connected to new peer: Peer: permanent_uuid: "cb5ab5bc2cb34fc2956e8598a3a52e85" member_type: VOTER last_known_addr { host: "127.19.199.2" port: 34453 }, Status: LMP_MISMATCH, Last received: 0.0, Next index: 2, Last known committed idx: 1, Time since last communication: 0.000s
I20260709 12:24:17.199293 20252 auto_leader_rebalancer-test.cc:365] The leader distribution is 
I20260709 12:24:17.199976 20252 auto_leader_rebalancer.cc:141] leader rebalance for table test-workload
I20260709 12:24:17.232748 20898 tablet_service.cc:2072] Received LeaderStepDown RPC: tablet_id: "1f67bcf7d87141429f0878ae73b9b006"
dest_uuid: "ee5946883e0e4e1594c32fb59f29ec92"
mode: GRACEFUL
new_leader_uuid: "d5639cfa738746db806e184eadcea8d6"
 from {username='slave'} at 127.0.0.1:47078
I20260709 12:24:17.233263 20898 raft_consensus.cc:606] T 1f67bcf7d87141429f0878ae73b9b006 P ee5946883e0e4e1594c32fb59f29ec92 [term 2 LEADER]: Received request to transfer leadership to TS d5639cfa738746db806e184eadcea8d6
I20260709 12:24:17.235445 20898 tablet_service.cc:2072] Received LeaderStepDown RPC: tablet_id: "50977c150027400ca0cad605810850d5"
dest_uuid: "ee5946883e0e4e1594c32fb59f29ec92"
mode: GRACEFUL
new_leader_uuid: "d5639cfa738746db806e184eadcea8d6"
 from {username='slave'} at 127.0.0.1:47078
I20260709 12:24:17.235914 20898 raft_consensus.cc:606] T 50977c150027400ca0cad605810850d5 P ee5946883e0e4e1594c32fb59f29ec92 [term 2 LEADER]: Received request to transfer leadership to TS d5639cfa738746db806e184eadcea8d6
I20260709 12:24:17.236909 20252 auto_leader_rebalancer.cc:440] table: test-workload, leader rebalance finish, leader transfer count: 2
I20260709 12:24:17.237350 20252 auto_leader_rebalancer.cc:515] All tables' leader rebalancing finished this round
I20260709 12:24:17.442766 21201 raft_consensus.cc:993] T 1f67bcf7d87141429f0878ae73b9b006 P ee5946883e0e4e1594c32fb59f29ec92: : Instructing follower d5639cfa738746db806e184eadcea8d6 to start an election
I20260709 12:24:17.443280 21131 raft_consensus.cc:1081] T 1f67bcf7d87141429f0878ae73b9b006 P ee5946883e0e4e1594c32fb59f29ec92 [term 2 LEADER]: Signalling peer d5639cfa738746db806e184eadcea8d6 to start an election
I20260709 12:24:17.444772 21050 tablet_service.cc:2044] Received Run Leader Election RPC: tablet_id: "1f67bcf7d87141429f0878ae73b9b006"
dest_uuid: "d5639cfa738746db806e184eadcea8d6"
 from {username='slave'} at 127.0.0.1:37594
I20260709 12:24:17.445251 21050 raft_consensus.cc:493] T 1f67bcf7d87141429f0878ae73b9b006 P d5639cfa738746db806e184eadcea8d6 [term 2 FOLLOWER]: Starting forced leader election (received explicit request)
I20260709 12:24:17.445680 21050 raft_consensus.cc:3060] T 1f67bcf7d87141429f0878ae73b9b006 P d5639cfa738746db806e184eadcea8d6 [term 2 FOLLOWER]: Advancing to term 3
I20260709 12:24:17.450171 21050 raft_consensus.cc:515] T 1f67bcf7d87141429f0878ae73b9b006 P d5639cfa738746db806e184eadcea8d6 [term 3 FOLLOWER]: Starting forced leader election with config: opid_index: -1 OBSOLETE_local: false peers { permanent_uuid: "ee5946883e0e4e1594c32fb59f29ec92" member_type: VOTER last_known_addr { host: "127.19.199.1" port: 35609 } } peers { permanent_uuid: "cb5ab5bc2cb34fc2956e8598a3a52e85" member_type: VOTER last_known_addr { host: "127.19.199.2" port: 34453 } } peers { permanent_uuid: "d5639cfa738746db806e184eadcea8d6" member_type: VOTER last_known_addr { host: "127.19.199.3" port: 39991 } }
I20260709 12:24:17.451599 21050 leader_election.cc:290] T 1f67bcf7d87141429f0878ae73b9b006 P d5639cfa738746db806e184eadcea8d6 [CANDIDATE]: Term 3 election: Requested vote from peers ee5946883e0e4e1594c32fb59f29ec92 (127.19.199.1:35609), cb5ab5bc2cb34fc2956e8598a3a52e85 (127.19.199.2:34453)
I20260709 12:24:17.452443 20898 tablet_service.cc:1917] Received RequestConsensusVote() RPC: tablet_id: "1f67bcf7d87141429f0878ae73b9b006" candidate_uuid: "d5639cfa738746db806e184eadcea8d6" candidate_term: 3 candidate_status { last_received { term: 2 index: 2 } } ignore_live_leader: true dest_uuid: "ee5946883e0e4e1594c32fb59f29ec92"
I20260709 12:24:17.452527 20976 tablet_service.cc:1917] Received RequestConsensusVote() RPC: tablet_id: "1f67bcf7d87141429f0878ae73b9b006" candidate_uuid: "d5639cfa738746db806e184eadcea8d6" candidate_term: 3 candidate_status { last_received { term: 2 index: 2 } } ignore_live_leader: true dest_uuid: "cb5ab5bc2cb34fc2956e8598a3a52e85"
I20260709 12:24:17.452960 20898 raft_consensus.cc:3055] T 1f67bcf7d87141429f0878ae73b9b006 P ee5946883e0e4e1594c32fb59f29ec92 [term 2 LEADER]: Stepping down as leader of term 2
I20260709 12:24:17.453097 20976 raft_consensus.cc:3060] T 1f67bcf7d87141429f0878ae73b9b006 P cb5ab5bc2cb34fc2956e8598a3a52e85 [term 2 FOLLOWER]: Advancing to term 3
I20260709 12:24:17.453331 20898 raft_consensus.cc:740] T 1f67bcf7d87141429f0878ae73b9b006 P ee5946883e0e4e1594c32fb59f29ec92 [term 2 LEADER]: Becoming Follower/Learner. State: Replica: ee5946883e0e4e1594c32fb59f29ec92, State: Running, Role: LEADER
I20260709 12:24:17.454129 20898 consensus_queue.cc:260] T 1f67bcf7d87141429f0878ae73b9b006 P ee5946883e0e4e1594c32fb59f29ec92 [NON_LEADER]: Queue going to NON_LEADER mode. State: All replicated index: 0, Majority replicated index: 2, Committed index: 2, Last appended: 2.2, Last appended by leader: 2, Current term: 2, Majority size: -1, State: 0, Mode: NON_LEADER, active raft config: opid_index: -1 OBSOLETE_local: false peers { permanent_uuid: "ee5946883e0e4e1594c32fb59f29ec92" member_type: VOTER last_known_addr { host: "127.19.199.1" port: 35609 } } peers { permanent_uuid: "cb5ab5bc2cb34fc2956e8598a3a52e85" member_type: VOTER last_known_addr { host: "127.19.199.2" port: 34453 } } peers { permanent_uuid: "d5639cfa738746db806e184eadcea8d6" member_type: VOTER last_known_addr { host: "127.19.199.3" port: 39991 } }
I20260709 12:24:17.455091 20898 raft_consensus.cc:3060] T 1f67bcf7d87141429f0878ae73b9b006 P ee5946883e0e4e1594c32fb59f29ec92 [term 2 FOLLOWER]: Advancing to term 3
I20260709 12:24:17.457872 20976 raft_consensus.cc:2468] T 1f67bcf7d87141429f0878ae73b9b006 P cb5ab5bc2cb34fc2956e8598a3a52e85 [term 3 FOLLOWER]: Leader election vote request: Granting yes vote for candidate d5639cfa738746db806e184eadcea8d6 in term 3.
I20260709 12:24:17.458835 21014 leader_election.cc:304] T 1f67bcf7d87141429f0878ae73b9b006 P d5639cfa738746db806e184eadcea8d6 [CANDIDATE]: Term 3 election: Election decided. Result: candidate won. Election summary: received 2 responses out of 3 voters: 2 yes votes; 0 no votes. yes voters: cb5ab5bc2cb34fc2956e8598a3a52e85, d5639cfa738746db806e184eadcea8d6; no voters: 
I20260709 12:24:17.459523 20898 raft_consensus.cc:2468] T 1f67bcf7d87141429f0878ae73b9b006 P ee5946883e0e4e1594c32fb59f29ec92 [term 3 FOLLOWER]: Leader election vote request: Granting yes vote for candidate d5639cfa738746db806e184eadcea8d6 in term 3.
I20260709 12:24:17.459533 21197 raft_consensus.cc:2804] T 1f67bcf7d87141429f0878ae73b9b006 P d5639cfa738746db806e184eadcea8d6 [term 3 FOLLOWER]: Leader election won for term 3
I20260709 12:24:17.460846 21197 raft_consensus.cc:697] T 1f67bcf7d87141429f0878ae73b9b006 P d5639cfa738746db806e184eadcea8d6 [term 3 LEADER]: Becoming Leader. State: Replica: d5639cfa738746db806e184eadcea8d6, State: Running, Role: LEADER
I20260709 12:24:17.461722 21197 consensus_queue.cc:237] T 1f67bcf7d87141429f0878ae73b9b006 P d5639cfa738746db806e184eadcea8d6 [LEADER]: Queue going to LEADER mode. State: All replicated index: 0, Majority replicated index: 2, Committed index: 2, Last appended: 2.2, Last appended by leader: 2, Current term: 3, Majority size: 2, State: 0, Mode: LEADER, active raft config: opid_index: -1 OBSOLETE_local: false peers { permanent_uuid: "ee5946883e0e4e1594c32fb59f29ec92" member_type: VOTER last_known_addr { host: "127.19.199.1" port: 35609 } } peers { permanent_uuid: "cb5ab5bc2cb34fc2956e8598a3a52e85" member_type: VOTER last_known_addr { host: "127.19.199.2" port: 34453 } } peers { permanent_uuid: "d5639cfa738746db806e184eadcea8d6" member_type: VOTER last_known_addr { host: "127.19.199.3" port: 39991 } }
I20260709 12:24:17.467944 20798 catalog_manager.cc:5697] T 1f67bcf7d87141429f0878ae73b9b006 P d5639cfa738746db806e184eadcea8d6 reported cstate change: term changed from 2 to 3, leader changed from ee5946883e0e4e1594c32fb59f29ec92 (127.19.199.1) to d5639cfa738746db806e184eadcea8d6 (127.19.199.3). New cstate: current_term: 3 leader_uuid: "d5639cfa738746db806e184eadcea8d6" committed_config { opid_index: -1 OBSOLETE_local: false peers { permanent_uuid: "ee5946883e0e4e1594c32fb59f29ec92" member_type: VOTER last_known_addr { host: "127.19.199.1" port: 35609 } health_report { overall_health: UNKNOWN } } peers { permanent_uuid: "cb5ab5bc2cb34fc2956e8598a3a52e85" member_type: VOTER last_known_addr { host: "127.19.199.2" port: 34453 } health_report { overall_health: UNKNOWN } } peers { permanent_uuid: "d5639cfa738746db806e184eadcea8d6" member_type: VOTER last_known_addr { host: "127.19.199.3" port: 39991 } health_report { overall_health: HEALTHY } } }
I20260709 12:24:17.547402 21131 raft_consensus.cc:993] T 50977c150027400ca0cad605810850d5 P ee5946883e0e4e1594c32fb59f29ec92: : Instructing follower d5639cfa738746db806e184eadcea8d6 to start an election
I20260709 12:24:17.547904 21201 raft_consensus.cc:1081] T 50977c150027400ca0cad605810850d5 P ee5946883e0e4e1594c32fb59f29ec92 [term 2 LEADER]: Signalling peer d5639cfa738746db806e184eadcea8d6 to start an election
I20260709 12:24:17.549248 21050 tablet_service.cc:2044] Received Run Leader Election RPC: tablet_id: "50977c150027400ca0cad605810850d5"
dest_uuid: "d5639cfa738746db806e184eadcea8d6"
 from {username='slave'} at 127.0.0.1:37594
I20260709 12:24:17.549717 21050 raft_consensus.cc:493] T 50977c150027400ca0cad605810850d5 P d5639cfa738746db806e184eadcea8d6 [term 2 FOLLOWER]: Starting forced leader election (received explicit request)
I20260709 12:24:17.550002 21050 raft_consensus.cc:3060] T 50977c150027400ca0cad605810850d5 P d5639cfa738746db806e184eadcea8d6 [term 2 FOLLOWER]: Advancing to term 3
I20260709 12:24:17.554036 21050 raft_consensus.cc:515] T 50977c150027400ca0cad605810850d5 P d5639cfa738746db806e184eadcea8d6 [term 3 FOLLOWER]: Starting forced leader election with config: opid_index: -1 OBSOLETE_local: false peers { permanent_uuid: "ee5946883e0e4e1594c32fb59f29ec92" member_type: VOTER last_known_addr { host: "127.19.199.1" port: 35609 } } peers { permanent_uuid: "cb5ab5bc2cb34fc2956e8598a3a52e85" member_type: VOTER last_known_addr { host: "127.19.199.2" port: 34453 } } peers { permanent_uuid: "d5639cfa738746db806e184eadcea8d6" member_type: VOTER last_known_addr { host: "127.19.199.3" port: 39991 } }
I20260709 12:24:17.555465 21050 leader_election.cc:290] T 50977c150027400ca0cad605810850d5 P d5639cfa738746db806e184eadcea8d6 [CANDIDATE]: Term 3 election: Requested vote from peers ee5946883e0e4e1594c32fb59f29ec92 (127.19.199.1:35609), cb5ab5bc2cb34fc2956e8598a3a52e85 (127.19.199.2:34453)
I20260709 12:24:17.556249 20898 tablet_service.cc:1917] Received RequestConsensusVote() RPC: tablet_id: "50977c150027400ca0cad605810850d5" candidate_uuid: "d5639cfa738746db806e184eadcea8d6" candidate_term: 3 candidate_status { last_received { term: 2 index: 2 } } ignore_live_leader: true dest_uuid: "ee5946883e0e4e1594c32fb59f29ec92"
I20260709 12:24:17.556607 20976 tablet_service.cc:1917] Received RequestConsensusVote() RPC: tablet_id: "50977c150027400ca0cad605810850d5" candidate_uuid: "d5639cfa738746db806e184eadcea8d6" candidate_term: 3 candidate_status { last_received { term: 2 index: 2 } } ignore_live_leader: true dest_uuid: "cb5ab5bc2cb34fc2956e8598a3a52e85"
I20260709 12:24:17.557138 20898 raft_consensus.cc:3055] T 50977c150027400ca0cad605810850d5 P ee5946883e0e4e1594c32fb59f29ec92 [term 2 LEADER]: Stepping down as leader of term 2
I20260709 12:24:17.557204 20976 raft_consensus.cc:3060] T 50977c150027400ca0cad605810850d5 P cb5ab5bc2cb34fc2956e8598a3a52e85 [term 2 FOLLOWER]: Advancing to term 3
I20260709 12:24:17.557526 20898 raft_consensus.cc:740] T 50977c150027400ca0cad605810850d5 P ee5946883e0e4e1594c32fb59f29ec92 [term 2 LEADER]: Becoming Follower/Learner. State: Replica: ee5946883e0e4e1594c32fb59f29ec92, State: Running, Role: LEADER
I20260709 12:24:17.558241 20898 consensus_queue.cc:260] T 50977c150027400ca0cad605810850d5 P ee5946883e0e4e1594c32fb59f29ec92 [NON_LEADER]: Queue going to NON_LEADER mode. State: All replicated index: 0, Majority replicated index: 2, Committed index: 2, Last appended: 2.2, Last appended by leader: 2, Current term: 2, Majority size: -1, State: 0, Mode: NON_LEADER, active raft config: opid_index: -1 OBSOLETE_local: false peers { permanent_uuid: "ee5946883e0e4e1594c32fb59f29ec92" member_type: VOTER last_known_addr { host: "127.19.199.1" port: 35609 } } peers { permanent_uuid: "cb5ab5bc2cb34fc2956e8598a3a52e85" member_type: VOTER last_known_addr { host: "127.19.199.2" port: 34453 } } peers { permanent_uuid: "d5639cfa738746db806e184eadcea8d6" member_type: VOTER last_known_addr { host: "127.19.199.3" port: 39991 } }
I20260709 12:24:17.559180 20898 raft_consensus.cc:3060] T 50977c150027400ca0cad605810850d5 P ee5946883e0e4e1594c32fb59f29ec92 [term 2 FOLLOWER]: Advancing to term 3
I20260709 12:24:17.561393 20976 raft_consensus.cc:2468] T 50977c150027400ca0cad605810850d5 P cb5ab5bc2cb34fc2956e8598a3a52e85 [term 3 FOLLOWER]: Leader election vote request: Granting yes vote for candidate d5639cfa738746db806e184eadcea8d6 in term 3.
I20260709 12:24:17.562228 21014 leader_election.cc:304] T 50977c150027400ca0cad605810850d5 P d5639cfa738746db806e184eadcea8d6 [CANDIDATE]: Term 3 election: Election decided. Result: candidate won. Election summary: received 2 responses out of 3 voters: 2 yes votes; 0 no votes. yes voters: cb5ab5bc2cb34fc2956e8598a3a52e85, d5639cfa738746db806e184eadcea8d6; no voters: 
I20260709 12:24:17.562945 21197 raft_consensus.cc:2804] T 50977c150027400ca0cad605810850d5 P d5639cfa738746db806e184eadcea8d6 [term 3 FOLLOWER]: Leader election won for term 3
I20260709 12:24:17.563331 21197 raft_consensus.cc:697] T 50977c150027400ca0cad605810850d5 P d5639cfa738746db806e184eadcea8d6 [term 3 LEADER]: Becoming Leader. State: Replica: d5639cfa738746db806e184eadcea8d6, State: Running, Role: LEADER
I20260709 12:24:17.563931 20898 raft_consensus.cc:2468] T 50977c150027400ca0cad605810850d5 P ee5946883e0e4e1594c32fb59f29ec92 [term 3 FOLLOWER]: Leader election vote request: Granting yes vote for candidate d5639cfa738746db806e184eadcea8d6 in term 3.
I20260709 12:24:17.564041 21197 consensus_queue.cc:237] T 50977c150027400ca0cad605810850d5 P d5639cfa738746db806e184eadcea8d6 [LEADER]: Queue going to LEADER mode. State: All replicated index: 0, Majority replicated index: 2, Committed index: 2, Last appended: 2.2, Last appended by leader: 2, Current term: 3, Majority size: 2, State: 0, Mode: LEADER, active raft config: opid_index: -1 OBSOLETE_local: false peers { permanent_uuid: "ee5946883e0e4e1594c32fb59f29ec92" member_type: VOTER last_known_addr { host: "127.19.199.1" port: 35609 } } peers { permanent_uuid: "cb5ab5bc2cb34fc2956e8598a3a52e85" member_type: VOTER last_known_addr { host: "127.19.199.2" port: 34453 } } peers { permanent_uuid: "d5639cfa738746db806e184eadcea8d6" member_type: VOTER last_known_addr { host: "127.19.199.3" port: 39991 } }
I20260709 12:24:17.570233 20798 catalog_manager.cc:5697] T 50977c150027400ca0cad605810850d5 P d5639cfa738746db806e184eadcea8d6 reported cstate change: term changed from 2 to 3, leader changed from ee5946883e0e4e1594c32fb59f29ec92 (127.19.199.1) to d5639cfa738746db806e184eadcea8d6 (127.19.199.3). New cstate: current_term: 3 leader_uuid: "d5639cfa738746db806e184eadcea8d6" committed_config { opid_index: -1 OBSOLETE_local: false peers { permanent_uuid: "ee5946883e0e4e1594c32fb59f29ec92" member_type: VOTER last_known_addr { host: "127.19.199.1" port: 35609 } health_report { overall_health: UNKNOWN } } peers { permanent_uuid: "cb5ab5bc2cb34fc2956e8598a3a52e85" member_type: VOTER last_known_addr { host: "127.19.199.2" port: 34453 } health_report { overall_health: UNKNOWN } } peers { permanent_uuid: "d5639cfa738746db806e184eadcea8d6" member_type: VOTER last_known_addr { host: "127.19.199.3" port: 39991 } health_report { overall_health: HEALTHY } } }
I20260709 12:24:17.934022 20898 raft_consensus.cc:1275] T 1f67bcf7d87141429f0878ae73b9b006 P ee5946883e0e4e1594c32fb59f29ec92 [term 3 FOLLOWER]: Refusing update from remote peer d5639cfa738746db806e184eadcea8d6: Log matching property violated. Preceding OpId in replica: term: 2 index: 2. Preceding OpId from leader: term: 3 index: 3. (index mismatch)
I20260709 12:24:17.935158 21197 consensus_queue.cc:1048] T 1f67bcf7d87141429f0878ae73b9b006 P d5639cfa738746db806e184eadcea8d6 [LEADER]: Connected to new peer: Peer: permanent_uuid: "ee5946883e0e4e1594c32fb59f29ec92" member_type: VOTER last_known_addr { host: "127.19.199.1" port: 35609 }, Status: LMP_MISMATCH, Last received: 0.0, Next index: 3, Last known committed idx: 2, Time since last communication: 0.000s
I20260709 12:24:17.943845 20976 raft_consensus.cc:1275] T 1f67bcf7d87141429f0878ae73b9b006 P cb5ab5bc2cb34fc2956e8598a3a52e85 [term 3 FOLLOWER]: Refusing update from remote peer d5639cfa738746db806e184eadcea8d6: Log matching property violated. Preceding OpId in replica: term: 2 index: 2. Preceding OpId from leader: term: 3 index: 3. (index mismatch)
I20260709 12:24:17.945331 21202 consensus_queue.cc:1048] T 1f67bcf7d87141429f0878ae73b9b006 P d5639cfa738746db806e184eadcea8d6 [LEADER]: Connected to new peer: Peer: permanent_uuid: "cb5ab5bc2cb34fc2956e8598a3a52e85" member_type: VOTER last_known_addr { host: "127.19.199.2" port: 34453 }, Status: LMP_MISMATCH, Last received: 0.0, Next index: 3, Last known committed idx: 2, Time since last communication: 0.000s
I20260709 12:24:18.060537 20976 raft_consensus.cc:1275] T 50977c150027400ca0cad605810850d5 P cb5ab5bc2cb34fc2956e8598a3a52e85 [term 3 FOLLOWER]: Refusing update from remote peer d5639cfa738746db806e184eadcea8d6: Log matching property violated. Preceding OpId in replica: term: 2 index: 2. Preceding OpId from leader: term: 3 index: 3. (index mismatch)
I20260709 12:24:18.060537 20898 raft_consensus.cc:1275] T 50977c150027400ca0cad605810850d5 P ee5946883e0e4e1594c32fb59f29ec92 [term 3 FOLLOWER]: Refusing update from remote peer d5639cfa738746db806e184eadcea8d6: Log matching property violated. Preceding OpId in replica: term: 2 index: 2. Preceding OpId from leader: term: 3 index: 3. (index mismatch)
I20260709 12:24:18.062199 21212 consensus_queue.cc:1048] T 50977c150027400ca0cad605810850d5 P d5639cfa738746db806e184eadcea8d6 [LEADER]: Connected to new peer: Peer: permanent_uuid: "cb5ab5bc2cb34fc2956e8598a3a52e85" member_type: VOTER last_known_addr { host: "127.19.199.2" port: 34453 }, Status: LMP_MISMATCH, Last received: 0.0, Next index: 3, Last known committed idx: 2, Time since last communication: 0.000s
I20260709 12:24:18.062892 21202 consensus_queue.cc:1048] T 50977c150027400ca0cad605810850d5 P d5639cfa738746db806e184eadcea8d6 [LEADER]: Connected to new peer: Peer: permanent_uuid: "ee5946883e0e4e1594c32fb59f29ec92" member_type: VOTER last_known_addr { host: "127.19.199.1" port: 35609 }, Status: LMP_MISMATCH, Last received: 0.0, Next index: 3, Last known committed idx: 2, Time since last communication: 0.000s
I20260709 12:24:18.238250 20252 auto_leader_rebalancer.cc:141] leader rebalance for table test-workload
I20260709 12:24:18.243412 20252 auto_leader_rebalancer.cc:440] table: test-workload, leader rebalance finish, leader transfer count: 0
I20260709 12:24:18.243752 20252 auto_leader_rebalancer.cc:515] All tables' leader rebalancing finished this round
I20260709 12:24:19.244599 20252 auto_leader_rebalancer.cc:141] leader rebalance for table test-workload
I20260709 12:24:19.250538 20252 auto_leader_rebalancer.cc:440] table: test-workload, leader rebalance finish, leader transfer count: 0
I20260709 12:24:19.250902 20252 auto_leader_rebalancer.cc:515] All tables' leader rebalancing finished this round
I20260709 12:24:20.251742 20252 auto_leader_rebalancer.cc:141] leader rebalance for table test-workload
I20260709 12:24:20.257081 20252 auto_leader_rebalancer.cc:440] table: test-workload, leader rebalance finish, leader transfer count: 0
I20260709 12:24:20.257475 20252 auto_leader_rebalancer.cc:515] All tables' leader rebalancing finished this round
I20260709 12:24:21.258389 20252 auto_leader_rebalancer.cc:141] leader rebalance for table test-workload
I20260709 12:24:21.264158 20252 auto_leader_rebalancer.cc:440] table: test-workload, leader rebalance finish, leader transfer count: 0
I20260709 12:24:21.264572 20252 auto_leader_rebalancer.cc:515] All tables' leader rebalancing finished this round
I20260709 12:24:22.265722 20252 auto_leader_rebalancer.cc:141] leader rebalance for table test-workload
I20260709 12:24:22.271488 20252 auto_leader_rebalancer.cc:440] table: test-workload, leader rebalance finish, leader transfer count: 0
I20260709 12:24:22.271898 20252 auto_leader_rebalancer.cc:515] All tables' leader rebalancing finished this round
I20260709 12:24:23.273129 20252 auto_leader_rebalancer.cc:141] leader rebalance for table test-workload
I20260709 12:24:23.278937 20252 auto_leader_rebalancer.cc:440] table: test-workload, leader rebalance finish, leader transfer count: 0
I20260709 12:24:23.279361 20252 auto_leader_rebalancer.cc:515] All tables' leader rebalancing finished this round
I20260709 12:24:24.280310 20252 auto_leader_rebalancer.cc:141] leader rebalance for table test-workload
I20260709 12:24:24.285827 20252 auto_leader_rebalancer.cc:440] table: test-workload, leader rebalance finish, leader transfer count: 0
I20260709 12:24:24.286265 20252 auto_leader_rebalancer.cc:515] All tables' leader rebalancing finished this round
I20260709 12:24:25.287211 20252 auto_leader_rebalancer.cc:141] leader rebalance for table test-workload
I20260709 12:24:25.292593 20252 auto_leader_rebalancer.cc:440] table: test-workload, leader rebalance finish, leader transfer count: 0
I20260709 12:24:25.293099 20252 auto_leader_rebalancer.cc:515] All tables' leader rebalancing finished this round
I20260709 12:24:26.294065 20252 auto_leader_rebalancer.cc:141] leader rebalance for table test-workload
I20260709 12:24:26.299355 20252 auto_leader_rebalancer.cc:440] table: test-workload, leader rebalance finish, leader transfer count: 0
I20260709 12:24:26.299777 20252 auto_leader_rebalancer.cc:515] All tables' leader rebalancing finished this round
I20260709 12:24:27.329267 20252 auto_leader_rebalancer-test.cc:384] The leader distribution is 
I20260709 12:24:27.336621 21050 tablet_service.cc:2072] Received LeaderStepDown RPC: tablet_id: "50977c150027400ca0cad605810850d5"
dest_uuid: "d5639cfa738746db806e184eadcea8d6"
mode: GRACEFUL
new_leader_uuid: "ee5946883e0e4e1594c32fb59f29ec92"
 from {username='slave'} at 127.0.0.1:37610
I20260709 12:24:27.337284 21050 raft_consensus.cc:606] T 50977c150027400ca0cad605810850d5 P d5639cfa738746db806e184eadcea8d6 [term 3 LEADER]: Received request to transfer leadership to TS ee5946883e0e4e1594c32fb59f29ec92
I20260709 12:24:27.346154 21050 tablet_service.cc:2072] Received LeaderStepDown RPC: tablet_id: "1f67bcf7d87141429f0878ae73b9b006"
dest_uuid: "d5639cfa738746db806e184eadcea8d6"
mode: GRACEFUL
new_leader_uuid: "ee5946883e0e4e1594c32fb59f29ec92"
 from {username='slave'} at 127.0.0.1:37610
I20260709 12:24:27.346596 21050 raft_consensus.cc:606] T 1f67bcf7d87141429f0878ae73b9b006 P d5639cfa738746db806e184eadcea8d6 [term 3 LEADER]: Received request to transfer leadership to TS ee5946883e0e4e1594c32fb59f29ec92
I20260709 12:24:27.350803 20976 tablet_service.cc:2072] Received LeaderStepDown RPC: tablet_id: "4429d327bdb44e79bb6d074e4f160d6a"
dest_uuid: "cb5ab5bc2cb34fc2956e8598a3a52e85"
mode: GRACEFUL
new_leader_uuid: "ee5946883e0e4e1594c32fb59f29ec92"
 from {username='slave'} at 127.0.0.1:54308
I20260709 12:24:27.351212 20976 raft_consensus.cc:606] T 4429d327bdb44e79bb6d074e4f160d6a P cb5ab5bc2cb34fc2956e8598a3a52e85 [term 2 LEADER]: Received request to transfer leadership to TS ee5946883e0e4e1594c32fb59f29ec92
I20260709 12:24:27.355466 20976 tablet_service.cc:2072] Received LeaderStepDown RPC: tablet_id: "4502e458bb67493aaf3791b0dbd3f6d5"
dest_uuid: "cb5ab5bc2cb34fc2956e8598a3a52e85"
mode: GRACEFUL
new_leader_uuid: "ee5946883e0e4e1594c32fb59f29ec92"
 from {username='slave'} at 127.0.0.1:54308
I20260709 12:24:27.355883 20976 raft_consensus.cc:606] T 4502e458bb67493aaf3791b0dbd3f6d5 P cb5ab5bc2cb34fc2956e8598a3a52e85 [term 1 LEADER]: Received request to transfer leadership to TS ee5946883e0e4e1594c32fb59f29ec92
I20260709 12:24:27.359843 20976 tablet_service.cc:2072] Received LeaderStepDown RPC: tablet_id: "d7cd130b6bf54ff99c4aab4e63a2c059"
dest_uuid: "cb5ab5bc2cb34fc2956e8598a3a52e85"
mode: GRACEFUL
new_leader_uuid: "ee5946883e0e4e1594c32fb59f29ec92"
 from {username='slave'} at 127.0.0.1:54308
I20260709 12:24:27.360284 20976 raft_consensus.cc:606] T d7cd130b6bf54ff99c4aab4e63a2c059 P cb5ab5bc2cb34fc2956e8598a3a52e85 [term 2 LEADER]: Received request to transfer leadership to TS ee5946883e0e4e1594c32fb59f29ec92
I20260709 12:24:27.395924 21231 raft_consensus.cc:993] T d7cd130b6bf54ff99c4aab4e63a2c059 P cb5ab5bc2cb34fc2956e8598a3a52e85: : Instructing follower ee5946883e0e4e1594c32fb59f29ec92 to start an election
I20260709 12:24:27.396502 21230 raft_consensus.cc:1081] T d7cd130b6bf54ff99c4aab4e63a2c059 P cb5ab5bc2cb34fc2956e8598a3a52e85 [term 2 LEADER]: Signalling peer ee5946883e0e4e1594c32fb59f29ec92 to start an election
I20260709 12:24:27.398012 20898 tablet_service.cc:2044] Received Run Leader Election RPC: tablet_id: "d7cd130b6bf54ff99c4aab4e63a2c059"
dest_uuid: "ee5946883e0e4e1594c32fb59f29ec92"
 from {username='slave'} at 127.0.0.1:55040
I20260709 12:24:27.398481 20898 raft_consensus.cc:493] T d7cd130b6bf54ff99c4aab4e63a2c059 P ee5946883e0e4e1594c32fb59f29ec92 [term 2 FOLLOWER]: Starting forced leader election (received explicit request)
I20260709 12:24:27.398806 20898 raft_consensus.cc:3060] T d7cd130b6bf54ff99c4aab4e63a2c059 P ee5946883e0e4e1594c32fb59f29ec92 [term 2 FOLLOWER]: Advancing to term 3
I20260709 12:24:27.404562 20898 raft_consensus.cc:515] T d7cd130b6bf54ff99c4aab4e63a2c059 P ee5946883e0e4e1594c32fb59f29ec92 [term 3 FOLLOWER]: Starting forced leader election with config: opid_index: -1 OBSOLETE_local: false peers { permanent_uuid: "ee5946883e0e4e1594c32fb59f29ec92" member_type: VOTER last_known_addr { host: "127.19.199.1" port: 35609 } } peers { permanent_uuid: "cb5ab5bc2cb34fc2956e8598a3a52e85" member_type: VOTER last_known_addr { host: "127.19.199.2" port: 34453 } } peers { permanent_uuid: "d5639cfa738746db806e184eadcea8d6" member_type: VOTER last_known_addr { host: "127.19.199.3" port: 39991 } }
I20260709 12:24:27.406140 20898 leader_election.cc:290] T d7cd130b6bf54ff99c4aab4e63a2c059 P ee5946883e0e4e1594c32fb59f29ec92 [CANDIDATE]: Term 3 election: Requested vote from peers cb5ab5bc2cb34fc2956e8598a3a52e85 (127.19.199.2:34453), d5639cfa738746db806e184eadcea8d6 (127.19.199.3:39991)
I20260709 12:24:27.406881 20976 tablet_service.cc:1917] Received RequestConsensusVote() RPC: tablet_id: "d7cd130b6bf54ff99c4aab4e63a2c059" candidate_uuid: "ee5946883e0e4e1594c32fb59f29ec92" candidate_term: 3 candidate_status { last_received { term: 2 index: 2 } } ignore_live_leader: true dest_uuid: "cb5ab5bc2cb34fc2956e8598a3a52e85"
I20260709 12:24:27.407161 21050 tablet_service.cc:1917] Received RequestConsensusVote() RPC: tablet_id: "d7cd130b6bf54ff99c4aab4e63a2c059" candidate_uuid: "ee5946883e0e4e1594c32fb59f29ec92" candidate_term: 3 candidate_status { last_received { term: 2 index: 2 } } ignore_live_leader: true dest_uuid: "d5639cfa738746db806e184eadcea8d6"
I20260709 12:24:27.407652 20976 raft_consensus.cc:3055] T d7cd130b6bf54ff99c4aab4e63a2c059 P cb5ab5bc2cb34fc2956e8598a3a52e85 [term 2 LEADER]: Stepping down as leader of term 2
I20260709 12:24:27.407721 21050 raft_consensus.cc:3060] T d7cd130b6bf54ff99c4aab4e63a2c059 P d5639cfa738746db806e184eadcea8d6 [term 2 FOLLOWER]: Advancing to term 3
I20260709 12:24:27.407931 20976 raft_consensus.cc:740] T d7cd130b6bf54ff99c4aab4e63a2c059 P cb5ab5bc2cb34fc2956e8598a3a52e85 [term 2 LEADER]: Becoming Follower/Learner. State: Replica: cb5ab5bc2cb34fc2956e8598a3a52e85, State: Running, Role: LEADER
I20260709 12:24:27.408696 20976 consensus_queue.cc:260] T d7cd130b6bf54ff99c4aab4e63a2c059 P cb5ab5bc2cb34fc2956e8598a3a52e85 [NON_LEADER]: Queue going to NON_LEADER mode. State: All replicated index: 0, Majority replicated index: 2, Committed index: 2, Last appended: 2.2, Last appended by leader: 2, Current term: 2, Majority size: -1, State: 0, Mode: NON_LEADER, active raft config: opid_index: -1 OBSOLETE_local: false peers { permanent_uuid: "ee5946883e0e4e1594c32fb59f29ec92" member_type: VOTER last_known_addr { host: "127.19.199.1" port: 35609 } } peers { permanent_uuid: "cb5ab5bc2cb34fc2956e8598a3a52e85" member_type: VOTER last_known_addr { host: "127.19.199.2" port: 34453 } } peers { permanent_uuid: "d5639cfa738746db806e184eadcea8d6" member_type: VOTER last_known_addr { host: "127.19.199.3" port: 39991 } }
I20260709 12:24:27.409662 20976 raft_consensus.cc:3060] T d7cd130b6bf54ff99c4aab4e63a2c059 P cb5ab5bc2cb34fc2956e8598a3a52e85 [term 2 FOLLOWER]: Advancing to term 3
I20260709 12:24:27.412865 21050 raft_consensus.cc:2468] T d7cd130b6bf54ff99c4aab4e63a2c059 P d5639cfa738746db806e184eadcea8d6 [term 3 FOLLOWER]: Leader election vote request: Granting yes vote for candidate ee5946883e0e4e1594c32fb59f29ec92 in term 3.
I20260709 12:24:27.413913 20866 leader_election.cc:304] T d7cd130b6bf54ff99c4aab4e63a2c059 P ee5946883e0e4e1594c32fb59f29ec92 [CANDIDATE]: Term 3 election: Election decided. Result: candidate won. Election summary: received 2 responses out of 3 voters: 2 yes votes; 0 no votes. yes voters: d5639cfa738746db806e184eadcea8d6, ee5946883e0e4e1594c32fb59f29ec92; no voters: 
I20260709 12:24:27.414665 21227 raft_consensus.cc:2804] T d7cd130b6bf54ff99c4aab4e63a2c059 P ee5946883e0e4e1594c32fb59f29ec92 [term 3 FOLLOWER]: Leader election won for term 3
I20260709 12:24:27.414947 20976 raft_consensus.cc:2468] T d7cd130b6bf54ff99c4aab4e63a2c059 P cb5ab5bc2cb34fc2956e8598a3a52e85 [term 3 FOLLOWER]: Leader election vote request: Granting yes vote for candidate ee5946883e0e4e1594c32fb59f29ec92 in term 3.
I20260709 12:24:27.415740 21227 raft_consensus.cc:697] T d7cd130b6bf54ff99c4aab4e63a2c059 P ee5946883e0e4e1594c32fb59f29ec92 [term 3 LEADER]: Becoming Leader. State: Replica: ee5946883e0e4e1594c32fb59f29ec92, State: Running, Role: LEADER
I20260709 12:24:27.416687 21227 consensus_queue.cc:237] T d7cd130b6bf54ff99c4aab4e63a2c059 P ee5946883e0e4e1594c32fb59f29ec92 [LEADER]: Queue going to LEADER mode. State: All replicated index: 0, Majority replicated index: 2, Committed index: 2, Last appended: 2.2, Last appended by leader: 2, Current term: 3, Majority size: 2, State: 0, Mode: LEADER, active raft config: opid_index: -1 OBSOLETE_local: false peers { permanent_uuid: "ee5946883e0e4e1594c32fb59f29ec92" member_type: VOTER last_known_addr { host: "127.19.199.1" port: 35609 } } peers { permanent_uuid: "cb5ab5bc2cb34fc2956e8598a3a52e85" member_type: VOTER last_known_addr { host: "127.19.199.2" port: 34453 } } peers { permanent_uuid: "d5639cfa738746db806e184eadcea8d6" member_type: VOTER last_known_addr { host: "127.19.199.3" port: 39991 } }
I20260709 12:24:27.423324 20798 catalog_manager.cc:5697] T d7cd130b6bf54ff99c4aab4e63a2c059 P ee5946883e0e4e1594c32fb59f29ec92 reported cstate change: term changed from 2 to 3, leader changed from cb5ab5bc2cb34fc2956e8598a3a52e85 (127.19.199.2) to ee5946883e0e4e1594c32fb59f29ec92 (127.19.199.1). New cstate: current_term: 3 leader_uuid: "ee5946883e0e4e1594c32fb59f29ec92" committed_config { opid_index: -1 OBSOLETE_local: false peers { permanent_uuid: "ee5946883e0e4e1594c32fb59f29ec92" member_type: VOTER last_known_addr { host: "127.19.199.1" port: 35609 } health_report { overall_health: HEALTHY } } peers { permanent_uuid: "cb5ab5bc2cb34fc2956e8598a3a52e85" member_type: VOTER last_known_addr { host: "127.19.199.2" port: 34453 } health_report { overall_health: UNKNOWN } } peers { permanent_uuid: "d5639cfa738746db806e184eadcea8d6" member_type: VOTER last_known_addr { host: "127.19.199.3" port: 39991 } health_report { overall_health: UNKNOWN } } }
I20260709 12:24:27.438078 21229 raft_consensus.cc:993] T 50977c150027400ca0cad605810850d5 P d5639cfa738746db806e184eadcea8d6: : Instructing follower ee5946883e0e4e1594c32fb59f29ec92 to start an election
I20260709 12:24:27.438585 21238 raft_consensus.cc:1081] T 50977c150027400ca0cad605810850d5 P d5639cfa738746db806e184eadcea8d6 [term 3 LEADER]: Signalling peer ee5946883e0e4e1594c32fb59f29ec92 to start an election
I20260709 12:24:27.439896 20898 tablet_service.cc:2044] Received Run Leader Election RPC: tablet_id: "50977c150027400ca0cad605810850d5"
dest_uuid: "ee5946883e0e4e1594c32fb59f29ec92"
 from {username='slave'} at 127.0.0.1:55048
I20260709 12:24:27.440306 20898 raft_consensus.cc:493] T 50977c150027400ca0cad605810850d5 P ee5946883e0e4e1594c32fb59f29ec92 [term 3 FOLLOWER]: Starting forced leader election (received explicit request)
I20260709 12:24:27.440582 20898 raft_consensus.cc:3060] T 50977c150027400ca0cad605810850d5 P ee5946883e0e4e1594c32fb59f29ec92 [term 3 FOLLOWER]: Advancing to term 4
I20260709 12:24:27.444659 20898 raft_consensus.cc:515] T 50977c150027400ca0cad605810850d5 P ee5946883e0e4e1594c32fb59f29ec92 [term 4 FOLLOWER]: Starting forced leader election with config: opid_index: -1 OBSOLETE_local: false peers { permanent_uuid: "ee5946883e0e4e1594c32fb59f29ec92" member_type: VOTER last_known_addr { host: "127.19.199.1" port: 35609 } } peers { permanent_uuid: "cb5ab5bc2cb34fc2956e8598a3a52e85" member_type: VOTER last_known_addr { host: "127.19.199.2" port: 34453 } } peers { permanent_uuid: "d5639cfa738746db806e184eadcea8d6" member_type: VOTER last_known_addr { host: "127.19.199.3" port: 39991 } }
I20260709 12:24:27.445921 20898 leader_election.cc:290] T 50977c150027400ca0cad605810850d5 P ee5946883e0e4e1594c32fb59f29ec92 [CANDIDATE]: Term 4 election: Requested vote from peers cb5ab5bc2cb34fc2956e8598a3a52e85 (127.19.199.2:34453), d5639cfa738746db806e184eadcea8d6 (127.19.199.3:39991)
I20260709 12:24:27.446700 20976 tablet_service.cc:1917] Received RequestConsensusVote() RPC: tablet_id: "50977c150027400ca0cad605810850d5" candidate_uuid: "ee5946883e0e4e1594c32fb59f29ec92" candidate_term: 4 candidate_status { last_received { term: 3 index: 3 } } ignore_live_leader: true dest_uuid: "cb5ab5bc2cb34fc2956e8598a3a52e85"
I20260709 12:24:27.446844 21050 tablet_service.cc:1917] Received RequestConsensusVote() RPC: tablet_id: "50977c150027400ca0cad605810850d5" candidate_uuid: "ee5946883e0e4e1594c32fb59f29ec92" candidate_term: 4 candidate_status { last_received { term: 3 index: 3 } } ignore_live_leader: true dest_uuid: "d5639cfa738746db806e184eadcea8d6"
I20260709 12:24:27.447173 20976 raft_consensus.cc:3060] T 50977c150027400ca0cad605810850d5 P cb5ab5bc2cb34fc2956e8598a3a52e85 [term 3 FOLLOWER]: Advancing to term 4
I20260709 12:24:27.447350 21050 raft_consensus.cc:3055] T 50977c150027400ca0cad605810850d5 P d5639cfa738746db806e184eadcea8d6 [term 3 LEADER]: Stepping down as leader of term 3
I20260709 12:24:27.447685 21050 raft_consensus.cc:740] T 50977c150027400ca0cad605810850d5 P d5639cfa738746db806e184eadcea8d6 [term 3 LEADER]: Becoming Follower/Learner. State: Replica: d5639cfa738746db806e184eadcea8d6, State: Running, Role: LEADER
I20260709 12:24:27.448344 21050 consensus_queue.cc:260] T 50977c150027400ca0cad605810850d5 P d5639cfa738746db806e184eadcea8d6 [NON_LEADER]: Queue going to NON_LEADER mode. State: All replicated index: 0, Majority replicated index: 3, Committed index: 3, Last appended: 3.3, Last appended by leader: 3, Current term: 3, Majority size: -1, State: 0, Mode: NON_LEADER, active raft config: opid_index: -1 OBSOLETE_local: false peers { permanent_uuid: "ee5946883e0e4e1594c32fb59f29ec92" member_type: VOTER last_known_addr { host: "127.19.199.1" port: 35609 } } peers { permanent_uuid: "cb5ab5bc2cb34fc2956e8598a3a52e85" member_type: VOTER last_known_addr { host: "127.19.199.2" port: 34453 } } peers { permanent_uuid: "d5639cfa738746db806e184eadcea8d6" member_type: VOTER last_known_addr { host: "127.19.199.3" port: 39991 } }
I20260709 12:24:27.449268 21050 raft_consensus.cc:3060] T 50977c150027400ca0cad605810850d5 P d5639cfa738746db806e184eadcea8d6 [term 3 FOLLOWER]: Advancing to term 4
I20260709 12:24:27.451472 20976 raft_consensus.cc:2468] T 50977c150027400ca0cad605810850d5 P cb5ab5bc2cb34fc2956e8598a3a52e85 [term 4 FOLLOWER]: Leader election vote request: Granting yes vote for candidate ee5946883e0e4e1594c32fb59f29ec92 in term 4.
I20260709 12:24:27.452391 20864 leader_election.cc:304] T 50977c150027400ca0cad605810850d5 P ee5946883e0e4e1594c32fb59f29ec92 [CANDIDATE]: Term 4 election: Election decided. Result: candidate won. Election summary: received 2 responses out of 3 voters: 2 yes votes; 0 no votes. yes voters: cb5ab5bc2cb34fc2956e8598a3a52e85, ee5946883e0e4e1594c32fb59f29ec92; no voters: 
I20260709 12:24:27.453061 21227 raft_consensus.cc:2804] T 50977c150027400ca0cad605810850d5 P ee5946883e0e4e1594c32fb59f29ec92 [term 4 FOLLOWER]: Leader election won for term 4
I20260709 12:24:27.453442 21227 raft_consensus.cc:697] T 50977c150027400ca0cad605810850d5 P ee5946883e0e4e1594c32fb59f29ec92 [term 4 LEADER]: Becoming Leader. State: Replica: ee5946883e0e4e1594c32fb59f29ec92, State: Running, Role: LEADER
I20260709 12:24:27.453670 21050 raft_consensus.cc:2468] T 50977c150027400ca0cad605810850d5 P d5639cfa738746db806e184eadcea8d6 [term 4 FOLLOWER]: Leader election vote request: Granting yes vote for candidate ee5946883e0e4e1594c32fb59f29ec92 in term 4.
I20260709 12:24:27.454268 21227 consensus_queue.cc:237] T 50977c150027400ca0cad605810850d5 P ee5946883e0e4e1594c32fb59f29ec92 [LEADER]: Queue going to LEADER mode. State: All replicated index: 0, Majority replicated index: 3, Committed index: 3, Last appended: 3.3, Last appended by leader: 3, Current term: 4, Majority size: 2, State: 0, Mode: LEADER, active raft config: opid_index: -1 OBSOLETE_local: false peers { permanent_uuid: "ee5946883e0e4e1594c32fb59f29ec92" member_type: VOTER last_known_addr { host: "127.19.199.1" port: 35609 } } peers { permanent_uuid: "cb5ab5bc2cb34fc2956e8598a3a52e85" member_type: VOTER last_known_addr { host: "127.19.199.2" port: 34453 } } peers { permanent_uuid: "d5639cfa738746db806e184eadcea8d6" member_type: VOTER last_known_addr { host: "127.19.199.3" port: 39991 } }
I20260709 12:24:27.460577 20798 catalog_manager.cc:5697] T 50977c150027400ca0cad605810850d5 P ee5946883e0e4e1594c32fb59f29ec92 reported cstate change: term changed from 3 to 4, leader changed from d5639cfa738746db806e184eadcea8d6 (127.19.199.3) to ee5946883e0e4e1594c32fb59f29ec92 (127.19.199.1). New cstate: current_term: 4 leader_uuid: "ee5946883e0e4e1594c32fb59f29ec92" committed_config { opid_index: -1 OBSOLETE_local: false peers { permanent_uuid: "ee5946883e0e4e1594c32fb59f29ec92" member_type: VOTER last_known_addr { host: "127.19.199.1" port: 35609 } health_report { overall_health: HEALTHY } } peers { permanent_uuid: "cb5ab5bc2cb34fc2956e8598a3a52e85" member_type: VOTER last_known_addr { host: "127.19.199.2" port: 34453 } health_report { overall_health: UNKNOWN } } peers { permanent_uuid: "d5639cfa738746db806e184eadcea8d6" member_type: VOTER last_known_addr { host: "127.19.199.3" port: 39991 } health_report { overall_health: UNKNOWN } } }
I20260709 12:24:27.466310 21231 raft_consensus.cc:993] T 4502e458bb67493aaf3791b0dbd3f6d5 P cb5ab5bc2cb34fc2956e8598a3a52e85: : Instructing follower ee5946883e0e4e1594c32fb59f29ec92 to start an election
I20260709 12:24:27.466809 21230 raft_consensus.cc:1081] T 4502e458bb67493aaf3791b0dbd3f6d5 P cb5ab5bc2cb34fc2956e8598a3a52e85 [term 1 LEADER]: Signalling peer ee5946883e0e4e1594c32fb59f29ec92 to start an election
I20260709 12:24:27.468372 20898 tablet_service.cc:2044] Received Run Leader Election RPC: tablet_id: "4502e458bb67493aaf3791b0dbd3f6d5"
dest_uuid: "ee5946883e0e4e1594c32fb59f29ec92"
 from {username='slave'} at 127.0.0.1:55040
I20260709 12:24:27.468835 20898 raft_consensus.cc:493] T 4502e458bb67493aaf3791b0dbd3f6d5 P ee5946883e0e4e1594c32fb59f29ec92 [term 1 FOLLOWER]: Starting forced leader election (received explicit request)
I20260709 12:24:27.469092 20898 raft_consensus.cc:3060] T 4502e458bb67493aaf3791b0dbd3f6d5 P ee5946883e0e4e1594c32fb59f29ec92 [term 1 FOLLOWER]: Advancing to term 2
I20260709 12:24:27.473102 20898 raft_consensus.cc:515] T 4502e458bb67493aaf3791b0dbd3f6d5 P ee5946883e0e4e1594c32fb59f29ec92 [term 2 FOLLOWER]: Starting forced leader election with config: opid_index: -1 OBSOLETE_local: false peers { permanent_uuid: "ee5946883e0e4e1594c32fb59f29ec92" member_type: VOTER last_known_addr { host: "127.19.199.1" port: 35609 } } peers { permanent_uuid: "cb5ab5bc2cb34fc2956e8598a3a52e85" member_type: VOTER last_known_addr { host: "127.19.199.2" port: 34453 } } peers { permanent_uuid: "d5639cfa738746db806e184eadcea8d6" member_type: VOTER last_known_addr { host: "127.19.199.3" port: 39991 } }
I20260709 12:24:27.474366 20898 leader_election.cc:290] T 4502e458bb67493aaf3791b0dbd3f6d5 P ee5946883e0e4e1594c32fb59f29ec92 [CANDIDATE]: Term 2 election: Requested vote from peers cb5ab5bc2cb34fc2956e8598a3a52e85 (127.19.199.2:34453), d5639cfa738746db806e184eadcea8d6 (127.19.199.3:39991)
I20260709 12:24:27.475068 20976 tablet_service.cc:1917] Received RequestConsensusVote() RPC: tablet_id: "4502e458bb67493aaf3791b0dbd3f6d5" candidate_uuid: "ee5946883e0e4e1594c32fb59f29ec92" candidate_term: 2 candidate_status { last_received { term: 1 index: 1 } } ignore_live_leader: true dest_uuid: "cb5ab5bc2cb34fc2956e8598a3a52e85"
I20260709 12:24:27.475272 21050 tablet_service.cc:1917] Received RequestConsensusVote() RPC: tablet_id: "4502e458bb67493aaf3791b0dbd3f6d5" candidate_uuid: "ee5946883e0e4e1594c32fb59f29ec92" candidate_term: 2 candidate_status { last_received { term: 1 index: 1 } } ignore_live_leader: true dest_uuid: "d5639cfa738746db806e184eadcea8d6"
I20260709 12:24:27.475606 20976 raft_consensus.cc:3055] T 4502e458bb67493aaf3791b0dbd3f6d5 P cb5ab5bc2cb34fc2956e8598a3a52e85 [term 1 LEADER]: Stepping down as leader of term 1
I20260709 12:24:27.475744 21050 raft_consensus.cc:3060] T 4502e458bb67493aaf3791b0dbd3f6d5 P d5639cfa738746db806e184eadcea8d6 [term 1 FOLLOWER]: Advancing to term 2
I20260709 12:24:27.475919 20976 raft_consensus.cc:740] T 4502e458bb67493aaf3791b0dbd3f6d5 P cb5ab5bc2cb34fc2956e8598a3a52e85 [term 1 LEADER]: Becoming Follower/Learner. State: Replica: cb5ab5bc2cb34fc2956e8598a3a52e85, State: Running, Role: LEADER
I20260709 12:24:27.476778 20976 consensus_queue.cc:260] T 4502e458bb67493aaf3791b0dbd3f6d5 P cb5ab5bc2cb34fc2956e8598a3a52e85 [NON_LEADER]: Queue going to NON_LEADER mode. State: All replicated index: 0, Majority replicated index: 1, Committed index: 1, Last appended: 1.1, Last appended by leader: 1, Current term: 1, Majority size: -1, State: 0, Mode: NON_LEADER, active raft config: opid_index: -1 OBSOLETE_local: false peers { permanent_uuid: "ee5946883e0e4e1594c32fb59f29ec92" member_type: VOTER last_known_addr { host: "127.19.199.1" port: 35609 } } peers { permanent_uuid: "cb5ab5bc2cb34fc2956e8598a3a52e85" member_type: VOTER last_known_addr { host: "127.19.199.2" port: 34453 } } peers { permanent_uuid: "d5639cfa738746db806e184eadcea8d6" member_type: VOTER last_known_addr { host: "127.19.199.3" port: 39991 } }
I20260709 12:24:27.477914 20976 raft_consensus.cc:3060] T 4502e458bb67493aaf3791b0dbd3f6d5 P cb5ab5bc2cb34fc2956e8598a3a52e85 [term 1 FOLLOWER]: Advancing to term 2
I20260709 12:24:27.481670 21050 raft_consensus.cc:2468] T 4502e458bb67493aaf3791b0dbd3f6d5 P d5639cfa738746db806e184eadcea8d6 [term 2 FOLLOWER]: Leader election vote request: Granting yes vote for candidate ee5946883e0e4e1594c32fb59f29ec92 in term 2.
I20260709 12:24:27.482609 20866 leader_election.cc:304] T 4502e458bb67493aaf3791b0dbd3f6d5 P ee5946883e0e4e1594c32fb59f29ec92 [CANDIDATE]: Term 2 election: Election decided. Result: candidate won. Election summary: received 2 responses out of 3 voters: 2 yes votes; 0 no votes. yes voters: d5639cfa738746db806e184eadcea8d6, ee5946883e0e4e1594c32fb59f29ec92; no voters: 
I20260709 12:24:27.483292 21227 raft_consensus.cc:2804] T 4502e458bb67493aaf3791b0dbd3f6d5 P ee5946883e0e4e1594c32fb59f29ec92 [term 2 FOLLOWER]: Leader election won for term 2
I20260709 12:24:27.483740 21227 raft_consensus.cc:697] T 4502e458bb67493aaf3791b0dbd3f6d5 P ee5946883e0e4e1594c32fb59f29ec92 [term 2 LEADER]: Becoming Leader. State: Replica: ee5946883e0e4e1594c32fb59f29ec92, State: Running, Role: LEADER
I20260709 12:24:27.483804 20976 raft_consensus.cc:2468] T 4502e458bb67493aaf3791b0dbd3f6d5 P cb5ab5bc2cb34fc2956e8598a3a52e85 [term 2 FOLLOWER]: Leader election vote request: Granting yes vote for candidate ee5946883e0e4e1594c32fb59f29ec92 in term 2.
I20260709 12:24:27.484754 21227 consensus_queue.cc:237] T 4502e458bb67493aaf3791b0dbd3f6d5 P ee5946883e0e4e1594c32fb59f29ec92 [LEADER]: Queue going to LEADER mode. State: All replicated index: 0, Majority replicated index: 1, Committed index: 1, Last appended: 1.1, Last appended by leader: 1, Current term: 2, Majority size: 2, State: 0, Mode: LEADER, active raft config: opid_index: -1 OBSOLETE_local: false peers { permanent_uuid: "ee5946883e0e4e1594c32fb59f29ec92" member_type: VOTER last_known_addr { host: "127.19.199.1" port: 35609 } } peers { permanent_uuid: "cb5ab5bc2cb34fc2956e8598a3a52e85" member_type: VOTER last_known_addr { host: "127.19.199.2" port: 34453 } } peers { permanent_uuid: "d5639cfa738746db806e184eadcea8d6" member_type: VOTER last_known_addr { host: "127.19.199.3" port: 39991 } }
I20260709 12:24:27.491864 20798 catalog_manager.cc:5697] T 4502e458bb67493aaf3791b0dbd3f6d5 P ee5946883e0e4e1594c32fb59f29ec92 reported cstate change: term changed from 1 to 2, leader changed from cb5ab5bc2cb34fc2956e8598a3a52e85 (127.19.199.2) to ee5946883e0e4e1594c32fb59f29ec92 (127.19.199.1). New cstate: current_term: 2 leader_uuid: "ee5946883e0e4e1594c32fb59f29ec92" committed_config { opid_index: -1 OBSOLETE_local: false peers { permanent_uuid: "ee5946883e0e4e1594c32fb59f29ec92" member_type: VOTER last_known_addr { host: "127.19.199.1" port: 35609 } health_report { overall_health: HEALTHY } } peers { permanent_uuid: "cb5ab5bc2cb34fc2956e8598a3a52e85" member_type: VOTER last_known_addr { host: "127.19.199.2" port: 34453 } health_report { overall_health: UNKNOWN } } peers { permanent_uuid: "d5639cfa738746db806e184eadcea8d6" member_type: VOTER last_known_addr { host: "127.19.199.3" port: 39991 } health_report { overall_health: UNKNOWN } } }
