I20260709 12:24:42.092851 30728 tablet_service.cc:1511] Processing CreateTablet for tablet fdf785e3514540808963ffe3ec450dde (DEFAULT_TABLE table=test-workload [id=a6793bcca6314658af187a3f57d85c83]), partition=RANGE (key) PARTITION 1091940810 <= VALUES < 1128338837
I20260709 12:24:42.094061 30728 data_dirs.cc:400] Could only allocate 1 dirs of requested 3 for tablet fdf785e3514540808963ffe3ec450dde. 1 dirs total, 0 dirs full, 0 dirs failed
I20260709 12:24:42.088373 30782 raft_consensus.cc:359] T 3dd91bfe3eab4003a310ade8c1635ae1 P 646b74ec0f874a87865c64bee0e294e6 [term 0 FOLLOWER]: Replica starting. Triggering 0 pending ops. Active config: opid_index: -1 OBSOLETE_local: false peers { permanent_uuid: "5fd70a14779a45e0bac9d77aa00f39f5" member_type: VOTER last_known_addr { host: "127.28.188.193" port: 35001 } } peers { permanent_uuid: "89f9873e69414b23b16515db27b84442" member_type: VOTER last_known_addr { host: "127.28.188.194" port: 36329 } } peers { permanent_uuid: "646b74ec0f874a87865c64bee0e294e6" member_type: VOTER last_known_addr { host: "127.28.188.195" port: 41301 } }
I20260709 12:24:42.107187 30782 raft_consensus.cc:385] T 3dd91bfe3eab4003a310ade8c1635ae1 P 646b74ec0f874a87865c64bee0e294e6 [term 0 FOLLOWER]: Consensus starting up: Expiring failure detector timer to make a prompt election more likely
I20260709 12:24:42.107558 30782 raft_consensus.cc:740] T 3dd91bfe3eab4003a310ade8c1635ae1 P 646b74ec0f874a87865c64bee0e294e6 [term 0 FOLLOWER]: Becoming Follower/Learner. State: Replica: 646b74ec0f874a87865c64bee0e294e6, State: Initialized, Role: FOLLOWER
I20260709 12:24:42.108493 30782 consensus_queue.cc:260] T 3dd91bfe3eab4003a310ade8c1635ae1 P 646b74ec0f874a87865c64bee0e294e6 [NON_LEADER]: Queue going to NON_LEADER mode. State: All replicated index: 0, Majority replicated index: 0, Committed index: 0, Last appended: 0.0, Last appended by leader: 0, Current term: 0, Majority size: -1, State: 0, Mode: NON_LEADER, active raft config: opid_index: -1 OBSOLETE_local: false peers { permanent_uuid: "5fd70a14779a45e0bac9d77aa00f39f5" member_type: VOTER last_known_addr { host: "127.28.188.193" port: 35001 } } peers { permanent_uuid: "89f9873e69414b23b16515db27b84442" member_type: VOTER last_known_addr { host: "127.28.188.194" port: 36329 } } peers { permanent_uuid: "646b74ec0f874a87865c64bee0e294e6" member_type: VOTER last_known_addr { host: "127.28.188.195" port: 41301 } }
I20260709 12:24:42.084978 30784 tablet_bootstrap.cc:492] T e1c5364be1604290b9eed3e410b630f3 P 5fd70a14779a45e0bac9d77aa00f39f5: No bootstrap required, opened a new log
I20260709 12:24:42.115593 30784 ts_tablet_manager.cc:1403] T e1c5364be1604290b9eed3e410b630f3 P 5fd70a14779a45e0bac9d77aa00f39f5: Time spent bootstrapping tablet: real 0.230s	user 0.016s	sys 0.008s
I20260709 12:24:42.119694 30784 raft_consensus.cc:359] T e1c5364be1604290b9eed3e410b630f3 P 5fd70a14779a45e0bac9d77aa00f39f5 [term 0 FOLLOWER]: Replica starting. Triggering 0 pending ops. Active config: opid_index: -1 OBSOLETE_local: false peers { permanent_uuid: "5fd70a14779a45e0bac9d77aa00f39f5" member_type: VOTER last_known_addr { host: "127.28.188.193" port: 35001 } } peers { permanent_uuid: "89f9873e69414b23b16515db27b84442" member_type: VOTER last_known_addr { host: "127.28.188.194" port: 36329 } } peers { permanent_uuid: "646b74ec0f874a87865c64bee0e294e6" member_type: VOTER last_known_addr { host: "127.28.188.195" port: 41301 } }
I20260709 12:24:42.120383 30784 raft_consensus.cc:385] T e1c5364be1604290b9eed3e410b630f3 P 5fd70a14779a45e0bac9d77aa00f39f5 [term 0 FOLLOWER]: Consensus starting up: Expiring failure detector timer to make a prompt election more likely
I20260709 12:24:42.120685 30784 raft_consensus.cc:740] T e1c5364be1604290b9eed3e410b630f3 P 5fd70a14779a45e0bac9d77aa00f39f5 [term 0 FOLLOWER]: Becoming Follower/Learner. State: Replica: 5fd70a14779a45e0bac9d77aa00f39f5, State: Initialized, Role: FOLLOWER
I20260709 12:24:42.121829 30784 consensus_queue.cc:260] T e1c5364be1604290b9eed3e410b630f3 P 5fd70a14779a45e0bac9d77aa00f39f5 [NON_LEADER]: Queue going to NON_LEADER mode. State: All replicated index: 0, Majority replicated index: 0, Committed index: 0, Last appended: 0.0, Last appended by leader: 0, Current term: 0, Majority size: -1, State: 0, Mode: NON_LEADER, active raft config: opid_index: -1 OBSOLETE_local: false peers { permanent_uuid: "5fd70a14779a45e0bac9d77aa00f39f5" member_type: VOTER last_known_addr { host: "127.28.188.193" port: 35001 } } peers { permanent_uuid: "89f9873e69414b23b16515db27b84442" member_type: VOTER last_known_addr { host: "127.28.188.194" port: 36329 } } peers { permanent_uuid: "646b74ec0f874a87865c64bee0e294e6" member_type: VOTER last_known_addr { host: "127.28.188.195" port: 41301 } }
I20260709 12:24:42.124289 30784 ts_tablet_manager.cc:1434] T e1c5364be1604290b9eed3e410b630f3 P 5fd70a14779a45e0bac9d77aa00f39f5: Time spent starting tablet: real 0.008s	user 0.006s	sys 0.000s
I20260709 12:24:42.125483 30784 tablet_bootstrap.cc:492] T 928af67d07734a1aa436f4706636b80c P 5fd70a14779a45e0bac9d77aa00f39f5: Bootstrap starting.
I20260709 12:24:42.134829 30782 ts_tablet_manager.cc:1434] T 3dd91bfe3eab4003a310ade8c1635ae1 P 646b74ec0f874a87865c64bee0e294e6: Time spent starting tablet: real 0.049s	user 0.008s	sys 0.000s
I20260709 12:24:42.141266 30782 tablet_bootstrap.cc:492] T 58b48b74894e433fab759a3948d2c447 P 646b74ec0f874a87865c64bee0e294e6: Bootstrap starting.
I20260709 12:24:42.111130 30789 raft_consensus.cc:697] T 2f8bdc0e7b4e41859965e27be0149c14 P 5fd70a14779a45e0bac9d77aa00f39f5 [term 1 LEADER]: Becoming Leader. State: Replica: 5fd70a14779a45e0bac9d77aa00f39f5, State: Running, Role: LEADER
I20260709 12:24:42.147336 30782 tablet_bootstrap.cc:654] T 58b48b74894e433fab759a3948d2c447 P 646b74ec0f874a87865c64bee0e294e6: Neither blocks nor log segments found. Creating new log.
I20260709 12:24:42.152733 30572 tablet_service.cc:1511] Processing CreateTablet for tablet ffb9fcdd91884cf49e245947556359fa (DEFAULT_TABLE table=test-workload [id=a6793bcca6314658af187a3f57d85c83]), partition=RANGE (key) PARTITION 1128338837 <= VALUES < 1164736864
I20260709 12:24:42.153982 30572 data_dirs.cc:400] Could only allocate 1 dirs of requested 3 for tablet ffb9fcdd91884cf49e245947556359fa. 1 dirs total, 0 dirs full, 0 dirs failed
I20260709 12:24:42.153946 30648 tablet_service.cc:1511] Processing CreateTablet for tablet ffb9fcdd91884cf49e245947556359fa (DEFAULT_TABLE table=test-workload [id=a6793bcca6314658af187a3f57d85c83]), partition=RANGE (key) PARTITION 1128338837 <= VALUES < 1164736864
I20260709 12:24:42.155228 30648 data_dirs.cc:400] Could only allocate 1 dirs of requested 3 for tablet ffb9fcdd91884cf49e245947556359fa. 1 dirs total, 0 dirs full, 0 dirs failed
I20260709 12:24:42.160310 30577 tablet_service.cc:1511] Processing CreateTablet for tablet d50db187f8764beaab62688a4cd969a2 (DEFAULT_TABLE table=test-workload [id=a6793bcca6314658af187a3f57d85c83]), partition=RANGE (key) PARTITION 1164736864 <= VALUES < 1201134891
I20260709 12:24:42.162822 30727 tablet_service.cc:1511] Processing CreateTablet for tablet ffb9fcdd91884cf49e245947556359fa (DEFAULT_TABLE table=test-workload [id=a6793bcca6314658af187a3f57d85c83]), partition=RANGE (key) PARTITION 1128338837 <= VALUES < 1164736864
I20260709 12:24:42.164233 30727 data_dirs.cc:400] Could only allocate 1 dirs of requested 3 for tablet ffb9fcdd91884cf49e245947556359fa. 1 dirs total, 0 dirs full, 0 dirs failed
I20260709 12:24:42.165997 30789 consensus_queue.cc:237] T 2f8bdc0e7b4e41859965e27be0149c14 P 5fd70a14779a45e0bac9d77aa00f39f5 [LEADER]: Queue going to LEADER mode. State: All replicated index: 0, Majority replicated index: 0, Committed index: 0, Last appended: 0.0, Last appended by leader: 0, Current term: 1, Majority size: 2, State: 0, Mode: LEADER, active raft config: opid_index: -1 OBSOLETE_local: false peers { permanent_uuid: "646b74ec0f874a87865c64bee0e294e6" member_type: VOTER last_known_addr { host: "127.28.188.195" port: 41301 } } peers { permanent_uuid: "89f9873e69414b23b16515db27b84442" member_type: VOTER last_known_addr { host: "127.28.188.194" port: 36329 } } peers { permanent_uuid: "5fd70a14779a45e0bac9d77aa00f39f5" member_type: VOTER last_known_addr { host: "127.28.188.193" port: 35001 } }
I20260709 12:24:42.172896 30657 tablet_service.cc:1511] Processing CreateTablet for tablet d50db187f8764beaab62688a4cd969a2 (DEFAULT_TABLE table=test-workload [id=a6793bcca6314658af187a3f57d85c83]), partition=RANGE (key) PARTITION 1164736864 <= VALUES < 1201134891
I20260709 12:24:42.173996 30730 tablet_service.cc:1511] Processing CreateTablet for tablet d50db187f8764beaab62688a4cd969a2 (DEFAULT_TABLE table=test-workload [id=a6793bcca6314658af187a3f57d85c83]), partition=RANGE (key) PARTITION 1164736864 <= VALUES < 1201134891
I20260709 12:24:42.174854 30657 data_dirs.cc:400] Could only allocate 1 dirs of requested 3 for tablet d50db187f8764beaab62688a4cd969a2. 1 dirs total, 0 dirs full, 0 dirs failed
I20260709 12:24:42.175184 30730 data_dirs.cc:400] Could only allocate 1 dirs of requested 3 for tablet d50db187f8764beaab62688a4cd969a2. 1 dirs total, 0 dirs full, 0 dirs failed
I20260709 12:24:42.175045 30571 tablet_service.cc:1511] Processing CreateTablet for tablet e0701792e53542f2aed923b45b8ede79 (DEFAULT_TABLE table=test-workload [id=a6793bcca6314658af187a3f57d85c83]), partition=RANGE (key) PARTITION 1201134891 <= VALUES < 1237532918
I20260709 12:24:42.181289 30784 tablet_bootstrap.cc:654] T 928af67d07734a1aa436f4706636b80c P 5fd70a14779a45e0bac9d77aa00f39f5: Neither blocks nor log segments found. Creating new log.
I20260709 12:24:42.183625 30577 data_dirs.cc:400] Could only allocate 1 dirs of requested 3 for tablet d50db187f8764beaab62688a4cd969a2. 1 dirs total, 0 dirs full, 0 dirs failed
I20260709 12:24:42.189234 30571 data_dirs.cc:400] Could only allocate 1 dirs of requested 3 for tablet e0701792e53542f2aed923b45b8ede79. 1 dirs total, 0 dirs full, 0 dirs failed
I20260709 12:24:42.197172 30785 tablet_bootstrap.cc:492] T 706e99eeabfb4cfa98692328463a756b P 89f9873e69414b23b16515db27b84442: No bootstrap required, opened a new log
I20260709 12:24:42.197799 30785 ts_tablet_manager.cc:1403] T 706e99eeabfb4cfa98692328463a756b P 89f9873e69414b23b16515db27b84442: Time spent bootstrapping tablet: real 0.190s	user 0.016s	sys 0.024s
I20260709 12:24:42.200770 30488 catalog_manager.cc:5697] T 2f8bdc0e7b4e41859965e27be0149c14 P 5fd70a14779a45e0bac9d77aa00f39f5 reported cstate change: term changed from 0 to 1, leader changed from <none> to 5fd70a14779a45e0bac9d77aa00f39f5 (127.28.188.193). New cstate: current_term: 1 leader_uuid: "5fd70a14779a45e0bac9d77aa00f39f5" committed_config { opid_index: -1 OBSOLETE_local: false peers { permanent_uuid: "646b74ec0f874a87865c64bee0e294e6" member_type: VOTER last_known_addr { host: "127.28.188.195" port: 41301 } health_report { overall_health: UNKNOWN } } peers { permanent_uuid: "89f9873e69414b23b16515db27b84442" member_type: VOTER last_known_addr { host: "127.28.188.194" port: 36329 } health_report { overall_health: UNKNOWN } } peers { permanent_uuid: "5fd70a14779a45e0bac9d77aa00f39f5" member_type: VOTER last_known_addr { host: "127.28.188.193" port: 35001 } health_report { overall_health: HEALTHY } } }
I20260709 12:24:42.201675 30785 raft_consensus.cc:359] T 706e99eeabfb4cfa98692328463a756b P 89f9873e69414b23b16515db27b84442 [term 0 FOLLOWER]: Replica starting. Triggering 0 pending ops. Active config: opid_index: -1 OBSOLETE_local: false peers { permanent_uuid: "5fd70a14779a45e0bac9d77aa00f39f5" member_type: VOTER last_known_addr { host: "127.28.188.193" port: 35001 } } peers { permanent_uuid: "89f9873e69414b23b16515db27b84442" member_type: VOTER last_known_addr { host: "127.28.188.194" port: 36329 } } peers { permanent_uuid: "646b74ec0f874a87865c64bee0e294e6" member_type: VOTER last_known_addr { host: "127.28.188.195" port: 41301 } }
I20260709 12:24:42.223745 30573 tablet_service.cc:1511] Processing CreateTablet for tablet 36515a27f3d74b94851d3fa350f577f9 (DEFAULT_TABLE table=test-workload [id=a6793bcca6314658af187a3f57d85c83]), partition=RANGE (key) PARTITION 1237532918 <= VALUES < 1273930945
I20260709 12:24:42.224033 30726 tablet_service.cc:1511] Processing CreateTablet for tablet e0701792e53542f2aed923b45b8ede79 (DEFAULT_TABLE table=test-workload [id=a6793bcca6314658af187a3f57d85c83]), partition=RANGE (key) PARTITION 1201134891 <= VALUES < 1237532918
I20260709 12:24:42.225059 30573 data_dirs.cc:400] Could only allocate 1 dirs of requested 3 for tablet 36515a27f3d74b94851d3fa350f577f9. 1 dirs total, 0 dirs full, 0 dirs failed
I20260709 12:24:42.225097 30726 data_dirs.cc:400] Could only allocate 1 dirs of requested 3 for tablet e0701792e53542f2aed923b45b8ede79. 1 dirs total, 0 dirs full, 0 dirs failed
I20260709 12:24:42.228237 30782 tablet_bootstrap.cc:492] T 58b48b74894e433fab759a3948d2c447 P 646b74ec0f874a87865c64bee0e294e6: No bootstrap required, opened a new log
I20260709 12:24:42.228701 30782 ts_tablet_manager.cc:1403] T 58b48b74894e433fab759a3948d2c447 P 646b74ec0f874a87865c64bee0e294e6: Time spent bootstrapping tablet: real 0.088s	user 0.039s	sys 0.022s
I20260709 12:24:42.215720 30785 raft_consensus.cc:385] T 706e99eeabfb4cfa98692328463a756b P 89f9873e69414b23b16515db27b84442 [term 0 FOLLOWER]: Consensus starting up: Expiring failure detector timer to make a prompt election more likely
I20260709 12:24:42.229111 30785 raft_consensus.cc:740] T 706e99eeabfb4cfa98692328463a756b P 89f9873e69414b23b16515db27b84442 [term 0 FOLLOWER]: Becoming Follower/Learner. State: Replica: 89f9873e69414b23b16515db27b84442, State: Initialized, Role: FOLLOWER
I20260709 12:24:42.231528 30782 raft_consensus.cc:359] T 58b48b74894e433fab759a3948d2c447 P 646b74ec0f874a87865c64bee0e294e6 [term 0 FOLLOWER]: Replica starting. Triggering 0 pending ops. Active config: opid_index: -1 OBSOLETE_local: false peers { permanent_uuid: "5fd70a14779a45e0bac9d77aa00f39f5" member_type: VOTER last_known_addr { host: "127.28.188.193" port: 35001 } } peers { permanent_uuid: "89f9873e69414b23b16515db27b84442" member_type: VOTER last_known_addr { host: "127.28.188.194" port: 36329 } } peers { permanent_uuid: "646b74ec0f874a87865c64bee0e294e6" member_type: VOTER last_known_addr { host: "127.28.188.195" port: 41301 } }
I20260709 12:24:42.232206 30782 raft_consensus.cc:385] T 58b48b74894e433fab759a3948d2c447 P 646b74ec0f874a87865c64bee0e294e6 [term 0 FOLLOWER]: Consensus starting up: Expiring failure detector timer to make a prompt election more likely
I20260709 12:24:42.232503 30782 raft_consensus.cc:740] T 58b48b74894e433fab759a3948d2c447 P 646b74ec0f874a87865c64bee0e294e6 [term 0 FOLLOWER]: Becoming Follower/Learner. State: Replica: 646b74ec0f874a87865c64bee0e294e6, State: Initialized, Role: FOLLOWER
I20260709 12:24:42.233173 30782 consensus_queue.cc:260] T 58b48b74894e433fab759a3948d2c447 P 646b74ec0f874a87865c64bee0e294e6 [NON_LEADER]: Queue going to NON_LEADER mode. State: All replicated index: 0, Majority replicated index: 0, Committed index: 0, Last appended: 0.0, Last appended by leader: 0, Current term: 0, Majority size: -1, State: 0, Mode: NON_LEADER, active raft config: opid_index: -1 OBSOLETE_local: false peers { permanent_uuid: "5fd70a14779a45e0bac9d77aa00f39f5" member_type: VOTER last_known_addr { host: "127.28.188.193" port: 35001 } } peers { permanent_uuid: "89f9873e69414b23b16515db27b84442" member_type: VOTER last_known_addr { host: "127.28.188.194" port: 36329 } } peers { permanent_uuid: "646b74ec0f874a87865c64bee0e294e6" member_type: VOTER last_known_addr { host: "127.28.188.195" port: 41301 } }
I20260709 12:24:42.239475 30655 tablet_service.cc:1511] Processing CreateTablet for tablet e0701792e53542f2aed923b45b8ede79 (DEFAULT_TABLE table=test-workload [id=a6793bcca6314658af187a3f57d85c83]), partition=RANGE (key) PARTITION 1201134891 <= VALUES < 1237532918
I20260709 12:24:42.240741 30655 data_dirs.cc:400] Could only allocate 1 dirs of requested 3 for tablet e0701792e53542f2aed923b45b8ede79. 1 dirs total, 0 dirs full, 0 dirs failed
I20260709 12:24:42.248698 30782 ts_tablet_manager.cc:1434] T 58b48b74894e433fab759a3948d2c447 P 646b74ec0f874a87865c64bee0e294e6: Time spent starting tablet: real 0.020s	user 0.006s	sys 0.001s
I20260709 12:24:42.248919 30656 tablet_service.cc:1511] Processing CreateTablet for tablet 36515a27f3d74b94851d3fa350f577f9 (DEFAULT_TABLE table=test-workload [id=a6793bcca6314658af187a3f57d85c83]), partition=RANGE (key) PARTITION 1237532918 <= VALUES < 1273930945
I20260709 12:24:42.250027 30782 tablet_bootstrap.cc:492] T 3472b1428c8440b08542b3e23b521d6d P 646b74ec0f874a87865c64bee0e294e6: Bootstrap starting.
I20260709 12:24:42.250165 30656 data_dirs.cc:400] Could only allocate 1 dirs of requested 3 for tablet 36515a27f3d74b94851d3fa350f577f9. 1 dirs total, 0 dirs full, 0 dirs failed
I20260709 12:24:42.229928 30785 consensus_queue.cc:260] T 706e99eeabfb4cfa98692328463a756b P 89f9873e69414b23b16515db27b84442 [NON_LEADER]: Queue going to NON_LEADER mode. State: All replicated index: 0, Majority replicated index: 0, Committed index: 0, Last appended: 0.0, Last appended by leader: 0, Current term: 0, Majority size: -1, State: 0, Mode: NON_LEADER, active raft config: opid_index: -1 OBSOLETE_local: false peers { permanent_uuid: "5fd70a14779a45e0bac9d77aa00f39f5" member_type: VOTER last_known_addr { host: "127.28.188.193" port: 35001 } } peers { permanent_uuid: "89f9873e69414b23b16515db27b84442" member_type: VOTER last_known_addr { host: "127.28.188.194" port: 36329 } } peers { permanent_uuid: "646b74ec0f874a87865c64bee0e294e6" member_type: VOTER last_known_addr { host: "127.28.188.195" port: 41301 } }
I20260709 12:24:42.264006 30782 tablet_bootstrap.cc:654] T 3472b1428c8440b08542b3e23b521d6d P 646b74ec0f874a87865c64bee0e294e6: Neither blocks nor log segments found. Creating new log.
I20260709 12:24:42.264348 30785 ts_tablet_manager.cc:1434] T 706e99eeabfb4cfa98692328463a756b P 89f9873e69414b23b16515db27b84442: Time spent starting tablet: real 0.066s	user 0.006s	sys 0.003s
I20260709 12:24:42.263895 30577 tablet_service.cc:1511] Processing CreateTablet for tablet 5c010ba50e1a4d028ee4aeaf871be8bb (DEFAULT_TABLE table=test-workload [id=a6793bcca6314658af187a3f57d85c83]), partition=RANGE (key) PARTITION 1273930945 <= VALUES < 1310328972
I20260709 12:24:42.265350 30785 tablet_bootstrap.cc:492] T 3472b1428c8440b08542b3e23b521d6d P 89f9873e69414b23b16515db27b84442: Bootstrap starting.
I20260709 12:24:42.271725 30785 tablet_bootstrap.cc:654] T 3472b1428c8440b08542b3e23b521d6d P 89f9873e69414b23b16515db27b84442: Neither blocks nor log segments found. Creating new log.
I20260709 12:24:42.274668 30727 tablet_service.cc:1511] Processing CreateTablet for tablet 5c010ba50e1a4d028ee4aeaf871be8bb (DEFAULT_TABLE table=test-workload [id=a6793bcca6314658af187a3f57d85c83]), partition=RANGE (key) PARTITION 1273930945 <= VALUES < 1310328972
I20260709 12:24:42.275470 30657 tablet_service.cc:1511] Processing CreateTablet for tablet 5c010ba50e1a4d028ee4aeaf871be8bb (DEFAULT_TABLE table=test-workload [id=a6793bcca6314658af187a3f57d85c83]), partition=RANGE (key) PARTITION 1273930945 <= VALUES < 1310328972
I20260709 12:24:42.275909 30727 data_dirs.cc:400] Could only allocate 1 dirs of requested 3 for tablet 5c010ba50e1a4d028ee4aeaf871be8bb. 1 dirs total, 0 dirs full, 0 dirs failed
I20260709 12:24:42.276724 30657 data_dirs.cc:400] Could only allocate 1 dirs of requested 3 for tablet 5c010ba50e1a4d028ee4aeaf871be8bb. 1 dirs total, 0 dirs full, 0 dirs failed
I20260709 12:24:42.279771 30730 tablet_service.cc:1511] Processing CreateTablet for tablet 36515a27f3d74b94851d3fa350f577f9 (DEFAULT_TABLE table=test-workload [id=a6793bcca6314658af187a3f57d85c83]), partition=RANGE (key) PARTITION 1237532918 <= VALUES < 1273930945
I20260709 12:24:42.280076 30572 tablet_service.cc:1511] Processing CreateTablet for tablet e5b78a4f8fd14293af849d7df4799e33 (DEFAULT_TABLE table=test-workload [id=a6793bcca6314658af187a3f57d85c83]), partition=RANGE (key) PARTITION 1310328972 <= VALUES < 1346726999
I20260709 12:24:42.280958 30730 data_dirs.cc:400] Could only allocate 1 dirs of requested 3 for tablet 36515a27f3d74b94851d3fa350f577f9. 1 dirs total, 0 dirs full, 0 dirs failed
I20260709 12:24:42.284504 30649 tablet_service.cc:1511] Processing CreateTablet for tablet e5b78a4f8fd14293af849d7df4799e33 (DEFAULT_TABLE table=test-workload [id=a6793bcca6314658af187a3f57d85c83]), partition=RANGE (key) PARTITION 1310328972 <= VALUES < 1346726999
I20260709 12:24:42.288793 30784 tablet_bootstrap.cc:492] T 928af67d07734a1aa436f4706636b80c P 5fd70a14779a45e0bac9d77aa00f39f5: No bootstrap required, opened a new log
I20260709 12:24:42.289306 30784 ts_tablet_manager.cc:1403] T 928af67d07734a1aa436f4706636b80c P 5fd70a14779a45e0bac9d77aa00f39f5: Time spent bootstrapping tablet: real 0.164s	user 0.021s	sys 0.012s
I20260709 12:24:42.291087 30649 data_dirs.cc:400] Could only allocate 1 dirs of requested 3 for tablet e5b78a4f8fd14293af849d7df4799e33. 1 dirs total, 0 dirs full, 0 dirs failed
I20260709 12:24:42.292255 30784 raft_consensus.cc:359] T 928af67d07734a1aa436f4706636b80c P 5fd70a14779a45e0bac9d77aa00f39f5 [term 0 FOLLOWER]: Replica starting. Triggering 0 pending ops. Active config: opid_index: -1 OBSOLETE_local: false peers { permanent_uuid: "5fd70a14779a45e0bac9d77aa00f39f5" member_type: VOTER last_known_addr { host: "127.28.188.193" port: 35001 } } peers { permanent_uuid: "89f9873e69414b23b16515db27b84442" member_type: VOTER last_known_addr { host: "127.28.188.194" port: 36329 } } peers { permanent_uuid: "646b74ec0f874a87865c64bee0e294e6" member_type: VOTER last_known_addr { host: "127.28.188.195" port: 41301 } }
I20260709 12:24:42.292897 30577 data_dirs.cc:400] Could only allocate 1 dirs of requested 3 for tablet 5c010ba50e1a4d028ee4aeaf871be8bb. 1 dirs total, 0 dirs full, 0 dirs failed
I20260709 12:24:42.293045 30784 raft_consensus.cc:385] T 928af67d07734a1aa436f4706636b80c P 5fd70a14779a45e0bac9d77aa00f39f5 [term 0 FOLLOWER]: Consensus starting up: Expiring failure detector timer to make a prompt election more likely
I20260709 12:24:42.293617 30784 raft_consensus.cc:740] T 928af67d07734a1aa436f4706636b80c P 5fd70a14779a45e0bac9d77aa00f39f5 [term 0 FOLLOWER]: Becoming Follower/Learner. State: Replica: 5fd70a14779a45e0bac9d77aa00f39f5, State: Initialized, Role: FOLLOWER
I20260709 12:24:42.288489 30726 tablet_service.cc:1511] Processing CreateTablet for tablet e5b78a4f8fd14293af849d7df4799e33 (DEFAULT_TABLE table=test-workload [id=a6793bcca6314658af187a3f57d85c83]), partition=RANGE (key) PARTITION 1310328972 <= VALUES < 1346726999
I20260709 12:24:42.295111 30726 data_dirs.cc:400] Could only allocate 1 dirs of requested 3 for tablet e5b78a4f8fd14293af849d7df4799e33. 1 dirs total, 0 dirs full, 0 dirs failed
I20260709 12:24:42.296859 30572 data_dirs.cc:400] Could only allocate 1 dirs of requested 3 for tablet e5b78a4f8fd14293af849d7df4799e33. 1 dirs total, 0 dirs full, 0 dirs failed
I20260709 12:24:42.297474 30792 raft_consensus.cc:493] T 928af67d07734a1aa436f4706636b80c P 89f9873e69414b23b16515db27b84442 [term 0 FOLLOWER]: Starting pre-election (no leader contacted us within the election timeout)
I20260709 12:24:42.295593 30784 consensus_queue.cc:260] T 928af67d07734a1aa436f4706636b80c P 5fd70a14779a45e0bac9d77aa00f39f5 [NON_LEADER]: Queue going to NON_LEADER mode. State: All replicated index: 0, Majority replicated index: 0, Committed index: 0, Last appended: 0.0, Last appended by leader: 0, Current term: 0, Majority size: -1, State: 0, Mode: NON_LEADER, active raft config: opid_index: -1 OBSOLETE_local: false peers { permanent_uuid: "5fd70a14779a45e0bac9d77aa00f39f5" member_type: VOTER last_known_addr { host: "127.28.188.193" port: 35001 } } peers { permanent_uuid: "89f9873e69414b23b16515db27b84442" member_type: VOTER last_known_addr { host: "127.28.188.194" port: 36329 } } peers { permanent_uuid: "646b74ec0f874a87865c64bee0e294e6" member_type: VOTER last_known_addr { host: "127.28.188.195" port: 41301 } }
I20260709 12:24:42.297959 30792 raft_consensus.cc:515] T 928af67d07734a1aa436f4706636b80c P 89f9873e69414b23b16515db27b84442 [term 0 FOLLOWER]: Starting pre-election with config: opid_index: -1 OBSOLETE_local: false peers { permanent_uuid: "5fd70a14779a45e0bac9d77aa00f39f5" member_type: VOTER last_known_addr { host: "127.28.188.193" port: 35001 } } peers { permanent_uuid: "89f9873e69414b23b16515db27b84442" member_type: VOTER last_known_addr { host: "127.28.188.194" port: 36329 } } peers { permanent_uuid: "646b74ec0f874a87865c64bee0e294e6" member_type: VOTER last_known_addr { host: "127.28.188.195" port: 41301 } }
I20260709 12:24:42.300065 30792 leader_election.cc:290] T 928af67d07734a1aa436f4706636b80c P 89f9873e69414b23b16515db27b84442 [CANDIDATE]: Term 1 pre-election: Requested pre-vote from peers 5fd70a14779a45e0bac9d77aa00f39f5 (127.28.188.193:35001), 646b74ec0f874a87865c64bee0e294e6 (127.28.188.195:41301)
I20260709 12:24:42.302172 30590 tablet_service.cc:1917] Received RequestConsensusVote() RPC: tablet_id: "928af67d07734a1aa436f4706636b80c" candidate_uuid: "89f9873e69414b23b16515db27b84442" candidate_term: 1 candidate_status { last_received { term: 0 index: 0 } } ignore_live_leader: false dest_uuid: "5fd70a14779a45e0bac9d77aa00f39f5" is_pre_election: true
I20260709 12:24:42.303385 30590 raft_consensus.cc:2468] T 928af67d07734a1aa436f4706636b80c P 5fd70a14779a45e0bac9d77aa00f39f5 [term 0 FOLLOWER]: Leader pre-election vote request: Granting yes vote for candidate 89f9873e69414b23b16515db27b84442 in term 0.
I20260709 12:24:42.304848 30629 leader_election.cc:304] T 928af67d07734a1aa436f4706636b80c P 89f9873e69414b23b16515db27b84442 [CANDIDATE]: Term 1 pre-election: Election decided. Result: candidate won. Election summary: received 2 responses out of 3 voters: 2 yes votes; 0 no votes. yes voters: 5fd70a14779a45e0bac9d77aa00f39f5, 89f9873e69414b23b16515db27b84442; no voters: 
I20260709 12:24:42.306520 30741 tablet_service.cc:1917] Received RequestConsensusVote() RPC: tablet_id: "928af67d07734a1aa436f4706636b80c" candidate_uuid: "89f9873e69414b23b16515db27b84442" candidate_term: 1 candidate_status { last_received { term: 0 index: 0 } } ignore_live_leader: false dest_uuid: "646b74ec0f874a87865c64bee0e294e6" is_pre_election: true
I20260709 12:24:42.307633 30784 ts_tablet_manager.cc:1434] T 928af67d07734a1aa436f4706636b80c P 5fd70a14779a45e0bac9d77aa00f39f5: Time spent starting tablet: real 0.018s	user 0.007s	sys 0.000s
W20260709 12:24:42.308182 30632 leader_election.cc:343] T 928af67d07734a1aa436f4706636b80c P 89f9873e69414b23b16515db27b84442 [CANDIDATE]: Term 1 pre-election: Tablet error from VoteRequest() call to peer 646b74ec0f874a87865c64bee0e294e6 (127.28.188.195:41301): Illegal state: must be running to vote when last-logged opid is not known
I20260709 12:24:42.312716 30784 tablet_bootstrap.cc:492] T 1567a71033ad4153bb04e542b515f208 P 5fd70a14779a45e0bac9d77aa00f39f5: Bootstrap starting.
I20260709 12:24:42.309718 30792 raft_consensus.cc:2804] T 928af67d07734a1aa436f4706636b80c P 89f9873e69414b23b16515db27b84442 [term 0 FOLLOWER]: Leader pre-election won for term 1
I20260709 12:24:42.315340 30792 raft_consensus.cc:493] T 928af67d07734a1aa436f4706636b80c P 89f9873e69414b23b16515db27b84442 [term 0 FOLLOWER]: Starting leader election (no leader contacted us within the election timeout)
I20260709 12:24:42.315747 30792 raft_consensus.cc:3060] T 928af67d07734a1aa436f4706636b80c P 89f9873e69414b23b16515db27b84442 [term 0 FOLLOWER]: Advancing to term 1
I20260709 12:24:42.316059 30573 tablet_service.cc:1511] Processing CreateTablet for tablet f05fb1b01d23435f8b1977feb0e9ac4c (DEFAULT_TABLE table=test-workload [id=a6793bcca6314658af187a3f57d85c83]), partition=RANGE (key) PARTITION 1346726999 <= VALUES < 1383125026
I20260709 12:24:42.317306 30573 data_dirs.cc:400] Could only allocate 1 dirs of requested 3 for tablet f05fb1b01d23435f8b1977feb0e9ac4c. 1 dirs total, 0 dirs full, 0 dirs failed
I20260709 12:24:42.319898 30785 tablet_bootstrap.cc:492] T 3472b1428c8440b08542b3e23b521d6d P 89f9873e69414b23b16515db27b84442: No bootstrap required, opened a new log
I20260709 12:24:42.320358 30785 ts_tablet_manager.cc:1403] T 3472b1428c8440b08542b3e23b521d6d P 89f9873e69414b23b16515db27b84442: Time spent bootstrapping tablet: real 0.055s	user 0.005s	sys 0.005s
I20260709 12:24:42.324561 30792 raft_consensus.cc:515] T 928af67d07734a1aa436f4706636b80c P 89f9873e69414b23b16515db27b84442 [term 1 FOLLOWER]: Starting leader election with config: opid_index: -1 OBSOLETE_local: false peers { permanent_uuid: "5fd70a14779a45e0bac9d77aa00f39f5" member_type: VOTER last_known_addr { host: "127.28.188.193" port: 35001 } } peers { permanent_uuid: "89f9873e69414b23b16515db27b84442" member_type: VOTER last_known_addr { host: "127.28.188.194" port: 36329 } } peers { permanent_uuid: "646b74ec0f874a87865c64bee0e294e6" member_type: VOTER last_known_addr { host: "127.28.188.195" port: 41301 } }
I20260709 12:24:42.325366 30656 tablet_service.cc:1511] Processing CreateTablet for tablet f05fb1b01d23435f8b1977feb0e9ac4c (DEFAULT_TABLE table=test-workload [id=a6793bcca6314658af187a3f57d85c83]), partition=RANGE (key) PARTITION 1346726999 <= VALUES < 1383125026
I20260709 12:24:42.326687 30792 leader_election.cc:290] T 928af67d07734a1aa436f4706636b80c P 89f9873e69414b23b16515db27b84442 [CANDIDATE]: Term 1 election: Requested vote from peers 5fd70a14779a45e0bac9d77aa00f39f5 (127.28.188.193:35001), 646b74ec0f874a87865c64bee0e294e6 (127.28.188.195:41301)
I20260709 12:24:42.327411 30590 tablet_service.cc:1917] Received RequestConsensusVote() RPC: tablet_id: "928af67d07734a1aa436f4706636b80c" candidate_uuid: "89f9873e69414b23b16515db27b84442" candidate_term: 1 candidate_status { last_received { term: 0 index: 0 } } ignore_live_leader: false dest_uuid: "5fd70a14779a45e0bac9d77aa00f39f5"
I20260709 12:24:42.332376 30590 raft_consensus.cc:3060] T 928af67d07734a1aa436f4706636b80c P 5fd70a14779a45e0bac9d77aa00f39f5 [term 0 FOLLOWER]: Advancing to term 1
I20260709 12:24:42.335753 30785 raft_consensus.cc:359] T 3472b1428c8440b08542b3e23b521d6d P 89f9873e69414b23b16515db27b84442 [term 0 FOLLOWER]: Replica starting. Triggering 0 pending ops. Active config: opid_index: -1 OBSOLETE_local: false peers { permanent_uuid: "5fd70a14779a45e0bac9d77aa00f39f5" member_type: VOTER last_known_addr { host: "127.28.188.193" port: 35001 } } peers { permanent_uuid: "89f9873e69414b23b16515db27b84442" member_type: VOTER last_known_addr { host: "127.28.188.194" port: 36329 } } peers { permanent_uuid: "646b74ec0f874a87865c64bee0e294e6" member_type: VOTER last_known_addr { host: "127.28.188.195" port: 41301 } }
I20260709 12:24:42.336679 30785 raft_consensus.cc:385] T 3472b1428c8440b08542b3e23b521d6d P 89f9873e69414b23b16515db27b84442 [term 0 FOLLOWER]: Consensus starting up: Expiring failure detector timer to make a prompt election more likely
I20260709 12:24:42.337047 30785 raft_consensus.cc:740] T 3472b1428c8440b08542b3e23b521d6d P 89f9873e69414b23b16515db27b84442 [term 0 FOLLOWER]: Becoming Follower/Learner. State: Replica: 89f9873e69414b23b16515db27b84442, State: Initialized, Role: FOLLOWER
I20260709 12:24:42.328846 30741 tablet_service.cc:1917] Received RequestConsensusVote() RPC: tablet_id: "928af67d07734a1aa436f4706636b80c" candidate_uuid: "89f9873e69414b23b16515db27b84442" candidate_term: 1 candidate_status { last_received { term: 0 index: 0 } } ignore_live_leader: false dest_uuid: "646b74ec0f874a87865c64bee0e294e6"
I20260709 12:24:42.338435 30785 consensus_queue.cc:260] T 3472b1428c8440b08542b3e23b521d6d P 89f9873e69414b23b16515db27b84442 [NON_LEADER]: Queue going to NON_LEADER mode. State: All replicated index: 0, Majority replicated index: 0, Committed index: 0, Last appended: 0.0, Last appended by leader: 0, Current term: 0, Majority size: -1, State: 0, Mode: NON_LEADER, active raft config: opid_index: -1 OBSOLETE_local: false peers { permanent_uuid: "5fd70a14779a45e0bac9d77aa00f39f5" member_type: VOTER last_known_addr { host: "127.28.188.193" port: 35001 } } peers { permanent_uuid: "89f9873e69414b23b16515db27b84442" member_type: VOTER last_known_addr { host: "127.28.188.194" port: 36329 } } peers { permanent_uuid: "646b74ec0f874a87865c64bee0e294e6" member_type: VOTER last_known_addr { host: "127.28.188.195" port: 41301 } }
W20260709 12:24:42.339699 30632 leader_election.cc:343] T 928af67d07734a1aa436f4706636b80c P 89f9873e69414b23b16515db27b84442 [CANDIDATE]: Term 1 election: Tablet error from VoteRequest() call to peer 646b74ec0f874a87865c64bee0e294e6 (127.28.188.195:41301): Illegal state: must be running to vote when last-logged opid is not known
I20260709 12:24:42.343065 30791 raft_consensus.cc:493] T 58b48b74894e433fab759a3948d2c447 P 646b74ec0f874a87865c64bee0e294e6 [term 0 FOLLOWER]: Starting pre-election (no leader contacted us within the election timeout)
I20260709 12:24:42.343621 30791 raft_consensus.cc:515] T 58b48b74894e433fab759a3948d2c447 P 646b74ec0f874a87865c64bee0e294e6 [term 0 FOLLOWER]: Starting pre-election with config: opid_index: -1 OBSOLETE_local: false peers { permanent_uuid: "5fd70a14779a45e0bac9d77aa00f39f5" member_type: VOTER last_known_addr { host: "127.28.188.193" port: 35001 } } peers { permanent_uuid: "89f9873e69414b23b16515db27b84442" member_type: VOTER last_known_addr { host: "127.28.188.194" port: 36329 } } peers { permanent_uuid: "646b74ec0f874a87865c64bee0e294e6" member_type: VOTER last_known_addr { host: "127.28.188.195" port: 41301 } }
I20260709 12:24:42.352932 30784 tablet_bootstrap.cc:654] T 1567a71033ad4153bb04e542b515f208 P 5fd70a14779a45e0bac9d77aa00f39f5: Neither blocks nor log segments found. Creating new log.
I20260709 12:24:42.354323 30589 tablet_service.cc:1917] Received RequestConsensusVote() RPC: tablet_id: "58b48b74894e433fab759a3948d2c447" candidate_uuid: "646b74ec0f874a87865c64bee0e294e6" candidate_term: 1 candidate_status { last_received { term: 0 index: 0 } } ignore_live_leader: false dest_uuid: "5fd70a14779a45e0bac9d77aa00f39f5" is_pre_election: true
I20260709 12:24:42.353555 30819 raft_consensus.cc:493] T 706e99eeabfb4cfa98692328463a756b P 89f9873e69414b23b16515db27b84442 [term 0 FOLLOWER]: Starting pre-election (no leader contacted us within the election timeout)
I20260709 12:24:42.355521 30819 raft_consensus.cc:515] T 706e99eeabfb4cfa98692328463a756b P 89f9873e69414b23b16515db27b84442 [term 0 FOLLOWER]: Starting pre-election with config: opid_index: -1 OBSOLETE_local: false peers { permanent_uuid: "5fd70a14779a45e0bac9d77aa00f39f5" member_type: VOTER last_known_addr { host: "127.28.188.193" port: 35001 } } peers { permanent_uuid: "89f9873e69414b23b16515db27b84442" member_type: VOTER last_known_addr { host: "127.28.188.194" port: 36329 } } peers { permanent_uuid: "646b74ec0f874a87865c64bee0e294e6" member_type: VOTER last_known_addr { host: "127.28.188.195" port: 41301 } }
I20260709 12:24:42.358157 30730 tablet_service.cc:1511] Processing CreateTablet for tablet f05fb1b01d23435f8b1977feb0e9ac4c (DEFAULT_TABLE table=test-workload [id=a6793bcca6314658af187a3f57d85c83]), partition=RANGE (key) PARTITION 1346726999 <= VALUES < 1383125026
I20260709 12:24:42.359529 30730 data_dirs.cc:400] Could only allocate 1 dirs of requested 3 for tablet f05fb1b01d23435f8b1977feb0e9ac4c. 1 dirs total, 0 dirs full, 0 dirs failed
I20260709 12:24:42.360517 30590 raft_consensus.cc:2468] T 928af67d07734a1aa436f4706636b80c P 5fd70a14779a45e0bac9d77aa00f39f5 [term 1 FOLLOWER]: Leader election vote request: Granting yes vote for candidate 89f9873e69414b23b16515db27b84442 in term 1.
I20260709 12:24:42.361949 30819 leader_election.cc:290] T 706e99eeabfb4cfa98692328463a756b P 89f9873e69414b23b16515db27b84442 [CANDIDATE]: Term 1 pre-election: Requested pre-vote from peers 5fd70a14779a45e0bac9d77aa00f39f5 (127.28.188.193:35001), 646b74ec0f874a87865c64bee0e294e6 (127.28.188.195:41301)
I20260709 12:24:42.357867 30785 ts_tablet_manager.cc:1434] T 3472b1428c8440b08542b3e23b521d6d P 89f9873e69414b23b16515db27b84442: Time spent starting tablet: real 0.037s	user 0.004s	sys 0.007s
I20260709 12:24:42.364637 30741 tablet_service.cc:1917] Received RequestConsensusVote() RPC: tablet_id: "706e99eeabfb4cfa98692328463a756b" candidate_uuid: "89f9873e69414b23b16515db27b84442" candidate_term: 1 candidate_status { last_received { term: 0 index: 0 } } ignore_live_leader: false dest_uuid: "646b74ec0f874a87865c64bee0e294e6" is_pre_election: true
I20260709 12:24:42.365464 30785 tablet_bootstrap.cc:492] T 57a37f93b28c43db8d59c8a8f6de0fcd P 89f9873e69414b23b16515db27b84442: Bootstrap starting.
I20260709 12:24:42.363361 30629 leader_election.cc:304] T 928af67d07734a1aa436f4706636b80c P 89f9873e69414b23b16515db27b84442 [CANDIDATE]: Term 1 election: Election decided. Result: candidate won. Election summary: received 3 responses out of 3 voters: 2 yes votes; 1 no votes. yes voters: 5fd70a14779a45e0bac9d77aa00f39f5, 89f9873e69414b23b16515db27b84442; no voters: 646b74ec0f874a87865c64bee0e294e6
W20260709 12:24:42.356594 30704 leader_election.cc:343] T 58b48b74894e433fab759a3948d2c447 P 646b74ec0f874a87865c64bee0e294e6 [CANDIDATE]: Term 1 pre-election: Tablet error from VoteRequest() call to peer 5fd70a14779a45e0bac9d77aa00f39f5 (127.28.188.193:35001): Illegal state: must be running to vote when last-logged opid is not known
W20260709 12:24:42.365772 30632 leader_election.cc:343] T 706e99eeabfb4cfa98692328463a756b P 89f9873e69414b23b16515db27b84442 [CANDIDATE]: Term 1 pre-election: Tablet error from VoteRequest() call to peer 646b74ec0f874a87865c64bee0e294e6 (127.28.188.195:41301): Illegal state: must be running to vote when last-logged opid is not known
I20260709 12:24:42.366586 30590 tablet_service.cc:1917] Received RequestConsensusVote() RPC: tablet_id: "706e99eeabfb4cfa98692328463a756b" candidate_uuid: "89f9873e69414b23b16515db27b84442" candidate_term: 1 candidate_status { last_received { term: 0 index: 0 } } ignore_live_leader: false dest_uuid: "5fd70a14779a45e0bac9d77aa00f39f5" is_pre_election: true
W20260709 12:24:42.368536 30629 leader_election.cc:343] T 706e99eeabfb4cfa98692328463a756b P 89f9873e69414b23b16515db27b84442 [CANDIDATE]: Term 1 pre-election: Tablet error from VoteRequest() call to peer 5fd70a14779a45e0bac9d77aa00f39f5 (127.28.188.193:35001): Illegal state: must be running to vote when last-logged opid is not known
I20260709 12:24:42.368940 30629 leader_election.cc:304] T 706e99eeabfb4cfa98692328463a756b P 89f9873e69414b23b16515db27b84442 [CANDIDATE]: Term 1 pre-election: Election decided. Result: candidate lost. Election summary: received 3 responses out of 3 voters: 1 yes votes; 2 no votes. yes voters: 89f9873e69414b23b16515db27b84442; no voters: 5fd70a14779a45e0bac9d77aa00f39f5, 646b74ec0f874a87865c64bee0e294e6
I20260709 12:24:42.369820 30792 raft_consensus.cc:2804] T 928af67d07734a1aa436f4706636b80c P 89f9873e69414b23b16515db27b84442 [term 1 FOLLOWER]: Leader election won for term 1
I20260709 12:24:42.330188 30656 data_dirs.cc:400] Could only allocate 1 dirs of requested 3 for tablet f05fb1b01d23435f8b1977feb0e9ac4c. 1 dirs total, 0 dirs full, 0 dirs failed
I20260709 12:24:42.388276 30791 leader_election.cc:290] T 58b48b74894e433fab759a3948d2c447 P 646b74ec0f874a87865c64bee0e294e6 [CANDIDATE]: Term 1 pre-election: Requested pre-vote from peers 5fd70a14779a45e0bac9d77aa00f39f5 (127.28.188.193:35001), 89f9873e69414b23b16515db27b84442 (127.28.188.194:36329)
I20260709 12:24:42.396595 30657 tablet_service.cc:1511] Processing CreateTablet for tablet 517aa41978d24565a861fa74b984c10d (DEFAULT_TABLE table=test-workload [id=a6793bcca6314658af187a3f57d85c83]), partition=RANGE (key) PARTITION 1383125026 <= VALUES < 1419523053
I20260709 12:24:42.390830 30667 tablet_service.cc:1917] Received RequestConsensusVote() RPC: tablet_id: "58b48b74894e433fab759a3948d2c447" candidate_uuid: "646b74ec0f874a87865c64bee0e294e6" candidate_term: 1 candidate_status { last_received { term: 0 index: 0 } } ignore_live_leader: false dest_uuid: "89f9873e69414b23b16515db27b84442" is_pre_election: true
I20260709 12:24:42.401774 30657 data_dirs.cc:400] Could only allocate 1 dirs of requested 3 for tablet 517aa41978d24565a861fa74b984c10d. 1 dirs total, 0 dirs full, 0 dirs failed
W20260709 12:24:42.402823 30706 leader_election.cc:343] T 58b48b74894e433fab759a3948d2c447 P 646b74ec0f874a87865c64bee0e294e6 [CANDIDATE]: Term 1 pre-election: Tablet error from VoteRequest() call to peer 89f9873e69414b23b16515db27b84442 (127.28.188.194:36329): Illegal state: must be running to vote when last-logged opid is not known
I20260709 12:24:42.403430 30706 leader_election.cc:304] T 58b48b74894e433fab759a3948d2c447 P 646b74ec0f874a87865c64bee0e294e6 [CANDIDATE]: Term 1 pre-election: Election decided. Result: candidate lost. Election summary: received 3 responses out of 3 voters: 1 yes votes; 2 no votes. yes voters: 646b74ec0f874a87865c64bee0e294e6; no voters: 5fd70a14779a45e0bac9d77aa00f39f5, 89f9873e69414b23b16515db27b84442
I20260709 12:24:42.390097 30573 tablet_service.cc:1511] Processing CreateTablet for tablet 517aa41978d24565a861fa74b984c10d (DEFAULT_TABLE table=test-workload [id=a6793bcca6314658af187a3f57d85c83]), partition=RANGE (key) PARTITION 1383125026 <= VALUES < 1419523053
I20260709 12:24:42.405539 30573 data_dirs.cc:400] Could only allocate 1 dirs of requested 3 for tablet 517aa41978d24565a861fa74b984c10d. 1 dirs total, 0 dirs full, 0 dirs failed
I20260709 12:24:42.393453 30732 tablet_service.cc:1511] Processing CreateTablet for tablet 517aa41978d24565a861fa74b984c10d (DEFAULT_TABLE table=test-workload [id=a6793bcca6314658af187a3f57d85c83]), partition=RANGE (key) PARTITION 1383125026 <= VALUES < 1419523053
I20260709 12:24:42.407701 30732 data_dirs.cc:400] Could only allocate 1 dirs of requested 3 for tablet 517aa41978d24565a861fa74b984c10d. 1 dirs total, 0 dirs full, 0 dirs failed
I20260709 12:24:42.414439 30784 tablet_bootstrap.cc:492] T 1567a71033ad4153bb04e542b515f208 P 5fd70a14779a45e0bac9d77aa00f39f5: No bootstrap required, opened a new log
I20260709 12:24:42.414908 30784 ts_tablet_manager.cc:1403] T 1567a71033ad4153bb04e542b515f208 P 5fd70a14779a45e0bac9d77aa00f39f5: Time spent bootstrapping tablet: real 0.102s	user 0.016s	sys 0.031s
I20260709 12:24:42.395161 30821 raft_consensus.cc:2749] T 706e99eeabfb4cfa98692328463a756b P 89f9873e69414b23b16515db27b84442 [term 0 FOLLOWER]: Leader pre-election lost for term 1. Reason: could not achieve majority
I20260709 12:24:42.390971 30785 tablet_bootstrap.cc:654] T 57a37f93b28c43db8d59c8a8f6de0fcd P 89f9873e69414b23b16515db27b84442: Neither blocks nor log segments found. Creating new log.
I20260709 12:24:42.399714 30782 tablet_bootstrap.cc:492] T 3472b1428c8440b08542b3e23b521d6d P 646b74ec0f874a87865c64bee0e294e6: No bootstrap required, opened a new log
I20260709 12:24:42.399977 30792 raft_consensus.cc:697] T 928af67d07734a1aa436f4706636b80c P 89f9873e69414b23b16515db27b84442 [term 1 LEADER]: Becoming Leader. State: Replica: 89f9873e69414b23b16515db27b84442, State: Running, Role: LEADER
I20260709 12:24:42.421742 30657 tablet_service.cc:1511] Processing CreateTablet for tablet e4db1d4fb6b14197a44172a78ef81810 (DEFAULT_TABLE table=test-workload [id=a6793bcca6314658af187a3f57d85c83]), partition=RANGE (key) PARTITION 1419523053 <= VALUES < 1455921080
I20260709 12:24:42.423108 30657 data_dirs.cc:400] Could only allocate 1 dirs of requested 3 for tablet e4db1d4fb6b14197a44172a78ef81810. 1 dirs total, 0 dirs full, 0 dirs failed
I20260709 12:24:42.423588 30782 ts_tablet_manager.cc:1403] T 3472b1428c8440b08542b3e23b521d6d P 646b74ec0f874a87865c64bee0e294e6: Time spent bootstrapping tablet: real 0.174s	user 0.021s	sys 0.006s
I20260709 12:24:42.423931 30792 consensus_queue.cc:237] T 928af67d07734a1aa436f4706636b80c P 89f9873e69414b23b16515db27b84442 [LEADER]: Queue going to LEADER mode. State: All replicated index: 0, Majority replicated index: 0, Committed index: 0, Last appended: 0.0, Last appended by leader: 0, Current term: 1, Majority size: 2, State: 0, Mode: LEADER, active raft config: opid_index: -1 OBSOLETE_local: false peers { permanent_uuid: "5fd70a14779a45e0bac9d77aa00f39f5" member_type: VOTER last_known_addr { host: "127.28.188.193" port: 35001 } } peers { permanent_uuid: "89f9873e69414b23b16515db27b84442" member_type: VOTER last_known_addr { host: "127.28.188.194" port: 36329 } } peers { permanent_uuid: "646b74ec0f874a87865c64bee0e294e6" member_type: VOTER last_known_addr { host: "127.28.188.195" port: 41301 } }
I20260709 12:24:42.420727 30572 tablet_service.cc:1511] Processing CreateTablet for tablet e4db1d4fb6b14197a44172a78ef81810 (DEFAULT_TABLE table=test-workload [id=a6793bcca6314658af187a3f57d85c83]), partition=RANGE (key) PARTITION 1419523053 <= VALUES < 1455921080
I20260709 12:24:42.426329 30572 data_dirs.cc:400] Could only allocate 1 dirs of requested 3 for tablet e4db1d4fb6b14197a44172a78ef81810. 1 dirs total, 0 dirs full, 0 dirs failed
I20260709 12:24:42.426409 30782 raft_consensus.cc:359] T 3472b1428c8440b08542b3e23b521d6d P 646b74ec0f874a87865c64bee0e294e6 [term 0 FOLLOWER]: Replica starting. Triggering 0 pending ops. Active config: opid_index: -1 OBSOLETE_local: false peers { permanent_uuid: "5fd70a14779a45e0bac9d77aa00f39f5" member_type: VOTER last_known_addr { host: "127.28.188.193" port: 35001 } } peers { permanent_uuid: "89f9873e69414b23b16515db27b84442" member_type: VOTER last_known_addr { host: "127.28.188.194" port: 36329 } } peers { permanent_uuid: "646b74ec0f874a87865c64bee0e294e6" member_type: VOTER last_known_addr { host: "127.28.188.195" port: 41301 } }
I20260709 12:24:42.427191 30782 raft_consensus.cc:385] T 3472b1428c8440b08542b3e23b521d6d P 646b74ec0f874a87865c64bee0e294e6 [term 0 FOLLOWER]: Consensus starting up: Expiring failure detector timer to make a prompt election more likely
I20260709 12:24:42.432765 30577 tablet_service.cc:1511] Processing CreateTablet for tablet 8534a4254a3c4dcc8df8d5d4f189b350 (DEFAULT_TABLE table=test-workload [id=a6793bcca6314658af187a3f57d85c83]), partition=RANGE (key) PARTITION 1455921080 <= VALUES < 1492319107
I20260709 12:24:42.433915 30577 data_dirs.cc:400] Could only allocate 1 dirs of requested 3 for tablet 8534a4254a3c4dcc8df8d5d4f189b350. 1 dirs total, 0 dirs full, 0 dirs failed
I20260709 12:24:42.438885 30649 tablet_service.cc:1511] Processing CreateTablet for tablet 8534a4254a3c4dcc8df8d5d4f189b350 (DEFAULT_TABLE table=test-workload [id=a6793bcca6314658af187a3f57d85c83]), partition=RANGE (key) PARTITION 1455921080 <= VALUES < 1492319107
I20260709 12:24:42.439592 30728 tablet_service.cc:1511] Processing CreateTablet for tablet 8534a4254a3c4dcc8df8d5d4f189b350 (DEFAULT_TABLE table=test-workload [id=a6793bcca6314658af187a3f57d85c83]), partition=RANGE (key) PARTITION 1455921080 <= VALUES < 1492319107
I20260709 12:24:42.440121 30649 data_dirs.cc:400] Could only allocate 1 dirs of requested 3 for tablet 8534a4254a3c4dcc8df8d5d4f189b350. 1 dirs total, 0 dirs full, 0 dirs failed
I20260709 12:24:42.442082 30728 data_dirs.cc:400] Could only allocate 1 dirs of requested 3 for tablet 8534a4254a3c4dcc8df8d5d4f189b350. 1 dirs total, 0 dirs full, 0 dirs failed
I20260709 12:24:42.422881 30791 raft_consensus.cc:2749] T 58b48b74894e433fab759a3948d2c447 P 646b74ec0f874a87865c64bee0e294e6 [term 0 FOLLOWER]: Leader pre-election lost for term 1. Reason: could not achieve majority
I20260709 12:24:42.443465 30791 raft_consensus.cc:493] T 3dd91bfe3eab4003a310ade8c1635ae1 P 646b74ec0f874a87865c64bee0e294e6 [term 0 FOLLOWER]: Starting pre-election (no leader contacted us within the election timeout)
I20260709 12:24:42.443879 30791 raft_consensus.cc:515] T 3dd91bfe3eab4003a310ade8c1635ae1 P 646b74ec0f874a87865c64bee0e294e6 [term 0 FOLLOWER]: Starting pre-election with config: opid_index: -1 OBSOLETE_local: false peers { permanent_uuid: "5fd70a14779a45e0bac9d77aa00f39f5" member_type: VOTER last_known_addr { host: "127.28.188.193" port: 35001 } } peers { permanent_uuid: "89f9873e69414b23b16515db27b84442" member_type: VOTER last_known_addr { host: "127.28.188.194" port: 36329 } } peers { permanent_uuid: "646b74ec0f874a87865c64bee0e294e6" member_type: VOTER last_known_addr { host: "127.28.188.195" port: 41301 } }
I20260709 12:24:42.446448 30590 tablet_service.cc:1917] Received RequestConsensusVote() RPC: tablet_id: "3dd91bfe3eab4003a310ade8c1635ae1" candidate_uuid: "646b74ec0f874a87865c64bee0e294e6" candidate_term: 1 candidate_status { last_received { term: 0 index: 0 } } ignore_live_leader: false dest_uuid: "5fd70a14779a45e0bac9d77aa00f39f5" is_pre_election: true
I20260709 12:24:42.446686 30791 leader_election.cc:290] T 3dd91bfe3eab4003a310ade8c1635ae1 P 646b74ec0f874a87865c64bee0e294e6 [CANDIDATE]: Term 1 pre-election: Requested pre-vote from peers 5fd70a14779a45e0bac9d77aa00f39f5 (127.28.188.193:35001), 89f9873e69414b23b16515db27b84442 (127.28.188.194:36329)
I20260709 12:24:42.446866 30667 tablet_service.cc:1917] Received RequestConsensusVote() RPC: tablet_id: "3dd91bfe3eab4003a310ade8c1635ae1" candidate_uuid: "646b74ec0f874a87865c64bee0e294e6" candidate_term: 1 candidate_status { last_received { term: 0 index: 0 } } ignore_live_leader: false dest_uuid: "89f9873e69414b23b16515db27b84442" is_pre_election: true
W20260709 12:24:42.447855 30704 leader_election.cc:343] T 3dd91bfe3eab4003a310ade8c1635ae1 P 646b74ec0f874a87865c64bee0e294e6 [CANDIDATE]: Term 1 pre-election: Tablet error from VoteRequest() call to peer 5fd70a14779a45e0bac9d77aa00f39f5 (127.28.188.193:35001): Illegal state: must be running to vote when last-logged opid is not known
W20260709 12:24:42.448438 30706 leader_election.cc:343] T 3dd91bfe3eab4003a310ade8c1635ae1 P 646b74ec0f874a87865c64bee0e294e6 [CANDIDATE]: Term 1 pre-election: Tablet error from VoteRequest() call to peer 89f9873e69414b23b16515db27b84442 (127.28.188.194:36329): Illegal state: must be running to vote when last-logged opid is not known
