I20260709 12:24:40.864522 10499 leader_election.cc:290] T d38b963b04d34b9c822bb6446161fb7f P a76da4ae6382431ab4e5bb18bb4f01c3 [CANDIDATE]: Term 1 election: Requested vote from peers ca0520b335b648869e0b3dc36dd3840d (127.8.225.65:41637), d63cfcd14b6544268276f292f2cb5b3f (127.8.225.66:40851)
I20260709 12:24:40.864966 10456 ts_tablet_manager.cc:1403] T 5a3f081db76a4ad282942139315d78b5 P d63cfcd14b6544268276f292f2cb5b3f: Time spent bootstrapping tablet: real 0.074s	user 0.010s	sys 0.009s
I20260709 12:24:40.865115 10476 raft_consensus.cc:2804] T 3127d3f73d8e456296bd306c0a04ca50 P ca0520b335b648869e0b3dc36dd3840d [term 1 FOLLOWER]: Leader election won for term 1
I20260709 12:24:40.866389 10264 tablet_service.cc:1917] Received RequestConsensusVote() RPC: tablet_id: "d38b963b04d34b9c822bb6446161fb7f" candidate_uuid: "a76da4ae6382431ab4e5bb18bb4f01c3" candidate_term: 1 candidate_status { last_received { term: 0 index: 0 } } ignore_live_leader: false dest_uuid: "ca0520b335b648869e0b3dc36dd3840d"
I20260709 12:24:40.830277 10164 catalog_manager.cc:5697] T 66698fc4eda74df7876255f4ae5bdcfa P d63cfcd14b6544268276f292f2cb5b3f reported cstate change: term changed from 0 to 1, leader changed from <none> to d63cfcd14b6544268276f292f2cb5b3f (127.8.225.66). New cstate: current_term: 1 leader_uuid: "d63cfcd14b6544268276f292f2cb5b3f" committed_config { opid_index: -1 OBSOLETE_local: false peers { permanent_uuid: "ca0520b335b648869e0b3dc36dd3840d" member_type: VOTER last_known_addr { host: "127.8.225.65" port: 41637 } health_report { overall_health: UNKNOWN } } peers { permanent_uuid: "d63cfcd14b6544268276f292f2cb5b3f" member_type: VOTER last_known_addr { host: "127.8.225.66" port: 40851 } health_report { overall_health: HEALTHY } } peers { permanent_uuid: "a76da4ae6382431ab4e5bb18bb4f01c3" member_type: VOTER last_known_addr { host: "127.8.225.67" port: 41355 } health_report { overall_health: UNKNOWN } } }
I20260709 12:24:40.871053 10341 raft_consensus.cc:2468] T d38b963b04d34b9c822bb6446161fb7f P d63cfcd14b6544268276f292f2cb5b3f [term 1 FOLLOWER]: Leader election vote request: Granting yes vote for candidate a76da4ae6382431ab4e5bb18bb4f01c3 in term 1.
I20260709 12:24:40.867143 10415 raft_consensus.cc:2468] T 3127d3f73d8e456296bd306c0a04ca50 P a76da4ae6382431ab4e5bb18bb4f01c3 [term 1 FOLLOWER]: Leader election vote request: Granting yes vote for candidate ca0520b335b648869e0b3dc36dd3840d in term 1.
I20260709 12:24:40.872151 10380 leader_election.cc:304] T d38b963b04d34b9c822bb6446161fb7f P a76da4ae6382431ab4e5bb18bb4f01c3 [CANDIDATE]: Term 1 election: Election decided. Result: candidate won. Election summary: received 2 responses out of 3 voters: 2 yes votes; 0 no votes. yes voters: a76da4ae6382431ab4e5bb18bb4f01c3, d63cfcd14b6544268276f292f2cb5b3f; no voters: 
I20260709 12:24:40.889856 10511 raft_consensus.cc:2804] T d38b963b04d34b9c822bb6446161fb7f P a76da4ae6382431ab4e5bb18bb4f01c3 [term 1 FOLLOWER]: Leader election won for term 1
I20260709 12:24:40.873435 10463 raft_consensus.cc:515] T 34e86c78d984418f8606800723d4973c P ca0520b335b648869e0b3dc36dd3840d [term 1 FOLLOWER]: Starting leader election with config: opid_index: -1 OBSOLETE_local: false peers { permanent_uuid: "ca0520b335b648869e0b3dc36dd3840d" member_type: VOTER last_known_addr { host: "127.8.225.65" port: 41637 } } peers { permanent_uuid: "d63cfcd14b6544268276f292f2cb5b3f" member_type: VOTER last_known_addr { host: "127.8.225.66" port: 40851 } } peers { permanent_uuid: "a76da4ae6382431ab4e5bb18bb4f01c3" member_type: VOTER last_known_addr { host: "127.8.225.67" port: 41355 } }
I20260709 12:24:40.897861 10456 raft_consensus.cc:359] T 5a3f081db76a4ad282942139315d78b5 P d63cfcd14b6544268276f292f2cb5b3f [term 0 FOLLOWER]: Replica starting. Triggering 0 pending ops. Active config: opid_index: -1 OBSOLETE_local: false peers { permanent_uuid: "ca0520b335b648869e0b3dc36dd3840d" member_type: VOTER last_known_addr { host: "127.8.225.65" port: 41637 } } peers { permanent_uuid: "d63cfcd14b6544268276f292f2cb5b3f" member_type: VOTER last_known_addr { host: "127.8.225.66" port: 40851 } } peers { permanent_uuid: "a76da4ae6382431ab4e5bb18bb4f01c3" member_type: VOTER last_known_addr { host: "127.8.225.67" port: 41355 } }
I20260709 12:24:40.898825 10456 raft_consensus.cc:385] T 5a3f081db76a4ad282942139315d78b5 P d63cfcd14b6544268276f292f2cb5b3f [term 0 FOLLOWER]: Consensus starting up: Expiring failure detector timer to make a prompt election more likely
I20260709 12:24:40.899168 10456 raft_consensus.cc:740] T 5a3f081db76a4ad282942139315d78b5 P d63cfcd14b6544268276f292f2cb5b3f [term 0 FOLLOWER]: Becoming Follower/Learner. State: Replica: d63cfcd14b6544268276f292f2cb5b3f, State: Initialized, Role: FOLLOWER
I20260709 12:24:40.900534 10456 consensus_queue.cc:260] T 5a3f081db76a4ad282942139315d78b5 P d63cfcd14b6544268276f292f2cb5b3f [NON_LEADER]: Queue going to NON_LEADER mode. State: All replicated index: 0, Majority replicated index: 0, Committed index: 0, Last appended: 0.0, Last appended by leader: 0, Current term: 0, Majority size: -1, State: 0, Mode: NON_LEADER, active raft config: opid_index: -1 OBSOLETE_local: false peers { permanent_uuid: "ca0520b335b648869e0b3dc36dd3840d" member_type: VOTER last_known_addr { host: "127.8.225.65" port: 41637 } } peers { permanent_uuid: "d63cfcd14b6544268276f292f2cb5b3f" member_type: VOTER last_known_addr { host: "127.8.225.66" port: 40851 } } peers { permanent_uuid: "a76da4ae6382431ab4e5bb18bb4f01c3" member_type: VOTER last_known_addr { host: "127.8.225.67" port: 41355 } }
I20260709 12:24:40.911922 10456 ts_tablet_manager.cc:1434] T 5a3f081db76a4ad282942139315d78b5 P d63cfcd14b6544268276f292f2cb5b3f: Time spent starting tablet: real 0.044s	user 0.007s	sys 0.001s
I20260709 12:24:40.914058 10456 tablet_bootstrap.cc:492] T f30fc0990ff14793917ee8b1b73fedb0 P d63cfcd14b6544268276f292f2cb5b3f: Bootstrap starting.
I20260709 12:24:40.917531 10457 tablet_bootstrap.cc:492] T 5a3f081db76a4ad282942139315d78b5 P ca0520b335b648869e0b3dc36dd3840d: No bootstrap required, opened a new log
I20260709 12:24:40.917994 10457 ts_tablet_manager.cc:1403] T 5a3f081db76a4ad282942139315d78b5 P ca0520b335b648869e0b3dc36dd3840d: Time spent bootstrapping tablet: real 0.073s	user 0.013s	sys 0.000s
I20260709 12:24:40.925871 10455 tablet_bootstrap.cc:492] T 8eb7b52a608947dfabdc72fb4311a296 P a76da4ae6382431ab4e5bb18bb4f01c3: No bootstrap required, opened a new log
I20260709 12:24:40.926496 10455 ts_tablet_manager.cc:1403] T 8eb7b52a608947dfabdc72fb4311a296 P a76da4ae6382431ab4e5bb18bb4f01c3: Time spent bootstrapping tablet: real 0.202s	user 0.027s	sys 0.000s
I20260709 12:24:40.930420 10455 raft_consensus.cc:359] T 8eb7b52a608947dfabdc72fb4311a296 P a76da4ae6382431ab4e5bb18bb4f01c3 [term 0 FOLLOWER]: Replica starting. Triggering 0 pending ops. Active config: opid_index: -1 OBSOLETE_local: false peers { permanent_uuid: "ca0520b335b648869e0b3dc36dd3840d" member_type: VOTER last_known_addr { host: "127.8.225.65" port: 41637 } } peers { permanent_uuid: "d63cfcd14b6544268276f292f2cb5b3f" member_type: VOTER last_known_addr { host: "127.8.225.66" port: 40851 } } peers { permanent_uuid: "a76da4ae6382431ab4e5bb18bb4f01c3" member_type: VOTER last_known_addr { host: "127.8.225.67" port: 41355 } }
I20260709 12:24:40.931242 10455 raft_consensus.cc:385] T 8eb7b52a608947dfabdc72fb4311a296 P a76da4ae6382431ab4e5bb18bb4f01c3 [term 0 FOLLOWER]: Consensus starting up: Expiring failure detector timer to make a prompt election more likely
I20260709 12:24:40.931586 10455 raft_consensus.cc:740] T 8eb7b52a608947dfabdc72fb4311a296 P a76da4ae6382431ab4e5bb18bb4f01c3 [term 0 FOLLOWER]: Becoming Follower/Learner. State: Replica: a76da4ae6382431ab4e5bb18bb4f01c3, State: Initialized, Role: FOLLOWER
I20260709 12:24:40.903106 10476 raft_consensus.cc:697] T 3127d3f73d8e456296bd306c0a04ca50 P ca0520b335b648869e0b3dc36dd3840d [term 1 LEADER]: Becoming Leader. State: Replica: ca0520b335b648869e0b3dc36dd3840d, State: Running, Role: LEADER
I20260709 12:24:40.936818 10455 consensus_queue.cc:260] T 8eb7b52a608947dfabdc72fb4311a296 P a76da4ae6382431ab4e5bb18bb4f01c3 [NON_LEADER]: Queue going to NON_LEADER mode. State: All replicated index: 0, Majority replicated index: 0, Committed index: 0, Last appended: 0.0, Last appended by leader: 0, Current term: 0, Majority size: -1, State: 0, Mode: NON_LEADER, active raft config: opid_index: -1 OBSOLETE_local: false peers { permanent_uuid: "ca0520b335b648869e0b3dc36dd3840d" member_type: VOTER last_known_addr { host: "127.8.225.65" port: 41637 } } peers { permanent_uuid: "d63cfcd14b6544268276f292f2cb5b3f" member_type: VOTER last_known_addr { host: "127.8.225.66" port: 40851 } } peers { permanent_uuid: "a76da4ae6382431ab4e5bb18bb4f01c3" member_type: VOTER last_known_addr { host: "127.8.225.67" port: 41355 } }
I20260709 12:24:40.939478 10461 raft_consensus.cc:493] T 8eb7b52a608947dfabdc72fb4311a296 P d63cfcd14b6544268276f292f2cb5b3f [term 0 FOLLOWER]: Starting pre-election (no leader contacted us within the election timeout)
I20260709 12:24:40.945335 10457 raft_consensus.cc:359] T 5a3f081db76a4ad282942139315d78b5 P ca0520b335b648869e0b3dc36dd3840d [term 0 FOLLOWER]: Replica starting. Triggering 0 pending ops. Active config: opid_index: -1 OBSOLETE_local: false peers { permanent_uuid: "ca0520b335b648869e0b3dc36dd3840d" member_type: VOTER last_known_addr { host: "127.8.225.65" port: 41637 } } peers { permanent_uuid: "d63cfcd14b6544268276f292f2cb5b3f" member_type: VOTER last_known_addr { host: "127.8.225.66" port: 40851 } } peers { permanent_uuid: "a76da4ae6382431ab4e5bb18bb4f01c3" member_type: VOTER last_known_addr { host: "127.8.225.67" port: 41355 } }
I20260709 12:24:40.946313 10457 raft_consensus.cc:385] T 5a3f081db76a4ad282942139315d78b5 P ca0520b335b648869e0b3dc36dd3840d [term 0 FOLLOWER]: Consensus starting up: Expiring failure detector timer to make a prompt election more likely
I20260709 12:24:40.946666 10457 raft_consensus.cc:740] T 5a3f081db76a4ad282942139315d78b5 P ca0520b335b648869e0b3dc36dd3840d [term 0 FOLLOWER]: Becoming Follower/Learner. State: Replica: ca0520b335b648869e0b3dc36dd3840d, State: Initialized, Role: FOLLOWER
I20260709 12:24:40.937664 10476 consensus_queue.cc:237] T 3127d3f73d8e456296bd306c0a04ca50 P ca0520b335b648869e0b3dc36dd3840d [LEADER]: Queue going to LEADER mode. State: All replicated index: 0, Majority replicated index: 0, Committed index: 0, Last appended: 0.0, Last appended by leader: 0, Current term: 1, Majority size: 2, State: 0, Mode: LEADER, active raft config: opid_index: -1 OBSOLETE_local: false peers { permanent_uuid: "ca0520b335b648869e0b3dc36dd3840d" member_type: VOTER last_known_addr { host: "127.8.225.65" port: 41637 } } peers { permanent_uuid: "d63cfcd14b6544268276f292f2cb5b3f" member_type: VOTER last_known_addr { host: "127.8.225.66" port: 40851 } } peers { permanent_uuid: "a76da4ae6382431ab4e5bb18bb4f01c3" member_type: VOTER last_known_addr { host: "127.8.225.67" port: 41355 } }
I20260709 12:24:40.945209 10461 raft_consensus.cc:515] T 8eb7b52a608947dfabdc72fb4311a296 P d63cfcd14b6544268276f292f2cb5b3f [term 0 FOLLOWER]: Starting pre-election with config: opid_index: -1 OBSOLETE_local: false peers { permanent_uuid: "ca0520b335b648869e0b3dc36dd3840d" member_type: VOTER last_known_addr { host: "127.8.225.65" port: 41637 } } peers { permanent_uuid: "d63cfcd14b6544268276f292f2cb5b3f" member_type: VOTER last_known_addr { host: "127.8.225.66" port: 40851 } } peers { permanent_uuid: "a76da4ae6382431ab4e5bb18bb4f01c3" member_type: VOTER last_known_addr { host: "127.8.225.67" port: 41355 } }
I20260709 12:24:40.948402 10457 consensus_queue.cc:260] T 5a3f081db76a4ad282942139315d78b5 P ca0520b335b648869e0b3dc36dd3840d [NON_LEADER]: Queue going to NON_LEADER mode. State: All replicated index: 0, Majority replicated index: 0, Committed index: 0, Last appended: 0.0, Last appended by leader: 0, Current term: 0, Majority size: -1, State: 0, Mode: NON_LEADER, active raft config: opid_index: -1 OBSOLETE_local: false peers { permanent_uuid: "ca0520b335b648869e0b3dc36dd3840d" member_type: VOTER last_known_addr { host: "127.8.225.65" port: 41637 } } peers { permanent_uuid: "d63cfcd14b6544268276f292f2cb5b3f" member_type: VOTER last_known_addr { host: "127.8.225.66" port: 40851 } } peers { permanent_uuid: "a76da4ae6382431ab4e5bb18bb4f01c3" member_type: VOTER last_known_addr { host: "127.8.225.67" port: 41355 } }
I20260709 12:24:40.950733 10511 raft_consensus.cc:697] T d38b963b04d34b9c822bb6446161fb7f P a76da4ae6382431ab4e5bb18bb4f01c3 [term 1 LEADER]: Becoming Leader. State: Replica: a76da4ae6382431ab4e5bb18bb4f01c3, State: Running, Role: LEADER
I20260709 12:24:40.951583 10511 consensus_queue.cc:237] T d38b963b04d34b9c822bb6446161fb7f P a76da4ae6382431ab4e5bb18bb4f01c3 [LEADER]: Queue going to LEADER mode. State: All replicated index: 0, Majority replicated index: 0, Committed index: 0, Last appended: 0.0, Last appended by leader: 0, Current term: 1, Majority size: 2, State: 0, Mode: LEADER, active raft config: opid_index: -1 OBSOLETE_local: false peers { permanent_uuid: "ca0520b335b648869e0b3dc36dd3840d" member_type: VOTER last_known_addr { host: "127.8.225.65" port: 41637 } } peers { permanent_uuid: "d63cfcd14b6544268276f292f2cb5b3f" member_type: VOTER last_known_addr { host: "127.8.225.66" port: 40851 } } peers { permanent_uuid: "a76da4ae6382431ab4e5bb18bb4f01c3" member_type: VOTER last_known_addr { host: "127.8.225.67" port: 41355 } }
W20260709 12:24:40.948581 10379 outbound_call.cc:321] RPC callback for RPC call kudu.consensus.ConsensusService.UpdateConsensus -> {remote=127.8.225.65:41637, user_credentials={real_user=slave}} blocked reactor thread for 55036.8us
I20260709 12:24:40.955549 10341 tablet_service.cc:1917] Received RequestConsensusVote() RPC: tablet_id: "34e86c78d984418f8606800723d4973c" candidate_uuid: "ca0520b335b648869e0b3dc36dd3840d" candidate_term: 1 candidate_status { last_received { term: 0 index: 0 } } ignore_live_leader: false dest_uuid: "d63cfcd14b6544268276f292f2cb5b3f"
I20260709 12:24:40.956862 10341 raft_consensus.cc:3060] T 34e86c78d984418f8606800723d4973c P d63cfcd14b6544268276f292f2cb5b3f [term 0 FOLLOWER]: Advancing to term 1
W20260709 12:24:40.957480 10379 leader_election.cc:343] T d38b963b04d34b9c822bb6446161fb7f P a76da4ae6382431ab4e5bb18bb4f01c3 [CANDIDATE]: Term 1 election: Tablet error from VoteRequest() call to peer ca0520b335b648869e0b3dc36dd3840d (127.8.225.65:41637): Illegal state: must be running to vote when last-logged opid is not known
I20260709 12:24:40.957705 10415 tablet_service.cc:1917] Received RequestConsensusVote() RPC: tablet_id: "34e86c78d984418f8606800723d4973c" candidate_uuid: "ca0520b335b648869e0b3dc36dd3840d" candidate_term: 1 candidate_status { last_received { term: 0 index: 0 } } ignore_live_leader: false dest_uuid: "a76da4ae6382431ab4e5bb18bb4f01c3"
W20260709 12:24:40.959095 10232 leader_election.cc:343] T 34e86c78d984418f8606800723d4973c P ca0520b335b648869e0b3dc36dd3840d [CANDIDATE]: Term 1 election: Tablet error from VoteRequest() call to peer a76da4ae6382431ab4e5bb18bb4f01c3 (127.8.225.67:41355): Illegal state: must be running to vote when last-logged opid is not known
I20260709 12:24:40.967823 10457 ts_tablet_manager.cc:1434] T 5a3f081db76a4ad282942139315d78b5 P ca0520b335b648869e0b3dc36dd3840d: Time spent starting tablet: real 0.050s	user 0.008s	sys 0.000s
I20260709 12:24:40.969825 10457 tablet_bootstrap.cc:492] T d38b963b04d34b9c822bb6446161fb7f P ca0520b335b648869e0b3dc36dd3840d: Bootstrap starting.
I20260709 12:24:40.955559 10463 leader_election.cc:290] T 34e86c78d984418f8606800723d4973c P ca0520b335b648869e0b3dc36dd3840d [CANDIDATE]: Term 1 election: Requested vote from peers d63cfcd14b6544268276f292f2cb5b3f (127.8.225.66:40851), a76da4ae6382431ab4e5bb18bb4f01c3 (127.8.225.67:41355)
I20260709 12:24:40.981460 10456 tablet_bootstrap.cc:654] T f30fc0990ff14793917ee8b1b73fedb0 P d63cfcd14b6544268276f292f2cb5b3f: Neither blocks nor log segments found. Creating new log.
I20260709 12:24:40.982483 10549 raft_consensus.cc:493] T 8eb7b52a608947dfabdc72fb4311a296 P ca0520b335b648869e0b3dc36dd3840d [term 0 FOLLOWER]: Starting pre-election (no leader contacted us within the election timeout)
I20260709 12:24:40.983119 10549 raft_consensus.cc:515] T 8eb7b52a608947dfabdc72fb4311a296 P ca0520b335b648869e0b3dc36dd3840d [term 0 FOLLOWER]: Starting pre-election with config: opid_index: -1 OBSOLETE_local: false peers { permanent_uuid: "ca0520b335b648869e0b3dc36dd3840d" member_type: VOTER last_known_addr { host: "127.8.225.65" port: 41637 } } peers { permanent_uuid: "d63cfcd14b6544268276f292f2cb5b3f" member_type: VOTER last_known_addr { host: "127.8.225.66" port: 40851 } } peers { permanent_uuid: "a76da4ae6382431ab4e5bb18bb4f01c3" member_type: VOTER last_known_addr { host: "127.8.225.67" port: 41355 } }
I20260709 12:24:40.988555 10550 consensus_queue.cc:1048] T eb1b021cb4064d57aa0f1b713bb32c15 P a76da4ae6382431ab4e5bb18bb4f01c3 [LEADER]: Connected to new peer: Peer: permanent_uuid: "d63cfcd14b6544268276f292f2cb5b3f" member_type: VOTER last_known_addr { host: "127.8.225.66" port: 40851 }, Status: LMP_MISMATCH, Last received: 0.0, Next index: 1, Last known committed idx: 0, Time since last communication: 0.041s
I20260709 12:24:40.995639 10415 tablet_service.cc:1917] Received RequestConsensusVote() RPC: tablet_id: "8eb7b52a608947dfabdc72fb4311a296" candidate_uuid: "ca0520b335b648869e0b3dc36dd3840d" candidate_term: 1 candidate_status { last_received { term: 0 index: 0 } } ignore_live_leader: false dest_uuid: "a76da4ae6382431ab4e5bb18bb4f01c3" is_pre_election: true
I20260709 12:24:40.996340 10415 raft_consensus.cc:2468] T 8eb7b52a608947dfabdc72fb4311a296 P a76da4ae6382431ab4e5bb18bb4f01c3 [term 0 FOLLOWER]: Leader pre-election vote request: Granting yes vote for candidate ca0520b335b648869e0b3dc36dd3840d in term 0.
I20260709 12:24:40.999132 10232 leader_election.cc:304] T 8eb7b52a608947dfabdc72fb4311a296 P ca0520b335b648869e0b3dc36dd3840d [CANDIDATE]: Term 1 pre-election: Election decided. Result: candidate won. Election summary: received 2 responses out of 3 voters: 2 yes votes; 0 no votes. yes voters: a76da4ae6382431ab4e5bb18bb4f01c3, ca0520b335b648869e0b3dc36dd3840d; no voters: 
I20260709 12:24:41.000001 10463 raft_consensus.cc:2804] T 8eb7b52a608947dfabdc72fb4311a296 P ca0520b335b648869e0b3dc36dd3840d [term 0 FOLLOWER]: Leader pre-election won for term 1
I20260709 12:24:41.000360 10463 raft_consensus.cc:493] T 8eb7b52a608947dfabdc72fb4311a296 P ca0520b335b648869e0b3dc36dd3840d [term 0 FOLLOWER]: Starting leader election (no leader contacted us within the election timeout)
I20260709 12:24:41.000739 10463 raft_consensus.cc:3060] T 8eb7b52a608947dfabdc72fb4311a296 P ca0520b335b648869e0b3dc36dd3840d [term 0 FOLLOWER]: Advancing to term 1
I20260709 12:24:41.003578 10549 leader_election.cc:290] T 8eb7b52a608947dfabdc72fb4311a296 P ca0520b335b648869e0b3dc36dd3840d [CANDIDATE]: Term 1 pre-election: Requested pre-vote from peers d63cfcd14b6544268276f292f2cb5b3f (127.8.225.66:40851), a76da4ae6382431ab4e5bb18bb4f01c3 (127.8.225.67:41355)
I20260709 12:24:41.002765 10341 raft_consensus.cc:2468] T 34e86c78d984418f8606800723d4973c P d63cfcd14b6544268276f292f2cb5b3f [term 1 FOLLOWER]: Leader election vote request: Granting yes vote for candidate ca0520b335b648869e0b3dc36dd3840d in term 1.
I20260709 12:24:41.038091 10483 raft_consensus.cc:493] T 64d2968574484c26806a44f183a4d195 P d63cfcd14b6544268276f292f2cb5b3f [term 0 FOLLOWER]: Starting pre-election (no leader contacted us within the election timeout)
I20260709 12:24:41.038378 10341 tablet_service.cc:1917] Received RequestConsensusVote() RPC: tablet_id: "8eb7b52a608947dfabdc72fb4311a296" candidate_uuid: "ca0520b335b648869e0b3dc36dd3840d" candidate_term: 1 candidate_status { last_received { term: 0 index: 0 } } ignore_live_leader: false dest_uuid: "d63cfcd14b6544268276f292f2cb5b3f" is_pre_election: true
I20260709 12:24:41.038627 10483 raft_consensus.cc:515] T 64d2968574484c26806a44f183a4d195 P d63cfcd14b6544268276f292f2cb5b3f [term 0 FOLLOWER]: Starting pre-election with config: opid_index: -1 OBSOLETE_local: false peers { permanent_uuid: "ca0520b335b648869e0b3dc36dd3840d" member_type: VOTER last_known_addr { host: "127.8.225.65" port: 41637 } } peers { permanent_uuid: "d63cfcd14b6544268276f292f2cb5b3f" member_type: VOTER last_known_addr { host: "127.8.225.66" port: 40851 } } peers { permanent_uuid: "a76da4ae6382431ab4e5bb18bb4f01c3" member_type: VOTER last_known_addr { host: "127.8.225.67" port: 41355 } }
I20260709 12:24:41.043474 10483 leader_election.cc:290] T 64d2968574484c26806a44f183a4d195 P d63cfcd14b6544268276f292f2cb5b3f [CANDIDATE]: Term 1 pre-election: Requested pre-vote from peers ca0520b335b648869e0b3dc36dd3840d (127.8.225.65:41637), a76da4ae6382431ab4e5bb18bb4f01c3 (127.8.225.67:41355)
I20260709 12:24:41.045723 10461 leader_election.cc:290] T 8eb7b52a608947dfabdc72fb4311a296 P d63cfcd14b6544268276f292f2cb5b3f [CANDIDATE]: Term 1 pre-election: Requested pre-vote from peers ca0520b335b648869e0b3dc36dd3840d (127.8.225.65:41637), a76da4ae6382431ab4e5bb18bb4f01c3 (127.8.225.67:41355)
I20260709 12:24:41.039011 10341 raft_consensus.cc:2468] T 8eb7b52a608947dfabdc72fb4311a296 P d63cfcd14b6544268276f292f2cb5b3f [term 0 FOLLOWER]: Leader pre-election vote request: Granting yes vote for candidate ca0520b335b648869e0b3dc36dd3840d in term 0.
I20260709 12:24:41.058652 10161 catalog_manager.cc:5697] T 3127d3f73d8e456296bd306c0a04ca50 P ca0520b335b648869e0b3dc36dd3840d reported cstate change: term changed from 0 to 1, leader changed from <none> to ca0520b335b648869e0b3dc36dd3840d (127.8.225.65). New cstate: current_term: 1 leader_uuid: "ca0520b335b648869e0b3dc36dd3840d" committed_config { opid_index: -1 OBSOLETE_local: false peers { permanent_uuid: "ca0520b335b648869e0b3dc36dd3840d" member_type: VOTER last_known_addr { host: "127.8.225.65" port: 41637 } health_report { overall_health: HEALTHY } } peers { permanent_uuid: "d63cfcd14b6544268276f292f2cb5b3f" member_type: VOTER last_known_addr { host: "127.8.225.66" port: 40851 } health_report { overall_health: UNKNOWN } } peers { permanent_uuid: "a76da4ae6382431ab4e5bb18bb4f01c3" member_type: VOTER last_known_addr { host: "127.8.225.67" port: 41355 } health_report { overall_health: UNKNOWN } } }
I20260709 12:24:41.068993 10457 tablet_bootstrap.cc:654] T d38b963b04d34b9c822bb6446161fb7f P ca0520b335b648869e0b3dc36dd3840d: Neither blocks nor log segments found. Creating new log.
I20260709 12:24:41.071720 10231 leader_election.cc:304] T 34e86c78d984418f8606800723d4973c P ca0520b335b648869e0b3dc36dd3840d [CANDIDATE]: Term 1 election: Election decided. Result: candidate won. Election summary: received 3 responses out of 3 voters: 2 yes votes; 1 no votes. yes voters: ca0520b335b648869e0b3dc36dd3840d, d63cfcd14b6544268276f292f2cb5b3f; no voters: a76da4ae6382431ab4e5bb18bb4f01c3
I20260709 12:24:41.072954 10476 raft_consensus.cc:2804] T 34e86c78d984418f8606800723d4973c P ca0520b335b648869e0b3dc36dd3840d [term 1 FOLLOWER]: Leader election won for term 1
I20260709 12:24:41.073429 10476 raft_consensus.cc:697] T 34e86c78d984418f8606800723d4973c P ca0520b335b648869e0b3dc36dd3840d [term 1 LEADER]: Becoming Leader. State: Replica: ca0520b335b648869e0b3dc36dd3840d, State: Running, Role: LEADER
I20260709 12:24:41.074420 10264 tablet_service.cc:1917] Received RequestConsensusVote() RPC: tablet_id: "64d2968574484c26806a44f183a4d195" candidate_uuid: "d63cfcd14b6544268276f292f2cb5b3f" candidate_term: 1 candidate_status { last_received { term: 0 index: 0 } } ignore_live_leader: false dest_uuid: "ca0520b335b648869e0b3dc36dd3840d" is_pre_election: true
I20260709 12:24:41.074752 10266 tablet_service.cc:1917] Received RequestConsensusVote() RPC: tablet_id: "8eb7b52a608947dfabdc72fb4311a296" candidate_uuid: "d63cfcd14b6544268276f292f2cb5b3f" candidate_term: 1 candidate_status { last_received { term: 0 index: 0 } } ignore_live_leader: false dest_uuid: "ca0520b335b648869e0b3dc36dd3840d" is_pre_election: true
I20260709 12:24:41.074259 10476 consensus_queue.cc:237] T 34e86c78d984418f8606800723d4973c P ca0520b335b648869e0b3dc36dd3840d [LEADER]: Queue going to LEADER mode. State: All replicated index: 0, Majority replicated index: 0, Committed index: 0, Last appended: 0.0, Last appended by leader: 0, Current term: 1, Majority size: 2, State: 0, Mode: LEADER, active raft config: opid_index: -1 OBSOLETE_local: false peers { permanent_uuid: "ca0520b335b648869e0b3dc36dd3840d" member_type: VOTER last_known_addr { host: "127.8.225.65" port: 41637 } } peers { permanent_uuid: "d63cfcd14b6544268276f292f2cb5b3f" member_type: VOTER last_known_addr { host: "127.8.225.66" port: 40851 } } peers { permanent_uuid: "a76da4ae6382431ab4e5bb18bb4f01c3" member_type: VOTER last_known_addr { host: "127.8.225.67" port: 41355 } }
I20260709 12:24:41.084687 10412 tablet_service.cc:1917] Received RequestConsensusVote() RPC: tablet_id: "64d2968574484c26806a44f183a4d195" candidate_uuid: "d63cfcd14b6544268276f292f2cb5b3f" candidate_term: 1 candidate_status { last_received { term: 0 index: 0 } } ignore_live_leader: false dest_uuid: "a76da4ae6382431ab4e5bb18bb4f01c3" is_pre_election: true
I20260709 12:24:41.086440 10412 tablet_service.cc:1917] Received RequestConsensusVote() RPC: tablet_id: "8eb7b52a608947dfabdc72fb4311a296" candidate_uuid: "d63cfcd14b6544268276f292f2cb5b3f" candidate_term: 1 candidate_status { last_received { term: 0 index: 0 } } ignore_live_leader: false dest_uuid: "a76da4ae6382431ab4e5bb18bb4f01c3" is_pre_election: true
I20260709 12:24:41.087028 10412 raft_consensus.cc:2468] T 8eb7b52a608947dfabdc72fb4311a296 P a76da4ae6382431ab4e5bb18bb4f01c3 [term 0 FOLLOWER]: Leader pre-election vote request: Granting yes vote for candidate d63cfcd14b6544268276f292f2cb5b3f in term 0.
I20260709 12:24:41.088759 10307 leader_election.cc:304] T 8eb7b52a608947dfabdc72fb4311a296 P d63cfcd14b6544268276f292f2cb5b3f [CANDIDATE]: Term 1 pre-election: Election decided. Result: candidate won. Election summary: received 2 responses out of 3 voters: 2 yes votes; 0 no votes. yes voters: a76da4ae6382431ab4e5bb18bb4f01c3, d63cfcd14b6544268276f292f2cb5b3f; no voters: 
I20260709 12:24:41.096697 10549 raft_consensus.cc:493] T 190c4c422bed41cf89f657dd3f28fd38 P ca0520b335b648869e0b3dc36dd3840d [term 0 FOLLOWER]: Starting pre-election (no leader contacted us within the election timeout)
I20260709 12:24:41.099792 10549 raft_consensus.cc:515] T 190c4c422bed41cf89f657dd3f28fd38 P ca0520b335b648869e0b3dc36dd3840d [term 0 FOLLOWER]: Starting pre-election with config: opid_index: -1 OBSOLETE_local: false peers { permanent_uuid: "ca0520b335b648869e0b3dc36dd3840d" member_type: VOTER last_known_addr { host: "127.8.225.65" port: 41637 } } peers { permanent_uuid: "d63cfcd14b6544268276f292f2cb5b3f" member_type: VOTER last_known_addr { host: "127.8.225.66" port: 40851 } } peers { permanent_uuid: "a76da4ae6382431ab4e5bb18bb4f01c3" member_type: VOTER last_known_addr { host: "127.8.225.67" port: 41355 } }
I20260709 12:24:41.102378 10549 leader_election.cc:290] T 190c4c422bed41cf89f657dd3f28fd38 P ca0520b335b648869e0b3dc36dd3840d [CANDIDATE]: Term 1 pre-election: Requested pre-vote from peers d63cfcd14b6544268276f292f2cb5b3f (127.8.225.66:40851), a76da4ae6382431ab4e5bb18bb4f01c3 (127.8.225.67:41355)
I20260709 12:24:41.103770 10412 tablet_service.cc:1917] Received RequestConsensusVote() RPC: tablet_id: "190c4c422bed41cf89f657dd3f28fd38" candidate_uuid: "ca0520b335b648869e0b3dc36dd3840d" candidate_term: 1 candidate_status { last_received { term: 0 index: 0 } } ignore_live_leader: false dest_uuid: "a76da4ae6382431ab4e5bb18bb4f01c3" is_pre_election: true
W20260709 12:24:41.105193 10232 leader_election.cc:343] T 190c4c422bed41cf89f657dd3f28fd38 P ca0520b335b648869e0b3dc36dd3840d [CANDIDATE]: Term 1 pre-election: Tablet error from VoteRequest() call to peer a76da4ae6382431ab4e5bb18bb4f01c3 (127.8.225.67:41355): Illegal state: must be running to vote when last-logged opid is not known
I20260709 12:24:41.105886 10455 ts_tablet_manager.cc:1434] T 8eb7b52a608947dfabdc72fb4311a296 P a76da4ae6382431ab4e5bb18bb4f01c3: Time spent starting tablet: real 0.179s	user 0.029s	sys 0.036s
I20260709 12:24:41.106882 10455 tablet_bootstrap.cc:492] T 190c4c422bed41cf89f657dd3f28fd38 P a76da4ae6382431ab4e5bb18bb4f01c3: Bootstrap starting.
I20260709 12:24:41.107949 10340 tablet_service.cc:1917] Received RequestConsensusVote() RPC: tablet_id: "190c4c422bed41cf89f657dd3f28fd38" candidate_uuid: "ca0520b335b648869e0b3dc36dd3840d" candidate_term: 1 candidate_status { last_received { term: 0 index: 0 } } ignore_live_leader: false dest_uuid: "d63cfcd14b6544268276f292f2cb5b3f" is_pre_election: true
I20260709 12:24:41.106906 10164 catalog_manager.cc:5697] T d38b963b04d34b9c822bb6446161fb7f P a76da4ae6382431ab4e5bb18bb4f01c3 reported cstate change: term changed from 0 to 1, leader changed from <none> to a76da4ae6382431ab4e5bb18bb4f01c3 (127.8.225.67). New cstate: current_term: 1 leader_uuid: "a76da4ae6382431ab4e5bb18bb4f01c3" committed_config { opid_index: -1 OBSOLETE_local: false peers { permanent_uuid: "ca0520b335b648869e0b3dc36dd3840d" member_type: VOTER last_known_addr { host: "127.8.225.65" port: 41637 } health_report { overall_health: UNKNOWN } } peers { permanent_uuid: "d63cfcd14b6544268276f292f2cb5b3f" member_type: VOTER last_known_addr { host: "127.8.225.66" port: 40851 } health_report { overall_health: UNKNOWN } } peers { permanent_uuid: "a76da4ae6382431ab4e5bb18bb4f01c3" member_type: VOTER last_known_addr { host: "127.8.225.67" port: 41355 } health_report { overall_health: HEALTHY } } }
W20260709 12:24:41.128772 10231 leader_election.cc:343] T 190c4c422bed41cf89f657dd3f28fd38 P ca0520b335b648869e0b3dc36dd3840d [CANDIDATE]: Term 1 pre-election: Tablet error from VoteRequest() call to peer d63cfcd14b6544268276f292f2cb5b3f (127.8.225.66:40851): Illegal state: must be running to vote when last-logged opid is not known
W20260709 12:24:41.124763 10305 outbound_call.cc:321] RPC callback for RPC call kudu.consensus.ConsensusService.UpdateConsensus -> {remote=127.8.225.65:41637, user_credentials={real_user=slave}} blocked reactor thread for 51295.5us
I20260709 12:24:41.130604 10231 leader_election.cc:304] T 190c4c422bed41cf89f657dd3f28fd38 P ca0520b335b648869e0b3dc36dd3840d [CANDIDATE]: Term 1 pre-election: Election decided. Result: candidate lost. Election summary: received 3 responses out of 3 voters: 1 yes votes; 2 no votes. yes voters: ca0520b335b648869e0b3dc36dd3840d; no voters: a76da4ae6382431ab4e5bb18bb4f01c3, d63cfcd14b6544268276f292f2cb5b3f
I20260709 12:24:41.131742 10476 raft_consensus.cc:2749] T 190c4c422bed41cf89f657dd3f28fd38 P ca0520b335b648869e0b3dc36dd3840d [term 0 FOLLOWER]: Leader pre-election lost for term 1. Reason: could not achieve majority
I20260709 12:24:41.132565 10340 raft_consensus.cc:3060] T 64d2968574484c26806a44f183a4d195 P d63cfcd14b6544268276f292f2cb5b3f [term 0 FOLLOWER]: Advancing to term 1
I20260709 12:24:41.134297 10305 leader_election.cc:304] T 64d2968574484c26806a44f183a4d195 P d63cfcd14b6544268276f292f2cb5b3f [CANDIDATE]: Term 1 pre-election: Election decided. Result: candidate lost. Election summary: received 3 responses out of 3 voters: 1 yes votes; 2 no votes. yes voters: d63cfcd14b6544268276f292f2cb5b3f; no voters: a76da4ae6382431ab4e5bb18bb4f01c3, ca0520b335b648869e0b3dc36dd3840d
I20260709 12:24:41.128569 10483 raft_consensus.cc:2804] T 8eb7b52a608947dfabdc72fb4311a296 P d63cfcd14b6544268276f292f2cb5b3f [term 0 FOLLOWER]: Leader pre-election won for term 1
I20260709 12:24:41.144019 10483 raft_consensus.cc:493] T 8eb7b52a608947dfabdc72fb4311a296 P d63cfcd14b6544268276f292f2cb5b3f [term 0 FOLLOWER]: Starting leader election (no leader contacted us within the election timeout)
I20260709 12:24:41.144425 10483 raft_consensus.cc:3060] T 8eb7b52a608947dfabdc72fb4311a296 P d63cfcd14b6544268276f292f2cb5b3f [term 0 FOLLOWER]: Advancing to term 1
I20260709 12:24:41.116679 10463 raft_consensus.cc:515] T 8eb7b52a608947dfabdc72fb4311a296 P ca0520b335b648869e0b3dc36dd3840d [term 1 FOLLOWER]: Starting leader election with config: opid_index: -1 OBSOLETE_local: false peers { permanent_uuid: "ca0520b335b648869e0b3dc36dd3840d" member_type: VOTER last_known_addr { host: "127.8.225.65" port: 41637 } } peers { permanent_uuid: "d63cfcd14b6544268276f292f2cb5b3f" member_type: VOTER last_known_addr { host: "127.8.225.66" port: 40851 } } peers { permanent_uuid: "a76da4ae6382431ab4e5bb18bb4f01c3" member_type: VOTER last_known_addr { host: "127.8.225.67" port: 41355 } }
I20260709 12:24:41.158499 10502 consensus_queue.cc:1048] T cedf9ff0a41d4353b05f5093c410f051 P d63cfcd14b6544268276f292f2cb5b3f [LEADER]: Connected to new peer: Peer: permanent_uuid: "ca0520b335b648869e0b3dc36dd3840d" member_type: VOTER last_known_addr { host: "127.8.225.65" port: 41637 }, Status: LMP_MISMATCH, Last received: 0.0, Next index: 1, Last known committed idx: 0, Time since last communication: 0.002s
I20260709 12:24:41.164736 10266 raft_consensus.cc:2393] T 8eb7b52a608947dfabdc72fb4311a296 P ca0520b335b648869e0b3dc36dd3840d [term 1 FOLLOWER]: Leader pre-election vote request: Denying vote to candidate d63cfcd14b6544268276f292f2cb5b3f in current term 1: Already voted for candidate ca0520b335b648869e0b3dc36dd3840d in this term.
I20260709 12:24:41.171291 10164 catalog_manager.cc:5697] T 34e86c78d984418f8606800723d4973c P ca0520b335b648869e0b3dc36dd3840d reported cstate change: term changed from 0 to 1, leader changed from <none> to ca0520b335b648869e0b3dc36dd3840d (127.8.225.65). New cstate: current_term: 1 leader_uuid: "ca0520b335b648869e0b3dc36dd3840d" committed_config { opid_index: -1 OBSOLETE_local: false peers { permanent_uuid: "ca0520b335b648869e0b3dc36dd3840d" member_type: VOTER last_known_addr { host: "127.8.225.65" port: 41637 } health_report { overall_health: HEALTHY } } peers { permanent_uuid: "d63cfcd14b6544268276f292f2cb5b3f" member_type: VOTER last_known_addr { host: "127.8.225.66" port: 40851 } health_report { overall_health: UNKNOWN } } peers { permanent_uuid: "a76da4ae6382431ab4e5bb18bb4f01c3" member_type: VOTER last_known_addr { host: "127.8.225.67" port: 41355 } health_report { overall_health: UNKNOWN } } }
I20260709 12:24:41.172639 10501 consensus_queue.cc:1048] T 4ea964c906b24ec7b715bdad9be85439 P d63cfcd14b6544268276f292f2cb5b3f [LEADER]: Connected to new peer: Peer: permanent_uuid: "ca0520b335b648869e0b3dc36dd3840d" member_type: VOTER last_known_addr { host: "127.8.225.65" port: 41637 }, Status: LMP_MISMATCH, Last received: 0.0, Next index: 1, Last known committed idx: 0, Time since last communication: 0.000s
I20260709 12:24:41.173127 10455 tablet_bootstrap.cc:654] T 190c4c422bed41cf89f657dd3f28fd38 P a76da4ae6382431ab4e5bb18bb4f01c3: Neither blocks nor log segments found. Creating new log.
I20260709 12:24:41.178838 10456 tablet_bootstrap.cc:492] T f30fc0990ff14793917ee8b1b73fedb0 P d63cfcd14b6544268276f292f2cb5b3f: No bootstrap required, opened a new log
I20260709 12:24:41.179298 10456 ts_tablet_manager.cc:1403] T f30fc0990ff14793917ee8b1b73fedb0 P d63cfcd14b6544268276f292f2cb5b3f: Time spent bootstrapping tablet: real 0.265s	user 0.026s	sys 0.005s
I20260709 12:24:41.182891 10456 raft_consensus.cc:359] T f30fc0990ff14793917ee8b1b73fedb0 P d63cfcd14b6544268276f292f2cb5b3f [term 0 FOLLOWER]: Replica starting. Triggering 0 pending ops. Active config: opid_index: -1 OBSOLETE_local: false peers { permanent_uuid: "ca0520b335b648869e0b3dc36dd3840d" member_type: VOTER last_known_addr { host: "127.8.225.65" port: 41637 } } peers { permanent_uuid: "d63cfcd14b6544268276f292f2cb5b3f" member_type: VOTER last_known_addr { host: "127.8.225.66" port: 40851 } } peers { permanent_uuid: "a76da4ae6382431ab4e5bb18bb4f01c3" member_type: VOTER last_known_addr { host: "127.8.225.67" port: 41355 } }
I20260709 12:24:41.186151 10456 raft_consensus.cc:385] T f30fc0990ff14793917ee8b1b73fedb0 P d63cfcd14b6544268276f292f2cb5b3f [term 0 FOLLOWER]: Consensus starting up: Expiring failure detector timer to make a prompt election more likely
I20260709 12:24:41.186444 10456 raft_consensus.cc:740] T f30fc0990ff14793917ee8b1b73fedb0 P d63cfcd14b6544268276f292f2cb5b3f [term 0 FOLLOWER]: Becoming Follower/Learner. State: Replica: d63cfcd14b6544268276f292f2cb5b3f, State: Initialized, Role: FOLLOWER
I20260709 12:24:41.187470 10456 consensus_queue.cc:260] T f30fc0990ff14793917ee8b1b73fedb0 P d63cfcd14b6544268276f292f2cb5b3f [NON_LEADER]: Queue going to NON_LEADER mode. State: All replicated index: 0, Majority replicated index: 0, Committed index: 0, Last appended: 0.0, Last appended by leader: 0, Current term: 0, Majority size: -1, State: 0, Mode: NON_LEADER, active raft config: opid_index: -1 OBSOLETE_local: false peers { permanent_uuid: "ca0520b335b648869e0b3dc36dd3840d" member_type: VOTER last_known_addr { host: "127.8.225.65" port: 41637 } } peers { permanent_uuid: "d63cfcd14b6544268276f292f2cb5b3f" member_type: VOTER last_known_addr { host: "127.8.225.66" port: 40851 } } peers { permanent_uuid: "a76da4ae6382431ab4e5bb18bb4f01c3" member_type: VOTER last_known_addr { host: "127.8.225.67" port: 41355 } }
I20260709 12:24:41.190742 10456 ts_tablet_manager.cc:1434] T f30fc0990ff14793917ee8b1b73fedb0 P d63cfcd14b6544268276f292f2cb5b3f: Time spent starting tablet: real 0.011s	user 0.005s	sys 0.001s
I20260709 12:24:41.191854 10456 tablet_bootstrap.cc:492] T 761dbc8a075947f5aee7d3666e62cfbe P d63cfcd14b6544268276f292f2cb5b3f: Bootstrap starting.
I20260709 12:24:41.209390 10457 tablet_bootstrap.cc:492] T d38b963b04d34b9c822bb6446161fb7f P ca0520b335b648869e0b3dc36dd3840d: No bootstrap required, opened a new log
I20260709 12:24:41.210026 10457 ts_tablet_manager.cc:1403] T d38b963b04d34b9c822bb6446161fb7f P ca0520b335b648869e0b3dc36dd3840d: Time spent bootstrapping tablet: real 0.241s	user 0.031s	sys 0.013s
I20260709 12:24:41.203732 10483 raft_consensus.cc:515] T 8eb7b52a608947dfabdc72fb4311a296 P d63cfcd14b6544268276f292f2cb5b3f [term 1 FOLLOWER]: Starting leader election with config: opid_index: -1 OBSOLETE_local: false peers { permanent_uuid: "ca0520b335b648869e0b3dc36dd3840d" member_type: VOTER last_known_addr { host: "127.8.225.65" port: 41637 } } peers { permanent_uuid: "d63cfcd14b6544268276f292f2cb5b3f" member_type: VOTER last_known_addr { host: "127.8.225.66" port: 40851 } } peers { permanent_uuid: "a76da4ae6382431ab4e5bb18bb4f01c3" member_type: VOTER last_known_addr { host: "127.8.225.67" port: 41355 } }
I20260709 12:24:41.214535 10562 raft_consensus.cc:493] T 5a3f081db76a4ad282942139315d78b5 P ca0520b335b648869e0b3dc36dd3840d [term 0 FOLLOWER]: Starting pre-election (no leader contacted us within the election timeout)
I20260709 12:24:41.215236 10562 raft_consensus.cc:515] T 5a3f081db76a4ad282942139315d78b5 P ca0520b335b648869e0b3dc36dd3840d [term 0 FOLLOWER]: Starting pre-election with config: opid_index: -1 OBSOLETE_local: false peers { permanent_uuid: "ca0520b335b648869e0b3dc36dd3840d" member_type: VOTER last_known_addr { host: "127.8.225.65" port: 41637 } } peers { permanent_uuid: "d63cfcd14b6544268276f292f2cb5b3f" member_type: VOTER last_known_addr { host: "127.8.225.66" port: 40851 } } peers { permanent_uuid: "a76da4ae6382431ab4e5bb18bb4f01c3" member_type: VOTER last_known_addr { host: "127.8.225.67" port: 41355 } }
I20260709 12:24:41.217087 10265 tablet_service.cc:1917] Received RequestConsensusVote() RPC: tablet_id: "8eb7b52a608947dfabdc72fb4311a296" candidate_uuid: "d63cfcd14b6544268276f292f2cb5b3f" candidate_term: 1 candidate_status { last_received { term: 0 index: 0 } } ignore_live_leader: false dest_uuid: "ca0520b335b648869e0b3dc36dd3840d"
I20260709 12:24:41.217891 10265 raft_consensus.cc:2393] T 8eb7b52a608947dfabdc72fb4311a296 P ca0520b335b648869e0b3dc36dd3840d [term 1 FOLLOWER]: Leader election vote request: Denying vote to candidate d63cfcd14b6544268276f292f2cb5b3f in current term 1: Already voted for candidate ca0520b335b648869e0b3dc36dd3840d in this term.
I20260709 12:24:41.218329 10562 leader_election.cc:290] T 5a3f081db76a4ad282942139315d78b5 P ca0520b335b648869e0b3dc36dd3840d [CANDIDATE]: Term 1 pre-election: Requested pre-vote from peers d63cfcd14b6544268276f292f2cb5b3f (127.8.225.66:40851), a76da4ae6382431ab4e5bb18bb4f01c3 (127.8.225.67:41355)
I20260709 12:24:41.218762 10463 leader_election.cc:290] T 8eb7b52a608947dfabdc72fb4311a296 P ca0520b335b648869e0b3dc36dd3840d [CANDIDATE]: Term 1 election: Requested vote from peers d63cfcd14b6544268276f292f2cb5b3f (127.8.225.66:40851), a76da4ae6382431ab4e5bb18bb4f01c3 (127.8.225.67:41355)
I20260709 12:24:41.219538 10412 tablet_service.cc:1917] Received RequestConsensusVote() RPC: tablet_id: "8eb7b52a608947dfabdc72fb4311a296" candidate_uuid: "ca0520b335b648869e0b3dc36dd3840d" candidate_term: 1 candidate_status { last_received { term: 0 index: 0 } } ignore_live_leader: false dest_uuid: "a76da4ae6382431ab4e5bb18bb4f01c3"
I20260709 12:24:41.216166 10483 leader_election.cc:290] T 8eb7b52a608947dfabdc72fb4311a296 P d63cfcd14b6544268276f292f2cb5b3f [CANDIDATE]: Term 1 election: Requested vote from peers ca0520b335b648869e0b3dc36dd3840d (127.8.225.65:41637), a76da4ae6382431ab4e5bb18bb4f01c3 (127.8.225.67:41355)
I20260709 12:24:41.220093 10412 raft_consensus.cc:3060] T 8eb7b52a608947dfabdc72fb4311a296 P a76da4ae6382431ab4e5bb18bb4f01c3 [term 0 FOLLOWER]: Advancing to term 1
I20260709 12:24:41.220257 10339 tablet_service.cc:1917] Received RequestConsensusVote() RPC: tablet_id: "5a3f081db76a4ad282942139315d78b5" candidate_uuid: "ca0520b335b648869e0b3dc36dd3840d" candidate_term: 1 candidate_status { last_received { term: 0 index: 0 } } ignore_live_leader: false dest_uuid: "d63cfcd14b6544268276f292f2cb5b3f" is_pre_election: true
I20260709 12:24:41.220472 10341 tablet_service.cc:1917] Received RequestConsensusVote() RPC: tablet_id: "8eb7b52a608947dfabdc72fb4311a296" candidate_uuid: "ca0520b335b648869e0b3dc36dd3840d" candidate_term: 1 candidate_status { last_received { term: 0 index: 0 } } ignore_live_leader: false dest_uuid: "d63cfcd14b6544268276f292f2cb5b3f"
I20260709 12:24:41.213805 10457 raft_consensus.cc:359] T d38b963b04d34b9c822bb6446161fb7f P ca0520b335b648869e0b3dc36dd3840d [term 0 FOLLOWER]: Replica starting. Triggering 0 pending ops. Active config: opid_index: -1 OBSOLETE_local: false peers { permanent_uuid: "ca0520b335b648869e0b3dc36dd3840d" member_type: VOTER last_known_addr { host: "127.8.225.65" port: 41637 } } peers { permanent_uuid: "d63cfcd14b6544268276f292f2cb5b3f" member_type: VOTER last_known_addr { host: "127.8.225.66" port: 40851 } } peers { permanent_uuid: "a76da4ae6382431ab4e5bb18bb4f01c3" member_type: VOTER last_known_addr { host: "127.8.225.67" port: 41355 } }
I20260709 12:24:41.220896 10339 raft_consensus.cc:2468] T 5a3f081db76a4ad282942139315d78b5 P d63cfcd14b6544268276f292f2cb5b3f [term 0 FOLLOWER]: Leader pre-election vote request: Granting yes vote for candidate ca0520b335b648869e0b3dc36dd3840d in term 0.
I20260709 12:24:41.221305 10341 raft_consensus.cc:2393] T 8eb7b52a608947dfabdc72fb4311a296 P d63cfcd14b6544268276f292f2cb5b3f [term 1 FOLLOWER]: Leader election vote request: Denying vote to candidate ca0520b335b648869e0b3dc36dd3840d in current term 1: Already voted for candidate d63cfcd14b6544268276f292f2cb5b3f in this term.
I20260709 12:24:41.221220 10457 raft_consensus.cc:385] T d38b963b04d34b9c822bb6446161fb7f P ca0520b335b648869e0b3dc36dd3840d [term 0 FOLLOWER]: Consensus starting up: Expiring failure detector timer to make a prompt election more likely
I20260709 12:24:41.221752 10457 raft_consensus.cc:740] T d38b963b04d34b9c822bb6446161fb7f P ca0520b335b648869e0b3dc36dd3840d [term 0 FOLLOWER]: Becoming Follower/Learner. State: Replica: ca0520b335b648869e0b3dc36dd3840d, State: Initialized, Role: FOLLOWER
I20260709 12:24:41.222960 10457 consensus_queue.cc:260] T d38b963b04d34b9c822bb6446161fb7f P ca0520b335b648869e0b3dc36dd3840d [NON_LEADER]: Queue going to NON_LEADER mode. State: All replicated index: 0, Majority replicated index: 0, Committed index: 0, Last appended: 0.0, Last appended by leader: 0, Current term: 0, Majority size: -1, State: 0, Mode: NON_LEADER, active raft config: opid_index: -1 OBSOLETE_local: false peers { permanent_uuid: "ca0520b335b648869e0b3dc36dd3840d" member_type: VOTER last_known_addr { host: "127.8.225.65" port: 41637 } } peers { permanent_uuid: "d63cfcd14b6544268276f292f2cb5b3f" member_type: VOTER last_known_addr { host: "127.8.225.66" port: 40851 } } peers { permanent_uuid: "a76da4ae6382431ab4e5bb18bb4f01c3" member_type: VOTER last_known_addr { host: "127.8.225.67" port: 41355 } }
I20260709 12:24:41.223578 10231 leader_election.cc:304] T 5a3f081db76a4ad282942139315d78b5 P ca0520b335b648869e0b3dc36dd3840d [CANDIDATE]: Term 1 pre-election: Election decided. Result: candidate won. Election summary: received 2 responses out of 3 voters: 2 yes votes; 0 no votes. yes voters: ca0520b335b648869e0b3dc36dd3840d, d63cfcd14b6544268276f292f2cb5b3f; no voters: 
I20260709 12:24:41.224606 10476 raft_consensus.cc:2804] T 5a3f081db76a4ad282942139315d78b5 P ca0520b335b648869e0b3dc36dd3840d [term 0 FOLLOWER]: Leader pre-election won for term 1
I20260709 12:24:41.224773 10415 tablet_service.cc:1917] Received RequestConsensusVote() RPC: tablet_id: "5a3f081db76a4ad282942139315d78b5" candidate_uuid: "ca0520b335b648869e0b3dc36dd3840d" candidate_term: 1 candidate_status { last_received { term: 0 index: 0 } } ignore_live_leader: false dest_uuid: "a76da4ae6382431ab4e5bb18bb4f01c3" is_pre_election: true
I20260709 12:24:41.225005 10476 raft_consensus.cc:493] T 5a3f081db76a4ad282942139315d78b5 P ca0520b335b648869e0b3dc36dd3840d [term 0 FOLLOWER]: Starting leader election (no leader contacted us within the election timeout)
I20260709 12:24:41.225365 10476 raft_consensus.cc:3060] T 5a3f081db76a4ad282942139315d78b5 P ca0520b335b648869e0b3dc36dd3840d [term 0 FOLLOWER]: Advancing to term 1
W20260709 12:24:41.226754 10232 leader_election.cc:343] T 5a3f081db76a4ad282942139315d78b5 P ca0520b335b648869e0b3dc36dd3840d [CANDIDATE]: Term 1 pre-election: Tablet error from VoteRequest() call to peer a76da4ae6382431ab4e5bb18bb4f01c3 (127.8.225.67:41355): Illegal state: must be running to vote when last-logged opid is not known
I20260709 12:24:41.225449 10455 tablet_bootstrap.cc:492] T 190c4c422bed41cf89f657dd3f28fd38 P a76da4ae6382431ab4e5bb18bb4f01c3: No bootstrap required, opened a new log
I20260709 12:24:41.227989 10455 ts_tablet_manager.cc:1403] T 190c4c422bed41cf89f657dd3f28fd38 P a76da4ae6382431ab4e5bb18bb4f01c3: Time spent bootstrapping tablet: real 0.121s	user 0.012s	sys 0.001s
I20260709 12:24:41.235064 10455 raft_consensus.cc:359] T 190c4c422bed41cf89f657dd3f28fd38 P a76da4ae6382431ab4e5bb18bb4f01c3 [term 0 FOLLOWER]: Replica starting. Triggering 0 pending ops. Active config: opid_index: -1 OBSOLETE_local: false peers { permanent_uuid: "ca0520b335b648869e0b3dc36dd3840d" member_type: VOTER last_known_addr { host: "127.8.225.65" port: 41637 } } peers { permanent_uuid: "d63cfcd14b6544268276f292f2cb5b3f" member_type: VOTER last_known_addr { host: "127.8.225.66" port: 40851 } } peers { permanent_uuid: "a76da4ae6382431ab4e5bb18bb4f01c3" member_type: VOTER last_known_addr { host: "127.8.225.67" port: 41355 } }
I20260709 12:24:41.236702 10455 raft_consensus.cc:385] T 190c4c422bed41cf89f657dd3f28fd38 P a76da4ae6382431ab4e5bb18bb4f01c3 [term 0 FOLLOWER]: Consensus starting up: Expiring failure detector timer to make a prompt election more likely
I20260709 12:24:41.236999 10455 raft_consensus.cc:740] T 190c4c422bed41cf89f657dd3f28fd38 P a76da4ae6382431ab4e5bb18bb4f01c3 [term 0 FOLLOWER]: Becoming Follower/Learner. State: Replica: a76da4ae6382431ab4e5bb18bb4f01c3, State: Initialized, Role: FOLLOWER
I20260709 12:24:41.238178 10457 ts_tablet_manager.cc:1434] T d38b963b04d34b9c822bb6446161fb7f P ca0520b335b648869e0b3dc36dd3840d: Time spent starting tablet: real 0.028s	user 0.006s	sys 0.001s
I20260709 12:24:41.238907 10457 tablet_bootstrap.cc:492] T 761dbc8a075947f5aee7d3666e62cfbe P ca0520b335b648869e0b3dc36dd3840d: Bootstrap starting.
I20260709 12:24:41.236104 10483 consensus_queue.cc:1048] T 66698fc4eda74df7876255f4ae5bdcfa P d63cfcd14b6544268276f292f2cb5b3f [LEADER]: Connected to new peer: Peer: permanent_uuid: "ca0520b335b648869e0b3dc36dd3840d" member_type: VOTER last_known_addr { host: "127.8.225.65" port: 41637 }, Status: LMP_MISMATCH, Last received: 0.0, Next index: 1, Last known committed idx: 0, Time since last communication: 0.002s
I20260709 12:24:41.240160 10456 tablet_bootstrap.cc:654] T 761dbc8a075947f5aee7d3666e62cfbe P d63cfcd14b6544268276f292f2cb5b3f: Neither blocks nor log segments found. Creating new log.
I20260709 12:24:41.241668 10455 consensus_queue.cc:260] T 190c4c422bed41cf89f657dd3f28fd38 P a76da4ae6382431ab4e5bb18bb4f01c3 [NON_LEADER]: Queue going to NON_LEADER mode. State: All replicated index: 0, Majority replicated index: 0, Committed index: 0, Last appended: 0.0, Last appended by leader: 0, Current term: 0, Majority size: -1, State: 0, Mode: NON_LEADER, active raft config: opid_index: -1 OBSOLETE_local: false peers { permanent_uuid: "ca0520b335b648869e0b3dc36dd3840d" member_type: VOTER last_known_addr { host: "127.8.225.65" port: 41637 } } peers { permanent_uuid: "d63cfcd14b6544268276f292f2cb5b3f" member_type: VOTER last_known_addr { host: "127.8.225.66" port: 40851 } } peers { permanent_uuid: "a76da4ae6382431ab4e5bb18bb4f01c3" member_type: VOTER last_known_addr { host: "127.8.225.67" port: 41355 } }
W20260709 12:24:41.241254 10307 outbound_call.cc:321] RPC callback for RPC call kudu.consensus.ConsensusService.RequestConsensusVote -> {remote=127.8.225.67:41355, user_credentials={real_user=slave}} blocked reactor thread for 152325us
