I20260709 12:24:27.420684  1701 tablet_service.cc:1511] Processing CreateTablet for tablet 19caa3ea96a34bd286b05b687050e2cb (DEFAULT_TABLE table=test-workload [id=2236c383c6204a30a324362265cc5cc1]), partition=RANGE (key) PARTITION 655164486 <= VALUES < 691562513
I20260709 12:24:27.422048  1701 data_dirs.cc:400] Could only allocate 1 dirs of requested 3 for tablet 19caa3ea96a34bd286b05b687050e2cb. 1 dirs total, 0 dirs full, 0 dirs failed
I20260709 12:24:27.422796  1695 tablet_service.cc:1511] Processing CreateTablet for tablet c1c27f2ad93e4863820a5037b2fb39c1 (DEFAULT_TABLE table=test-workload [id=2236c383c6204a30a324362265cc5cc1]), partition=RANGE (key) PARTITION 727960540 <= VALUES < 764358567
I20260709 12:24:27.424022  1695 data_dirs.cc:400] Could only allocate 1 dirs of requested 3 for tablet c1c27f2ad93e4863820a5037b2fb39c1. 1 dirs total, 0 dirs full, 0 dirs failed
W20260709 12:24:27.425212  1522 outbound_call.cc:321] RPC callback for RPC call kudu.tserver.TabletServerAdminService.CreateTablet -> {remote=127.0.122.66:41743, user_credentials={real_user=slave}} blocked reactor thread for 97328.7us
I20260709 12:24:27.425580  1828 tablet_bootstrap.cc:492] T 3fe4ad4226f2463f8ef8a7b50b6e47bb P 90598f0d04044159b1fdb7d4d0f1f566: No bootstrap required, opened a new log
I20260709 12:24:27.426055  1828 ts_tablet_manager.cc:1403] T 3fe4ad4226f2463f8ef8a7b50b6e47bb P 90598f0d04044159b1fdb7d4d0f1f566: Time spent bootstrapping tablet: real 0.245s	user 0.025s	sys 0.019s
I20260709 12:24:27.443774  1770 tablet_service.cc:1511] Processing CreateTablet for tablet 96cdf4d5877e42c696439073368368fc (DEFAULT_TABLE table=test-workload [id=2236c383c6204a30a324362265cc5cc1]), partition=RANGE (key) PARTITION 800756594 <= VALUES < 837154621
I20260709 12:24:27.446312  1620 tablet_service.cc:1511] Processing CreateTablet for tablet 5a94460fc03344158011f2ffdac9d9ae (DEFAULT_TABLE table=test-workload [id=2236c383c6204a30a324362265cc5cc1]), partition=RANGE (key) PARTITION 873552648 <= VALUES < 909950675
I20260709 12:24:27.446774  1704 tablet_service.cc:1511] Processing CreateTablet for tablet 50b61dcd30e14be487e16971f0c48599 (DEFAULT_TABLE table=test-workload [id=2236c383c6204a30a324362265cc5cc1]), partition=RANGE (key) PARTITION 764358567 <= VALUES < 800756594
I20260709 12:24:27.447584  1620 data_dirs.cc:400] Could only allocate 1 dirs of requested 3 for tablet 5a94460fc03344158011f2ffdac9d9ae. 1 dirs total, 0 dirs full, 0 dirs failed
I20260709 12:24:27.450037  1627 tablet_service.cc:1511] Processing CreateTablet for tablet 0b1f5a09536f4308a8dc2c934d166e8b (DEFAULT_TABLE table=test-workload [id=2236c383c6204a30a324362265cc5cc1]), partition=RANGE (key) PARTITION 909950675 <= VALUES < 946348702
I20260709 12:24:27.451254  1627 data_dirs.cc:400] Could only allocate 1 dirs of requested 3 for tablet 0b1f5a09536f4308a8dc2c934d166e8b. 1 dirs total, 0 dirs full, 0 dirs failed
I20260709 12:24:27.428913  1828 raft_consensus.cc:359] T 3fe4ad4226f2463f8ef8a7b50b6e47bb P 90598f0d04044159b1fdb7d4d0f1f566 [term 0 FOLLOWER]: Replica starting. Triggering 0 pending ops. Active config: opid_index: -1 OBSOLETE_local: false peers { permanent_uuid: "90598f0d04044159b1fdb7d4d0f1f566" member_type: VOTER last_known_addr { host: "127.0.122.65" port: 36787 } } peers { permanent_uuid: "38e0e4703a4342b6b6ba7c0cc22187a7" member_type: VOTER last_known_addr { host: "127.0.122.66" port: 41743 } } peers { permanent_uuid: "31860ff9ccdb4d9da229e90ded8dba65" member_type: VOTER last_known_addr { host: "127.0.122.67" port: 34007 } }
I20260709 12:24:27.457419  1828 raft_consensus.cc:385] T 3fe4ad4226f2463f8ef8a7b50b6e47bb P 90598f0d04044159b1fdb7d4d0f1f566 [term 0 FOLLOWER]: Consensus starting up: Expiring failure detector timer to make a prompt election more likely
I20260709 12:24:27.457721  1828 raft_consensus.cc:740] T 3fe4ad4226f2463f8ef8a7b50b6e47bb P 90598f0d04044159b1fdb7d4d0f1f566 [term 0 FOLLOWER]: Becoming Follower/Learner. State: Replica: 90598f0d04044159b1fdb7d4d0f1f566, State: Initialized, Role: FOLLOWER
I20260709 12:24:27.458500  1828 consensus_queue.cc:260] T 3fe4ad4226f2463f8ef8a7b50b6e47bb P 90598f0d04044159b1fdb7d4d0f1f566 [NON_LEADER]: Queue going to NON_LEADER mode. State: All replicated index: 0, Majority replicated index: 0, Committed index: 0, Last appended: 0.0, Last appended by leader: 0, Current term: 0, Majority size: -1, State: 0, Mode: NON_LEADER, active raft config: opid_index: -1 OBSOLETE_local: false peers { permanent_uuid: "90598f0d04044159b1fdb7d4d0f1f566" member_type: VOTER last_known_addr { host: "127.0.122.65" port: 36787 } } peers { permanent_uuid: "38e0e4703a4342b6b6ba7c0cc22187a7" member_type: VOTER last_known_addr { host: "127.0.122.66" port: 41743 } } peers { permanent_uuid: "31860ff9ccdb4d9da229e90ded8dba65" member_type: VOTER last_known_addr { host: "127.0.122.67" port: 34007 } }
I20260709 12:24:27.459740  1770 data_dirs.cc:400] Could only allocate 1 dirs of requested 3 for tablet 96cdf4d5877e42c696439073368368fc. 1 dirs total, 0 dirs full, 0 dirs failed
W20260709 12:24:27.462342  1584 auto_rebalancer.cc:288] Could not retrieve cluster info: Service unavailable: Tablet not running
I20260709 12:24:27.468528  1813 heartbeater.cc:499] Master 127.0.122.126:45353 was elected leader, sending a full tablet report...
I20260709 12:24:27.416929  1831 tablet_bootstrap.cc:654] T b50884dc55f64da8a691944c6f2dba64 P 38e0e4703a4342b6b6ba7c0cc22187a7: Neither blocks nor log segments found. Creating new log.
I20260709 12:24:27.489343  1774 tablet_service.cc:1511] Processing CreateTablet for tablet e6b566f51b5e4e458b090c08dec68d7b (DEFAULT_TABLE table=test-workload [id=2236c383c6204a30a324362265cc5cc1]), partition=RANGE (key) PARTITION 837154621 <= VALUES < 873552648
I20260709 12:24:27.490779  1774 data_dirs.cc:400] Could only allocate 1 dirs of requested 3 for tablet e6b566f51b5e4e458b090c08dec68d7b. 1 dirs total, 0 dirs full, 0 dirs failed
I20260709 12:24:27.492048  1664 heartbeater.cc:499] Master 127.0.122.126:45353 was elected leader, sending a full tablet report...
I20260709 12:24:27.502259  1828 ts_tablet_manager.cc:1434] T 3fe4ad4226f2463f8ef8a7b50b6e47bb P 90598f0d04044159b1fdb7d4d0f1f566: Time spent starting tablet: real 0.076s	user 0.007s	sys 0.000s
I20260709 12:24:27.498287  1829 ts_tablet_manager.cc:1434] T 3fe4ad4226f2463f8ef8a7b50b6e47bb P 31860ff9ccdb4d9da229e90ded8dba65: Time spent starting tablet: real 0.243s	user 0.013s	sys 0.003s
I20260709 12:24:27.505743  1828 tablet_bootstrap.cc:492] T cc17777238e14762a6fde817fe0f97f7 P 90598f0d04044159b1fdb7d4d0f1f566: Bootstrap starting.
I20260709 12:24:27.506320  1829 tablet_bootstrap.cc:492] T cc17777238e14762a6fde817fe0f97f7 P 31860ff9ccdb4d9da229e90ded8dba65: Bootstrap starting.
I20260709 12:24:27.507967  1697 tablet_service.cc:1511] Processing CreateTablet for tablet 96cdf4d5877e42c696439073368368fc (DEFAULT_TABLE table=test-workload [id=2236c383c6204a30a324362265cc5cc1]), partition=RANGE (key) PARTITION 800756594 <= VALUES < 837154621
I20260709 12:24:27.508381  1776 tablet_service.cc:1511] Processing CreateTablet for tablet 5a94460fc03344158011f2ffdac9d9ae (DEFAULT_TABLE table=test-workload [id=2236c383c6204a30a324362265cc5cc1]), partition=RANGE (key) PARTITION 873552648 <= VALUES < 909950675
I20260709 12:24:27.509634  1776 data_dirs.cc:400] Could only allocate 1 dirs of requested 3 for tablet 5a94460fc03344158011f2ffdac9d9ae. 1 dirs total, 0 dirs full, 0 dirs failed
I20260709 12:24:27.517302  1704 data_dirs.cc:400] Could only allocate 1 dirs of requested 3 for tablet 50b61dcd30e14be487e16971f0c48599. 1 dirs total, 0 dirs full, 0 dirs failed
I20260709 12:24:27.519480  1697 data_dirs.cc:400] Could only allocate 1 dirs of requested 3 for tablet 96cdf4d5877e42c696439073368368fc. 1 dirs total, 0 dirs full, 0 dirs failed
I20260709 12:24:27.523751  1828 tablet_bootstrap.cc:654] T cc17777238e14762a6fde817fe0f97f7 P 90598f0d04044159b1fdb7d4d0f1f566: Neither blocks nor log segments found. Creating new log.
I20260709 12:24:27.523622  1831 tablet_bootstrap.cc:492] T b50884dc55f64da8a691944c6f2dba64 P 38e0e4703a4342b6b6ba7c0cc22187a7: No bootstrap required, opened a new log
I20260709 12:24:27.524885  1831 ts_tablet_manager.cc:1403] T b50884dc55f64da8a691944c6f2dba64 P 38e0e4703a4342b6b6ba7c0cc22187a7: Time spent bootstrapping tablet: real 0.239s	user 0.009s	sys 0.011s
I20260709 12:24:27.527812  1831 raft_consensus.cc:359] T b50884dc55f64da8a691944c6f2dba64 P 38e0e4703a4342b6b6ba7c0cc22187a7 [term 0 FOLLOWER]: Replica starting. Triggering 0 pending ops. Active config: opid_index: -1 OBSOLETE_local: false peers { permanent_uuid: "90598f0d04044159b1fdb7d4d0f1f566" member_type: VOTER last_known_addr { host: "127.0.122.65" port: 36787 } } peers { permanent_uuid: "38e0e4703a4342b6b6ba7c0cc22187a7" member_type: VOTER last_known_addr { host: "127.0.122.66" port: 41743 } } peers { permanent_uuid: "31860ff9ccdb4d9da229e90ded8dba65" member_type: VOTER last_known_addr { host: "127.0.122.67" port: 34007 } }
I20260709 12:24:27.536028  1831 raft_consensus.cc:385] T b50884dc55f64da8a691944c6f2dba64 P 38e0e4703a4342b6b6ba7c0cc22187a7 [term 0 FOLLOWER]: Consensus starting up: Expiring failure detector timer to make a prompt election more likely
I20260709 12:24:27.533346  1700 tablet_service.cc:1511] Processing CreateTablet for tablet 5a94460fc03344158011f2ffdac9d9ae (DEFAULT_TABLE table=test-workload [id=2236c383c6204a30a324362265cc5cc1]), partition=RANGE (key) PARTITION 873552648 <= VALUES < 909950675
I20260709 12:24:27.541414  1831 raft_consensus.cc:740] T b50884dc55f64da8a691944c6f2dba64 P 38e0e4703a4342b6b6ba7c0cc22187a7 [term 0 FOLLOWER]: Becoming Follower/Learner. State: Replica: 38e0e4703a4342b6b6ba7c0cc22187a7, State: Initialized, Role: FOLLOWER
I20260709 12:24:27.542371  1700 data_dirs.cc:400] Could only allocate 1 dirs of requested 3 for tablet 5a94460fc03344158011f2ffdac9d9ae. 1 dirs total, 0 dirs full, 0 dirs failed
I20260709 12:24:27.543134  1829 tablet_bootstrap.cc:654] T cc17777238e14762a6fde817fe0f97f7 P 31860ff9ccdb4d9da229e90ded8dba65: Neither blocks nor log segments found. Creating new log.
I20260709 12:24:27.533680  1702 tablet_service.cc:1511] Processing CreateTablet for tablet e6b566f51b5e4e458b090c08dec68d7b (DEFAULT_TABLE table=test-workload [id=2236c383c6204a30a324362265cc5cc1]), partition=RANGE (key) PARTITION 837154621 <= VALUES < 873552648
I20260709 12:24:27.544119  1702 data_dirs.cc:400] Could only allocate 1 dirs of requested 3 for tablet e6b566f51b5e4e458b090c08dec68d7b. 1 dirs total, 0 dirs full, 0 dirs failed
I20260709 12:24:27.535243  1828 tablet_bootstrap.cc:492] T cc17777238e14762a6fde817fe0f97f7 P 90598f0d04044159b1fdb7d4d0f1f566: No bootstrap required, opened a new log
I20260709 12:24:27.545535  1828 ts_tablet_manager.cc:1403] T cc17777238e14762a6fde817fe0f97f7 P 90598f0d04044159b1fdb7d4d0f1f566: Time spent bootstrapping tablet: real 0.040s	user 0.007s	sys 0.010s
I20260709 12:24:27.548542  1703 tablet_service.cc:1511] Processing CreateTablet for tablet 0b1f5a09536f4308a8dc2c934d166e8b (DEFAULT_TABLE table=test-workload [id=2236c383c6204a30a324362265cc5cc1]), partition=RANGE (key) PARTITION 909950675 <= VALUES < 946348702
I20260709 12:24:27.548593  1828 raft_consensus.cc:359] T cc17777238e14762a6fde817fe0f97f7 P 90598f0d04044159b1fdb7d4d0f1f566 [term 0 FOLLOWER]: Replica starting. Triggering 0 pending ops. Active config: opid_index: -1 OBSOLETE_local: false peers { permanent_uuid: "90598f0d04044159b1fdb7d4d0f1f566" member_type: VOTER last_known_addr { host: "127.0.122.65" port: 36787 } } peers { permanent_uuid: "38e0e4703a4342b6b6ba7c0cc22187a7" member_type: VOTER last_known_addr { host: "127.0.122.66" port: 41743 } } peers { permanent_uuid: "31860ff9ccdb4d9da229e90ded8dba65" member_type: VOTER last_known_addr { host: "127.0.122.67" port: 34007 } }
I20260709 12:24:27.549463  1828 raft_consensus.cc:385] T cc17777238e14762a6fde817fe0f97f7 P 90598f0d04044159b1fdb7d4d0f1f566 [term 0 FOLLOWER]: Consensus starting up: Expiring failure detector timer to make a prompt election more likely
I20260709 12:24:27.549808  1828 raft_consensus.cc:740] T cc17777238e14762a6fde817fe0f97f7 P 90598f0d04044159b1fdb7d4d0f1f566 [term 0 FOLLOWER]: Becoming Follower/Learner. State: Replica: 90598f0d04044159b1fdb7d4d0f1f566, State: Initialized, Role: FOLLOWER
I20260709 12:24:27.550765  1828 consensus_queue.cc:260] T cc17777238e14762a6fde817fe0f97f7 P 90598f0d04044159b1fdb7d4d0f1f566 [NON_LEADER]: Queue going to NON_LEADER mode. State: All replicated index: 0, Majority replicated index: 0, Committed index: 0, Last appended: 0.0, Last appended by leader: 0, Current term: 0, Majority size: -1, State: 0, Mode: NON_LEADER, active raft config: opid_index: -1 OBSOLETE_local: false peers { permanent_uuid: "90598f0d04044159b1fdb7d4d0f1f566" member_type: VOTER last_known_addr { host: "127.0.122.65" port: 36787 } } peers { permanent_uuid: "38e0e4703a4342b6b6ba7c0cc22187a7" member_type: VOTER last_known_addr { host: "127.0.122.66" port: 41743 } } peers { permanent_uuid: "31860ff9ccdb4d9da229e90ded8dba65" member_type: VOTER last_known_addr { host: "127.0.122.67" port: 34007 } }
I20260709 12:24:27.549962  1703 data_dirs.cc:400] Could only allocate 1 dirs of requested 3 for tablet 0b1f5a09536f4308a8dc2c934d166e8b. 1 dirs total, 0 dirs full, 0 dirs failed
I20260709 12:24:27.554378  1828 ts_tablet_manager.cc:1434] T cc17777238e14762a6fde817fe0f97f7 P 90598f0d04044159b1fdb7d4d0f1f566: Time spent starting tablet: real 0.008s	user 0.005s	sys 0.000s
I20260709 12:24:27.557489  1831 consensus_queue.cc:260] T b50884dc55f64da8a691944c6f2dba64 P 38e0e4703a4342b6b6ba7c0cc22187a7 [NON_LEADER]: Queue going to NON_LEADER mode. State: All replicated index: 0, Majority replicated index: 0, Committed index: 0, Last appended: 0.0, Last appended by leader: 0, Current term: 0, Majority size: -1, State: 0, Mode: NON_LEADER, active raft config: opid_index: -1 OBSOLETE_local: false peers { permanent_uuid: "90598f0d04044159b1fdb7d4d0f1f566" member_type: VOTER last_known_addr { host: "127.0.122.65" port: 36787 } } peers { permanent_uuid: "38e0e4703a4342b6b6ba7c0cc22187a7" member_type: VOTER last_known_addr { host: "127.0.122.66" port: 41743 } } peers { permanent_uuid: "31860ff9ccdb4d9da229e90ded8dba65" member_type: VOTER last_known_addr { host: "127.0.122.67" port: 34007 } }
I20260709 12:24:27.564618  1828 tablet_bootstrap.cc:492] T b50884dc55f64da8a691944c6f2dba64 P 90598f0d04044159b1fdb7d4d0f1f566: Bootstrap starting.
I20260709 12:24:27.566207  1831 ts_tablet_manager.cc:1434] T b50884dc55f64da8a691944c6f2dba64 P 38e0e4703a4342b6b6ba7c0cc22187a7: Time spent starting tablet: real 0.041s	user 0.008s	sys 0.000s
I20260709 12:24:27.568228  1739 heartbeater.cc:499] Master 127.0.122.126:45353 was elected leader, sending a full tablet report...
I20260709 12:24:27.577921  1831 tablet_bootstrap.cc:492] T 2981bb81bfe3451596c308fa1af7585b P 38e0e4703a4342b6b6ba7c0cc22187a7: Bootstrap starting.
I20260709 12:24:27.579952  1627 tablet_service.cc:1511] Processing CreateTablet for tablet 62ab9670b7fd448a93d8ce36d0a71ebe (DEFAULT_TABLE table=test-workload [id=2236c383c6204a30a324362265cc5cc1]), partition=RANGE (key) PARTITION 946348702 <= VALUES < 982746729
I20260709 12:24:27.571972  1834 raft_consensus.cc:493] T 3fe4ad4226f2463f8ef8a7b50b6e47bb P 90598f0d04044159b1fdb7d4d0f1f566 [term 0 FOLLOWER]: Starting pre-election (no leader contacted us within the election timeout)
I20260709 12:24:27.581298  1627 data_dirs.cc:400] Could only allocate 1 dirs of requested 3 for tablet 62ab9670b7fd448a93d8ce36d0a71ebe. 1 dirs total, 0 dirs full, 0 dirs failed
I20260709 12:24:27.581342  1834 raft_consensus.cc:515] T 3fe4ad4226f2463f8ef8a7b50b6e47bb P 90598f0d04044159b1fdb7d4d0f1f566 [term 0 FOLLOWER]: Starting pre-election with config: opid_index: -1 OBSOLETE_local: false peers { permanent_uuid: "90598f0d04044159b1fdb7d4d0f1f566" member_type: VOTER last_known_addr { host: "127.0.122.65" port: 36787 } } peers { permanent_uuid: "38e0e4703a4342b6b6ba7c0cc22187a7" member_type: VOTER last_known_addr { host: "127.0.122.66" port: 41743 } } peers { permanent_uuid: "31860ff9ccdb4d9da229e90ded8dba65" member_type: VOTER last_known_addr { host: "127.0.122.67" port: 34007 } }
I20260709 12:24:27.583935  1834 leader_election.cc:290] T 3fe4ad4226f2463f8ef8a7b50b6e47bb P 90598f0d04044159b1fdb7d4d0f1f566 [CANDIDATE]: Term 1 pre-election: Requested pre-vote from peers 38e0e4703a4342b6b6ba7c0cc22187a7 (127.0.122.66:41743), 31860ff9ccdb4d9da229e90ded8dba65 (127.0.122.67:34007)
I20260709 12:24:27.584163  1831 tablet_bootstrap.cc:654] T 2981bb81bfe3451596c308fa1af7585b P 38e0e4703a4342b6b6ba7c0cc22187a7: Neither blocks nor log segments found. Creating new log.
I20260709 12:24:27.609530  1778 tablet_service.cc:1511] Processing CreateTablet for tablet 0b1f5a09536f4308a8dc2c934d166e8b (DEFAULT_TABLE table=test-workload [id=2236c383c6204a30a324362265cc5cc1]), partition=RANGE (key) PARTITION 909950675 <= VALUES < 946348702
I20260709 12:24:27.610152  1831 tablet_bootstrap.cc:492] T 2981bb81bfe3451596c308fa1af7585b P 38e0e4703a4342b6b6ba7c0cc22187a7: No bootstrap required, opened a new log
I20260709 12:24:27.610697  1831 ts_tablet_manager.cc:1403] T 2981bb81bfe3451596c308fa1af7585b P 38e0e4703a4342b6b6ba7c0cc22187a7: Time spent bootstrapping tablet: real 0.033s	user 0.010s	sys 0.002s
I20260709 12:24:27.610850  1778 data_dirs.cc:400] Could only allocate 1 dirs of requested 3 for tablet 0b1f5a09536f4308a8dc2c934d166e8b. 1 dirs total, 0 dirs full, 0 dirs failed
I20260709 12:24:27.630416  1769 tablet_service.cc:1511] Processing CreateTablet for tablet 62ab9670b7fd448a93d8ce36d0a71ebe (DEFAULT_TABLE table=test-workload [id=2236c383c6204a30a324362265cc5cc1]), partition=RANGE (key) PARTITION 946348702 <= VALUES < 982746729
I20260709 12:24:27.631635  1769 data_dirs.cc:400] Could only allocate 1 dirs of requested 3 for tablet 62ab9670b7fd448a93d8ce36d0a71ebe. 1 dirs total, 0 dirs full, 0 dirs failed
I20260709 12:24:27.631440  1831 raft_consensus.cc:359] T 2981bb81bfe3451596c308fa1af7585b P 38e0e4703a4342b6b6ba7c0cc22187a7 [term 0 FOLLOWER]: Replica starting. Triggering 0 pending ops. Active config: opid_index: -1 OBSOLETE_local: false peers { permanent_uuid: "90598f0d04044159b1fdb7d4d0f1f566" member_type: VOTER last_known_addr { host: "127.0.122.65" port: 36787 } } peers { permanent_uuid: "38e0e4703a4342b6b6ba7c0cc22187a7" member_type: VOTER last_known_addr { host: "127.0.122.66" port: 41743 } } peers { permanent_uuid: "31860ff9ccdb4d9da229e90ded8dba65" member_type: VOTER last_known_addr { host: "127.0.122.67" port: 34007 } }
I20260709 12:24:27.632366  1831 raft_consensus.cc:385] T 2981bb81bfe3451596c308fa1af7585b P 38e0e4703a4342b6b6ba7c0cc22187a7 [term 0 FOLLOWER]: Consensus starting up: Expiring failure detector timer to make a prompt election more likely
I20260709 12:24:27.632733  1831 raft_consensus.cc:740] T 2981bb81bfe3451596c308fa1af7585b P 38e0e4703a4342b6b6ba7c0cc22187a7 [term 0 FOLLOWER]: Becoming Follower/Learner. State: Replica: 38e0e4703a4342b6b6ba7c0cc22187a7, State: Initialized, Role: FOLLOWER
I20260709 12:24:27.633545  1831 consensus_queue.cc:260] T 2981bb81bfe3451596c308fa1af7585b P 38e0e4703a4342b6b6ba7c0cc22187a7 [NON_LEADER]: Queue going to NON_LEADER mode. State: All replicated index: 0, Majority replicated index: 0, Committed index: 0, Last appended: 0.0, Last appended by leader: 0, Current term: 0, Majority size: -1, State: 0, Mode: NON_LEADER, active raft config: opid_index: -1 OBSOLETE_local: false peers { permanent_uuid: "90598f0d04044159b1fdb7d4d0f1f566" member_type: VOTER last_known_addr { host: "127.0.122.65" port: 36787 } } peers { permanent_uuid: "38e0e4703a4342b6b6ba7c0cc22187a7" member_type: VOTER last_known_addr { host: "127.0.122.66" port: 41743 } } peers { permanent_uuid: "31860ff9ccdb4d9da229e90ded8dba65" member_type: VOTER last_known_addr { host: "127.0.122.67" port: 34007 } }
I20260709 12:24:27.635705  1831 ts_tablet_manager.cc:1434] T 2981bb81bfe3451596c308fa1af7585b P 38e0e4703a4342b6b6ba7c0cc22187a7: Time spent starting tablet: real 0.025s	user 0.000s	sys 0.005s
I20260709 12:24:27.647110  1774 tablet_service.cc:1511] Processing CreateTablet for tablet e78309785efd4c558722a69d7a525b00 (DEFAULT_TABLE table=test-workload [id=2236c383c6204a30a324362265cc5cc1]), partition=RANGE (key) PARTITION 982746729 <= VALUES < 1019144756
I20260709 12:24:27.648526  1699 tablet_service.cc:1511] Processing CreateTablet for tablet e78309785efd4c558722a69d7a525b00 (DEFAULT_TABLE table=test-workload [id=2236c383c6204a30a324362265cc5cc1]), partition=RANGE (key) PARTITION 982746729 <= VALUES < 1019144756
I20260709 12:24:27.659343  1831 tablet_bootstrap.cc:492] T 2fb21eea943c4e6e9c8c16966350f861 P 38e0e4703a4342b6b6ba7c0cc22187a7: Bootstrap starting.
I20260709 12:24:27.661250  1698 tablet_service.cc:1511] Processing CreateTablet for tablet f0eb7ebf501f45b698c33b16d2bd673c (DEFAULT_TABLE table=test-workload [id=2236c383c6204a30a324362265cc5cc1]), partition=RANGE (key) PARTITION 1019144756 <= VALUES < 1055542783
I20260709 12:24:27.662590  1698 data_dirs.cc:400] Could only allocate 1 dirs of requested 3 for tablet f0eb7ebf501f45b698c33b16d2bd673c. 1 dirs total, 0 dirs full, 0 dirs failed
I20260709 12:24:27.655963  1778 tablet_service.cc:1511] Processing CreateTablet for tablet f0eb7ebf501f45b698c33b16d2bd673c (DEFAULT_TABLE table=test-workload [id=2236c383c6204a30a324362265cc5cc1]), partition=RANGE (key) PARTITION 1019144756 <= VALUES < 1055542783
I20260709 12:24:27.659402  1774 data_dirs.cc:400] Could only allocate 1 dirs of requested 3 for tablet e78309785efd4c558722a69d7a525b00. 1 dirs total, 0 dirs full, 0 dirs failed
I20260709 12:24:27.656252  1828 tablet_bootstrap.cc:654] T b50884dc55f64da8a691944c6f2dba64 P 90598f0d04044159b1fdb7d4d0f1f566: Neither blocks nor log segments found. Creating new log.
I20260709 12:24:27.666097  1834 raft_consensus.cc:493] T cc17777238e14762a6fde817fe0f97f7 P 90598f0d04044159b1fdb7d4d0f1f566 [term 0 FOLLOWER]: Starting pre-election (no leader contacted us within the election timeout)
I20260709 12:24:27.669006  1834 raft_consensus.cc:515] T cc17777238e14762a6fde817fe0f97f7 P 90598f0d04044159b1fdb7d4d0f1f566 [term 0 FOLLOWER]: Starting pre-election with config: opid_index: -1 OBSOLETE_local: false peers { permanent_uuid: "90598f0d04044159b1fdb7d4d0f1f566" member_type: VOTER last_known_addr { host: "127.0.122.65" port: 36787 } } peers { permanent_uuid: "38e0e4703a4342b6b6ba7c0cc22187a7" member_type: VOTER last_known_addr { host: "127.0.122.66" port: 41743 } } peers { permanent_uuid: "31860ff9ccdb4d9da229e90ded8dba65" member_type: VOTER last_known_addr { host: "127.0.122.67" port: 34007 } }
I20260709 12:24:27.671069  1834 leader_election.cc:290] T cc17777238e14762a6fde817fe0f97f7 P 90598f0d04044159b1fdb7d4d0f1f566 [CANDIDATE]: Term 1 pre-election: Requested pre-vote from peers 38e0e4703a4342b6b6ba7c0cc22187a7 (127.0.122.66:41743), 31860ff9ccdb4d9da229e90ded8dba65 (127.0.122.67:34007)
I20260709 12:24:27.671069  1704 tablet_service.cc:1511] Processing CreateTablet for tablet 62ab9670b7fd448a93d8ce36d0a71ebe (DEFAULT_TABLE table=test-workload [id=2236c383c6204a30a324362265cc5cc1]), partition=RANGE (key) PARTITION 946348702 <= VALUES < 982746729
I20260709 12:24:27.677147  1699 data_dirs.cc:400] Could only allocate 1 dirs of requested 3 for tablet e78309785efd4c558722a69d7a525b00. 1 dirs total, 0 dirs full, 0 dirs failed
I20260709 12:24:27.677620  1831 tablet_bootstrap.cc:654] T 2fb21eea943c4e6e9c8c16966350f861 P 38e0e4703a4342b6b6ba7c0cc22187a7: Neither blocks nor log segments found. Creating new log.
I20260709 12:24:27.679417  1704 data_dirs.cc:400] Could only allocate 1 dirs of requested 3 for tablet 62ab9670b7fd448a93d8ce36d0a71ebe. 1 dirs total, 0 dirs full, 0 dirs failed
I20260709 12:24:27.681005  1778 data_dirs.cc:400] Could only allocate 1 dirs of requested 3 for tablet f0eb7ebf501f45b698c33b16d2bd673c. 1 dirs total, 0 dirs full, 0 dirs failed
I20260709 12:24:27.685111  1829 tablet_bootstrap.cc:492] T cc17777238e14762a6fde817fe0f97f7 P 31860ff9ccdb4d9da229e90ded8dba65: No bootstrap required, opened a new log
I20260709 12:24:27.685662  1829 ts_tablet_manager.cc:1403] T cc17777238e14762a6fde817fe0f97f7 P 31860ff9ccdb4d9da229e90ded8dba65: Time spent bootstrapping tablet: real 0.180s	user 0.028s	sys 0.022s
I20260709 12:24:27.702418  1829 raft_consensus.cc:359] T cc17777238e14762a6fde817fe0f97f7 P 31860ff9ccdb4d9da229e90ded8dba65 [term 0 FOLLOWER]: Replica starting. Triggering 0 pending ops. Active config: opid_index: -1 OBSOLETE_local: false peers { permanent_uuid: "90598f0d04044159b1fdb7d4d0f1f566" member_type: VOTER last_known_addr { host: "127.0.122.65" port: 36787 } } peers { permanent_uuid: "38e0e4703a4342b6b6ba7c0cc22187a7" member_type: VOTER last_known_addr { host: "127.0.122.66" port: 41743 } } peers { permanent_uuid: "31860ff9ccdb4d9da229e90ded8dba65" member_type: VOTER last_known_addr { host: "127.0.122.67" port: 34007 } }
I20260709 12:24:27.703650  1829 raft_consensus.cc:385] T cc17777238e14762a6fde817fe0f97f7 P 31860ff9ccdb4d9da229e90ded8dba65 [term 0 FOLLOWER]: Consensus starting up: Expiring failure detector timer to make a prompt election more likely
I20260709 12:24:27.704113  1829 raft_consensus.cc:740] T cc17777238e14762a6fde817fe0f97f7 P 31860ff9ccdb4d9da229e90ded8dba65 [term 0 FOLLOWER]: Becoming Follower/Learner. State: Replica: 31860ff9ccdb4d9da229e90ded8dba65, State: Initialized, Role: FOLLOWER
I20260709 12:24:27.705024  1829 consensus_queue.cc:260] T cc17777238e14762a6fde817fe0f97f7 P 31860ff9ccdb4d9da229e90ded8dba65 [NON_LEADER]: Queue going to NON_LEADER mode. State: All replicated index: 0, Majority replicated index: 0, Committed index: 0, Last appended: 0.0, Last appended by leader: 0, Current term: 0, Majority size: -1, State: 0, Mode: NON_LEADER, active raft config: opid_index: -1 OBSOLETE_local: false peers { permanent_uuid: "90598f0d04044159b1fdb7d4d0f1f566" member_type: VOTER last_known_addr { host: "127.0.122.65" port: 36787 } } peers { permanent_uuid: "38e0e4703a4342b6b6ba7c0cc22187a7" member_type: VOTER last_known_addr { host: "127.0.122.66" port: 41743 } } peers { permanent_uuid: "31860ff9ccdb4d9da229e90ded8dba65" member_type: VOTER last_known_addr { host: "127.0.122.67" port: 34007 } }
I20260709 12:24:27.706674  1837 raft_consensus.cc:493] T 2981bb81bfe3451596c308fa1af7585b P 38e0e4703a4342b6b6ba7c0cc22187a7 [term 0 FOLLOWER]: Starting pre-election (no leader contacted us within the election timeout)
I20260709 12:24:27.707161  1837 raft_consensus.cc:515] T 2981bb81bfe3451596c308fa1af7585b P 38e0e4703a4342b6b6ba7c0cc22187a7 [term 0 FOLLOWER]: Starting pre-election with config: opid_index: -1 OBSOLETE_local: false peers { permanent_uuid: "90598f0d04044159b1fdb7d4d0f1f566" member_type: VOTER last_known_addr { host: "127.0.122.65" port: 36787 } } peers { permanent_uuid: "38e0e4703a4342b6b6ba7c0cc22187a7" member_type: VOTER last_known_addr { host: "127.0.122.66" port: 41743 } } peers { permanent_uuid: "31860ff9ccdb4d9da229e90ded8dba65" member_type: VOTER last_known_addr { host: "127.0.122.67" port: 34007 } }
I20260709 12:24:27.707267  1769 tablet_service.cc:1511] Processing CreateTablet for tablet a0df5b2736544a9999619d3080c4c1b6 (DEFAULT_TABLE table=test-workload [id=2236c383c6204a30a324362265cc5cc1]), partition=RANGE (key) PARTITION 1055542783 <= VALUES < 1091940810
I20260709 12:24:27.708598  1769 data_dirs.cc:400] Could only allocate 1 dirs of requested 3 for tablet a0df5b2736544a9999619d3080c4c1b6. 1 dirs total, 0 dirs full, 0 dirs failed
I20260709 12:24:27.711581  1837 leader_election.cc:290] T 2981bb81bfe3451596c308fa1af7585b P 38e0e4703a4342b6b6ba7c0cc22187a7 [CANDIDATE]: Term 1 pre-election: Requested pre-vote from peers 90598f0d04044159b1fdb7d4d0f1f566 (127.0.122.65:36787), 31860ff9ccdb4d9da229e90ded8dba65 (127.0.122.67:34007)
I20260709 12:24:27.729286  1698 tablet_service.cc:1511] Processing CreateTablet for tablet a0df5b2736544a9999619d3080c4c1b6 (DEFAULT_TABLE table=test-workload [id=2236c383c6204a30a324362265cc5cc1]), partition=RANGE (key) PARTITION 1055542783 <= VALUES < 1091940810
I20260709 12:24:27.730059  1829 ts_tablet_manager.cc:1434] T cc17777238e14762a6fde817fe0f97f7 P 31860ff9ccdb4d9da229e90ded8dba65: Time spent starting tablet: real 0.044s	user 0.005s	sys 0.003s
I20260709 12:24:27.730686  1698 data_dirs.cc:400] Could only allocate 1 dirs of requested 3 for tablet a0df5b2736544a9999619d3080c4c1b6. 1 dirs total, 0 dirs full, 0 dirs failed
I20260709 12:24:27.731086  1829 tablet_bootstrap.cc:492] T b50884dc55f64da8a691944c6f2dba64 P 31860ff9ccdb4d9da229e90ded8dba65: Bootstrap starting.
I20260709 12:24:27.738509  1699 tablet_service.cc:1511] Processing CreateTablet for tablet 7dcaace7cb3d416b88576c1387bd0514 (DEFAULT_TABLE table=test-workload [id=2236c383c6204a30a324362265cc5cc1]), partition=RANGE (key) PARTITION 1091940810 <= VALUES < 1128338837
I20260709 12:24:27.740219  1699 data_dirs.cc:400] Could only allocate 1 dirs of requested 3 for tablet 7dcaace7cb3d416b88576c1387bd0514. 1 dirs total, 0 dirs full, 0 dirs failed
I20260709 12:24:27.743299  1774 tablet_service.cc:1511] Processing CreateTablet for tablet 7dcaace7cb3d416b88576c1387bd0514 (DEFAULT_TABLE table=test-workload [id=2236c383c6204a30a324362265cc5cc1]), partition=RANGE (key) PARTITION 1091940810 <= VALUES < 1128338837
I20260709 12:24:27.751982  1703 tablet_service.cc:1511] Processing CreateTablet for tablet 7961c488d9f64513a797067c35eb83f8 (DEFAULT_TABLE table=test-workload [id=2236c383c6204a30a324362265cc5cc1]), partition=RANGE (key) PARTITION 1128338837 <= VALUES < 1164736864
I20260709 12:24:27.755422  1703 data_dirs.cc:400] Could only allocate 1 dirs of requested 3 for tablet 7961c488d9f64513a797067c35eb83f8. 1 dirs total, 0 dirs full, 0 dirs failed
I20260709 12:24:27.756685  1777 tablet_service.cc:1511] Processing CreateTablet for tablet 7961c488d9f64513a797067c35eb83f8 (DEFAULT_TABLE table=test-workload [id=2236c383c6204a30a324362265cc5cc1]), partition=RANGE (key) PARTITION 1128338837 <= VALUES < 1164736864
I20260709 12:24:27.757810  1774 data_dirs.cc:400] Could only allocate 1 dirs of requested 3 for tablet 7dcaace7cb3d416b88576c1387bd0514. 1 dirs total, 0 dirs full, 0 dirs failed
I20260709 12:24:27.759163  1777 data_dirs.cc:400] Could only allocate 1 dirs of requested 3 for tablet 7961c488d9f64513a797067c35eb83f8. 1 dirs total, 0 dirs full, 0 dirs failed
I20260709 12:24:27.764846  1833 raft_consensus.cc:493] T 3fe4ad4226f2463f8ef8a7b50b6e47bb P 31860ff9ccdb4d9da229e90ded8dba65 [term 0 FOLLOWER]: Starting pre-election (no leader contacted us within the election timeout)
I20260709 12:24:27.765398  1833 raft_consensus.cc:515] T 3fe4ad4226f2463f8ef8a7b50b6e47bb P 31860ff9ccdb4d9da229e90ded8dba65 [term 0 FOLLOWER]: Starting pre-election with config: opid_index: -1 OBSOLETE_local: false peers { permanent_uuid: "90598f0d04044159b1fdb7d4d0f1f566" member_type: VOTER last_known_addr { host: "127.0.122.65" port: 36787 } } peers { permanent_uuid: "38e0e4703a4342b6b6ba7c0cc22187a7" member_type: VOTER last_known_addr { host: "127.0.122.66" port: 41743 } } peers { permanent_uuid: "31860ff9ccdb4d9da229e90ded8dba65" member_type: VOTER last_known_addr { host: "127.0.122.67" port: 34007 } }
I20260709 12:24:27.768028  1833 leader_election.cc:290] T 3fe4ad4226f2463f8ef8a7b50b6e47bb P 31860ff9ccdb4d9da229e90ded8dba65 [CANDIDATE]: Term 1 pre-election: Requested pre-vote from peers 90598f0d04044159b1fdb7d4d0f1f566 (127.0.122.65:36787), 38e0e4703a4342b6b6ba7c0cc22187a7 (127.0.122.66:41743)
I20260709 12:24:27.791745  1704 tablet_service.cc:1511] Processing CreateTablet for tablet c05f378f1efe4afba61df2671646f93e (DEFAULT_TABLE table=test-workload [id=2236c383c6204a30a324362265cc5cc1]), partition=RANGE (key) PARTITION 1164736864 <= VALUES < 1201134891
I20260709 12:24:27.796186  1704 data_dirs.cc:400] Could only allocate 1 dirs of requested 3 for tablet c05f378f1efe4afba61df2671646f93e. 1 dirs total, 0 dirs full, 0 dirs failed
I20260709 12:24:27.799738  1831 tablet_bootstrap.cc:492] T 2fb21eea943c4e6e9c8c16966350f861 P 38e0e4703a4342b6b6ba7c0cc22187a7: No bootstrap required, opened a new log
I20260709 12:24:27.799592  1627 tablet_service.cc:1511] Processing CreateTablet for tablet e78309785efd4c558722a69d7a525b00 (DEFAULT_TABLE table=test-workload [id=2236c383c6204a30a324362265cc5cc1]), partition=RANGE (key) PARTITION 982746729 <= VALUES < 1019144756
I20260709 12:24:27.800205  1831 ts_tablet_manager.cc:1403] T 2fb21eea943c4e6e9c8c16966350f861 P 38e0e4703a4342b6b6ba7c0cc22187a7: Time spent bootstrapping tablet: real 0.141s	user 0.018s	sys 0.014s
I20260709 12:24:27.799999  1620 tablet_service.cc:1511] Processing CreateTablet for tablet f0eb7ebf501f45b698c33b16d2bd673c (DEFAULT_TABLE table=test-workload [id=2236c383c6204a30a324362265cc5cc1]), partition=RANGE (key) PARTITION 1019144756 <= VALUES < 1055542783
I20260709 12:24:27.800276  1623 tablet_service.cc:1511] Processing CreateTablet for tablet a0df5b2736544a9999619d3080c4c1b6 (DEFAULT_TABLE table=test-workload [id=2236c383c6204a30a324362265cc5cc1]), partition=RANGE (key) PARTITION 1055542783 <= VALUES < 1091940810
I20260709 12:24:27.800834  1627 data_dirs.cc:400] Could only allocate 1 dirs of requested 3 for tablet e78309785efd4c558722a69d7a525b00. 1 dirs total, 0 dirs full, 0 dirs failed
I20260709 12:24:27.801529  1620 data_dirs.cc:400] Could only allocate 1 dirs of requested 3 for tablet f0eb7ebf501f45b698c33b16d2bd673c. 1 dirs total, 0 dirs full, 0 dirs failed
I20260709 12:24:27.802757  1624 tablet_service.cc:1511] Processing CreateTablet for tablet 7dcaace7cb3d416b88576c1387bd0514 (DEFAULT_TABLE table=test-workload [id=2236c383c6204a30a324362265cc5cc1]), partition=RANGE (key) PARTITION 1091940810 <= VALUES < 1128338837
I20260709 12:24:27.806207  1628 tablet_service.cc:1511] Processing CreateTablet for tablet c05f378f1efe4afba61df2671646f93e (DEFAULT_TABLE table=test-workload [id=2236c383c6204a30a324362265cc5cc1]), partition=RANGE (key) PARTITION 1164736864 <= VALUES < 1201134891
I20260709 12:24:27.806296  1621 tablet_service.cc:1511] Processing CreateTablet for tablet 7961c488d9f64513a797067c35eb83f8 (DEFAULT_TABLE table=test-workload [id=2236c383c6204a30a324362265cc5cc1]), partition=RANGE (key) PARTITION 1128338837 <= VALUES < 1164736864
I20260709 12:24:27.809702  1831 raft_consensus.cc:359] T 2fb21eea943c4e6e9c8c16966350f861 P 38e0e4703a4342b6b6ba7c0cc22187a7 [term 0 FOLLOWER]: Replica starting. Triggering 0 pending ops. Active config: opid_index: -1 OBSOLETE_local: false peers { permanent_uuid: "90598f0d04044159b1fdb7d4d0f1f566" member_type: VOTER last_known_addr { host: "127.0.122.65" port: 36787 } } peers { permanent_uuid: "38e0e4703a4342b6b6ba7c0cc22187a7" member_type: VOTER last_known_addr { host: "127.0.122.66" port: 41743 } } peers { permanent_uuid: "31860ff9ccdb4d9da229e90ded8dba65" member_type: VOTER last_known_addr { host: "127.0.122.67" port: 34007 } }
I20260709 12:24:27.811082  1831 raft_consensus.cc:385] T 2fb21eea943c4e6e9c8c16966350f861 P 38e0e4703a4342b6b6ba7c0cc22187a7 [term 0 FOLLOWER]: Consensus starting up: Expiring failure detector timer to make a prompt election more likely
I20260709 12:24:27.811676  1831 raft_consensus.cc:740] T 2fb21eea943c4e6e9c8c16966350f861 P 38e0e4703a4342b6b6ba7c0cc22187a7 [term 0 FOLLOWER]: Becoming Follower/Learner. State: Replica: 38e0e4703a4342b6b6ba7c0cc22187a7, State: Initialized, Role: FOLLOWER
I20260709 12:24:27.812508  1829 tablet_bootstrap.cc:654] T b50884dc55f64da8a691944c6f2dba64 P 31860ff9ccdb4d9da229e90ded8dba65: Neither blocks nor log segments found. Creating new log.
I20260709 12:24:27.813350  1831 consensus_queue.cc:260] T 2fb21eea943c4e6e9c8c16966350f861 P 38e0e4703a4342b6b6ba7c0cc22187a7 [NON_LEADER]: Queue going to NON_LEADER mode. State: All replicated index: 0, Majority replicated index: 0, Committed index: 0, Last appended: 0.0, Last appended by leader: 0, Current term: 0, Majority size: -1, State: 0, Mode: NON_LEADER, active raft config: opid_index: -1 OBSOLETE_local: false peers { permanent_uuid: "90598f0d04044159b1fdb7d4d0f1f566" member_type: VOTER last_known_addr { host: "127.0.122.65" port: 36787 } } peers { permanent_uuid: "38e0e4703a4342b6b6ba7c0cc22187a7" member_type: VOTER last_known_addr { host: "127.0.122.66" port: 41743 } } peers { permanent_uuid: "31860ff9ccdb4d9da229e90ded8dba65" member_type: VOTER last_known_addr { host: "127.0.122.67" port: 34007 } }
I20260709 12:24:27.809640  1623 data_dirs.cc:400] Could only allocate 1 dirs of requested 3 for tablet a0df5b2736544a9999619d3080c4c1b6. 1 dirs total, 0 dirs full, 0 dirs failed
I20260709 12:24:27.829080  1701 tablet_service.cc:1511] Processing CreateTablet for tablet a17bf26d5ac04d5aa68c7510527ddfd9 (DEFAULT_TABLE table=test-workload [id=2236c383c6204a30a324362265cc5cc1]), partition=RANGE (key) PARTITION 1201134891 <= VALUES < 1237532918
I20260709 12:24:27.830456  1701 data_dirs.cc:400] Could only allocate 1 dirs of requested 3 for tablet a17bf26d5ac04d5aa68c7510527ddfd9. 1 dirs total, 0 dirs full, 0 dirs failed
I20260709 12:24:27.837440  1788 tablet_service.cc:1917] Received RequestConsensusVote() RPC: tablet_id: "2981bb81bfe3451596c308fa1af7585b" candidate_uuid: "38e0e4703a4342b6b6ba7c0cc22187a7" candidate_term: 1 candidate_status { last_received { term: 0 index: 0 } } ignore_live_leader: false dest_uuid: "31860ff9ccdb4d9da229e90ded8dba65" is_pre_election: true
W20260709 12:24:27.839205  1678 leader_election.cc:343] T 2981bb81bfe3451596c308fa1af7585b P 38e0e4703a4342b6b6ba7c0cc22187a7 [CANDIDATE]: Term 1 pre-election: Tablet error from VoteRequest() call to peer 31860ff9ccdb4d9da229e90ded8dba65 (127.0.122.67:34007): Illegal state: must be running to vote when last-logged opid is not known
I20260709 12:24:27.842505  1700 tablet_service.cc:1511] Processing CreateTablet for tablet 0664a862364e42c1b8ddab2dcfb648d7 (DEFAULT_TABLE table=test-workload [id=2236c383c6204a30a324362265cc5cc1]), partition=RANGE (key) PARTITION 1237532918 <= VALUES < 1273930945
I20260709 12:24:27.843789  1700 data_dirs.cc:400] Could only allocate 1 dirs of requested 3 for tablet 0664a862364e42c1b8ddab2dcfb648d7. 1 dirs total, 0 dirs full, 0 dirs failed
I20260709 12:24:27.845386  1621 data_dirs.cc:400] Could only allocate 1 dirs of requested 3 for tablet 7961c488d9f64513a797067c35eb83f8. 1 dirs total, 0 dirs full, 0 dirs failed
I20260709 12:24:27.849381  1628 data_dirs.cc:400] Could only allocate 1 dirs of requested 3 for tablet c05f378f1efe4afba61df2671646f93e. 1 dirs total, 0 dirs full, 0 dirs failed
I20260709 12:24:27.855870  1624 data_dirs.cc:400] Could only allocate 1 dirs of requested 3 for tablet 7dcaace7cb3d416b88576c1387bd0514. 1 dirs total, 0 dirs full, 0 dirs failed
I20260709 12:24:27.856050  1697 tablet_service.cc:1511] Processing CreateTablet for tablet 94e6a348a77546b98081993448571d63 (DEFAULT_TABLE table=test-workload [id=2236c383c6204a30a324362265cc5cc1]), partition=RANGE (key) PARTITION 1310328972 <= VALUES < 1346726999
I20260709 12:24:27.857373  1697 data_dirs.cc:400] Could only allocate 1 dirs of requested 3 for tablet 94e6a348a77546b98081993448571d63. 1 dirs total, 0 dirs full, 0 dirs failed
I20260709 12:24:27.819975  1831 ts_tablet_manager.cc:1434] T 2fb21eea943c4e6e9c8c16966350f861 P 38e0e4703a4342b6b6ba7c0cc22187a7: Time spent starting tablet: real 0.019s	user 0.010s	sys 0.000s
I20260709 12:24:27.866654  1778 tablet_service.cc:1511] Processing CreateTablet for tablet c05f378f1efe4afba61df2671646f93e (DEFAULT_TABLE table=test-workload [id=2236c383c6204a30a324362265cc5cc1]), partition=RANGE (key) PARTITION 1164736864 <= VALUES < 1201134891
I20260709 12:24:27.867218  1828 tablet_bootstrap.cc:492] T b50884dc55f64da8a691944c6f2dba64 P 90598f0d04044159b1fdb7d4d0f1f566: No bootstrap required, opened a new log
I20260709 12:24:27.867682  1828 ts_tablet_manager.cc:1403] T b50884dc55f64da8a691944c6f2dba64 P 90598f0d04044159b1fdb7d4d0f1f566: Time spent bootstrapping tablet: real 0.313s	user 0.007s	sys 0.025s
I20260709 12:24:27.867985  1778 data_dirs.cc:400] Could only allocate 1 dirs of requested 3 for tablet c05f378f1efe4afba61df2671646f93e. 1 dirs total, 0 dirs full, 0 dirs failed
I20260709 12:24:27.855870  1702 tablet_service.cc:1511] Processing CreateTablet for tablet c7acf464fa534d98a79cd5966d2ee3db (DEFAULT_TABLE table=test-workload [id=2236c383c6204a30a324362265cc5cc1]), partition=RANGE (key) PARTITION 1273930945 <= VALUES < 1310328972
I20260709 12:24:27.870151  1702 data_dirs.cc:400] Could only allocate 1 dirs of requested 3 for tablet c7acf464fa534d98a79cd5966d2ee3db. 1 dirs total, 0 dirs full, 0 dirs failed
I20260709 12:24:27.875161  1695 tablet_service.cc:1511] Processing CreateTablet for tablet c6f6ed9374b94f25a0a5720927821259 (DEFAULT_TABLE table=test-workload [id=2236c383c6204a30a324362265cc5cc1]), partition=RANGE (key) PARTITION 1346726999 <= VALUES < 1383125026
I20260709 12:24:27.876452  1695 data_dirs.cc:400] Could only allocate 1 dirs of requested 3 for tablet c6f6ed9374b94f25a0a5720927821259. 1 dirs total, 0 dirs full, 0 dirs failed
I20260709 12:24:27.879943  1828 raft_consensus.cc:359] T b50884dc55f64da8a691944c6f2dba64 P 90598f0d04044159b1fdb7d4d0f1f566 [term 0 FOLLOWER]: Replica starting. Triggering 0 pending ops. Active config: opid_index: -1 OBSOLETE_local: false peers { permanent_uuid: "90598f0d04044159b1fdb7d4d0f1f566" member_type: VOTER last_known_addr { host: "127.0.122.65" port: 36787 } } peers { permanent_uuid: "38e0e4703a4342b6b6ba7c0cc22187a7" member_type: VOTER last_known_addr { host: "127.0.122.66" port: 41743 } } peers { permanent_uuid: "31860ff9ccdb4d9da229e90ded8dba65" member_type: VOTER last_known_addr { host: "127.0.122.67" port: 34007 } }
I20260709 12:24:27.880667  1828 raft_consensus.cc:385] T b50884dc55f64da8a691944c6f2dba64 P 90598f0d04044159b1fdb7d4d0f1f566 [term 0 FOLLOWER]: Consensus starting up: Expiring failure detector timer to make a prompt election more likely
I20260709 12:24:27.882117  1696 tablet_service.cc:1511] Processing CreateTablet for tablet c31036a2c81d4219a90cecdd03ea938e (DEFAULT_TABLE table=test-workload [id=2236c383c6204a30a324362265cc5cc1]), partition=RANGE (key) PARTITION 1383125026 <= VALUES < 1419523053
I20260709 12:24:27.883373  1696 data_dirs.cc:400] Could only allocate 1 dirs of requested 3 for tablet c31036a2c81d4219a90cecdd03ea938e. 1 dirs total, 0 dirs full, 0 dirs failed
I20260709 12:24:27.880949  1828 raft_consensus.cc:740] T b50884dc55f64da8a691944c6f2dba64 P 90598f0d04044159b1fdb7d4d0f1f566 [term 0 FOLLOWER]: Becoming Follower/Learner. State: Replica: 90598f0d04044159b1fdb7d4d0f1f566, State: Initialized, Role: FOLLOWER
I20260709 12:24:27.889948  1828 consensus_queue.cc:260] T b50884dc55f64da8a691944c6f2dba64 P 90598f0d04044159b1fdb7d4d0f1f566 [NON_LEADER]: Queue going to NON_LEADER mode. State: All replicated index: 0, Majority replicated index: 0, Committed index: 0, Last appended: 0.0, Last appended by leader: 0, Current term: 0, Majority size: -1, State: 0, Mode: NON_LEADER, active raft config: opid_index: -1 OBSOLETE_local: false peers { permanent_uuid: "90598f0d04044159b1fdb7d4d0f1f566" member_type: VOTER last_known_addr { host: "127.0.122.65" port: 36787 } } peers { permanent_uuid: "38e0e4703a4342b6b6ba7c0cc22187a7" member_type: VOTER last_known_addr { host: "127.0.122.66" port: 41743 } } peers { permanent_uuid: "31860ff9ccdb4d9da229e90ded8dba65" member_type: VOTER last_known_addr { host: "127.0.122.67" port: 34007 } }
I20260709 12:24:27.895660  1828 ts_tablet_manager.cc:1434] T b50884dc55f64da8a691944c6f2dba64 P 90598f0d04044159b1fdb7d4d0f1f566: Time spent starting tablet: real 0.028s	user 0.006s	sys 0.000s
I20260709 12:24:27.909644  1837 raft_consensus.cc:493] T b50884dc55f64da8a691944c6f2dba64 P 38e0e4703a4342b6b6ba7c0cc22187a7 [term 0 FOLLOWER]: Starting pre-election (no leader contacted us within the election timeout)
I20260709 12:24:27.901667  1831 tablet_bootstrap.cc:492] T 6b5e008eb9b5419ea760af2bc9e448d7 P 38e0e4703a4342b6b6ba7c0cc22187a7: Bootstrap starting.
I20260709 12:24:27.916949  1828 tablet_bootstrap.cc:492] T 68c4273be6fd464fb39f62ae23480e20 P 90598f0d04044159b1fdb7d4d0f1f566: Bootstrap starting.
I20260709 12:24:27.916641  1837 raft_consensus.cc:515] T b50884dc55f64da8a691944c6f2dba64 P 38e0e4703a4342b6b6ba7c0cc22187a7 [term 0 FOLLOWER]: Starting pre-election with config: opid_index: -1 OBSOLETE_local: false peers { permanent_uuid: "90598f0d04044159b1fdb7d4d0f1f566" member_type: VOTER last_known_addr { host: "127.0.122.65" port: 36787 } } peers { permanent_uuid: "38e0e4703a4342b6b6ba7c0cc22187a7" member_type: VOTER last_known_addr { host: "127.0.122.66" port: 41743 } } peers { permanent_uuid: "31860ff9ccdb4d9da229e90ded8dba65" member_type: VOTER last_known_addr { host: "127.0.122.67" port: 34007 } }
I20260709 12:24:27.920941  1788 tablet_service.cc:1917] Received RequestConsensusVote() RPC: tablet_id: "b50884dc55f64da8a691944c6f2dba64" candidate_uuid: "38e0e4703a4342b6b6ba7c0cc22187a7" candidate_term: 1 candidate_status { last_received { term: 0 index: 0 } } ignore_live_leader: false dest_uuid: "31860ff9ccdb4d9da229e90ded8dba65" is_pre_election: true
W20260709 12:24:27.922443  1678 leader_election.cc:343] T b50884dc55f64da8a691944c6f2dba64 P 38e0e4703a4342b6b6ba7c0cc22187a7 [CANDIDATE]: Term 1 pre-election: Tablet error from VoteRequest() call to peer 31860ff9ccdb4d9da229e90ded8dba65 (127.0.122.67:34007): Illegal state: must be running to vote when last-logged opid is not known
I20260709 12:24:27.923007  1837 leader_election.cc:290] T b50884dc55f64da8a691944c6f2dba64 P 38e0e4703a4342b6b6ba7c0cc22187a7 [CANDIDATE]: Term 1 pre-election: Requested pre-vote from peers 90598f0d04044159b1fdb7d4d0f1f566 (127.0.122.65:36787), 31860ff9ccdb4d9da229e90ded8dba65 (127.0.122.67:34007)
I20260709 12:24:27.923584  1831 tablet_bootstrap.cc:654] T 6b5e008eb9b5419ea760af2bc9e448d7 P 38e0e4703a4342b6b6ba7c0cc22187a7: Neither blocks nor log segments found. Creating new log.
I20260709 12:24:27.924654  1778 tablet_service.cc:1511] Processing CreateTablet for tablet a17bf26d5ac04d5aa68c7510527ddfd9 (DEFAULT_TABLE table=test-workload [id=2236c383c6204a30a324362265cc5cc1]), partition=RANGE (key) PARTITION 1201134891 <= VALUES < 1237532918
I20260709 12:24:27.927251  1778 data_dirs.cc:400] Could only allocate 1 dirs of requested 3 for tablet a17bf26d5ac04d5aa68c7510527ddfd9. 1 dirs total, 0 dirs full, 0 dirs failed
I20260709 12:24:27.930083  1698 tablet_service.cc:1511] Processing CreateTablet for tablet c5b9dc635f724a11adbf2c8ec3dc63ed (DEFAULT_TABLE table=test-workload [id=2236c383c6204a30a324362265cc5cc1]), partition=RANGE (key) PARTITION 1455921080 <= VALUES < 1492319107
I20260709 12:24:27.931453  1698 data_dirs.cc:400] Could only allocate 1 dirs of requested 3 for tablet c5b9dc635f724a11adbf2c8ec3dc63ed. 1 dirs total, 0 dirs full, 0 dirs failed
I20260709 12:24:27.944437  1696 tablet_service.cc:1511] Processing CreateTablet for tablet 28c560d50d424162aa78dc28141f3e80 (DEFAULT_TABLE table=test-workload [id=2236c383c6204a30a324362265cc5cc1]), partition=RANGE (key) PARTITION 1492319107 <= VALUES < 1528717134
I20260709 12:24:27.953850  1828 tablet_bootstrap.cc:654] T 68c4273be6fd464fb39f62ae23480e20 P 90598f0d04044159b1fdb7d4d0f1f566: Neither blocks nor log segments found. Creating new log.
I20260709 12:24:27.954206  1701 tablet_service.cc:1511] Processing CreateTablet for tablet 798ef8f90c7746c4bf0e095669465a2b (DEFAULT_TABLE table=test-workload [id=2236c383c6204a30a324362265cc5cc1]), partition=RANGE (key) PARTITION 1528717134 <= VALUES < 1565115161
I20260709 12:24:27.960893  1703 tablet_service.cc:1511] Processing CreateTablet for tablet cba7f41d43434ca3854db9a1504fe504 (DEFAULT_TABLE table=test-workload [id=2236c383c6204a30a324362265cc5cc1]), partition=RANGE (key) PARTITION 1601513188 <= VALUES < 1637911215
I20260709 12:24:27.961270  1777 tablet_service.cc:1511] Processing CreateTablet for tablet 0664a862364e42c1b8ddab2dcfb648d7 (DEFAULT_TABLE table=test-workload [id=2236c383c6204a30a324362265cc5cc1]), partition=RANGE (key) PARTITION 1237532918 <= VALUES < 1273930945
I20260709 12:24:27.941562  1695 tablet_service.cc:1511] Processing CreateTablet for tablet bb0dcfafddc947be814230d8fb6e5d45 (DEFAULT_TABLE table=test-workload [id=2236c383c6204a30a324362265cc5cc1]), partition=RANGE (key) PARTITION 1419523053 <= VALUES < 1455921080
I20260709 12:24:27.962488  1777 data_dirs.cc:400] Could only allocate 1 dirs of requested 3 for tablet 0664a862364e42c1b8ddab2dcfb648d7. 1 dirs total, 0 dirs full, 0 dirs failed
I20260709 12:24:27.965256  1696 data_dirs.cc:400] Could only allocate 1 dirs of requested 3 for tablet 28c560d50d424162aa78dc28141f3e80. 1 dirs total, 0 dirs full, 0 dirs failed
I20260709 12:24:27.967119  1829 tablet_bootstrap.cc:492] T b50884dc55f64da8a691944c6f2dba64 P 31860ff9ccdb4d9da229e90ded8dba65: No bootstrap required, opened a new log
I20260709 12:24:27.967615  1829 ts_tablet_manager.cc:1403] T b50884dc55f64da8a691944c6f2dba64 P 31860ff9ccdb4d9da229e90ded8dba65: Time spent bootstrapping tablet: real 0.237s	user 0.007s	sys 0.006s
I20260709 12:24:27.970450  1770 tablet_service.cc:1511] Processing CreateTablet for tablet c7acf464fa534d98a79cd5966d2ee3db (DEFAULT_TABLE table=test-workload [id=2236c383c6204a30a324362265cc5cc1]), partition=RANGE (key) PARTITION 1273930945 <= VALUES < 1310328972
I20260709 12:24:27.970687  1829 raft_consensus.cc:359] T b50884dc55f64da8a691944c6f2dba64 P 31860ff9ccdb4d9da229e90ded8dba65 [term 0 FOLLOWER]: Replica starting. Triggering 0 pending ops. Active config: opid_index: -1 OBSOLETE_local: false peers { permanent_uuid: "90598f0d04044159b1fdb7d4d0f1f566" member_type: VOTER last_known_addr { host: "127.0.122.65" port: 36787 } } peers { permanent_uuid: "38e0e4703a4342b6b6ba7c0cc22187a7" member_type: VOTER last_known_addr { host: "127.0.122.66" port: 41743 } } peers { permanent_uuid: "31860ff9ccdb4d9da229e90ded8dba65" member_type: VOTER last_known_addr { host: "127.0.122.67" port: 34007 } }
