I20260709 12:24:04.183051  9764 tablet_service.cc:1917] Received RequestConsensusVote() RPC: tablet_id: "b9ace905c42b4eb2aab075d05b674740" candidate_uuid: "7cba103c639a46148329b06a5d965246" candidate_term: 1 candidate_status { last_received { term: 0 index: 0 } } ignore_live_leader: false dest_uuid: "40adf04a4ed84fbc8b1a784ec5078035"
I20260709 12:24:04.183128  9915 raft_consensus.cc:2468] T c391250170b14f898ecb57f7cad35615 P 7cba103c639a46148329b06a5d965246 [term 0 FOLLOWER]: Leader pre-election vote request: Granting yes vote for candidate 40adf04a4ed84fbc8b1a784ec5078035 in term 0.
I20260709 12:24:04.182772  9840 tablet_service.cc:1917] Received RequestConsensusVote() RPC: tablet_id: "b9ace905c42b4eb2aab075d05b674740" candidate_uuid: "7cba103c639a46148329b06a5d965246" candidate_term: 1 candidate_status { last_received { term: 0 index: 0 } } ignore_live_leader: false dest_uuid: "7e308f38865c4611b3b571b8f64ab546"
I20260709 12:24:04.183611  9764 raft_consensus.cc:3060] T b9ace905c42b4eb2aab075d05b674740 P 40adf04a4ed84fbc8b1a784ec5078035 [term 0 FOLLOWER]: Advancing to term 1
I20260709 12:24:04.183974  9840 raft_consensus.cc:3060] T b9ace905c42b4eb2aab075d05b674740 P 7e308f38865c4611b3b571b8f64ab546 [term 0 FOLLOWER]: Advancing to term 1
I20260709 12:24:04.184108  9730 leader_election.cc:304] T c391250170b14f898ecb57f7cad35615 P 40adf04a4ed84fbc8b1a784ec5078035 [CANDIDATE]: Term 1 pre-election: Election decided. Result: candidate won. Election summary: received 2 responses out of 3 voters: 2 yes votes; 0 no votes. yes voters: 40adf04a4ed84fbc8b1a784ec5078035, 7e308f38865c4611b3b571b8f64ab546; no voters: 
I20260709 12:24:04.184952  9960 raft_consensus.cc:2804] T c391250170b14f898ecb57f7cad35615 P 40adf04a4ed84fbc8b1a784ec5078035 [term 0 FOLLOWER]: Leader pre-election won for term 1
I20260709 12:24:04.185298  9960 raft_consensus.cc:493] T c391250170b14f898ecb57f7cad35615 P 40adf04a4ed84fbc8b1a784ec5078035 [term 0 FOLLOWER]: Starting leader election (no leader contacted us within the election timeout)
I20260709 12:24:04.185977  9960 raft_consensus.cc:3060] T c391250170b14f898ecb57f7cad35615 P 40adf04a4ed84fbc8b1a784ec5078035 [term 0 FOLLOWER]: Advancing to term 1
I20260709 12:24:04.189214  9764 raft_consensus.cc:2468] T b9ace905c42b4eb2aab075d05b674740 P 40adf04a4ed84fbc8b1a784ec5078035 [term 1 FOLLOWER]: Leader election vote request: Granting yes vote for candidate 7cba103c639a46148329b06a5d965246 in term 1.
I20260709 12:24:04.190084  9881 leader_election.cc:304] T b9ace905c42b4eb2aab075d05b674740 P 7cba103c639a46148329b06a5d965246 [CANDIDATE]: Term 1 election: Election decided. Result: candidate won. Election summary: received 2 responses out of 3 voters: 2 yes votes; 0 no votes. yes voters: 40adf04a4ed84fbc8b1a784ec5078035, 7cba103c639a46148329b06a5d965246; no voters: 
I20260709 12:24:04.190619  9840 raft_consensus.cc:2468] T b9ace905c42b4eb2aab075d05b674740 P 7e308f38865c4611b3b571b8f64ab546 [term 1 FOLLOWER]: Leader election vote request: Granting yes vote for candidate 7cba103c639a46148329b06a5d965246 in term 1.
I20260709 12:24:04.191102  9992 raft_consensus.cc:2804] T b9ace905c42b4eb2aab075d05b674740 P 7cba103c639a46148329b06a5d965246 [term 1 FOLLOWER]: Leader election won for term 1
I20260709 12:24:04.191601  9992 raft_consensus.cc:697] T b9ace905c42b4eb2aab075d05b674740 P 7cba103c639a46148329b06a5d965246 [term 1 LEADER]: Becoming Leader. State: Replica: 7cba103c639a46148329b06a5d965246, State: Running, Role: LEADER
I20260709 12:24:04.192530  9960 raft_consensus.cc:515] T c391250170b14f898ecb57f7cad35615 P 40adf04a4ed84fbc8b1a784ec5078035 [term 1 FOLLOWER]: Starting leader election with config: opid_index: -1 OBSOLETE_local: false peers { permanent_uuid: "40adf04a4ed84fbc8b1a784ec5078035" member_type: VOTER last_known_addr { host: "127.8.222.65" port: 36187 } } peers { permanent_uuid: "7e308f38865c4611b3b571b8f64ab546" member_type: VOTER last_known_addr { host: "127.8.222.66" port: 35919 } } peers { permanent_uuid: "7cba103c639a46148329b06a5d965246" member_type: VOTER last_known_addr { host: "127.8.222.67" port: 38303 } }
I20260709 12:24:04.192662  9992 consensus_queue.cc:237] T b9ace905c42b4eb2aab075d05b674740 P 7cba103c639a46148329b06a5d965246 [LEADER]: Queue going to LEADER mode. State: All replicated index: 0, Majority replicated index: 0, Committed index: 0, Last appended: 0.0, Last appended by leader: 0, Current term: 1, Majority size: 2, State: 0, Mode: LEADER, active raft config: opid_index: -1 OBSOLETE_local: false peers { permanent_uuid: "40adf04a4ed84fbc8b1a784ec5078035" member_type: VOTER last_known_addr { host: "127.8.222.65" port: 36187 } } peers { permanent_uuid: "7e308f38865c4611b3b571b8f64ab546" member_type: VOTER last_known_addr { host: "127.8.222.66" port: 35919 } } peers { permanent_uuid: "7cba103c639a46148329b06a5d965246" member_type: VOTER last_known_addr { host: "127.8.222.67" port: 38303 } }
I20260709 12:24:04.194154  9960 leader_election.cc:290] T c391250170b14f898ecb57f7cad35615 P 40adf04a4ed84fbc8b1a784ec5078035 [CANDIDATE]: Term 1 election: Requested vote from peers 7e308f38865c4611b3b571b8f64ab546 (127.8.222.66:35919), 7cba103c639a46148329b06a5d965246 (127.8.222.67:38303)
I20260709 12:24:04.194832  9840 tablet_service.cc:1917] Received RequestConsensusVote() RPC: tablet_id: "c391250170b14f898ecb57f7cad35615" candidate_uuid: "40adf04a4ed84fbc8b1a784ec5078035" candidate_term: 1 candidate_status { last_received { term: 0 index: 0 } } ignore_live_leader: false dest_uuid: "7e308f38865c4611b3b571b8f64ab546"
I20260709 12:24:04.195123  9915 tablet_service.cc:1917] Received RequestConsensusVote() RPC: tablet_id: "c391250170b14f898ecb57f7cad35615" candidate_uuid: "40adf04a4ed84fbc8b1a784ec5078035" candidate_term: 1 candidate_status { last_received { term: 0 index: 0 } } ignore_live_leader: false dest_uuid: "7cba103c639a46148329b06a5d965246"
I20260709 12:24:04.195497  9840 raft_consensus.cc:3060] T c391250170b14f898ecb57f7cad35615 P 7e308f38865c4611b3b571b8f64ab546 [term 0 FOLLOWER]: Advancing to term 1
I20260709 12:24:04.195732  9915 raft_consensus.cc:3060] T c391250170b14f898ecb57f7cad35615 P 7cba103c639a46148329b06a5d965246 [term 0 FOLLOWER]: Advancing to term 1
I20260709 12:24:04.201797  9840 raft_consensus.cc:2468] T c391250170b14f898ecb57f7cad35615 P 7e308f38865c4611b3b571b8f64ab546 [term 1 FOLLOWER]: Leader election vote request: Granting yes vote for candidate 40adf04a4ed84fbc8b1a784ec5078035 in term 1.
I20260709 12:24:04.201929  9915 raft_consensus.cc:2468] T c391250170b14f898ecb57f7cad35615 P 7cba103c639a46148329b06a5d965246 [term 1 FOLLOWER]: Leader election vote request: Granting yes vote for candidate 40adf04a4ed84fbc8b1a784ec5078035 in term 1.
I20260709 12:24:04.202752  9730 leader_election.cc:304] T c391250170b14f898ecb57f7cad35615 P 40adf04a4ed84fbc8b1a784ec5078035 [CANDIDATE]: Term 1 election: Election decided. Result: candidate won. Election summary: received 2 responses out of 3 voters: 2 yes votes; 0 no votes. yes voters: 40adf04a4ed84fbc8b1a784ec5078035, 7e308f38865c4611b3b571b8f64ab546; no voters: 
I20260709 12:24:04.202646  9662 catalog_manager.cc:5697] T b9ace905c42b4eb2aab075d05b674740 P 7cba103c639a46148329b06a5d965246 reported cstate change: term changed from 0 to 1, leader changed from <none> to 7cba103c639a46148329b06a5d965246 (127.8.222.67). New cstate: current_term: 1 leader_uuid: "7cba103c639a46148329b06a5d965246" committed_config { opid_index: -1 OBSOLETE_local: false peers { permanent_uuid: "40adf04a4ed84fbc8b1a784ec5078035" member_type: VOTER last_known_addr { host: "127.8.222.65" port: 36187 } health_report { overall_health: UNKNOWN } } peers { permanent_uuid: "7e308f38865c4611b3b571b8f64ab546" member_type: VOTER last_known_addr { host: "127.8.222.66" port: 35919 } health_report { overall_health: UNKNOWN } } peers { permanent_uuid: "7cba103c639a46148329b06a5d965246" member_type: VOTER last_known_addr { host: "127.8.222.67" port: 38303 } health_report { overall_health: HEALTHY } } }
I20260709 12:24:04.203495  9960 raft_consensus.cc:2804] T c391250170b14f898ecb57f7cad35615 P 40adf04a4ed84fbc8b1a784ec5078035 [term 1 FOLLOWER]: Leader election won for term 1
I20260709 12:24:04.204006  9960 raft_consensus.cc:697] T c391250170b14f898ecb57f7cad35615 P 40adf04a4ed84fbc8b1a784ec5078035 [term 1 LEADER]: Becoming Leader. State: Replica: 40adf04a4ed84fbc8b1a784ec5078035, State: Running, Role: LEADER
I20260709 12:24:04.204861  9960 consensus_queue.cc:237] T c391250170b14f898ecb57f7cad35615 P 40adf04a4ed84fbc8b1a784ec5078035 [LEADER]: Queue going to LEADER mode. State: All replicated index: 0, Majority replicated index: 0, Committed index: 0, Last appended: 0.0, Last appended by leader: 0, Current term: 1, Majority size: 2, State: 0, Mode: LEADER, active raft config: opid_index: -1 OBSOLETE_local: false peers { permanent_uuid: "40adf04a4ed84fbc8b1a784ec5078035" member_type: VOTER last_known_addr { host: "127.8.222.65" port: 36187 } } peers { permanent_uuid: "7e308f38865c4611b3b571b8f64ab546" member_type: VOTER last_known_addr { host: "127.8.222.66" port: 35919 } } peers { permanent_uuid: "7cba103c639a46148329b06a5d965246" member_type: VOTER last_known_addr { host: "127.8.222.67" port: 38303 } }
I20260709 12:24:04.212208  9662 catalog_manager.cc:5697] T c391250170b14f898ecb57f7cad35615 P 40adf04a4ed84fbc8b1a784ec5078035 reported cstate change: term changed from 0 to 1, leader changed from <none> to 40adf04a4ed84fbc8b1a784ec5078035 (127.8.222.65). New cstate: current_term: 1 leader_uuid: "40adf04a4ed84fbc8b1a784ec5078035" committed_config { opid_index: -1 OBSOLETE_local: false peers { permanent_uuid: "40adf04a4ed84fbc8b1a784ec5078035" member_type: VOTER last_known_addr { host: "127.8.222.65" port: 36187 } health_report { overall_health: HEALTHY } } peers { permanent_uuid: "7e308f38865c4611b3b571b8f64ab546" member_type: VOTER last_known_addr { host: "127.8.222.66" port: 35919 } health_report { overall_health: UNKNOWN } } peers { permanent_uuid: "7cba103c639a46148329b06a5d965246" member_type: VOTER last_known_addr { host: "127.8.222.67" port: 38303 } health_report { overall_health: UNKNOWN } } }
I20260709 12:24:04.227878  9992 consensus_queue.cc:1048] T 4317cc515dc44efea4590970dc457002 P 7cba103c639a46148329b06a5d965246 [LEADER]: Connected to new peer: Peer: permanent_uuid: "40adf04a4ed84fbc8b1a784ec5078035" member_type: VOTER last_known_addr { host: "127.8.222.65" port: 36187 }, Status: LMP_MISMATCH, Last received: 0.0, Next index: 1, Last known committed idx: 0, Time since last communication: 0.000s
I20260709 12:24:04.239481  9991 consensus_queue.cc:1048] T 4317cc515dc44efea4590970dc457002 P 7cba103c639a46148329b06a5d965246 [LEADER]: Connected to new peer: Peer: permanent_uuid: "7e308f38865c4611b3b571b8f64ab546" member_type: VOTER last_known_addr { host: "127.8.222.66" port: 35919 }, Status: LMP_MISMATCH, Last received: 0.0, Next index: 1, Last known committed idx: 0, Time since last communication: 0.001s
I20260709 12:24:04.256742  9992 raft_consensus.cc:493] T c997319c8ff74494bb66310fade8f3d4 P 7cba103c639a46148329b06a5d965246 [term 0 FOLLOWER]: Starting pre-election (no leader contacted us within the election timeout)
I20260709 12:24:04.257179  9992 raft_consensus.cc:515] T c997319c8ff74494bb66310fade8f3d4 P 7cba103c639a46148329b06a5d965246 [term 0 FOLLOWER]: Starting pre-election with config: opid_index: -1 OBSOLETE_local: false peers { permanent_uuid: "40adf04a4ed84fbc8b1a784ec5078035" member_type: VOTER last_known_addr { host: "127.8.222.65" port: 36187 } } peers { permanent_uuid: "7e308f38865c4611b3b571b8f64ab546" member_type: VOTER last_known_addr { host: "127.8.222.66" port: 35919 } } peers { permanent_uuid: "7cba103c639a46148329b06a5d965246" member_type: VOTER last_known_addr { host: "127.8.222.67" port: 38303 } }
I20260709 12:24:04.258702  9992 leader_election.cc:290] T c997319c8ff74494bb66310fade8f3d4 P 7cba103c639a46148329b06a5d965246 [CANDIDATE]: Term 1 pre-election: Requested pre-vote from peers 40adf04a4ed84fbc8b1a784ec5078035 (127.8.222.65:36187), 7e308f38865c4611b3b571b8f64ab546 (127.8.222.66:35919)
I20260709 12:24:04.259207  9764 tablet_service.cc:1917] Received RequestConsensusVote() RPC: tablet_id: "c997319c8ff74494bb66310fade8f3d4" candidate_uuid: "7cba103c639a46148329b06a5d965246" candidate_term: 1 candidate_status { last_received { term: 0 index: 0 } } ignore_live_leader: false dest_uuid: "40adf04a4ed84fbc8b1a784ec5078035" is_pre_election: true
I20260709 12:24:04.259743  9764 raft_consensus.cc:2468] T c997319c8ff74494bb66310fade8f3d4 P 40adf04a4ed84fbc8b1a784ec5078035 [term 0 FOLLOWER]: Leader pre-election vote request: Granting yes vote for candidate 7cba103c639a46148329b06a5d965246 in term 0.
I20260709 12:24:04.259634  9840 tablet_service.cc:1917] Received RequestConsensusVote() RPC: tablet_id: "c997319c8ff74494bb66310fade8f3d4" candidate_uuid: "7cba103c639a46148329b06a5d965246" candidate_term: 1 candidate_status { last_received { term: 0 index: 0 } } ignore_live_leader: false dest_uuid: "7e308f38865c4611b3b571b8f64ab546" is_pre_election: true
I20260709 12:24:04.260361  9840 raft_consensus.cc:2468] T c997319c8ff74494bb66310fade8f3d4 P 7e308f38865c4611b3b571b8f64ab546 [term 0 FOLLOWER]: Leader pre-election vote request: Granting yes vote for candidate 7cba103c639a46148329b06a5d965246 in term 0.
I20260709 12:24:04.260701  9881 leader_election.cc:304] T c997319c8ff74494bb66310fade8f3d4 P 7cba103c639a46148329b06a5d965246 [CANDIDATE]: Term 1 pre-election: Election decided. Result: candidate won. Election summary: received 2 responses out of 3 voters: 2 yes votes; 0 no votes. yes voters: 40adf04a4ed84fbc8b1a784ec5078035, 7cba103c639a46148329b06a5d965246; no voters: 
I20260709 12:24:04.261390  9992 raft_consensus.cc:2804] T c997319c8ff74494bb66310fade8f3d4 P 7cba103c639a46148329b06a5d965246 [term 0 FOLLOWER]: Leader pre-election won for term 1
I20260709 12:24:04.261725  9992 raft_consensus.cc:493] T c997319c8ff74494bb66310fade8f3d4 P 7cba103c639a46148329b06a5d965246 [term 0 FOLLOWER]: Starting leader election (no leader contacted us within the election timeout)
I20260709 12:24:04.262084  9992 raft_consensus.cc:3060] T c997319c8ff74494bb66310fade8f3d4 P 7cba103c639a46148329b06a5d965246 [term 0 FOLLOWER]: Advancing to term 1
I20260709 12:24:04.263948  9991 raft_consensus.cc:493] T 0f625262c95d491c80edc704d7e4272c P 7cba103c639a46148329b06a5d965246 [term 0 FOLLOWER]: Starting pre-election (no leader contacted us within the election timeout)
I20260709 12:24:04.264377  9991 raft_consensus.cc:515] T 0f625262c95d491c80edc704d7e4272c P 7cba103c639a46148329b06a5d965246 [term 0 FOLLOWER]: Starting pre-election with config: opid_index: -1 OBSOLETE_local: false peers { permanent_uuid: "40adf04a4ed84fbc8b1a784ec5078035" member_type: VOTER last_known_addr { host: "127.8.222.65" port: 36187 } } peers { permanent_uuid: "7e308f38865c4611b3b571b8f64ab546" member_type: VOTER last_known_addr { host: "127.8.222.66" port: 35919 } } peers { permanent_uuid: "7cba103c639a46148329b06a5d965246" member_type: VOTER last_known_addr { host: "127.8.222.67" port: 38303 } }
I20260709 12:24:04.266211  9991 leader_election.cc:290] T 0f625262c95d491c80edc704d7e4272c P 7cba103c639a46148329b06a5d965246 [CANDIDATE]: Term 1 pre-election: Requested pre-vote from peers 40adf04a4ed84fbc8b1a784ec5078035 (127.8.222.65:36187), 7e308f38865c4611b3b571b8f64ab546 (127.8.222.66:35919)
I20260709 12:24:04.267140  9764 tablet_service.cc:1917] Received RequestConsensusVote() RPC: tablet_id: "0f625262c95d491c80edc704d7e4272c" candidate_uuid: "7cba103c639a46148329b06a5d965246" candidate_term: 1 candidate_status { last_received { term: 0 index: 0 } } ignore_live_leader: false dest_uuid: "40adf04a4ed84fbc8b1a784ec5078035" is_pre_election: true
I20260709 12:24:04.267506  9992 raft_consensus.cc:515] T c997319c8ff74494bb66310fade8f3d4 P 7cba103c639a46148329b06a5d965246 [term 1 FOLLOWER]: Starting leader election with config: opid_index: -1 OBSOLETE_local: false peers { permanent_uuid: "40adf04a4ed84fbc8b1a784ec5078035" member_type: VOTER last_known_addr { host: "127.8.222.65" port: 36187 } } peers { permanent_uuid: "7e308f38865c4611b3b571b8f64ab546" member_type: VOTER last_known_addr { host: "127.8.222.66" port: 35919 } } peers { permanent_uuid: "7cba103c639a46148329b06a5d965246" member_type: VOTER last_known_addr { host: "127.8.222.67" port: 38303 } }
I20260709 12:24:04.267669  9840 tablet_service.cc:1917] Received RequestConsensusVote() RPC: tablet_id: "0f625262c95d491c80edc704d7e4272c" candidate_uuid: "7cba103c639a46148329b06a5d965246" candidate_term: 1 candidate_status { last_received { term: 0 index: 0 } } ignore_live_leader: false dest_uuid: "7e308f38865c4611b3b571b8f64ab546" is_pre_election: true
I20260709 12:24:04.267915  9764 raft_consensus.cc:2393] T 0f625262c95d491c80edc704d7e4272c P 40adf04a4ed84fbc8b1a784ec5078035 [term 1 FOLLOWER]: Leader pre-election vote request: Denying vote to candidate 7cba103c639a46148329b06a5d965246 in current term 1: Already voted for candidate 7e308f38865c4611b3b571b8f64ab546 in this term.
I20260709 12:24:04.268788  9960 consensus_queue.cc:1048] T 52c0e032839f49128612481ea8478b34 P 40adf04a4ed84fbc8b1a784ec5078035 [LEADER]: Connected to new peer: Peer: permanent_uuid: "7cba103c639a46148329b06a5d965246" member_type: VOTER last_known_addr { host: "127.8.222.67" port: 38303 }, Status: LMP_MISMATCH, Last received: 0.0, Next index: 1, Last known committed idx: 0, Time since last communication: 0.000s
I20260709 12:24:04.269404  9992 leader_election.cc:290] T c997319c8ff74494bb66310fade8f3d4 P 7cba103c639a46148329b06a5d965246 [CANDIDATE]: Term 1 election: Requested vote from peers 40adf04a4ed84fbc8b1a784ec5078035 (127.8.222.65:36187), 7e308f38865c4611b3b571b8f64ab546 (127.8.222.66:35919)
I20260709 12:24:04.269479  9880 leader_election.cc:304] T 0f625262c95d491c80edc704d7e4272c P 7cba103c639a46148329b06a5d965246 [CANDIDATE]: Term 1 pre-election: Election decided. Result: candidate lost. Election summary: received 3 responses out of 3 voters: 1 yes votes; 2 no votes. yes voters: 7cba103c639a46148329b06a5d965246; no voters: 40adf04a4ed84fbc8b1a784ec5078035, 7e308f38865c4611b3b571b8f64ab546
I20260709 12:24:04.270045  9764 tablet_service.cc:1917] Received RequestConsensusVote() RPC: tablet_id: "c997319c8ff74494bb66310fade8f3d4" candidate_uuid: "7cba103c639a46148329b06a5d965246" candidate_term: 1 candidate_status { last_received { term: 0 index: 0 } } ignore_live_leader: false dest_uuid: "40adf04a4ed84fbc8b1a784ec5078035"
I20260709 12:24:04.270295  9992 raft_consensus.cc:3060] T 0f625262c95d491c80edc704d7e4272c P 7cba103c639a46148329b06a5d965246 [term 0 FOLLOWER]: Advancing to term 1
I20260709 12:24:04.270576  9764 raft_consensus.cc:3060] T c997319c8ff74494bb66310fade8f3d4 P 40adf04a4ed84fbc8b1a784ec5078035 [term 0 FOLLOWER]: Advancing to term 1
I20260709 12:24:04.271489  9840 tablet_service.cc:1917] Received RequestConsensusVote() RPC: tablet_id: "c997319c8ff74494bb66310fade8f3d4" candidate_uuid: "7cba103c639a46148329b06a5d965246" candidate_term: 1 candidate_status { last_received { term: 0 index: 0 } } ignore_live_leader: false dest_uuid: "7e308f38865c4611b3b571b8f64ab546"
I20260709 12:24:04.272085  9840 raft_consensus.cc:3060] T c997319c8ff74494bb66310fade8f3d4 P 7e308f38865c4611b3b571b8f64ab546 [term 0 FOLLOWER]: Advancing to term 1
I20260709 12:24:04.277081  9992 raft_consensus.cc:2749] T 0f625262c95d491c80edc704d7e4272c P 7cba103c639a46148329b06a5d965246 [term 1 FOLLOWER]: Leader pre-election lost for term 1. Reason: could not achieve majority
I20260709 12:24:04.276906  9960 consensus_queue.cc:1048] T 52c0e032839f49128612481ea8478b34 P 40adf04a4ed84fbc8b1a784ec5078035 [LEADER]: Connected to new peer: Peer: permanent_uuid: "7e308f38865c4611b3b571b8f64ab546" member_type: VOTER last_known_addr { host: "127.8.222.66" port: 35919 }, Status: LMP_MISMATCH, Last received: 0.0, Next index: 1, Last known committed idx: 0, Time since last communication: 0.000s
I20260709 12:24:04.278859  9764 raft_consensus.cc:2468] T c997319c8ff74494bb66310fade8f3d4 P 40adf04a4ed84fbc8b1a784ec5078035 [term 1 FOLLOWER]: Leader election vote request: Granting yes vote for candidate 7cba103c639a46148329b06a5d965246 in term 1.
I20260709 12:24:04.280884  9881 leader_election.cc:304] T c997319c8ff74494bb66310fade8f3d4 P 7cba103c639a46148329b06a5d965246 [CANDIDATE]: Term 1 election: Election decided. Result: candidate won. Election summary: received 2 responses out of 3 voters: 2 yes votes; 0 no votes. yes voters: 40adf04a4ed84fbc8b1a784ec5078035, 7cba103c639a46148329b06a5d965246; no voters: 
I20260709 12:24:04.281922  9992 raft_consensus.cc:2804] T c997319c8ff74494bb66310fade8f3d4 P 7cba103c639a46148329b06a5d965246 [term 1 FOLLOWER]: Leader election won for term 1
I20260709 12:24:04.282663  9992 raft_consensus.cc:697] T c997319c8ff74494bb66310fade8f3d4 P 7cba103c639a46148329b06a5d965246 [term 1 LEADER]: Becoming Leader. State: Replica: 7cba103c639a46148329b06a5d965246, State: Running, Role: LEADER
I20260709 12:24:04.283823  9992 consensus_queue.cc:237] T c997319c8ff74494bb66310fade8f3d4 P 7cba103c639a46148329b06a5d965246 [LEADER]: Queue going to LEADER mode. State: All replicated index: 0, Majority replicated index: 0, Committed index: 0, Last appended: 0.0, Last appended by leader: 0, Current term: 1, Majority size: 2, State: 0, Mode: LEADER, active raft config: opid_index: -1 OBSOLETE_local: false peers { permanent_uuid: "40adf04a4ed84fbc8b1a784ec5078035" member_type: VOTER last_known_addr { host: "127.8.222.65" port: 36187 } } peers { permanent_uuid: "7e308f38865c4611b3b571b8f64ab546" member_type: VOTER last_known_addr { host: "127.8.222.66" port: 35919 } } peers { permanent_uuid: "7cba103c639a46148329b06a5d965246" member_type: VOTER last_known_addr { host: "127.8.222.67" port: 38303 } }
I20260709 12:24:04.295851  9840 raft_consensus.cc:2468] T c997319c8ff74494bb66310fade8f3d4 P 7e308f38865c4611b3b571b8f64ab546 [term 1 FOLLOWER]: Leader election vote request: Granting yes vote for candidate 7cba103c639a46148329b06a5d965246 in term 1.
I20260709 12:24:04.297793  9661 catalog_manager.cc:5697] T c997319c8ff74494bb66310fade8f3d4 P 7cba103c639a46148329b06a5d965246 reported cstate change: term changed from 0 to 1, leader changed from <none> to 7cba103c639a46148329b06a5d965246 (127.8.222.67). New cstate: current_term: 1 leader_uuid: "7cba103c639a46148329b06a5d965246" committed_config { opid_index: -1 OBSOLETE_local: false peers { permanent_uuid: "40adf04a4ed84fbc8b1a784ec5078035" member_type: VOTER last_known_addr { host: "127.8.222.65" port: 36187 } health_report { overall_health: UNKNOWN } } peers { permanent_uuid: "7e308f38865c4611b3b571b8f64ab546" member_type: VOTER last_known_addr { host: "127.8.222.66" port: 35919 } health_report { overall_health: UNKNOWN } } peers { permanent_uuid: "7cba103c639a46148329b06a5d965246" member_type: VOTER last_known_addr { host: "127.8.222.67" port: 38303 } health_report { overall_health: HEALTHY } } }
I20260709 12:24:04.311283 10009 consensus_queue.cc:1048] T ace52c6dc31f4ac28c7536c79b4c0b64 P 7e308f38865c4611b3b571b8f64ab546 [LEADER]: Connected to new peer: Peer: permanent_uuid: "40adf04a4ed84fbc8b1a784ec5078035" member_type: VOTER last_known_addr { host: "127.8.222.65" port: 36187 }, Status: LMP_MISMATCH, Last received: 0.0, Next index: 1, Last known committed idx: 0, Time since last communication: 0.000s
I20260709 12:24:04.321079  9993 consensus_queue.cc:1048] T ace52c6dc31f4ac28c7536c79b4c0b64 P 7e308f38865c4611b3b571b8f64ab546 [LEADER]: Connected to new peer: Peer: permanent_uuid: "7cba103c639a46148329b06a5d965246" member_type: VOTER last_known_addr { host: "127.8.222.67" port: 38303 }, Status: LMP_MISMATCH, Last received: 0.0, Next index: 1, Last known committed idx: 0, Time since last communication: 0.000s
I20260709 12:24:04.478940  9840 tablet_service.cc:2072] Received LeaderStepDown RPC: tablet_id: "ace52c6dc31f4ac28c7536c79b4c0b64"
dest_uuid: "7e308f38865c4611b3b571b8f64ab546"
mode: GRACEFUL
new_leader_uuid: "40adf04a4ed84fbc8b1a784ec5078035"
 from {username='slave'} at 127.0.0.1:53290
I20260709 12:24:04.479480  9840 raft_consensus.cc:606] T ace52c6dc31f4ac28c7536c79b4c0b64 P 7e308f38865c4611b3b571b8f64ab546 [term 1 LEADER]: Received request to transfer leadership to TS 40adf04a4ed84fbc8b1a784ec5078035
I20260709 12:24:04.491720  9915 tablet_service.cc:2072] Received LeaderStepDown RPC: tablet_id: "c997319c8ff74494bb66310fade8f3d4"
dest_uuid: "7cba103c639a46148329b06a5d965246"
mode: GRACEFUL
new_leader_uuid: "40adf04a4ed84fbc8b1a784ec5078035"
 from {username='slave'} at 127.0.0.1:54812
I20260709 12:24:04.492252  9915 raft_consensus.cc:606] T c997319c8ff74494bb66310fade8f3d4 P 7cba103c639a46148329b06a5d965246 [term 1 LEADER]: Received request to transfer leadership to TS 40adf04a4ed84fbc8b1a784ec5078035
I20260709 12:24:04.493224  9993 consensus_queue.cc:1048] T 18565bc074314ae3a6377dcc782fef74 P 7e308f38865c4611b3b571b8f64ab546 [LEADER]: Connected to new peer: Peer: permanent_uuid: "7cba103c639a46148329b06a5d965246" member_type: VOTER last_known_addr { host: "127.8.222.67" port: 38303 }, Status: LMP_MISMATCH, Last received: 0.0, Next index: 1, Last known committed idx: 0, Time since last communication: 0.000s
I20260709 12:24:04.497607  9840 tablet_service.cc:2072] Received LeaderStepDown RPC: tablet_id: "18565bc074314ae3a6377dcc782fef74"
dest_uuid: "7e308f38865c4611b3b571b8f64ab546"
mode: GRACEFUL
new_leader_uuid: "40adf04a4ed84fbc8b1a784ec5078035"
 from {username='slave'} at 127.0.0.1:53290
I20260709 12:24:04.498175  9840 raft_consensus.cc:606] T 18565bc074314ae3a6377dcc782fef74 P 7e308f38865c4611b3b571b8f64ab546 [term 1 LEADER]: Received request to transfer leadership to TS 40adf04a4ed84fbc8b1a784ec5078035
I20260709 12:24:04.505308 10009 consensus_queue.cc:1048] T 18565bc074314ae3a6377dcc782fef74 P 7e308f38865c4611b3b571b8f64ab546 [LEADER]: Connected to new peer: Peer: permanent_uuid: "40adf04a4ed84fbc8b1a784ec5078035" member_type: VOTER last_known_addr { host: "127.8.222.65" port: 36187 }, Status: LMP_MISMATCH, Last received: 0.0, Next index: 1, Last known committed idx: 0, Time since last communication: 0.000s
I20260709 12:24:04.506933  9915 tablet_service.cc:2072] Received LeaderStepDown RPC: tablet_id: "e05a140f98834708b9097d8f3be8eff2"
dest_uuid: "7cba103c639a46148329b06a5d965246"
mode: GRACEFUL
new_leader_uuid: "7e308f38865c4611b3b571b8f64ab546"
 from {username='slave'} at 127.0.0.1:54812
I20260709 12:24:04.507488  9915 raft_consensus.cc:606] T e05a140f98834708b9097d8f3be8eff2 P 7cba103c639a46148329b06a5d965246 [term 1 LEADER]: Received request to transfer leadership to TS 7e308f38865c4611b3b571b8f64ab546
I20260709 12:24:04.514533  9964 raft_consensus.cc:993] T 18565bc074314ae3a6377dcc782fef74 P 7e308f38865c4611b3b571b8f64ab546: : Instructing follower 40adf04a4ed84fbc8b1a784ec5078035 to start an election
I20260709 12:24:04.514921  9964 raft_consensus.cc:1081] T 18565bc074314ae3a6377dcc782fef74 P 7e308f38865c4611b3b571b8f64ab546 [term 1 LEADER]: Signalling peer 40adf04a4ed84fbc8b1a784ec5078035 to start an election
I20260709 12:24:04.515157  9915 tablet_service.cc:2072] Received LeaderStepDown RPC: tablet_id: "b9ace905c42b4eb2aab075d05b674740"
dest_uuid: "7cba103c639a46148329b06a5d965246"
mode: GRACEFUL
new_leader_uuid: "7e308f38865c4611b3b571b8f64ab546"
 from {username='slave'} at 127.0.0.1:54812
I20260709 12:24:04.515712  9915 raft_consensus.cc:606] T b9ace905c42b4eb2aab075d05b674740 P 7cba103c639a46148329b06a5d965246 [term 1 LEADER]: Received request to transfer leadership to TS 7e308f38865c4611b3b571b8f64ab546
I20260709 12:24:04.516278  9764 tablet_service.cc:2044] Received Run Leader Election RPC: tablet_id: "18565bc074314ae3a6377dcc782fef74"
dest_uuid: "40adf04a4ed84fbc8b1a784ec5078035"
 from {username='slave'} at 127.0.0.1:59130
I20260709 12:24:04.516973  9764 raft_consensus.cc:493] T 18565bc074314ae3a6377dcc782fef74 P 40adf04a4ed84fbc8b1a784ec5078035 [term 1 FOLLOWER]: Starting forced leader election (received explicit request)
I20260709 12:24:04.517400  9764 raft_consensus.cc:3060] T 18565bc074314ae3a6377dcc782fef74 P 40adf04a4ed84fbc8b1a784ec5078035 [term 1 FOLLOWER]: Advancing to term 2
I20260709 12:24:04.520485  9915 tablet_service.cc:2072] Received LeaderStepDown RPC: tablet_id: "4317cc515dc44efea4590970dc457002"
dest_uuid: "7cba103c639a46148329b06a5d965246"
mode: GRACEFUL
new_leader_uuid: "7e308f38865c4611b3b571b8f64ab546"
 from {username='slave'} at 127.0.0.1:54812
I20260709 12:24:04.520977  9915 raft_consensus.cc:606] T 4317cc515dc44efea4590970dc457002 P 7cba103c639a46148329b06a5d965246 [term 1 LEADER]: Received request to transfer leadership to TS 7e308f38865c4611b3b571b8f64ab546
I20260709 12:24:04.523376  9764 raft_consensus.cc:515] T 18565bc074314ae3a6377dcc782fef74 P 40adf04a4ed84fbc8b1a784ec5078035 [term 2 FOLLOWER]: Starting forced leader election with config: opid_index: -1 OBSOLETE_local: false peers { permanent_uuid: "40adf04a4ed84fbc8b1a784ec5078035" member_type: VOTER last_known_addr { host: "127.8.222.65" port: 36187 } } peers { permanent_uuid: "7e308f38865c4611b3b571b8f64ab546" member_type: VOTER last_known_addr { host: "127.8.222.66" port: 35919 } } peers { permanent_uuid: "7cba103c639a46148329b06a5d965246" member_type: VOTER last_known_addr { host: "127.8.222.67" port: 38303 } }
I20260709 12:24:04.523887  9960 consensus_queue.cc:1048] T 5a6b2736e1734f67aaa9178a20b7d257 P 40adf04a4ed84fbc8b1a784ec5078035 [LEADER]: Connected to new peer: Peer: permanent_uuid: "7e308f38865c4611b3b571b8f64ab546" member_type: VOTER last_known_addr { host: "127.8.222.66" port: 35919 }, Status: LMP_MISMATCH, Last received: 0.0, Next index: 1, Last known committed idx: 0, Time since last communication: 0.000s
I20260709 12:24:04.525450  9764 leader_election.cc:290] T 18565bc074314ae3a6377dcc782fef74 P 40adf04a4ed84fbc8b1a784ec5078035 [CANDIDATE]: Term 2 election: Requested vote from peers 7e308f38865c4611b3b571b8f64ab546 (127.8.222.66:35919), 7cba103c639a46148329b06a5d965246 (127.8.222.67:38303)
I20260709 12:24:04.528445  9841 tablet_service.cc:1917] Received RequestConsensusVote() RPC: tablet_id: "18565bc074314ae3a6377dcc782fef74" candidate_uuid: "40adf04a4ed84fbc8b1a784ec5078035" candidate_term: 2 candidate_status { last_received { term: 1 index: 1 } } ignore_live_leader: true dest_uuid: "7e308f38865c4611b3b571b8f64ab546"
I20260709 12:24:04.529093  9841 raft_consensus.cc:3055] T 18565bc074314ae3a6377dcc782fef74 P 7e308f38865c4611b3b571b8f64ab546 [term 1 LEADER]: Stepping down as leader of term 1
I20260709 12:24:04.529392  9841 raft_consensus.cc:740] T 18565bc074314ae3a6377dcc782fef74 P 7e308f38865c4611b3b571b8f64ab546 [term 1 LEADER]: Becoming Follower/Learner. State: Replica: 7e308f38865c4611b3b571b8f64ab546, State: Running, Role: LEADER
I20260709 12:24:04.530247  9841 consensus_queue.cc:260] T 18565bc074314ae3a6377dcc782fef74 P 7e308f38865c4611b3b571b8f64ab546 [NON_LEADER]: Queue going to NON_LEADER mode. State: All replicated index: 0, Majority replicated index: 1, Committed index: 1, Last appended: 1.1, Last appended by leader: 1, Current term: 1, Majority size: -1, State: 0, Mode: NON_LEADER, active raft config: opid_index: -1 OBSOLETE_local: false peers { permanent_uuid: "40adf04a4ed84fbc8b1a784ec5078035" member_type: VOTER last_known_addr { host: "127.8.222.65" port: 36187 } } peers { permanent_uuid: "7e308f38865c4611b3b571b8f64ab546" member_type: VOTER last_known_addr { host: "127.8.222.66" port: 35919 } } peers { permanent_uuid: "7cba103c639a46148329b06a5d965246" member_type: VOTER last_known_addr { host: "127.8.222.67" port: 38303 } }
I20260709 12:24:04.531448  9841 raft_consensus.cc:3060] T 18565bc074314ae3a6377dcc782fef74 P 7e308f38865c4611b3b571b8f64ab546 [term 1 FOLLOWER]: Advancing to term 2
I20260709 12:24:04.533093  9915 tablet_service.cc:1917] Received RequestConsensusVote() RPC: tablet_id: "18565bc074314ae3a6377dcc782fef74" candidate_uuid: "40adf04a4ed84fbc8b1a784ec5078035" candidate_term: 2 candidate_status { last_received { term: 1 index: 1 } } ignore_live_leader: true dest_uuid: "7cba103c639a46148329b06a5d965246"
I20260709 12:24:04.533635  9915 raft_consensus.cc:3060] T 18565bc074314ae3a6377dcc782fef74 P 7cba103c639a46148329b06a5d965246 [term 1 FOLLOWER]: Advancing to term 2
I20260709 12:24:04.540952 10009 consensus_queue.cc:1048] T 0f625262c95d491c80edc704d7e4272c P 7e308f38865c4611b3b571b8f64ab546 [LEADER]: Connected to new peer: Peer: permanent_uuid: "7cba103c639a46148329b06a5d965246" member_type: VOTER last_known_addr { host: "127.8.222.67" port: 38303 }, Status: LMP_MISMATCH, Last received: 0.0, Next index: 1, Last known committed idx: 0, Time since last communication: 0.000s
I20260709 12:24:04.544066  9990 consensus_queue.cc:1048] T 5a6b2736e1734f67aaa9178a20b7d257 P 40adf04a4ed84fbc8b1a784ec5078035 [LEADER]: Connected to new peer: Peer: permanent_uuid: "7cba103c639a46148329b06a5d965246" member_type: VOTER last_known_addr { host: "127.8.222.67" port: 38303 }, Status: LMP_MISMATCH, Last received: 0.0, Next index: 1, Last known committed idx: 0, Time since last communication: 0.000s
I20260709 12:24:04.546512  9991 consensus_queue.cc:1048] T e05a140f98834708b9097d8f3be8eff2 P 7cba103c639a46148329b06a5d965246 [LEADER]: Connected to new peer: Peer: permanent_uuid: "7e308f38865c4611b3b571b8f64ab546" member_type: VOTER last_known_addr { host: "127.8.222.66" port: 35919 }, Status: LMP_MISMATCH, Last received: 0.0, Next index: 1, Last known committed idx: 0, Time since last communication: 0.000s
I20260709 12:24:04.547804  9915 raft_consensus.cc:2468] T 18565bc074314ae3a6377dcc782fef74 P 7cba103c639a46148329b06a5d965246 [term 2 FOLLOWER]: Leader election vote request: Granting yes vote for candidate 40adf04a4ed84fbc8b1a784ec5078035 in term 2.
I20260709 12:24:04.548928  9730 leader_election.cc:304] T 18565bc074314ae3a6377dcc782fef74 P 40adf04a4ed84fbc8b1a784ec5078035 [CANDIDATE]: Term 2 election: Election decided. Result: candidate won. Election summary: received 2 responses out of 3 voters: 2 yes votes; 0 no votes. yes voters: 40adf04a4ed84fbc8b1a784ec5078035, 7cba103c639a46148329b06a5d965246; no voters: 
I20260709 12:24:04.549789 10037 raft_consensus.cc:2804] T 18565bc074314ae3a6377dcc782fef74 P 40adf04a4ed84fbc8b1a784ec5078035 [term 2 FOLLOWER]: Leader election won for term 2
I20260709 12:24:04.550223 10037 raft_consensus.cc:697] T 18565bc074314ae3a6377dcc782fef74 P 40adf04a4ed84fbc8b1a784ec5078035 [term 2 LEADER]: Becoming Leader. State: Replica: 40adf04a4ed84fbc8b1a784ec5078035, State: Running, Role: LEADER
I20260709 12:24:04.551024 10037 consensus_queue.cc:237] T 18565bc074314ae3a6377dcc782fef74 P 40adf04a4ed84fbc8b1a784ec5078035 [LEADER]: Queue going to LEADER mode. State: All replicated index: 0, Majority replicated index: 1, Committed index: 1, Last appended: 1.1, Last appended by leader: 1, Current term: 2, Majority size: 2, State: 0, Mode: LEADER, active raft config: opid_index: -1 OBSOLETE_local: false peers { permanent_uuid: "40adf04a4ed84fbc8b1a784ec5078035" member_type: VOTER last_known_addr { host: "127.8.222.65" port: 36187 } } peers { permanent_uuid: "7e308f38865c4611b3b571b8f64ab546" member_type: VOTER last_known_addr { host: "127.8.222.66" port: 35919 } } peers { permanent_uuid: "7cba103c639a46148329b06a5d965246" member_type: VOTER last_known_addr { host: "127.8.222.67" port: 38303 } }
I20260709 12:24:04.558796  9764 tablet_service.cc:2072] Received LeaderStepDown RPC: tablet_id: "52c0e032839f49128612481ea8478b34"
dest_uuid: "40adf04a4ed84fbc8b1a784ec5078035"
mode: GRACEFUL
new_leader_uuid: "7cba103c639a46148329b06a5d965246"
 from {username='slave'} at 127.0.0.1:44200
I20260709 12:24:04.556656  9841 raft_consensus.cc:2468] T 18565bc074314ae3a6377dcc782fef74 P 7e308f38865c4611b3b571b8f64ab546 [term 2 FOLLOWER]: Leader election vote request: Granting yes vote for candidate 40adf04a4ed84fbc8b1a784ec5078035 in term 2.
I20260709 12:24:04.559556  9764 raft_consensus.cc:606] T 52c0e032839f49128612481ea8478b34 P 40adf04a4ed84fbc8b1a784ec5078035 [term 1 LEADER]: Received request to transfer leadership to TS 7cba103c639a46148329b06a5d965246
I20260709 12:24:04.566062  9662 catalog_manager.cc:5697] T 18565bc074314ae3a6377dcc782fef74 P 40adf04a4ed84fbc8b1a784ec5078035 reported cstate change: term changed from 1 to 2, leader changed from 7e308f38865c4611b3b571b8f64ab546 (127.8.222.66) to 40adf04a4ed84fbc8b1a784ec5078035 (127.8.222.65). New cstate: current_term: 2 leader_uuid: "40adf04a4ed84fbc8b1a784ec5078035" committed_config { opid_index: -1 OBSOLETE_local: false peers { permanent_uuid: "40adf04a4ed84fbc8b1a784ec5078035" member_type: VOTER last_known_addr { host: "127.8.222.65" port: 36187 } health_report { overall_health: HEALTHY } } peers { permanent_uuid: "7e308f38865c4611b3b571b8f64ab546" member_type: VOTER last_known_addr { host: "127.8.222.66" port: 35919 } health_report { overall_health: UNKNOWN } } peers { permanent_uuid: "7cba103c639a46148329b06a5d965246" member_type: VOTER last_known_addr { host: "127.8.222.67" port: 38303 } health_report { overall_health: UNKNOWN } } }
I20260709 12:24:04.572914  9993 consensus_queue.cc:1048] T 0f625262c95d491c80edc704d7e4272c P 7e308f38865c4611b3b571b8f64ab546 [LEADER]: Connected to new peer: Peer: permanent_uuid: "40adf04a4ed84fbc8b1a784ec5078035" member_type: VOTER last_known_addr { host: "127.8.222.65" port: 36187 }, Status: LMP_MISMATCH, Last received: 0.0, Next index: 1, Last known committed idx: 0, Time since last communication: 0.000s
I20260709 12:24:04.578346  9991 raft_consensus.cc:993] T e05a140f98834708b9097d8f3be8eff2 P 7cba103c639a46148329b06a5d965246: : Instructing follower 7e308f38865c4611b3b571b8f64ab546 to start an election
I20260709 12:24:04.578763  9962 raft_consensus.cc:1081] T e05a140f98834708b9097d8f3be8eff2 P 7cba103c639a46148329b06a5d965246 [term 1 LEADER]: Signalling peer 7e308f38865c4611b3b571b8f64ab546 to start an election
I20260709 12:24:04.580235  9841 tablet_service.cc:2044] Received Run Leader Election RPC: tablet_id: "e05a140f98834708b9097d8f3be8eff2"
dest_uuid: "7e308f38865c4611b3b571b8f64ab546"
 from {username='slave'} at 127.0.0.1:53272
I20260709 12:24:04.581656  9841 raft_consensus.cc:493] T e05a140f98834708b9097d8f3be8eff2 P 7e308f38865c4611b3b571b8f64ab546 [term 1 FOLLOWER]: Starting forced leader election (received explicit request)
I20260709 12:24:04.582041  9841 raft_consensus.cc:3060] T e05a140f98834708b9097d8f3be8eff2 P 7e308f38865c4611b3b571b8f64ab546 [term 1 FOLLOWER]: Advancing to term 2
I20260709 12:24:04.584143  9962 consensus_queue.cc:1048] T e05a140f98834708b9097d8f3be8eff2 P 7cba103c639a46148329b06a5d965246 [LEADER]: Connected to new peer: Peer: permanent_uuid: "40adf04a4ed84fbc8b1a784ec5078035" member_type: VOTER last_known_addr { host: "127.8.222.65" port: 36187 }, Status: LMP_MISMATCH, Last received: 0.0, Next index: 1, Last known committed idx: 0, Time since last communication: 0.000s
I20260709 12:24:04.589262  9841 raft_consensus.cc:515] T e05a140f98834708b9097d8f3be8eff2 P 7e308f38865c4611b3b571b8f64ab546 [term 2 FOLLOWER]: Starting forced leader election with config: opid_index: -1 OBSOLETE_local: false peers { permanent_uuid: "40adf04a4ed84fbc8b1a784ec5078035" member_type: VOTER last_known_addr { host: "127.8.222.65" port: 36187 } } peers { permanent_uuid: "7e308f38865c4611b3b571b8f64ab546" member_type: VOTER last_known_addr { host: "127.8.222.66" port: 35919 } } peers { permanent_uuid: "7cba103c639a46148329b06a5d965246" member_type: VOTER last_known_addr { host: "127.8.222.67" port: 38303 } }
I20260709 12:24:04.600267  9913 tablet_service.cc:1917] Received RequestConsensusVote() RPC: tablet_id: "e05a140f98834708b9097d8f3be8eff2" candidate_uuid: "7e308f38865c4611b3b571b8f64ab546" candidate_term: 2 candidate_status { last_received { term: 1 index: 1 } } ignore_live_leader: true dest_uuid: "7cba103c639a46148329b06a5d965246"
I20260709 12:24:04.600766  9764 tablet_service.cc:1917] Received RequestConsensusVote() RPC: tablet_id: "e05a140f98834708b9097d8f3be8eff2" candidate_uuid: "7e308f38865c4611b3b571b8f64ab546" candidate_term: 2 candidate_status { last_received { term: 1 index: 1 } } ignore_live_leader: true dest_uuid: "40adf04a4ed84fbc8b1a784ec5078035"
I20260709 12:24:04.600878  9913 raft_consensus.cc:3055] T e05a140f98834708b9097d8f3be8eff2 P 7cba103c639a46148329b06a5d965246 [term 1 LEADER]: Stepping down as leader of term 1
I20260709 12:24:04.601686  9913 raft_consensus.cc:740] T e05a140f98834708b9097d8f3be8eff2 P 7cba103c639a46148329b06a5d965246 [term 1 LEADER]: Becoming Follower/Learner. State: Replica: 7cba103c639a46148329b06a5d965246, State: Running, Role: LEADER
I20260709 12:24:04.602663  9913 consensus_queue.cc:260] T e05a140f98834708b9097d8f3be8eff2 P 7cba103c639a46148329b06a5d965246 [NON_LEADER]: Queue going to NON_LEADER mode. State: All replicated index: 0, Majority replicated index: 1, Committed index: 1, Last appended: 1.1, Last appended by leader: 1, Current term: 1, Majority size: -1, State: 0, Mode: NON_LEADER, active raft config: opid_index: -1 OBSOLETE_local: false peers { permanent_uuid: "40adf04a4ed84fbc8b1a784ec5078035" member_type: VOTER last_known_addr { host: "127.8.222.65" port: 36187 } } peers { permanent_uuid: "7e308f38865c4611b3b571b8f64ab546" member_type: VOTER last_known_addr { host: "127.8.222.66" port: 35919 } } peers { permanent_uuid: "7cba103c639a46148329b06a5d965246" member_type: VOTER last_known_addr { host: "127.8.222.67" port: 38303 } }
I20260709 12:24:04.603521  9913 raft_consensus.cc:3060] T e05a140f98834708b9097d8f3be8eff2 P 7cba103c639a46148329b06a5d965246 [term 1 FOLLOWER]: Advancing to term 2
I20260709 12:24:04.605058  9841 leader_election.cc:290] T e05a140f98834708b9097d8f3be8eff2 P 7e308f38865c4611b3b571b8f64ab546 [CANDIDATE]: Term 2 election: Requested vote from peers 40adf04a4ed84fbc8b1a784ec5078035 (127.8.222.65:36187), 7cba103c639a46148329b06a5d965246 (127.8.222.67:38303)
I20260709 12:24:04.608968  9913 raft_consensus.cc:2468] T e05a140f98834708b9097d8f3be8eff2 P 7cba103c639a46148329b06a5d965246 [term 2 FOLLOWER]: Leader election vote request: Granting yes vote for candidate 7e308f38865c4611b3b571b8f64ab546 in term 2.
I20260709 12:24:04.609887  9805 leader_election.cc:304] T e05a140f98834708b9097d8f3be8eff2 P 7e308f38865c4611b3b571b8f64ab546 [CANDIDATE]: Term 2 election: Election decided. Result: candidate won. Election summary: received 3 responses out of 3 voters: 2 yes votes; 1 no votes. yes voters: 7cba103c639a46148329b06a5d965246, 7e308f38865c4611b3b571b8f64ab546; no voters: 40adf04a4ed84fbc8b1a784ec5078035
I20260709 12:24:04.610532  9993 raft_consensus.cc:2804] T e05a140f98834708b9097d8f3be8eff2 P 7e308f38865c4611b3b571b8f64ab546 [term 2 FOLLOWER]: Leader election won for term 2
I20260709 12:24:04.610983  9993 raft_consensus.cc:697] T e05a140f98834708b9097d8f3be8eff2 P 7e308f38865c4611b3b571b8f64ab546 [term 2 LEADER]: Becoming Leader. State: Replica: 7e308f38865c4611b3b571b8f64ab546, State: Running, Role: LEADER
I20260709 12:24:04.611745  9993 consensus_queue.cc:237] T e05a140f98834708b9097d8f3be8eff2 P 7e308f38865c4611b3b571b8f64ab546 [LEADER]: Queue going to LEADER mode. State: All replicated index: 0, Majority replicated index: 1, Committed index: 1, Last appended: 1.1, Last appended by leader: 1, Current term: 2, Majority size: 2, State: 0, Mode: LEADER, active raft config: opid_index: -1 OBSOLETE_local: false peers { permanent_uuid: "40adf04a4ed84fbc8b1a784ec5078035" member_type: VOTER last_known_addr { host: "127.8.222.65" port: 36187 } } peers { permanent_uuid: "7e308f38865c4611b3b571b8f64ab546" member_type: VOTER last_known_addr { host: "127.8.222.66" port: 35919 } } peers { permanent_uuid: "7cba103c639a46148329b06a5d965246" member_type: VOTER last_known_addr { host: "127.8.222.67" port: 38303 } }
I20260709 12:24:04.617234  9662 catalog_manager.cc:5697] T e05a140f98834708b9097d8f3be8eff2 P 7e308f38865c4611b3b571b8f64ab546 reported cstate change: term changed from 1 to 2, leader changed from 7cba103c639a46148329b06a5d965246 (127.8.222.67) to 7e308f38865c4611b3b571b8f64ab546 (127.8.222.66). New cstate: current_term: 2 leader_uuid: "7e308f38865c4611b3b571b8f64ab546" committed_config { opid_index: -1 OBSOLETE_local: false peers { permanent_uuid: "40adf04a4ed84fbc8b1a784ec5078035" member_type: VOTER last_known_addr { host: "127.8.222.65" port: 36187 } health_report { overall_health: UNKNOWN } } peers { permanent_uuid: "7e308f38865c4611b3b571b8f64ab546" member_type: VOTER last_known_addr { host: "127.8.222.66" port: 35919 } health_report { overall_health: HEALTHY } } peers { permanent_uuid: "7cba103c639a46148329b06a5d965246" member_type: VOTER last_known_addr { host: "127.8.222.67" port: 38303 } health_report { overall_health: UNKNOWN } } }
I20260709 12:24:04.650096  9960 consensus_queue.cc:1048] T c391250170b14f898ecb57f7cad35615 P 40adf04a4ed84fbc8b1a784ec5078035 [LEADER]: Connected to new peer: Peer: permanent_uuid: "7cba103c639a46148329b06a5d965246" member_type: VOTER last_known_addr { host: "127.8.222.67" port: 38303 }, Status: LMP_MISMATCH, Last received: 0.0, Next index: 1, Last known committed idx: 0, Time since last communication: 0.000s
I20260709 12:24:04.659468  9990 consensus_queue.cc:1048] T c391250170b14f898ecb57f7cad35615 P 40adf04a4ed84fbc8b1a784ec5078035 [LEADER]: Connected to new peer: Peer: permanent_uuid: "7e308f38865c4611b3b571b8f64ab546" member_type: VOTER last_known_addr { host: "127.8.222.66" port: 35919 }, Status: LMP_MISMATCH, Last received: 0.0, Next index: 1, Last known committed idx: 0, Time since last communication: 0.000s
I20260709 12:24:04.673214  9962 consensus_queue.cc:1048] T b9ace905c42b4eb2aab075d05b674740 P 7cba103c639a46148329b06a5d965246 [LEADER]: Connected to new peer: Peer: permanent_uuid: "40adf04a4ed84fbc8b1a784ec5078035" member_type: VOTER last_known_addr { host: "127.8.222.65" port: 36187 }, Status: LMP_MISMATCH, Last received: 0.0, Next index: 1, Last known committed idx: 0, Time since last communication: 0.000s
I20260709 12:24:04.682967  9991 consensus_queue.cc:1048] T b9ace905c42b4eb2aab075d05b674740 P 7cba103c639a46148329b06a5d965246 [LEADER]: Connected to new peer: Peer: permanent_uuid: "7e308f38865c4611b3b571b8f64ab546" member_type: VOTER last_known_addr { host: "127.8.222.66" port: 35919 }, Status: LMP_MISMATCH, Last received: 0.0, Next index: 1, Last known committed idx: 0, Time since last communication: 0.000s
I20260709 12:24:04.690016  9992 raft_consensus.cc:993] T b9ace905c42b4eb2aab075d05b674740 P 7cba103c639a46148329b06a5d965246: : Instructing follower 7e308f38865c4611b3b571b8f64ab546 to start an election
I20260709 12:24:04.690481  9991 raft_consensus.cc:1081] T b9ace905c42b4eb2aab075d05b674740 P 7cba103c639a46148329b06a5d965246 [term 1 LEADER]: Signalling peer 7e308f38865c4611b3b571b8f64ab546 to start an election
I20260709 12:24:04.691898  9841 tablet_service.cc:2044] Received Run Leader Election RPC: tablet_id: "b9ace905c42b4eb2aab075d05b674740"
dest_uuid: "7e308f38865c4611b3b571b8f64ab546"
 from {username='slave'} at 127.0.0.1:53272
I20260709 12:24:04.692441  9841 raft_consensus.cc:493] T b9ace905c42b4eb2aab075d05b674740 P 7e308f38865c4611b3b571b8f64ab546 [term 1 FOLLOWER]: Starting forced leader election (received explicit request)
I20260709 12:24:04.692826  9841 raft_consensus.cc:3060] T b9ace905c42b4eb2aab075d05b674740 P 7e308f38865c4611b3b571b8f64ab546 [term 1 FOLLOWER]: Advancing to term 2
I20260709 12:24:04.697412  9841 raft_consensus.cc:515] T b9ace905c42b4eb2aab075d05b674740 P 7e308f38865c4611b3b571b8f64ab546 [term 2 FOLLOWER]: Starting forced leader election with config: opid_index: -1 OBSOLETE_local: false peers { permanent_uuid: "40adf04a4ed84fbc8b1a784ec5078035" member_type: VOTER last_known_addr { host: "127.8.222.65" port: 36187 } } peers { permanent_uuid: "7e308f38865c4611b3b571b8f64ab546" member_type: VOTER last_known_addr { host: "127.8.222.66" port: 35919 } } peers { permanent_uuid: "7cba103c639a46148329b06a5d965246" member_type: VOTER last_known_addr { host: "127.8.222.67" port: 38303 } }
I20260709 12:24:04.699594  9765 tablet_service.cc:1917] Received RequestConsensusVote() RPC: tablet_id: "b9ace905c42b4eb2aab075d05b674740" candidate_uuid: "7e308f38865c4611b3b571b8f64ab546" candidate_term: 2 candidate_status { last_received { term: 1 index: 1 } } ignore_live_leader: true dest_uuid: "40adf04a4ed84fbc8b1a784ec5078035"
I20260709 12:24:04.699934  9841 leader_election.cc:290] T b9ace905c42b4eb2aab075d05b674740 P 7e308f38865c4611b3b571b8f64ab546 [CANDIDATE]: Term 2 election: Requested vote from peers 40adf04a4ed84fbc8b1a784ec5078035 (127.8.222.65:36187), 7cba103c639a46148329b06a5d965246 (127.8.222.67:38303)
I20260709 12:24:04.700119  9765 raft_consensus.cc:3060] T b9ace905c42b4eb2aab075d05b674740 P 40adf04a4ed84fbc8b1a784ec5078035 [term 1 FOLLOWER]: Advancing to term 2
I20260709 12:24:04.700798  9913 tablet_service.cc:1917] Received RequestConsensusVote() RPC: tablet_id: "b9ace905c42b4eb2aab075d05b674740" candidate_uuid: "7e308f38865c4611b3b571b8f64ab546" candidate_term: 2 candidate_status { last_received { term: 1 index: 1 } } ignore_live_leader: true dest_uuid: "7cba103c639a46148329b06a5d965246"
I20260709 12:24:04.701366  9913 raft_consensus.cc:3055] T b9ace905c42b4eb2aab075d05b674740 P 7cba103c639a46148329b06a5d965246 [term 1 LEADER]: Stepping down as leader of term 1
I20260709 12:24:04.701682  9913 raft_consensus.cc:740] T b9ace905c42b4eb2aab075d05b674740 P 7cba103c639a46148329b06a5d965246 [term 1 LEADER]: Becoming Follower/Learner. State: Replica: 7cba103c639a46148329b06a5d965246, State: Running, Role: LEADER
